E/qdhwcomposer( 1212): isValidDimension: layer handle is NULL
E/qdhwcomposer( 1212): isValidDimension: layer handle is NULL
E/qdhwcomposer( 1212): isValidDimension: layer handle is NULL
E/USB_UICC( 683): Timeout! No signal received. Retry num = 17
E/NetlinkListener( 1620): recvmsg failed (I/O error)
E/NetlinkListener( 696): recvmsg failed (I/O error)
E/qdhwcomposer( 1212): isValidDimension: layer handle is NULL
E/qdhwcomposer( 1212): isValidDimension: layer handle is NULL
E/qdhwcomposer( 1212): isValidDimension: layer handle is NULL
E/qdhwcomposer( 1212): isValidDimension: layer handle is NULL
W/dex2oat ( 2241): Verification of void android.support.v8.renderscript.ScriptCThunker.thunkBindAllocation(android.support.v8.renderscript.Allocation, int) took 109.642ms
E/qdhwcomposer( 1212): isValidDimension: layer handle is NULL
E/qdhwcomposer( 1212): isValidDimension: layer handle is NULL
E/qdhwcomposer( 1212): isValidDimension: layer handle is NULL
E/qdhwcomposer( 1212): isValidDimension: layer handle is NULL
E/qdhwcomposer( 1212): isValidDimension: layer handle is NULL
E/qdhwcomposer( 1212): isValidDimension: layer handle is NULL
E/qdhwcomposer( 1212): isValidDimension: layer handle is NULL
E/qdhwcomposer( 1212): isValidDimension: layer handle is NULL
E/qdhwcomposer( 1212): isValidDimension: layer handle is NULL
E/qdhwcomposer( 1212): isValidDimension: layer handle is NULL
E/qdhwcomposer( 1212): isValidDimension: layer handle is NULL
E/qdhwcomposer( 1212): isValidDimension: layer handle is NULL
E/qdhwcomposer( 1212): isValidDimension: layer handle is NULL
E/qdhwcomposer( 1212): isValidDimension: layer handle is NULL
E/qdhwcomposer( 1212): isValidDimension: layer handle is NULL
E/qdhwcomposer( 1212): isValidDimension: layer handle is NULL
I/ThermalEngine( 685): Sensor:pm8941_tz:42130 mC
E/qdhwcomposer( 1212): isValidDimension: layer handle is NULL
E/qdhwcomposer( 1212): isValidDimension: layer handle is NULL
E/qdhwcomposer( 1212): isValidDimension: layer handle is NULL
E/qdhwcomposer( 1212): isValidDimension: layer handle is NULL
E/qdhwcomposer( 1212): isValidDimension: layer handle is NULL
E/qdhwcomposer( 1212): isValidDimension: layer handle is NULL
E/qdhwcomposer( 1212): isValidDimension: layer handle is NULL
E/qdhwcomposer( 1212): isValidDimension: layer handle is NULL
E/qdhwcomposer( 1212): isValidDimension: layer handle is NULL
E/qdhwcomposer( 1212): isValidDimension: layer handle is NULL
E/QC-QMI ( 796): qmi_qmux_open_connection: connection is disabled for conn_id=29
E/QC-QMI ( 796): qmi_qmux_tx_msg: failed to open inactive connd_id=29
E/QC-QMI ( 796): qmi_qmux: TX failed, connection inactive or in reset, conn_id=29, status_flags=4
E/QC-QMI ( 796): qmi_ctl_tx_msg: qmi_qmux_tx_msg failed
E/QC-QMI ( 796): qmi_ctl_handle_request: qmi_ctl_tx_msg call failed
E/QC-QMI ( 796): qmi_qmux_open_connection: connection is disabled for conn_id=29
E/QC-QMI ( 796): qmi_qmux_tx_msg: failed to open inactive connd_id=29
E/QC-QMI ( 796): qmi_qmux: TX failed, connection inactive or in reset, conn_id=29, status_flags=4
E/QC-QMI ( 796): qmi_ctl_tx_msg: qmi_qmux_tx_msg failed
E/QC-QMI ( 796): qmi_ctl_handle_request: qmi_ctl_tx_msg call failed
E/QC-QMI ( 796): qmi_qmux_open_connection: connection is disabled for conn_id=48
E/QC-QMI ( 796): qmi_qmux_tx_msg: failed to open inactive connd_id=48
E/QC-QMI ( 796): qmi_qmux: TX failed, connection inactive or in reset, conn_id=48, status_flags=4
E/QC-QMI ( 796): qmi_ctl_tx_msg: qmi_qmux_tx_msg failed
E/QC-QMI ( 796): qmi_ctl_handle_request: qmi_ctl_tx_msg call failed
E/QC-QMI ( 796): qmi_qmux_open_connection: connection is disabled for conn_id=48
E/QC-QMI ( 796): qmi_qmux_tx_msg: failed to open inactive connd_id=48
E/QC-QMI ( 796): qmi_qmux: TX failed, connection inactive or in reset, conn_id=48, status_flags=4
E/QC-QMI ( 796): qmi_ctl_tx_msg: qmi_qmux_tx_msg failed
E/QC-QMI ( 796): qmi_ctl_handle_request: qmi_ctl_tx_msg call failed
E/QC-QMI ( 796): qmi_qmux_open_connection: connection is disabled for conn_id=57
E/QC-QMI ( 796): qmi_qmux_tx_msg: failed to open inactive connd_id=57
E/QC-QMI ( 796): qmi_qmux: TX failed, connection inactive or in reset, conn_id=57, status_flags=4
E/QC-QMI ( 796): qmi_ctl_tx_msg: qmi_qmux_tx_msg failed
E/QC-QMI ( 796): qmi_ctl_handle_request: qmi_ctl_tx_msg call failed
E/QC-QMI ( 796): qmi_qmux_open_connection: connection is disabled for conn_id=57
E/QC-QMI ( 796): qmi_qmux_tx_msg: failed to open inactive connd_id=57
E/QC-QMI ( 796): qmi_qmux: TX failed, connection inactive or in reset, conn_id=57, status_flags=4
E/QC-QMI ( 796): qmi_ctl_tx_msg: qmi_qmux_tx_msg failed
E/QC-QMI ( 796): qmi_ctl_handle_request: qmi_ctl_tx_msg call failed
E/QC-QMI ( 796): qmi_qmux_open_connection: connection is disabled for conn_id=29
E/QC-QMI ( 796): qmi_qmux_tx_msg: failed to open inactive connd_id=29
E/QC-QMI ( 796): qmi_qmux: TX failed, connection inactive or in reset, conn_id=29, status_flags=4
E/QC-QMI ( 796): qmi_ctl_tx_msg: qmi_qmux_tx_msg failed
E/QC-QMI ( 796): qmi_ctl_handle_request: qmi_ctl_tx_msg call failed
E/QC-QMI ( 796): qmi_qmux_open_connection: connection is disabled for conn_id=29
E/QC-QMI ( 796): qmi_qmux_tx_msg: failed to open inactive connd_id=29
E/QC-QMI ( 796): qmi_qmux: TX failed, connection inactive or in reset, conn_id=29, status_flags=4
E/QC-QMI ( 796): qmi_ctl_tx_msg: qmi_qmux_tx_msg failed
E/QC-QMI ( 796): qmi_ctl_handle_request: qmi_ctl_tx_msg call failed
E/QC-QMI ( 796): qmi_qmux_open_connection: connection is disabled for conn_id=48
E/QC-QMI ( 796): qmi_qmux_tx_msg: failed to open inactive connd_id=48
E/QC-QMI ( 796): qmi_qmux: TX failed, connection inactive or in reset, conn_id=48, status_flags=4
E/QC-QMI ( 796): qmi_ctl_tx_msg: qmi_qmux_tx_msg failed
E/QC-QMI ( 796): qmi_ctl_handle_request: qmi_ctl_tx_msg call failed
E/QC-QMI ( 796): qmi_qmux_open_connection: connection is disabled for conn_id=48
E/QC-QMI ( 796): qmi_qmux_tx_msg: failed to open inactive connd_id=48
E/QC-QMI ( 796): qmi_qmux: TX failed, connection inactive or in reset, conn_id=48, status_flags=4
E/QC-QMI ( 796): qmi_ctl_tx_msg: qmi_qmux_tx_msg failed
E/QC-QMI ( 796): qmi_ctl_handle_request: qmi_ctl_tx_msg call failed
E/QC-QMI ( 796): qmi_qmux_open_connection: connection is disabled for conn_id=57
E/QC-QMI ( 796): qmi_qmux_tx_msg: failed to open inactive connd_id=57
E/QC-QMI ( 796): qmi_qmux: TX failed, connection inactive or in reset, conn_id=57, status_flags=4
E/QC-QMI ( 796): qmi_ctl_tx_msg: qmi_qmux_tx_msg failed
E/QC-QMI ( 796): qmi_ctl_handle_request: qmi_ctl_tx_msg call failed
E/QC-QMI ( 796): qmi_qmux_open_connection: connection is disabled for conn_id=57
E/QC-QMI ( 796): qmi_qmux_tx_msg: failed to open inactive connd_id=57
E/QC-QMI ( 796): qmi_qmux: TX failed, connection inactive or in reset, conn_id=57, status_flags=4
E/QC-QMI ( 796): qmi_ctl_tx_msg: qmi_qmux_tx_msg failed
E/QC-QMI ( 796): qmi_ctl_handle_request: qmi_ctl_tx_msg call failed
E/QC-QMI ( 796): qmi_qmux_open_connection: connection is disabled for conn_id=29
E/QC-QMI ( 796): qmi_qmux_tx_msg: failed to open inactive connd_id=29
E/QC-QMI ( 796): qmi_qmux: TX failed, connection inactive or in reset, conn_id=29, status_flags=4
E/QC-QMI ( 796): qmi_ctl_tx_msg: qmi_qmux_tx_msg failed
E/QC-QMI ( 796): qmi_ctl_handle_request: qmi_ctl_tx_msg call failed
E/QC-QMI ( 796): qmi_qmux_open_connection: connection is disabled for conn_id=29
E/QC-QMI ( 796): qmi_qmux_tx_msg: failed to open inactive connd_id=29
E/QC-QMI ( 796): qmi_qmux: TX failed, connection inactive or in reset, conn_id=29, status_flags=4
E/QC-QMI ( 796): qmi_ctl_tx_msg: qmi_qmux_tx_msg failed
E/QC-QMI ( 796): qmi_ctl_handle_request: qmi_ctl_tx_msg call failed
E/QC-QMI ( 796): qmi_qmux_open_connection: connection is disabled for conn_id=29
E/QC-QMI ( 796): qmi_qmux_tx_msg: failed to open inactive connd_id=29
E/QC-QMI ( 796): qmi_qmux: TX failed, connection inactive or in reset, conn_id=29, status_flags=4
E/QC-QMI ( 796): qmi_ctl_tx_msg: qmi_qmux_tx_msg failed
E/QC-QMI ( 796): qmi_ctl_handle_request: qmi_ctl_tx_msg call failed
E/QC-QMI ( 796): qmi_qmux_open_connection: connection is disabled for conn_id=48
E/QC-QMI ( 796): qmi_qmux_tx_msg: failed to open inactive connd_id=48
E/QC-QMI ( 796): qmi_qmux: TX failed, connection inactive or in reset, conn_id=48, status_flags=4
E/QC-QMI ( 796): qmi_ctl_tx_msg: qmi_qmux_tx_msg failed
E/QC-QMI ( 796): qmi_ctl_handle_request: qmi_ctl_tx_msg call failed
E/QC-QMI ( 796): qmi_qmux_open_connection: connection is disabled for conn_id=29
E/QC-QMI ( 796): qmi_qmux_tx_msg: failed to open inactive connd_id=29
E/QC-QMI ( 796): qmi_qmux: TX failed, connection inactive or in reset, conn_id=29, status_flags=4
E/QC-QMI ( 796): qmi_ctl_tx_msg: qmi_qmux_tx_msg failed
E/QC-QMI ( 796): qmi_ctl_handle_request: qmi_ctl_tx_msg call failed
E/QC-QMI ( 796): qmi_qmux_open_connection: connection is disabled for conn_id=48
E/QC-QMI ( 796): qmi_qmux_tx_msg: failed to open inactive connd_id=48
E/QC-QMI ( 796): qmi_qmux: TX failed, connection inactive or in reset, conn_id=48, status_flags=4
E/QC-QMI ( 796): qmi_ctl_tx_msg: qmi_qmux_tx_msg failed
E/QC-QMI ( 796): qmi_ctl_handle_request: qmi_ctl_tx_msg call failed
E/QC-QMI ( 796): qmi_qmux_open_connection: connection is disabled for conn_id=48
E/QC-QMI ( 796): qmi_qmux_tx_msg: failed to open inactive connd_id=48
E/QC-QMI ( 796): qmi_qmux: TX failed, connection inactive or in reset, conn_id=48, status_flags=4
E/QC-QMI ( 796): qmi_ctl_tx_msg: qmi_qmux_tx_msg failed
E/QC-QMI ( 796): qmi_ctl_handle_request: qmi_ctl_tx_msg call failed
E/QC-QMI ( 796): qmi_qmux_open_connection: connection is disabled for conn_id=57
E/QC-QMI ( 796): qmi_qmux_tx_msg: failed to open inactive connd_id=57
E/QC-QMI ( 796): qmi_qmux: TX failed, connection inactive or in reset, conn_id=57, status_flags=4
E/QC-QMI ( 796): qmi_ctl_tx_msg: qmi_qmux_tx_msg failed
E/QC-QMI ( 796): qmi_ctl_handle_request: qmi_ctl_tx_msg call failed
E/QC-QMI ( 796): qmi_qmux_open_connection: connection is disabled for conn_id=48
E/QC-QMI ( 796): qmi_qmux_tx_msg: failed to open inactive connd_id=48
E/QC-QMI ( 796): qmi_qmux: TX failed, connection inactive or in reset, conn_id=48, status_flags=4
E/QC-QMI ( 796): qmi_ctl_tx_msg: qmi_qmux_tx_msg failed
E/QC-QMI ( 796): qmi_ctl_handle_request: qmi_ctl_tx_msg call failed
E/QC-QMI ( 796): qmi_qmux_open_connection: connection is disabled for conn_id=57
E/QC-QMI ( 796): qmi_qmux_tx_msg: failed to open inactive connd_id=57
E/QC-QMI ( 796): qmi_qmux: TX failed, connection inactive or in reset, conn_id=57, status_flags=4
E/QC-QMI ( 796): qmi_ctl_tx_msg: qmi_qmux_tx_msg failed
E/QC-QMI ( 796): qmi_ctl_handle_request: qmi_ctl_tx_msg call failed
E/QC-QMI ( 796): qmi_qmux_open_connection: connection is disabled for conn_id=57
E/QC-QMI ( 796): qmi_qmux_tx_msg: failed to open inactive connd_id=57
E/QC-QMI ( 796): qmi_qmux: TX failed, connection inactive or in reset, conn_id=57, status_flags=4
E/QC-QMI ( 796): qmi_ctl_tx_msg: qmi_qmux_tx_msg failed
E/QC-QMI ( 796): qmi_ctl_handle_request: qmi_ctl_tx_msg call failed
E/QC-QMI ( 796): qmi_qmux_open_connection: connection is disabled for conn_id=57
E/QC-QMI ( 796): qmi_qmux_tx_msg: failed to open inactive connd_id=57
E/QC-QMI ( 796): qmi_qmux: TX failed, connection inactive or in reset, conn_id=57, status_flags=4
E/QC-QMI ( 796): qmi_ctl_tx_msg: qmi_qmux_tx_msg failed
E/QC-QMI ( 796): qmi_ctl_handle_request: qmi_ctl_tx_msg call failed
E/QC-QMI ( 796): qmi_qmux_open_connection: connection is disabled for conn_id=29
E/QC-QMI ( 796): qmi_qmux_tx_msg: failed to open inactive connd_id=29
E/QC-QMI ( 796): qmi_qmux: TX failed, connection inactive or in reset, conn_id=29, status_flags=4
E/QC-QMI ( 796): qmi_ctl_tx_msg: qmi_qmux_tx_msg failed
E/QC-QMI ( 796): qmi_ctl_handle_request: qmi_ctl_tx_msg call failed
E/QC-QMI ( 796): qmi_qmux_open_connection: connection is disabled for conn_id=29
E/QC-QMI ( 796): qmi_qmux_tx_msg: failed to open inactive connd_id=29
E/QC-QMI ( 796): qmi_qmux: TX failed, connection inactive or in reset, conn_id=29, status_flags=4
E/QC-QMI ( 796): qmi_ctl_tx_msg: qmi_qmux_tx_msg failed
E/QC-QMI ( 796): qmi_ctl_handle_request: qmi_ctl_tx_msg call failed
E/QC-QMI ( 796): qmi_qmux_open_connection: connection is disabled for conn_id=48
E/QC-QMI ( 796): qmi_qmux_tx_msg: failed to open inactive connd_id=48
E/QC-QMI ( 796): qmi_qmux: TX failed, connection inactive or in reset, conn_id=48, status_flags=4
E/QC-QMI ( 796): qmi_ctl_tx_msg: qmi_qmux_tx_msg failed
E/QC-QMI ( 796): qmi_ctl_handle_request: qmi_ctl_tx_msg call failed
E/QC-QMI ( 796): qmi_qmux_open_connection: connection is disabled for conn_id=29
E/QC-QMI ( 796): qmi_qmux_tx_msg: failed to open inactive connd_id=29
E/QC-QMI ( 796): qmi_qmux: TX failed, connection inactive or in reset, conn_id=29, status_flags=4
E/QC-QMI ( 796): qmi_ctl_tx_msg: qmi_qmux_tx_msg failed
E/QC-QMI ( 796): qmi_ctl_handle_request: qmi_ctl_tx_msg call failed
E/QC-QMI ( 796): qmi_qmux_open_connection: connection is disabled for conn_id=48
E/QC-QMI ( 796): qmi_qmux_tx_msg: failed to open inactive connd_id=48
E/QC-QMI ( 796): qmi_qmux: TX failed, connection inactive or in reset, conn_id=48, status_flags=4
E/QC-QMI ( 796): qmi_ctl_tx_msg: qmi_qmux_tx_msg failed
E/QC-QMI ( 796): qmi_ctl_handle_request: qmi_ctl_tx_msg call failed
E/QC-QMI ( 796): qmi_qmux_open_connection: connection is disabled for conn_id=29
E/QC-QMI ( 796): qmi_qmux_tx_msg: failed to open inactive connd_id=29
E/QC-QMI ( 796): qmi_qmux: TX failed, connection inactive or in reset, conn_id=29, status_flags=4
E/QC-QMI ( 796): qmi_ctl_tx_msg: qmi_qmux_tx_msg failed
E/QC-QMI ( 796): qmi_ctl_handle_request: qmi_ctl_tx_msg call failed
E/QC-QMI ( 796): qmi_qmux_open_connection: connection is disabled for conn_id=57
E/QC-QMI ( 796): qmi_qmux_tx_msg: failed to open inactive connd_id=57
E/QC-QMI ( 796): qmi_qmux: TX failed, connection inactive or in reset, conn_id=57, status_flags=4
E/QC-QMI ( 796): qmi_ctl_tx_msg: qmi_qmux_tx_msg failed
E/QC-QMI ( 796): qmi_ctl_handle_request: qmi_ctl_tx_msg call failed
E/QC-QMI ( 796): qmi_qmux_open_connection: connection is disabled for conn_id=48
E/QC-QMI ( 796): qmi_qmux_tx_msg: failed to open inactive connd_id=48
E/QC-QMI ( 796): qmi_qmux: TX failed, connection inactive or in reset, conn_id=48, status_flags=4
E/QC-QMI ( 796): qmi_ctl_tx_msg: qmi_qmux_tx_msg failed
E/QC-QMI ( 796): qmi_ctl_handle_request: qmi_ctl_tx_msg call failed
E/QC-QMI ( 796): qmi_qmux_open_connection: connection is disabled for conn_id=57
E/QC-QMI ( 796): qmi_qmux_tx_msg: failed to open inactive connd_id=57
E/QC-QMI ( 796): qmi_qmux: TX failed, connection inactive or in reset, conn_id=57, status_flags=4
E/QC-QMI ( 796): qmi_ctl_tx_msg: qmi_qmux_tx_msg failed
E/QC-QMI ( 796): qmi_ctl_handle_request: qmi_ctl_tx_msg call failed
E/QC-QMI ( 796): qmi_qmux_open_connection: connection is disabled for conn_id=48
E/QC-QMI ( 796): qmi_qmux_tx_msg: failed to open inactive connd_id=48
E/QC-QMI ( 796): qmi_qmux: TX failed, connection inactive or in reset, conn_id=48, status_flags=4
E/QC-QMI ( 796): qmi_ctl_tx_msg: qmi_qmux_tx_msg failed
E/QC-QMI ( 796): qmi_ctl_handle_request: qmi_ctl_tx_msg call failed
E/QC-QMI ( 796): qmi_qmux_open_connection: connection is disabled for conn_id=57
E/QC-QMI ( 796): qmi_qmux_tx_msg: failed to open inactive connd_id=57
E/QC-QMI ( 796): qmi_qmux: TX failed, connection inactive or in reset, conn_id=57, status_flags=4
E/QC-QMI ( 796): qmi_ctl_tx_msg: qmi_qmux_tx_msg failed
E/QC-QMI ( 796): qmi_ctl_handle_request: qmi_ctl_tx_msg call failed
E/QC-QMI ( 796): qmi_qmux_open_connection: connection is disabled for conn_id=57
E/QC-QMI ( 796): qmi_qmux_tx_msg: failed to open inactive connd_id=57
E/QC-QMI ( 796): qmi_qmux: TX failed, connection inactive or in reset, conn_id=57, status_flags=4
E/QC-QMI ( 796): qmi_ctl_tx_msg: qmi_qmux_tx_msg failed
E/QC-QMI ( 796): qmi_ctl_handle_request: qmi_ctl_tx_msg call failed
E/NetlinkListener( 696): recvmsg failed (I/O error)
E/NetlinkListener( 1620): recvmsg failed (I/O error)
E/qdhwcomposer( 1212): isValidDimension: layer handle is NULL
E/qdhwcomposer( 1212): isValidDimension: layer handle is NULL
E/qdhwcomposer( 1212): isValidDimension: layer handle is NULL
E/qdhwcomposer( 1212): isValidDimension: layer handle is NULL
E/qdhwcomposer( 1212): isValidDimension: layer handle is NULL
E/qdhwcomposer( 1212): isValidDimension: layer handle is NULL
E/qdhwcomposer( 1212): isValidDimension: layer handle is NULL
E/qdhwcomposer( 1212): isValidDimension: layer handle is NULL
E/qdhwcomposer( 1212): isValidDimension: layer handle is NULL
E/qdhwcomposer( 1212): isValidDimension: layer handle is NULL
E/USB_UICC( 683): Timeout! No signal received. Retry num = 18
E/qdhwcomposer( 1212): isValidDimension: layer handle is NULL
E/qdhwcomposer( 1212): isValidDimension: layer handle is NULL
E/qdhwcomposer( 1212): isValidDimension: layer handle is NULL
E/qdhwcomposer( 1212): isValidDimension: layer handle is NULL
E/qdhwcomposer( 1212): isValidDimension: layer handle is NULL
E/qdhwcomposer( 1212): isValidDimension: layer handle is NULL
E/qdhwcomposer( 1212): isValidDimension: layer handle is NULL
E/qdhwcomposer( 1212): isValidDimension: layer handle is NULL
E/qdhwcomposer( 1212): isValidDimension: layer handle is NULL
E/qdhwcomposer( 1212): isValidDimension: layer handle is NULL
E/qdhwcomposer( 1212): isValidDimension: layer handle is NULL
E/qdhwcomposer( 1212): isValidDimension: layer handle is NULL
E/qdhwcomposer( 1212): isValidDimension: layer handle is NULL
E/qdhwcomposer( 1212): isValidDimension: layer handle is NULL
E/qdhwcomposer( 1212): isValidDimension: layer handle is NULL
E/qdhwcomposer( 1212): isValidDimension: layer handle is NULL
E/qdhwcomposer( 1212): isValidDimension: layer handle is NULL
E/qdhwcomposer( 1212): isValidDimension: layer handle is NULL
E/qdhwcomposer( 1212): isValidDimension: layer handle is NULL
E/qdhwcomposer( 1212): isValidDimension: layer handle is NULL
E/qdhwcomposer( 1212): isValidDimension: layer handle is NULL
E/qdhwcomposer( 1212): isValidDimension: layer handle is NULL
E/qdhwcomposer( 1212): isValidDimension: layer handle is NULL
E/qdhwcomposer( 1212): isValidDimension: layer handle is NULL
E/qdhwcomposer( 1212): isValidDimension: layer handle is NULL
E/qdhwcomposer( 1212): isValidDimension: layer handle is NULL
E/qdhwcomposer( 1212): isValidDimension: layer handle is NULL
E/qdhwcomposer( 1212): isValidDimension: layer handle is NULL
E/qdhwcomposer( 1212): isValidDimension: layer handle is NULL
E/qdhwcomposer( 1212): isValidDimension: layer handle is NULL
E/qdhwcomposer( 1212): isValidDimension: layer handle is NULL
E/qdhwcomposer( 1212): isValidDimension: layer handle is NULL
E/qdhwcomposer( 1212): isValidDimension: layer handle is NULL
E/qdhwcomposer( 1212): isValidDimension: layer handle is NULL
E/qdhwcomposer( 1212): isValidDimension: layer handle is NULL
E/qdhwcomposer( 1212): isValidDimension: layer handle is NULL
E/qdhwcomposer( 1212): isValidDimension: layer handle is NULL
E/qdhwcomposer( 1212): isValidDimension: layer handle is NULL
E/qdhwcomposer( 1212): isValidDimension: layer handle is NULL
E/qdhwcomposer( 1212): isValidDimension: layer handle is NULL
V/WLAN_PSA( 682): NL MSG, len[048], NL type[0x11] WNI type[0x5050] len[028]
V/WLAN_PSA( 682): NL MSG, PID: 682
V/WLAN_PSA( 682): NL MSG, len[048], NL type[0x11] WNI type[0x5050] len[028]
V/WLAN_PSA( 682): NL MSG, PID: 682
V/WLAN_PSA( 682): NL MSG, len[4052], NL type[0x1C] WNI type[0x5900] len[48143]
V/WLAN_PSA( 682): NL MSG, PID: 682
E/QC-QMI ( 796): qmi_qmux_open_connection: connection is disabled for conn_id=29
E/QC-QMI ( 796): qmi_qmux_tx_msg: failed to open inactive connd_id=29
E/QC-QMI ( 796): qmi_qmux: TX failed, connection inactive or in reset, conn_id=29, status_flags=4
E/QC-QMI ( 796): qmi_ctl_tx_msg: qmi_qmux_tx_msg failed
E/QC-QMI ( 796): qmi_ctl_handle_request: qmi_ctl_tx_msg call failed
E/QC-QMI ( 796): qmi_qmux_open_connection: connection is disabled for conn_id=29
E/QC-QMI ( 796): qmi_qmux_tx_msg: failed to open inactive connd_id=29
E/QC-QMI ( 796): qmi_qmux: TX failed, connection inactive or in reset, conn_id=29, status_flags=4
E/QC-QMI ( 796): qmi_ctl_tx_msg: qmi_qmux_tx_msg failed
E/QC-QMI ( 796): qmi_ctl_handle_request: qmi_ctl_tx_msg call failed
E/QC-QMI ( 796): qmi_qmux_open_connection: connection is disabled for conn_id=29
E/QC-QMI ( 796): qmi_qmux_tx_msg: failed to open inactive connd_id=29
E/QC-QMI ( 796): qmi_qmux: TX failed, connection inactive or in reset, conn_id=29, status_flags=4
E/QC-QMI ( 796): qmi_ctl_tx_msg: qmi_qmux_tx_msg failed
E/QC-QMI ( 796): qmi_ctl_handle_request: qmi_ctl_tx_msg call failed
E/QC-QMI ( 796): qmi_qmux_open_connection: connection is disabled for conn_id=48
E/QC-QMI ( 796): qmi_qmux_tx_msg: failed to open inactive connd_id=48
E/QC-QMI ( 796): qmi_qmux: TX failed, connection inactive or in reset, conn_id=48, status_flags=4
E/QC-QMI ( 796): qmi_ctl_tx_msg: qmi_qmux_tx_msg failed
E/QC-QMI ( 796): qmi_ctl_handle_request: qmi_ctl_tx_msg call failed
E/QC-QMI ( 796): qmi_qmux_open_connection: connection is disabled for conn_id=29
E/QC-QMI ( 796): qmi_qmux_tx_msg: failed to open inactive connd_id=29
E/QC-QMI ( 796): qmi_qmux: TX failed, connection inactive or in reset, conn_id=29, status_flags=4
E/QC-QMI ( 796): qmi_ctl_tx_msg: qmi_qmux_tx_msg failed
E/QC-QMI ( 796): qmi_ctl_handle_request: qmi_ctl_tx_msg call failed
E/QC-QMI ( 796): qmi_qmux_open_connection: connection is disabled for conn_id=48
E/QC-QMI ( 796): qmi_qmux_tx_msg: failed to open inactive connd_id=48
E/QC-QMI ( 796): qmi_qmux: TX failed, connection inactive or in reset, conn_id=48, status_flags=4
E/QC-QMI ( 796): qmi_ctl_tx_msg: qmi_qmux_tx_msg failed
E/QC-QMI ( 796): qmi_ctl_handle_request: qmi_ctl_tx_msg call failed
E/QC-QMI ( 796): qmi_qmux_open_connection: connection is disabled for conn_id=48
E/QC-QMI ( 796): qmi_qmux_tx_msg: failed to open inactive connd_id=48
E/QC-QMI ( 796): qmi_qmux: TX failed, connection inactive or in reset, conn_id=48, status_flags=4
E/QC-QMI ( 796): qmi_ctl_tx_msg: qmi_qmux_tx_msg failed
E/QC-QMI ( 796): qmi_ctl_handle_request: qmi_ctl_tx_msg call failed
E/QC-QMI ( 796): qmi_qmux_open_connection: connection is disabled for conn_id=57
E/QC-QMI ( 796): qmi_qmux_tx_msg: failed to open inactive connd_id=57
E/QC-QMI ( 796): qmi_qmux: TX failed, connection inactive or in reset, conn_id=57, status_flags=4
E/QC-QMI ( 796): qmi_ctl_tx_msg: qmi_qmux_tx_msg failed
E/QC-QMI ( 796): qmi_ctl_handle_request: qmi_ctl_tx_msg call failed
E/QC-QMI ( 796): qmi_qmux_open_connection: connection is disabled for conn_id=48
E/QC-QMI ( 796): qmi_qmux_tx_msg: failed to open inactive connd_id=48
E/QC-QMI ( 796): qmi_qmux: TX failed, connection inactive or in reset, conn_id=48, status_flags=4
E/QC-QMI ( 796): qmi_ctl_tx_msg: qmi_qmux_tx_msg failed
E/QC-QMI ( 796): qmi_ctl_handle_request: qmi_ctl_tx_msg call failed
E/QC-QMI ( 796): qmi_qmux_open_connection: connection is disabled for conn_id=57
E/QC-QMI ( 796): qmi_qmux_tx_msg: failed to open inactive connd_id=57
E/QC-QMI ( 796): qmi_qmux: TX failed, connection inactive or in reset, conn_id=57, status_flags=4
E/QC-QMI ( 796): qmi_ctl_tx_msg: qmi_qmux_tx_msg failed
E/QC-QMI ( 796): qmi_ctl_handle_request: qmi_ctl_tx_msg call failed
E/QC-QMI ( 796): qmi_qmux_open_connection: connection is disabled for conn_id=57
E/QC-QMI ( 796): qmi_qmux_tx_msg: failed to open inactive connd_id=57
E/QC-QMI ( 796): qmi_qmux: TX failed, connection inactive or in reset, conn_id=57, status_flags=4
E/QC-QMI ( 796): qmi_ctl_tx_msg: qmi_qmux_tx_msg failed
E/QC-QMI ( 796): qmi_ctl_handle_request: qmi_ctl_tx_msg call failed
E/QC-QMI ( 796): qmi_qmux_open_connection: connection is disabled for conn_id=57
E/QC-QMI ( 796): qmi_qmux_tx_msg: failed to open inactive connd_id=57
E/QC-QMI ( 796): qmi_qmux: TX failed, connection inactive or in reset, conn_id=57, status_flags=4
E/QC-QMI ( 796): qmi_ctl_tx_msg: qmi_qmux_tx_msg failed
E/QC-QMI ( 796): qmi_ctl_handle_request: qmi_ctl_tx_msg call failed
E/QC-QMI ( 796): qmi_qmux_open_connection: connection is disabled for conn_id=29
E/QC-QMI ( 796): qmi_qmux_tx_msg: failed to open inactive connd_id=29
E/QC-QMI ( 796): qmi_qmux: TX failed, connection inactive or in reset, conn_id=29, status_flags=4
E/QC-QMI ( 796): qmi_ctl_tx_msg: qmi_qmux_tx_msg failed
E/QC-QMI ( 796): qmi_ctl_handle_request: qmi_ctl_tx_msg call failed
E/QC-QMI ( 796): qmi_qmux_open_connection: connection is disabled for conn_id=29
E/QC-QMI ( 796): qmi_qmux_tx_msg: failed to open inactive connd_id=29
E/QC-QMI ( 796): qmi_qmux: TX failed, connection inactive or in reset, conn_id=29, status_flags=4
E/QC-QMI ( 796): qmi_ctl_tx_msg: qmi_qmux_tx_msg failed
E/QC-QMI ( 796): qmi_ctl_handle_request: qmi_ctl_tx_msg call failed
E/QC-QMI ( 796): qmi_qmux_open_connection: connection is disabled for conn_id=48
E/QC-QMI ( 796): qmi_qmux_tx_msg: failed to open inactive connd_id=48
E/QC-QMI ( 796): qmi_qmux: TX failed, connection inactive or in reset, conn_id=48, status_flags=4
E/QC-QMI ( 796): qmi_ctl_tx_msg: qmi_qmux_tx_msg failed
E/QC-QMI ( 796): qmi_ctl_handle_request: qmi_ctl_tx_msg call failed
E/QC-QMI ( 796): qmi_qmux_open_connection: connection is disabled for conn_id=48
E/QC-QMI ( 796): qmi_qmux_tx_msg: failed to open inactive connd_id=48
E/QC-QMI ( 796): qmi_qmux: TX failed, connection inactive or in reset, conn_id=48, status_flags=4
E/QC-QMI ( 796): qmi_ctl_tx_msg: qmi_qmux_tx_msg failed
E/QC-QMI ( 796): qmi_ctl_handle_request: qmi_ctl_tx_msg call failed
E/QC-QMI ( 796): qmi_qmux_open_connection: connection is disabled for conn_id=29
E/QC-QMI ( 796): qmi_qmux_tx_msg: failed to open inactive connd_id=29
E/QC-QMI ( 796): qmi_qmux: TX failed, connection inactive or in reset, conn_id=29, status_flags=4
E/QC-QMI ( 796): qmi_ctl_tx_msg: qmi_qmux_tx_msg failed
E/QC-QMI ( 796): qmi_ctl_handle_request: qmi_ctl_tx_msg call failed
E/QC-QMI ( 796): qmi_qmux_open_connection: connection is disabled for conn_id=57
E/QC-QMI ( 796): qmi_qmux_tx_msg: failed to open inactive connd_id=57
E/QC-QMI ( 796): qmi_qmux: TX failed, connection inactive or in reset, conn_id=57, status_flags=4
E/QC-QMI ( 796): qmi_ctl_tx_msg: qmi_qmux_tx_msg failed
E/QC-QMI ( 796): qmi_ctl_handle_request: qmi_ctl_tx_msg call failed
E/QC-QMI ( 796): qmi_qmux_open_connection: connection is disabled for conn_id=29
E/QC-QMI ( 796): qmi_qmux_tx_msg: failed to open inactive connd_id=29
E/QC-QMI ( 796): qmi_qmux: TX failed, connection inactive or in reset, conn_id=29, status_flags=4
E/QC-QMI ( 796): qmi_ctl_tx_msg: qmi_qmux_tx_msg failed
E/QC-QMI ( 796): qmi_ctl_handle_request: qmi_ctl_tx_msg call failed
E/QC-QMI ( 796): qmi_qmux_open_connection: connection is disabled for conn_id=57
E/QC-QMI ( 796): qmi_qmux_tx_msg: failed to open inactive connd_id=57
E/QC-QMI ( 796): qmi_qmux: TX failed, connection inactive or in reset, conn_id=57, status_flags=4
E/QC-QMI ( 796): qmi_ctl_tx_msg: qmi_qmux_tx_msg failed
E/QC-QMI ( 796): qmi_ctl_handle_request: qmi_ctl_tx_msg call failed
E/QC-QMI ( 796): qmi_qmux_open_connection: connection is disabled for conn_id=48
E/QC-QMI ( 796): qmi_qmux_tx_msg: failed to open inactive connd_id=48
E/QC-QMI ( 796): qmi_qmux: TX failed, connection inactive or in reset, conn_id=48, status_flags=4
E/QC-QMI ( 796): qmi_ctl_tx_msg: qmi_qmux_tx_msg failed
E/QC-QMI ( 796): qmi_ctl_handle_request: qmi_ctl_tx_msg call failed
E/QC-QMI ( 796): qmi_qmux_open_connection: connection is disabled for conn_id=48
E/QC-QMI ( 796): qmi_qmux_tx_msg: failed to open inactive connd_id=48
E/QC-QMI ( 796): qmi_qmux: TX failed, connection inactive or in reset, conn_id=48, status_flags=4
E/QC-QMI ( 796): qmi_ctl_tx_msg: qmi_qmux_tx_msg failed
E/QC-QMI ( 796): qmi_ctl_handle_request: qmi_ctl_tx_msg call failed
E/QC-QMI ( 796): qmi_qmux_open_connection: connection is disabled for conn_id=57
E/QC-QMI ( 796): qmi_qmux_tx_msg: failed to open inactive connd_id=57
E/QC-QMI ( 796): qmi_qmux: TX failed, connection inactive or in reset, conn_id=57, status_flags=4
E/QC-QMI ( 796): qmi_ctl_tx_msg: qmi_qmux_tx_msg failed
E/QC-QMI ( 796): qmi_ctl_handle_request: qmi_ctl_tx_msg call failed
E/QC-QMI ( 796): qmi_qmux_open_connection: connection is disabled for conn_id=57
E/QC-QMI ( 796): qmi_qmux_tx_msg: failed to open inactive connd_id=57
E/QC-QMI ( 796): qmi_qmux: TX failed, connection inactive or in reset, conn_id=57, status_flags=4
E/QC-QMI ( 796): qmi_ctl_tx_msg: qmi_qmux_tx_msg failed
E/QC-QMI ( 796): qmi_ctl_handle_request: qmi_ctl_tx_msg call failed
E/QC-QMI ( 796): qmi_qmux_open_connection: connection is disabled for conn_id=29
E/QC-QMI ( 796): qmi_qmux_tx_msg: failed to open inactive connd_id=29
E/QC-QMI ( 796): qmi_qmux: TX failed, connection inactive or in reset, conn_id=29, status_flags=4
E/QC-QMI ( 796): qmi_ctl_tx_msg: qmi_qmux_tx_msg failed
E/QC-QMI ( 796): qmi_ctl_handle_request: qmi_ctl_tx_msg call failed
E/QC-QMI ( 796): qmi_qmux_open_connection: connection is disabled for conn_id=29
E/QC-QMI ( 796): qmi_qmux_tx_msg: failed to open inactive connd_id=29
E/QC-QMI ( 796): qmi_qmux: TX failed, connection inactive or in reset, conn_id=29, status_flags=4
E/QC-QMI ( 796): qmi_ctl_tx_msg: qmi_qmux_tx_msg failed
E/QC-QMI ( 796): qmi_ctl_handle_request: qmi_ctl_tx_msg call failed
E/QC-QMI ( 796): qmi_qmux_open_connection: connection is disabled for conn_id=29
E/QC-QMI ( 796): qmi_qmux_tx_msg: failed to open inactive connd_id=29
E/QC-QMI ( 796): qmi_qmux: TX failed, connection inactive or in reset, conn_id=29, status_flags=4
E/QC-QMI ( 796): qmi_ctl_tx_msg: qmi_qmux_tx_msg failed
E/QC-QMI ( 796): qmi_ctl_handle_request: qmi_ctl_tx_msg call failed
E/QC-QMI ( 796): qmi_qmux_open_connection: connection is disabled for conn_id=48
E/QC-QMI ( 796): qmi_qmux_tx_msg: failed to open inactive connd_id=48
E/QC-QMI ( 796): qmi_qmux: TX failed, connection inactive or in reset, conn_id=48, status_flags=4
E/QC-QMI ( 796): qmi_ctl_tx_msg: qmi_qmux_tx_msg failed
E/QC-QMI ( 796): qmi_ctl_handle_request: qmi_ctl_tx_msg call failed
E/QC-QMI ( 796): qmi_qmux_open_connection: connection is disabled for conn_id=29
E/QC-QMI ( 796): qmi_qmux_tx_msg: failed to open inactive connd_id=29
E/QC-QMI ( 796): qmi_qmux: TX failed, connection inactive or in reset, conn_id=29, status_flags=4
E/QC-QMI ( 796): qmi_ctl_tx_msg: qmi_qmux_tx_msg failed
E/QC-QMI ( 796): qmi_ctl_handle_request: qmi_ctl_tx_msg call failed
E/QC-QMI ( 796): qmi_qmux_open_connection: connection is disabled for conn_id=48
E/QC-QMI ( 796): qmi_qmux_tx_msg: failed to open inactive connd_id=48
E/QC-QMI ( 796): qmi_qmux: TX failed, connection inactive or in reset, conn_id=48, status_flags=4
E/QC-QMI ( 796): qmi_ctl_tx_msg: qmi_qmux_tx_msg failed
E/QC-QMI ( 796): qmi_ctl_handle_request: qmi_ctl_tx_msg call failed
E/QC-QMI ( 796): qmi_qmux_open_connection: connection is disabled for conn_id=48
E/QC-QMI ( 796): qmi_qmux_tx_msg: failed to open inactive connd_id=48
E/QC-QMI ( 796): qmi_qmux: TX failed, connection inactive or in reset, conn_id=48, status_flags=4
E/QC-QMI ( 796): qmi_ctl_tx_msg: qmi_qmux_tx_msg failed
E/QC-QMI ( 796): qmi_ctl_handle_request: qmi_ctl_tx_msg call failed
E/QC-QMI ( 796): qmi_qmux_open_connection: connection is disabled for conn_id=57
E/QC-QMI ( 796): qmi_qmux_tx_msg: failed to open inactive connd_id=57
E/QC-QMI ( 796): qmi_qmux: TX failed, connection inactive or in reset, conn_id=57, status_flags=4
E/QC-QMI ( 796): qmi_ctl_tx_msg: qmi_qmux_tx_msg failed
E/QC-QMI ( 796): qmi_ctl_handle_request: qmi_ctl_tx_msg call failed
E/QC-QMI ( 796): qmi_qmux_open_connection: connection is disabled for conn_id=48
E/QC-QMI ( 796): qmi_qmux_tx_msg: failed to open inactive connd_id=48
E/QC-QMI ( 796): qmi_qmux: TX failed, connection inactive or in reset, conn_id=48, status_flags=4
E/QC-QMI ( 796): qmi_ctl_tx_msg: qmi_qmux_tx_msg failed
E/QC-QMI ( 796): qmi_ctl_handle_request: qmi_ctl_tx_msg call failed
E/QC-QMI ( 796): qmi_qmux_open_connection: connection is disabled for conn_id=57
E/QC-QMI ( 796): qmi_qmux_tx_msg: failed to open inactive connd_id=57
E/QC-QMI ( 796): qmi_qmux: TX failed, connection inactive or in reset, conn_id=57, status_flags=4
E/QC-QMI ( 796): qmi_ctl_tx_msg: qmi_qmux_tx_msg failed
E/QC-QMI ( 796): qmi_ctl_handle_request: qmi_ctl_tx_msg call failed
E/QC-QMI ( 796): qmi_qmux_open_connection: connection is disabled for conn_id=57
E/QC-QMI ( 796): qmi_qmux_tx_msg: failed to open inactive connd_id=57
E/QC-QMI ( 796): qmi_qmux: TX failed, connection inactive or in reset, conn_id=57, status_flags=4
E/QC-QMI ( 796): qmi_ctl_tx_msg: qmi_qmux_tx_msg failed
E/QC-QMI ( 796): qmi_ctl_handle_request: qmi_ctl_tx_msg call failed
E/QC-QMI ( 796): qmi_qmux_open_connection: connection is disabled for conn_id=57
E/QC-QMI ( 796): qmi_qmux_tx_msg: failed to open inactive connd_id=57
E/QC-QMI ( 796): qmi_qmux: TX failed, connection inactive or in reset, conn_id=57, status_flags=4
E/QC-QMI ( 796): qmi_ctl_tx_msg: qmi_qmux_tx_msg failed
E/QC-QMI ( 796): qmi_ctl_handle_request: qmi_ctl_tx_msg call failed
E/USB_UICC( 683): Timeout! No signal received. Retry num = 19
E/qdhwcomposer( 1212): isValidDimension: layer handle is NULL
E/qdhwcomposer( 1212): isValidDimension: layer handle is NULL
E/qdhwcomposer( 1212): isValidDimension: layer handle is NULL
E/qdhwcomposer( 1212): isValidDimension: layer handle is NULL
E/qdhwcomposer( 1212): isValidDimension: layer handle is NULL
E/qdhwcomposer( 1212): isValidDimension: layer handle is NULL
E/qdhwcomposer( 1212): isValidDimension: layer handle is NULL
E/qdhwcomposer( 1212): isValidDimension: layer handle is NULL
E/qdhwcomposer( 1212): isValidDimension: layer handle is NULL
E/qdhwcomposer( 1212): isValidDimension: layer handle is NULL
E/qdhwcomposer( 1212): isValidDimension: layer handle is NULL
E/qdhwcomposer( 1212): isValidDimension: layer handle is NULL
E/qdhwcomposer( 1212): isValidDimension: layer handle is NULL
E/qdhwcomposer( 1212): isValidDimension: layer handle is NULL
E/qdhwcomposer( 1212): isValidDimension: layer handle is NULL
E/qdhwcomposer( 1212): isValidDimension: layer handle is NULL
E/qdhwcomposer( 1212): isValidDimension: layer handle is NULL
E/qdhwcomposer( 1212): isValidDimension: layer handle is NULL
E/qdhwcomposer( 1212): isValidDimension: layer handle is NULL
E/qdhwcomposer( 1212): isValidDimension: layer handle is NULL
E/qdhwcomposer( 1212): isValidDimension: layer handle is NULL
E/qdhwcomposer( 1212): isValidDimension: layer handle is NULL
E/qdhwcomposer( 1212): isValidDimension: layer handle is NULL
E/qdhwcomposer( 1212): isValidDimension: layer handle is NULL
E/qdhwcomposer( 1212): isValidDimension: layer handle is NULL
E/qdhwcomposer( 1212): isValidDimension: layer handle is NULL
E/qdhwcomposer( 1212): isValidDimension: layer handle is NULL
E/qdhwcomposer( 1212): isValidDimension: layer handle is NULL
E/NetlinkListener( 696): recvmsg failed (I/O error)
E/NetlinkListener( 1620): recvmsg failed (I/O error)
E/qdhwcomposer( 1212): isValidDimension: layer handle is NULL
E/qdhwcomposer( 1212): isValidDimension: layer handle is NULL
E/NetlinkListener( 1620): recvmsg failed (I/O error)
E/NetlinkListener( 696): recvmsg failed (I/O error)
I/dex2oat ( 2241): dex2oat took 3.035s (threads: 4) arena alloc=325KB java alloc=3MB native alloc=6MB free=9MB
I/PackageManager( 1389): Running dexopt on: /system/priv-app/FairphoneLauncher3/FairphoneLauncher3.apk pkg=com.fairphone.fplauncher3 isa=arm vmSafeMode=false
I/dex2oat ( 2294): /system/bin/dex2oat --zip-fd=5 --zip-location=/system/priv-app/FairphoneLauncher3/FairphoneLauncher3.apk --oat-fd=6 --oat-location=/data/dalvik-cache/arm/system@priv-app@FairphoneLauncher3@FairphoneLauncher3.apk@classes.dex --instruction-set=arm --instruction-set-features=div --runtime-arg -Xms64m --runtime-arg -Xmx512m --swap-fd=7
I/dex2oat ( 2294): Decided to run without swap.
E/qdhwcomposer( 1212): isValidDimension: layer handle is NULL
E/qdhwcomposer( 1212): isValidDimension: layer handle is NULL
V/WLAN_PSA( 682): NL MSG, len[048], NL type[0x11] WNI type[0x5050] len[028]
V/WLAN_PSA( 682): NL MSG, PID: 682
E/qdhwcomposer( 1212): isValidDimension: layer handle is NULL
E/qdhwcomposer( 1212): isValidDimension: layer handle is NULL
E/NetlinkListener( 1620): recvmsg failed (I/O error)
E/NetlinkListener( 696): recvmsg failed (I/O error)
E/qdhwcomposer( 1212): isValidDimension: layer handle is NULL
E/qdhwcomposer( 1212): isValidDimension: layer handle is NULL
E/USB_UICC( 683): Timeout! No signal received. Retry num = 20
E/qdhwcomposer( 1212): isValidDimension: layer handle is NULL
E/qdhwcomposer( 1212): isValidDimension: layer handle is NULL
E/QC-QMI ( 796): qmi_qmux_open_connection: connection is disabled for conn_id=29
E/QC-QMI ( 796): qmi_qmux_tx_msg: failed to open inactive connd_id=29
E/QC-QMI ( 796): qmi_qmux: TX failed, connection inactive or in reset, conn_id=29, status_flags=4
E/QC-QMI ( 796): qmi_ctl_tx_msg: qmi_qmux_tx_msg failed
E/QC-QMI ( 796): qmi_ctl_handle_request: qmi_ctl_tx_msg call failed
E/QC-QMI ( 796): qmi_qmux_open_connection: connection is disabled for conn_id=29
E/QC-QMI ( 796): qmi_qmux_tx_msg: failed to open inactive connd_id=29
E/QC-QMI ( 796): qmi_qmux: TX failed, connection inactive or in reset, conn_id=29, status_flags=4
E/QC-QMI ( 796): qmi_ctl_tx_msg: qmi_qmux_tx_msg failed
E/QC-QMI ( 796): qmi_ctl_handle_request: qmi_ctl_tx_msg call failed
E/QC-QMI ( 796): qmi_qmux_open_connection: connection is disabled for conn_id=48
E/QC-QMI ( 796): qmi_qmux_tx_msg: failed to open inactive connd_id=48
E/QC-QMI ( 796): qmi_qmux: TX failed, connection inactive or in reset, conn_id=48, status_flags=4
E/QC-QMI ( 796): qmi_ctl_tx_msg: qmi_qmux_tx_msg failed
E/QC-QMI ( 796): qmi_ctl_handle_request: qmi_ctl_tx_msg call failed
E/QC-QMI ( 796): qmi_qmux_open_connection: connection is disabled for conn_id=29
E/QC-QMI ( 796): qmi_qmux_tx_msg: failed to open inactive connd_id=29
E/QC-QMI ( 796): qmi_qmux: TX failed, connection inactive or in reset, conn_id=29, status_flags=4
E/QC-QMI ( 796): qmi_ctl_tx_msg: qmi_qmux_tx_msg failed
E/QC-QMI ( 796): qmi_ctl_handle_request: qmi_ctl_tx_msg call failed
E/QC-QMI ( 796): qmi_qmux_open_connection: connection is disabled for conn_id=29
E/QC-QMI ( 796): qmi_qmux_tx_msg: failed to open inactive connd_id=29
E/QC-QMI ( 796): qmi_qmux: TX failed, connection inactive or in reset, conn_id=29, status_flags=4
E/QC-QMI ( 796): qmi_ctl_tx_msg: qmi_qmux_tx_msg failed
E/QC-QMI ( 796): qmi_ctl_handle_request: qmi_ctl_tx_msg call failed
E/QC-QMI ( 796): qmi_qmux_open_connection: connection is disabled for conn_id=48
E/QC-QMI ( 796): qmi_qmux_tx_msg: failed to open inactive connd_id=48
E/QC-QMI ( 796): qmi_qmux: TX failed, connection inactive or in reset, conn_id=48, status_flags=4
E/QC-QMI ( 796): qmi_ctl_tx_msg: qmi_qmux_tx_msg failed
E/QC-QMI ( 796): qmi_ctl_handle_request: qmi_ctl_tx_msg call failed
E/QC-QMI ( 796): qmi_qmux_open_connection: connection is disabled for conn_id=48
E/QC-QMI ( 796): qmi_qmux_tx_msg: failed to open inactive connd_id=48
E/QC-QMI ( 796): qmi_qmux: TX failed, connection inactive or in reset, conn_id=48, status_flags=4
E/QC-QMI ( 796): qmi_ctl_tx_msg: qmi_qmux_tx_msg failed
E/QC-QMI ( 796): qmi_ctl_handle_request: qmi_ctl_tx_msg call failed
E/QC-QMI ( 796): qmi_qmux_open_connection: connection is disabled for conn_id=48
E/QC-QMI ( 796): qmi_qmux_tx_msg: failed to open inactive connd_id=48
E/QC-QMI ( 796): qmi_qmux: TX failed, connection inactive or in reset, conn_id=48, status_flags=4
E/QC-QMI ( 796): qmi_ctl_tx_msg: qmi_qmux_tx_msg failed
E/QC-QMI ( 796): qmi_ctl_handle_request: qmi_ctl_tx_msg call failed
E/QC-QMI ( 796): qmi_qmux_open_connection: connection is disabled for conn_id=57
E/QC-QMI ( 796): qmi_qmux_tx_msg: failed to open inactive connd_id=57
E/QC-QMI ( 796): qmi_qmux: TX failed, connection inactive or in reset, conn_id=57, status_flags=4
E/QC-QMI ( 796): qmi_ctl_tx_msg: qmi_qmux_tx_msg failed
E/QC-QMI ( 796): qmi_ctl_handle_request: qmi_ctl_tx_msg call failed
E/QC-QMI ( 796): qmi_qmux_open_connection: connection is disabled for conn_id=57
E/QC-QMI ( 796): qmi_qmux_tx_msg: failed to open inactive connd_id=57
E/QC-QMI ( 796): qmi_qmux: TX failed, connection inactive or in reset, conn_id=57, status_flags=4
E/QC-QMI ( 796): qmi_ctl_tx_msg: qmi_qmux_tx_msg failed
E/QC-QMI ( 796): qmi_ctl_handle_request: qmi_ctl_tx_msg call failed
E/QC-QMI ( 796): qmi_qmux_open_connection: connection is disabled for conn_id=57
E/QC-QMI ( 796): qmi_qmux_tx_msg: failed to open inactive connd_id=57
E/QC-QMI ( 796): qmi_qmux: TX failed, connection inactive or in reset, conn_id=57, status_flags=4
E/QC-QMI ( 796): qmi_ctl_tx_msg: qmi_qmux_tx_msg failed
E/QC-QMI ( 796): qmi_ctl_handle_request: qmi_ctl_tx_msg call failed
E/QC-QMI ( 796): qmi_qmux_open_connection: connection is disabled for conn_id=57
E/QC-QMI ( 796): qmi_qmux_tx_msg: failed to open inactive connd_id=57
E/QC-QMI ( 796): qmi_qmux: TX failed, connection inactive or in reset, conn_id=57, status_flags=4
E/QC-QMI ( 796): qmi_ctl_tx_msg: qmi_qmux_tx_msg failed
E/QC-QMI ( 796): qmi_ctl_handle_request: qmi_ctl_tx_msg call failed
E/QC-QMI ( 796): qmi_qmux_open_connection: connection is disabled for conn_id=29
E/QC-QMI ( 796): qmi_qmux_tx_msg: failed to open inactive connd_id=29
E/QC-QMI ( 796): qmi_qmux: TX failed, connection inactive or in reset, conn_id=29, status_flags=4
E/QC-QMI ( 796): qmi_ctl_tx_msg: qmi_qmux_tx_msg failed
E/QC-QMI ( 796): qmi_ctl_handle_request: qmi_ctl_tx_msg call failed
E/QC-QMI ( 796): qmi_qmux_open_connection: connection is disabled for conn_id=29
E/QC-QMI ( 796): qmi_qmux_tx_msg: failed to open inactive connd_id=29
E/QC-QMI ( 796): qmi_qmux: TX failed, connection inactive or in reset, conn_id=29, status_flags=4
E/QC-QMI ( 796): qmi_ctl_tx_msg: qmi_qmux_tx_msg failed
E/QC-QMI ( 796): qmi_ctl_handle_request: qmi_ctl_tx_msg call failed
E/QC-QMI ( 796): qmi_qmux_open_connection: connection is disabled for conn_id=48
E/QC-QMI ( 796): qmi_qmux_tx_msg: failed to open inactive connd_id=48
E/QC-QMI ( 796): qmi_qmux: TX failed, connection inactive or in reset, conn_id=48, status_flags=4
E/QC-QMI ( 796): qmi_ctl_tx_msg: qmi_qmux_tx_msg failed
E/QC-QMI ( 796): qmi_ctl_handle_request: qmi_ctl_tx_msg call failed
E/QC-QMI ( 796): qmi_qmux_open_connection: connection is disabled for conn_id=48
E/QC-QMI ( 796): qmi_qmux_tx_msg: failed to open inactive connd_id=48
E/QC-QMI ( 796): qmi_qmux: TX failed, connection inactive or in reset, conn_id=48, status_flags=4
E/QC-QMI ( 796): qmi_ctl_tx_msg: qmi_qmux_tx_msg failed
E/QC-QMI ( 796): qmi_ctl_handle_request: qmi_ctl_tx_msg call failed
E/QC-QMI ( 796): qmi_qmux_open_connection: connection is disabled for conn_id=57
E/QC-QMI ( 796): qmi_qmux_tx_msg: failed to open inactive connd_id=57
E/QC-QMI ( 796): qmi_qmux: TX failed, connection inactive or in reset, conn_id=57, status_flags=4
E/QC-QMI ( 796): qmi_ctl_tx_msg: qmi_qmux_tx_msg failed
E/QC-QMI ( 796): qmi_ctl_handle_request: qmi_ctl_tx_msg call failed
E/QC-QMI ( 796): qmi_qmux_open_connection: connection is disabled for conn_id=57
E/QC-QMI ( 796): qmi_qmux_tx_msg: failed to open inactive connd_id=57
E/QC-QMI ( 796): qmi_qmux: TX failed, connection inactive or in reset, conn_id=57, status_flags=4
E/QC-QMI ( 796): qmi_ctl_tx_msg: qmi_qmux_tx_msg failed
E/QC-QMI ( 796): qmi_ctl_handle_request: qmi_ctl_tx_msg call failed
E/QC-QMI ( 796): qmi_qmux_open_connection: connection is disabled for conn_id=29
E/QC-QMI ( 796): qmi_qmux_tx_msg: failed to open inactive connd_id=29
E/QC-QMI ( 796): qmi_qmux: TX failed, connection inactive or in reset, conn_id=29, status_flags=4
E/QC-QMI ( 796): qmi_ctl_tx_msg: qmi_qmux_tx_msg failed
E/QC-QMI ( 796): qmi_ctl_handle_request: qmi_ctl_tx_msg call failed
E/QC-QMI ( 796): qmi_qmux_open_connection: connection is disabled for conn_id=29
E/QC-QMI ( 796): qmi_qmux_tx_msg: failed to open inactive connd_id=29
E/QC-QMI ( 796): qmi_qmux: TX failed, connection inactive or in reset, conn_id=29, status_flags=4
E/QC-QMI ( 796): qmi_ctl_tx_msg: qmi_qmux_tx_msg failed
E/QC-QMI ( 796): qmi_ctl_handle_request: qmi_ctl_tx_msg call failed
E/QC-QMI ( 796): qmi_qmux_open_connection: connection is disabled for conn_id=48
E/QC-QMI ( 796): qmi_qmux_tx_msg: failed to open inactive connd_id=48
E/QC-QMI ( 796): qmi_qmux: TX failed, connection inactive or in reset, conn_id=48, status_flags=4
E/QC-QMI ( 796): qmi_ctl_tx_msg: qmi_qmux_tx_msg failed
E/QC-QMI ( 796): qmi_ctl_handle_request: qmi_ctl_tx_msg call failed
E/QC-QMI ( 796): qmi_qmux_open_connection: connection is disabled for conn_id=48
E/QC-QMI ( 796): qmi_qmux_tx_msg: failed to open inactive connd_id=48
E/QC-QMI ( 796): qmi_qmux: TX failed, connection inactive or in reset, conn_id=48, status_flags=4
E/QC-QMI ( 796): qmi_ctl_tx_msg: qmi_qmux_tx_msg failed
E/QC-QMI ( 796): qmi_ctl_handle_request: qmi_ctl_tx_msg call failed
E/QC-QMI ( 796): qmi_qmux_open_connection: connection is disabled for conn_id=57
E/QC-QMI ( 796): qmi_qmux_tx_msg: failed to open inactive connd_id=57
E/QC-QMI ( 796): qmi_qmux: TX failed, connection inactive or in reset, conn_id=57, status_flags=4
E/QC-QMI ( 796): qmi_ctl_tx_msg: qmi_qmux_tx_msg failed
E/QC-QMI ( 796): qmi_ctl_handle_request: qmi_ctl_tx_msg call failed
E/QC-QMI ( 796): qmi_qmux_open_connection: connection is disabled for conn_id=57
E/QC-QMI ( 796): qmi_qmux_tx_msg: failed to open inactive connd_id=57
E/QC-QMI ( 796): qmi_qmux: TX failed, connection inactive or in reset, conn_id=57, status_flags=4
E/QC-QMI ( 796): qmi_ctl_tx_msg: qmi_qmux_tx_msg failed
E/QC-QMI ( 796): qmi_ctl_handle_request: qmi_ctl_tx_msg call failed
E/QC-QMI ( 796): qmi_qmux_open_connection: connection is disabled for conn_id=29
E/QC-QMI ( 796): qmi_qmux_tx_msg: failed to open inactive connd_id=29
E/QC-QMI ( 796): qmi_qmux: TX failed, connection inactive or in reset, conn_id=29, status_flags=4
E/QC-QMI ( 796): qmi_ctl_tx_msg: qmi_qmux_tx_msg failed
E/QC-QMI ( 796): qmi_ctl_handle_request: qmi_ctl_tx_msg call failed
E/QC-QMI ( 796): qmi_qmux_open_connection: connection is disabled for conn_id=29
E/QC-QMI ( 796): qmi_qmux_tx_msg: failed to open inactive connd_id=29
E/QC-QMI ( 796): qmi_qmux: TX failed, connection inactive or in reset, conn_id=29, status_flags=4
E/QC-QMI ( 796): qmi_ctl_tx_msg: qmi_qmux_tx_msg failed
E/QC-QMI ( 796): qmi_ctl_handle_request: qmi_ctl_tx_msg call failed
E/QC-QMI ( 796): qmi_qmux_open_connection: connection is disabled for conn_id=29
E/QC-QMI ( 796): qmi_qmux_tx_msg: failed to open inactive connd_id=29
E/QC-QMI ( 796): qmi_qmux: TX failed, connection inactive or in reset, conn_id=29, status_flags=4
E/QC-QMI ( 796): qmi_ctl_tx_msg: qmi_qmux_tx_msg failed
E/QC-QMI ( 796): qmi_ctl_handle_request: qmi_ctl_tx_msg call failed
E/QC-QMI ( 796): qmi_qmux_open_connection: connection is disabled for conn_id=48
E/QC-QMI ( 796): qmi_qmux_tx_msg: failed to open inactive connd_id=48
E/QC-QMI ( 796): qmi_qmux: TX failed, connection inactive or in reset, conn_id=48, status_flags=4
E/QC-QMI ( 796): qmi_ctl_tx_msg: qmi_qmux_tx_msg failed
E/QC-QMI ( 796): qmi_ctl_handle_request: qmi_ctl_tx_msg call failed
E/QC-QMI ( 796): qmi_qmux_open_connection: connection is disabled for conn_id=48
E/QC-QMI ( 796): qmi_qmux_tx_msg: failed to open inactive connd_id=48
E/QC-QMI ( 796): qmi_qmux: TX failed, connection inactive or in reset, conn_id=48, status_flags=4
E/QC-QMI ( 796): qmi_ctl_tx_msg: qmi_qmux_tx_msg failed
E/QC-QMI ( 796): qmi_ctl_handle_request: qmi_ctl_tx_msg call failed
E/QC-QMI ( 796): qmi_qmux_open_connection: connection is disabled for conn_id=29
E/QC-QMI ( 796): qmi_qmux_tx_msg: failed to open inactive connd_id=29
E/QC-QMI ( 796): qmi_qmux: TX failed, connection inactive or in reset, conn_id=29, status_flags=4
E/QC-QMI ( 796): qmi_ctl_tx_msg: qmi_qmux_tx_msg failed
E/QC-QMI ( 796): qmi_ctl_handle_request: qmi_ctl_tx_msg call failed
E/QC-QMI ( 796): qmi_qmux_open_connection: connection is disabled for conn_id=57
E/QC-QMI ( 796): qmi_qmux_tx_msg: failed to open inactive connd_id=57
E/QC-QMI ( 796): qmi_qmux: TX failed, connection inactive or in reset, conn_id=57, status_flags=4
E/QC-QMI ( 796): qmi_ctl_tx_msg: qmi_qmux_tx_msg failed
E/QC-QMI ( 796): qmi_ctl_handle_request: qmi_ctl_tx_msg call failed
E/QC-QMI ( 796): qmi_qmux_open_connection: connection is disabled for conn_id=57
E/QC-QMI ( 796): qmi_qmux_tx_msg: failed to open inactive connd_id=57
E/QC-QMI ( 796): qmi_qmux: TX failed, connection inactive or in reset, conn_id=57, status_flags=4
E/QC-QMI ( 796): qmi_ctl_tx_msg: qmi_qmux_tx_msg failed
E/QC-QMI ( 796): qmi_ctl_handle_request: qmi_ctl_tx_msg call failed
E/QC-QMI ( 796): qmi_qmux_open_connection: connection is disabled for conn_id=48
E/QC-QMI ( 796): qmi_qmux_tx_msg: failed to open inactive connd_id=48
E/QC-QMI ( 796): qmi_qmux: TX failed, connection inactive or in reset, conn_id=48, status_flags=4
E/QC-QMI ( 796): qmi_ctl_tx_msg: qmi_qmux_tx_msg failed
E/QC-QMI ( 796): qmi_ctl_handle_request: qmi_ctl_tx_msg call failed
E/QC-QMI ( 796): qmi_qmux_open_connection: connection is disabled for conn_id=48
E/QC-QMI ( 796): qmi_qmux_tx_msg: failed to open inactive connd_id=48
E/QC-QMI ( 796): qmi_qmux: TX failed, connection inactive or in reset, conn_id=48, status_flags=4
E/QC-QMI ( 796): qmi_ctl_tx_msg: qmi_qmux_tx_msg failed
E/QC-QMI ( 796): qmi_ctl_handle_request: qmi_ctl_tx_msg call failed
E/QC-QMI ( 796): qmi_qmux_open_connection: connection is disabled for conn_id=57
E/QC-QMI ( 796): qmi_qmux_tx_msg: failed to open inactive connd_id=57
E/QC-QMI ( 796): qmi_qmux: TX failed, connection inactive or in reset, conn_id=57, status_flags=4
E/QC-QMI ( 796): qmi_ctl_tx_msg: qmi_qmux_tx_msg failed
E/QC-QMI ( 796): qmi_ctl_handle_request: qmi_ctl_tx_msg call failed
E/QC-QMI ( 796): qmi_qmux_open_connection: connection is disabled for conn_id=57
E/QC-QMI ( 796): qmi_qmux_tx_msg: failed to open inactive connd_id=57
E/QC-QMI ( 796): qmi_qmux: TX failed, connection inactive or in reset, conn_id=57, status_flags=4
E/QC-QMI ( 796): qmi_ctl_tx_msg: qmi_qmux_tx_msg failed
E/QC-QMI ( 796): qmi_ctl_handle_request: qmi_ctl_tx_msg call failed
E/NetlinkListener( 1620): recvmsg failed (I/O error)
