E/QC-QMI ( 796): qmi_ctl_handle_request: qmi_ctl_tx_msg call failed
E/QC-QMI ( 796): qmi_qmux_open_connection: connection is disabled for conn_id=29
E/QC-QMI ( 796): qmi_qmux_tx_msg: failed to open inactive connd_id=29
E/QC-QMI ( 796): qmi_qmux: TX failed, connection inactive or in reset, conn_id=29, status_flags=4
E/QC-QMI ( 796): qmi_ctl_tx_msg: qmi_qmux_tx_msg failed
E/QC-QMI ( 796): qmi_ctl_handle_request: qmi_ctl_tx_msg call failed
E/QC-QMI ( 796): qmi_qmux_open_connection: connection is disabled for conn_id=48
E/QC-QMI ( 796): qmi_qmux_tx_msg: failed to open inactive connd_id=48
E/QC-QMI ( 796): qmi_qmux: TX failed, connection inactive or in reset, conn_id=48, status_flags=4
E/QC-QMI ( 796): qmi_ctl_tx_msg: qmi_qmux_tx_msg failed
E/QC-QMI ( 796): qmi_ctl_handle_request: qmi_ctl_tx_msg call failed
E/QC-QMI ( 796): qmi_qmux_open_connection: connection is disabled for conn_id=48
E/QC-QMI ( 796): qmi_qmux_tx_msg: failed to open inactive connd_id=48
E/QC-QMI ( 796): qmi_qmux: TX failed, connection inactive or in reset, conn_id=48, status_flags=4
E/QC-QMI ( 796): qmi_ctl_tx_msg: qmi_qmux_tx_msg failed
E/QC-QMI ( 796): qmi_ctl_handle_request: qmi_ctl_tx_msg call failed
E/QC-QMI ( 796): qmi_qmux_open_connection: connection is disabled for conn_id=57
E/QC-QMI ( 796): qmi_qmux_tx_msg: failed to open inactive connd_id=57
E/QC-QMI ( 796): qmi_qmux: TX failed, connection inactive or in reset, conn_id=57, status_flags=4
E/QC-QMI ( 796): qmi_ctl_tx_msg: qmi_qmux_tx_msg failed
E/QC-QMI ( 796): qmi_ctl_handle_request: qmi_ctl_tx_msg call failed
E/QC-QMI ( 796): qmi_qmux_open_connection: connection is disabled for conn_id=57
E/QC-QMI ( 796): qmi_qmux_tx_msg: failed to open inactive connd_id=57
E/QC-QMI ( 796): qmi_qmux: TX failed, connection inactive or in reset, conn_id=57, status_flags=4
E/QC-QMI ( 796): qmi_ctl_tx_msg: qmi_qmux_tx_msg failed
E/QC-QMI ( 796): qmi_ctl_handle_request: qmi_ctl_tx_msg call failed
E/qdhwcomposer( 1212): isValidDimension: layer handle is NULL
E/qdhwcomposer( 1212): isValidDimension: layer handle is NULL
E/qdhwcomposer( 1212): isValidDimension: layer handle is NULL
E/qdhwcomposer( 1212): isValidDimension: layer handle is NULL
E/qdhwcomposer( 1212): isValidDimension: layer handle is NULL
E/qdhwcomposer( 1212): isValidDimension: layer handle is NULL
E/qdhwcomposer( 1212): isValidDimension: layer handle is NULL
E/qdhwcomposer( 1212): isValidDimension: layer handle is NULL
E/qdhwcomposer( 1212): isValidDimension: layer handle is NULL
E/qdhwcomposer( 1212): isValidDimension: layer handle is NULL
E/qdhwcomposer( 1212): isValidDimension: layer handle is NULL
E/qdhwcomposer( 1212): isValidDimension: layer handle is NULL
E/qdhwcomposer( 1212): isValidDimension: layer handle is NULL
E/qdhwcomposer( 1212): isValidDimension: layer handle is NULL
E/qdhwcomposer( 1212): isValidDimension: layer handle is NULL
E/qdhwcomposer( 1212): isValidDimension: layer handle is NULL
E/qdhwcomposer( 1212): isValidDimension: layer handle is NULL
E/qdhwcomposer( 1212): isValidDimension: layer handle is NULL
E/qdhwcomposer( 1212): isValidDimension: layer handle is NULL
E/qdhwcomposer( 1212): isValidDimension: layer handle is NULL
E/qdhwcomposer( 1212): isValidDimension: layer handle is NULL
E/qdhwcomposer( 1212): isValidDimension: layer handle is NULL
E/qdhwcomposer( 1212): isValidDimension: layer handle is NULL
E/qdhwcomposer( 1212): isValidDimension: layer handle is NULL
E/qdhwcomposer( 1212): isValidDimension: layer handle is NULL
E/qdhwcomposer( 1212): isValidDimension: layer handle is NULL
E/qdhwcomposer( 1212): isValidDimension: layer handle is NULL
E/qdhwcomposer( 1212): isValidDimension: layer handle is NULL
E/qdhwcomposer( 1212): isValidDimension: layer handle is NULL
E/qdhwcomposer( 1212): isValidDimension: layer handle is NULL
E/qdhwcomposer( 1212): isValidDimension: layer handle is NULL
E/qdhwcomposer( 1212): isValidDimension: layer handle is NULL
E/qdhwcomposer( 1212): isValidDimension: layer handle is NULL
E/qdhwcomposer( 1212): isValidDimension: layer handle is NULL
E/qdhwcomposer( 1212): isValidDimension: layer handle is NULL
E/qdhwcomposer( 1212): isValidDimension: layer handle is NULL
E/qdhwcomposer( 1212): isValidDimension: layer handle is NULL
E/qdhwcomposer( 1212): isValidDimension: layer handle is NULL
E/qdhwcomposer( 1212): isValidDimension: layer handle is NULL
E/qdhwcomposer( 1212): isValidDimension: layer handle is NULL
E/qdhwcomposer( 1212): isValidDimension: layer handle is NULL
E/qdhwcomposer( 1212): isValidDimension: layer handle is NULL
E/qdhwcomposer( 1212): isValidDimension: layer handle is NULL
E/qdhwcomposer( 1212): isValidDimension: layer handle is NULL
E/qdhwcomposer( 1212): isValidDimension: layer handle is NULL
E/qdhwcomposer( 1212): isValidDimension: layer handle is NULL
E/NetlinkListener( 696): recvmsg failed (I/O error)
E/NetlinkListener( 1620): recvmsg failed (I/O error)
E/USB_UICC( 683): Timeout! No signal received. Retry num = 24
E/QC-QMI ( 796): qmi_qmux_open_connection: connection is disabled for conn_id=29
E/QC-QMI ( 796): qmi_qmux_tx_msg: failed to open inactive connd_id=29
E/QC-QMI ( 796): qmi_qmux: TX failed, connection inactive or in reset, conn_id=29, status_flags=4
E/QC-QMI ( 796): qmi_ctl_tx_msg: qmi_qmux_tx_msg failed
E/QC-QMI ( 796): qmi_ctl_handle_request: qmi_ctl_tx_msg call failed
E/QC-QMI ( 796): qmi_qmux_open_connection: connection is disabled for conn_id=29
E/QC-QMI ( 796): qmi_qmux_tx_msg: failed to open inactive connd_id=29
E/QC-QMI ( 796): qmi_qmux: TX failed, connection inactive or in reset, conn_id=29, status_flags=4
E/QC-QMI ( 796): qmi_ctl_tx_msg: qmi_qmux_tx_msg failed
E/QC-QMI ( 796): qmi_ctl_handle_request: qmi_ctl_tx_msg call failed
E/QC-QMI ( 796): qmi_qmux_open_connection: connection is disabled for conn_id=48
E/QC-QMI ( 796): qmi_qmux_tx_msg: failed to open inactive connd_id=48
E/QC-QMI ( 796): qmi_qmux: TX failed, connection inactive or in reset, conn_id=48, status_flags=4
E/QC-QMI ( 796): qmi_ctl_tx_msg: qmi_qmux_tx_msg failed
E/QC-QMI ( 796): qmi_ctl_handle_request: qmi_ctl_tx_msg call failed
E/QC-QMI ( 796): qmi_qmux_open_connection: connection is disabled for conn_id=48
E/QC-QMI ( 796): qmi_qmux_tx_msg: failed to open inactive connd_id=48
E/QC-QMI ( 796): qmi_qmux: TX failed, connection inactive or in reset, conn_id=48, status_flags=4
E/QC-QMI ( 796): qmi_ctl_tx_msg: qmi_qmux_tx_msg failed
E/QC-QMI ( 796): qmi_ctl_handle_request: qmi_ctl_tx_msg call failed
E/QC-QMI ( 796): qmi_qmux_open_connection: connection is disabled for conn_id=57
E/QC-QMI ( 796): qmi_qmux_tx_msg: failed to open inactive connd_id=57
E/QC-QMI ( 796): qmi_qmux: TX failed, connection inactive or in reset, conn_id=57, status_flags=4
E/QC-QMI ( 796): qmi_ctl_tx_msg: qmi_qmux_tx_msg failed
E/QC-QMI ( 796): qmi_ctl_handle_request: qmi_ctl_tx_msg call failed
E/QC-QMI ( 796): qmi_qmux_open_connection: connection is disabled for conn_id=57
E/QC-QMI ( 796): qmi_qmux_tx_msg: failed to open inactive connd_id=57
E/QC-QMI ( 796): qmi_qmux: TX failed, connection inactive or in reset, conn_id=57, status_flags=4
E/QC-QMI ( 796): qmi_ctl_tx_msg: qmi_qmux_tx_msg failed
E/QC-QMI ( 796): qmi_ctl_handle_request: qmi_ctl_tx_msg call failed
E/QC-QMI ( 796): qmi_qmux_open_connection: connection is disabled for conn_id=29
E/QC-QMI ( 796): qmi_qmux_tx_msg: failed to open inactive connd_id=29
E/QC-QMI ( 796): qmi_qmux: TX failed, connection inactive or in reset, conn_id=29, status_flags=4
E/QC-QMI ( 796): qmi_ctl_tx_msg: qmi_qmux_tx_msg failed
E/QC-QMI ( 796): qmi_ctl_handle_request: qmi_ctl_tx_msg call failed
E/QC-QMI ( 796): qmi_qmux_open_connection: connection is disabled for conn_id=29
E/QC-QMI ( 796): qmi_qmux_tx_msg: failed to open inactive connd_id=29
E/QC-QMI ( 796): qmi_qmux: TX failed, connection inactive or in reset, conn_id=29, status_flags=4
E/QC-QMI ( 796): qmi_ctl_tx_msg: qmi_qmux_tx_msg failed
E/QC-QMI ( 796): qmi_ctl_handle_request: qmi_ctl_tx_msg call failed
E/QC-QMI ( 796): qmi_qmux_open_connection: connection is disabled for conn_id=48
E/QC-QMI ( 796): qmi_qmux_tx_msg: failed to open inactive connd_id=48
E/QC-QMI ( 796): qmi_qmux: TX failed, connection inactive or in reset, conn_id=48, status_flags=4
E/QC-QMI ( 796): qmi_ctl_tx_msg: qmi_qmux_tx_msg failed
E/QC-QMI ( 796): qmi_ctl_handle_request: qmi_ctl_tx_msg call failed
E/QC-QMI ( 796): qmi_qmux_open_connection: connection is disabled for conn_id=48
E/QC-QMI ( 796): qmi_qmux_tx_msg: failed to open inactive connd_id=48
E/QC-QMI ( 796): qmi_qmux: TX failed, connection inactive or in reset, conn_id=48, status_flags=4
E/QC-QMI ( 796): qmi_ctl_tx_msg: qmi_qmux_tx_msg failed
E/QC-QMI ( 796): qmi_ctl_handle_request: qmi_ctl_tx_msg call failed
E/QC-QMI ( 796): qmi_qmux_open_connection: connection is disabled for conn_id=57
E/QC-QMI ( 796): qmi_qmux_tx_msg: failed to open inactive connd_id=57
E/QC-QMI ( 796): qmi_qmux: TX failed, connection inactive or in reset, conn_id=57, status_flags=4
E/QC-QMI ( 796): qmi_ctl_tx_msg: qmi_qmux_tx_msg failed
E/QC-QMI ( 796): qmi_ctl_handle_request: qmi_ctl_tx_msg call failed
E/QC-QMI ( 796): qmi_qmux_open_connection: connection is disabled for conn_id=57
E/QC-QMI ( 796): qmi_qmux_tx_msg: failed to open inactive connd_id=57
E/QC-QMI ( 796): qmi_qmux: TX failed, connection inactive or in reset, conn_id=57, status_flags=4
E/QC-QMI ( 796): qmi_ctl_tx_msg: qmi_qmux_tx_msg failed
E/QC-QMI ( 796): qmi_ctl_handle_request: qmi_ctl_tx_msg call failed
E/QC-QMI ( 796): qmi_qmux_open_connection: connection is disabled for conn_id=29
E/QC-QMI ( 796): qmi_qmux_tx_msg: failed to open inactive connd_id=29
E/QC-QMI ( 796): qmi_qmux: TX failed, connection inactive or in reset, conn_id=29, status_flags=4
E/QC-QMI ( 796): qmi_ctl_tx_msg: qmi_qmux_tx_msg failed
E/QC-QMI ( 796): qmi_ctl_handle_request: qmi_ctl_tx_msg call failed
E/QC-QMI ( 796): qmi_qmux_open_connection: connection is disabled for conn_id=29
E/QC-QMI ( 796): qmi_qmux_tx_msg: failed to open inactive connd_id=29
E/QC-QMI ( 796): qmi_qmux: TX failed, connection inactive or in reset, conn_id=29, status_flags=4
E/QC-QMI ( 796): qmi_ctl_tx_msg: qmi_qmux_tx_msg failed
E/QC-QMI ( 796): qmi_ctl_handle_request: qmi_ctl_tx_msg call failed
E/QC-QMI ( 796): qmi_qmux_open_connection: connection is disabled for conn_id=48
E/QC-QMI ( 796): qmi_qmux_tx_msg: failed to open inactive connd_id=48
E/QC-QMI ( 796): qmi_qmux: TX failed, connection inactive or in reset, conn_id=48, status_flags=4
E/QC-QMI ( 796): qmi_ctl_tx_msg: qmi_qmux_tx_msg failed
E/QC-QMI ( 796): qmi_ctl_handle_request: qmi_ctl_tx_msg call failed
E/QC-QMI ( 796): qmi_qmux_open_connection: connection is disabled for conn_id=48
E/QC-QMI ( 796): qmi_qmux_tx_msg: failed to open inactive connd_id=48
E/QC-QMI ( 796): qmi_qmux: TX failed, connection inactive or in reset, conn_id=48, status_flags=4
E/QC-QMI ( 796): qmi_ctl_tx_msg: qmi_qmux_tx_msg failed
E/QC-QMI ( 796): qmi_ctl_handle_request: qmi_ctl_tx_msg call failed
E/QC-QMI ( 796): qmi_qmux_open_connection: connection is disabled for conn_id=57
E/QC-QMI ( 796): qmi_qmux_tx_msg: failed to open inactive connd_id=57
E/QC-QMI ( 796): qmi_qmux: TX failed, connection inactive or in reset, conn_id=57, status_flags=4
E/QC-QMI ( 796): qmi_ctl_tx_msg: qmi_qmux_tx_msg failed
E/QC-QMI ( 796): qmi_ctl_handle_request: qmi_ctl_tx_msg call failed
E/QC-QMI ( 796): qmi_qmux_open_connection: connection is disabled for conn_id=57
E/QC-QMI ( 796): qmi_qmux_tx_msg: failed to open inactive connd_id=57
E/QC-QMI ( 796): qmi_qmux: TX failed, connection inactive or in reset, conn_id=57, status_flags=4
E/QC-QMI ( 796): qmi_ctl_tx_msg: qmi_qmux_tx_msg failed
E/QC-QMI ( 796): qmi_ctl_handle_request: qmi_ctl_tx_msg call failed
E/QC-QMI ( 796): qmi_qmux_open_connection: connection is disabled for conn_id=29
E/QC-QMI ( 796): qmi_qmux_tx_msg: failed to open inactive connd_id=29
E/QC-QMI ( 796): qmi_qmux: TX failed, connection inactive or in reset, conn_id=29, status_flags=4
E/QC-QMI ( 796): qmi_ctl_tx_msg: qmi_qmux_tx_msg failed
E/QC-QMI ( 796): qmi_ctl_handle_request: qmi_ctl_tx_msg call failed
E/QC-QMI ( 796): qmi_qmux_open_connection: connection is disabled for conn_id=29
E/QC-QMI ( 796): qmi_qmux_tx_msg: failed to open inactive connd_id=29
E/QC-QMI ( 796): qmi_qmux: TX failed, connection inactive or in reset, conn_id=29, status_flags=4
E/QC-QMI ( 796): qmi_ctl_tx_msg: qmi_qmux_tx_msg failed
E/QC-QMI ( 796): qmi_ctl_handle_request: qmi_ctl_tx_msg call failed
E/QC-QMI ( 796): qmi_qmux_open_connection: connection is disabled for conn_id=48
E/QC-QMI ( 796): qmi_qmux_tx_msg: failed to open inactive connd_id=48
E/QC-QMI ( 796): qmi_qmux: TX failed, connection inactive or in reset, conn_id=48, status_flags=4
E/QC-QMI ( 796): qmi_ctl_tx_msg: qmi_qmux_tx_msg failed
E/QC-QMI ( 796): qmi_ctl_handle_request: qmi_ctl_tx_msg call failed
E/QC-QMI ( 796): qmi_qmux_open_connection: connection is disabled for conn_id=48
E/QC-QMI ( 796): qmi_qmux_tx_msg: failed to open inactive connd_id=48
E/QC-QMI ( 796): qmi_qmux: TX failed, connection inactive or in reset, conn_id=48, status_flags=4
E/QC-QMI ( 796): qmi_ctl_tx_msg: qmi_qmux_tx_msg failed
E/QC-QMI ( 796): qmi_ctl_handle_request: qmi_ctl_tx_msg call failed
E/QC-QMI ( 796): qmi_qmux_open_connection: connection is disabled for conn_id=57
E/QC-QMI ( 796): qmi_qmux_tx_msg: failed to open inactive connd_id=57
E/QC-QMI ( 796): qmi_qmux: TX failed, connection inactive or in reset, conn_id=57, status_flags=4
E/QC-QMI ( 796): qmi_ctl_tx_msg: qmi_qmux_tx_msg failed
E/QC-QMI ( 796): qmi_ctl_handle_request: qmi_ctl_tx_msg call failed
E/QC-QMI ( 796): qmi_qmux_open_connection: connection is disabled for conn_id=57
E/QC-QMI ( 796): qmi_qmux_tx_msg: failed to open inactive connd_id=57
E/QC-QMI ( 796): qmi_qmux: TX failed, connection inactive or in reset, conn_id=57, status_flags=4
E/QC-QMI ( 796): qmi_ctl_tx_msg: qmi_qmux_tx_msg failed
E/QC-QMI ( 796): qmi_ctl_handle_request: qmi_ctl_tx_msg call failed
E/QC-QMI ( 796): qmi_qmux_open_connection: connection is disabled for conn_id=29
E/QC-QMI ( 796): qmi_qmux_tx_msg: failed to open inactive connd_id=29
E/QC-QMI ( 796): qmi_qmux: TX failed, connection inactive or in reset, conn_id=29, status_flags=4
E/QC-QMI ( 796): qmi_ctl_tx_msg: qmi_qmux_tx_msg failed
E/QC-QMI ( 796): qmi_ctl_handle_request: qmi_ctl_tx_msg call failed
E/QC-QMI ( 796): qmi_qmux_open_connection: connection is disabled for conn_id=29
E/QC-QMI ( 796): qmi_qmux_tx_msg: failed to open inactive connd_id=29
E/QC-QMI ( 796): qmi_qmux: TX failed, connection inactive or in reset, conn_id=29, status_flags=4
E/QC-QMI ( 796): qmi_ctl_tx_msg: qmi_qmux_tx_msg failed
E/QC-QMI ( 796): qmi_ctl_handle_request: qmi_ctl_tx_msg call failed
E/QC-QMI ( 796): qmi_qmux_open_connection: connection is disabled for conn_id=48
E/QC-QMI ( 796): qmi_qmux_tx_msg: failed to open inactive connd_id=48
E/QC-QMI ( 796): qmi_qmux: TX failed, connection inactive or in reset, conn_id=48, status_flags=4
E/QC-QMI ( 796): qmi_ctl_tx_msg: qmi_qmux_tx_msg failed
E/QC-QMI ( 796): qmi_ctl_handle_request: qmi_ctl_tx_msg call failed
E/QC-QMI ( 796): qmi_qmux_open_connection: connection is disabled for conn_id=48
E/QC-QMI ( 796): qmi_qmux_tx_msg: failed to open inactive connd_id=48
E/QC-QMI ( 796): qmi_qmux: TX failed, connection inactive or in reset, conn_id=48, status_flags=4
E/QC-QMI ( 796): qmi_ctl_tx_msg: qmi_qmux_tx_msg failed
E/QC-QMI ( 796): qmi_ctl_handle_request: qmi_ctl_tx_msg call failed
E/QC-QMI ( 796): qmi_qmux_open_connection: connection is disabled for conn_id=57
E/QC-QMI ( 796): qmi_qmux_tx_msg: failed to open inactive connd_id=57
E/QC-QMI ( 796): qmi_qmux: TX failed, connection inactive or in reset, conn_id=57, status_flags=4
E/QC-QMI ( 796): qmi_ctl_tx_msg: qmi_qmux_tx_msg failed
E/QC-QMI ( 796): qmi_ctl_handle_request: qmi_ctl_tx_msg call failed
E/QC-QMI ( 796): qmi_qmux_open_connection: connection is disabled for conn_id=57
E/QC-QMI ( 796): qmi_qmux_tx_msg: failed to open inactive connd_id=57
E/QC-QMI ( 796): qmi_qmux: TX failed, connection inactive or in reset, conn_id=57, status_flags=4
E/QC-QMI ( 796): qmi_ctl_tx_msg: qmi_qmux_tx_msg failed
E/QC-QMI ( 796): qmi_ctl_handle_request: qmi_ctl_tx_msg call failed
E/QC-QMI ( 796): qmi_qmux_open_connection: connection is disabled for conn_id=29
E/QC-QMI ( 796): qmi_qmux_tx_msg: failed to open inactive connd_id=29
E/QC-QMI ( 796): qmi_qmux: TX failed, connection inactive or in reset, conn_id=29, status_flags=4
E/QC-QMI ( 796): qmi_ctl_tx_msg: qmi_qmux_tx_msg failed
E/QC-QMI ( 796): qmi_ctl_handle_request: qmi_ctl_tx_msg call failed
E/QC-QMI ( 796): qmi_qmux_open_connection: connection is disabled for conn_id=29
E/QC-QMI ( 796): qmi_qmux_tx_msg: failed to open inactive connd_id=29
E/QC-QMI ( 796): qmi_qmux: TX failed, connection inactive or in reset, conn_id=29, status_flags=4
E/QC-QMI ( 796): qmi_ctl_tx_msg: qmi_qmux_tx_msg failed
E/QC-QMI ( 796): qmi_ctl_handle_request: qmi_ctl_tx_msg call failed
E/QC-QMI ( 796): qmi_qmux_open_connection: connection is disabled for conn_id=48
E/QC-QMI ( 796): qmi_qmux_tx_msg: failed to open inactive connd_id=48
E/QC-QMI ( 796): qmi_qmux: TX failed, connection inactive or in reset, conn_id=48, status_flags=4
E/QC-QMI ( 796): qmi_ctl_tx_msg: qmi_qmux_tx_msg failed
E/QC-QMI ( 796): qmi_ctl_handle_request: qmi_ctl_tx_msg call failed
E/QC-QMI ( 796): qmi_qmux_open_connection: connection is disabled for conn_id=48
E/QC-QMI ( 796): qmi_qmux_tx_msg: failed to open inactive connd_id=48
E/QC-QMI ( 796): qmi_qmux: TX failed, connection inactive or in reset, conn_id=48, status_flags=4
E/QC-QMI ( 796): qmi_ctl_tx_msg: qmi_qmux_tx_msg failed
E/QC-QMI ( 796): qmi_ctl_handle_request: qmi_ctl_tx_msg call failed
E/QC-QMI ( 796): qmi_qmux_open_connection: connection is disabled for conn_id=57
E/QC-QMI ( 796): qmi_qmux_tx_msg: failed to open inactive connd_id=57
E/QC-QMI ( 796): qmi_qmux: TX failed, connection inactive or in reset, conn_id=57, status_flags=4
E/QC-QMI ( 796): qmi_ctl_tx_msg: qmi_qmux_tx_msg failed
E/QC-QMI ( 796): qmi_ctl_handle_request: qmi_ctl_tx_msg call failed
E/QC-QMI ( 796): qmi_qmux_open_connection: connection is disabled for conn_id=57
E/QC-QMI ( 796): qmi_qmux_tx_msg: failed to open inactive connd_id=57
E/QC-QMI ( 796): qmi_qmux: TX failed, connection inactive or in reset, conn_id=57, status_flags=4
E/QC-QMI ( 796): qmi_ctl_tx_msg: qmi_qmux_tx_msg failed
E/QC-QMI ( 796): qmi_ctl_handle_request: qmi_ctl_tx_msg call failed
E/qdhwcomposer( 1212): isValidDimension: layer handle is NULL
E/qdhwcomposer( 1212): isValidDimension: layer handle is NULL
V/WLAN_PSA( 682): NL MSG, len[048], NL type[0x11] WNI type[0x5050] len[028]
V/WLAN_PSA( 682): NL MSG, PID: 682
D/audio_hw_primary( 1358): out_standby: enter: stream (0x775ef0) usecase(0: deep-buffer-playback)
E/qdhwcomposer( 1212): isValidDimension: layer handle is NULL
E/qdhwcomposer( 1212): isValidDimension: layer handle is NULL
D/hardware_info( 1358): hw_info_append_hw_type : device_name = speaker
E/USB_UICC( 683): Timeout! No signal received. Retry num = 25
E/NetlinkListener( 1620): recvmsg failed (I/O error)
E/NetlinkListener( 696): recvmsg failed (I/O error)
E/NetlinkListener( 1620): recvmsg failed (I/O error)
E/NetlinkListener( 696): recvmsg failed (I/O error)
I/dex2oat ( 2324): dex2oat took 4.204s (threads: 4) arena alloc=89KB java alloc=5MB native alloc=10MB free=5MB
I/PackageManager( 1389): Running dexopt on: /system/app/Music/Music.apk pkg=com.android.music isa=arm vmSafeMode=false
E/QC-QMI ( 796): qmi_qmux_open_connection: connection is disabled for conn_id=29
E/QC-QMI ( 796): qmi_qmux_tx_msg: failed to open inactive connd_id=29
E/QC-QMI ( 796): qmi_qmux: TX failed, connection inactive or in reset, conn_id=29, status_flags=4
E/QC-QMI ( 796): qmi_ctl_tx_msg: qmi_qmux_tx_msg failed
E/QC-QMI ( 796): qmi_ctl_handle_request: qmi_ctl_tx_msg call failed
E/QC-QMI ( 796): qmi_qmux_open_connection: connection is disabled for conn_id=29
E/QC-QMI ( 796): qmi_qmux_tx_msg: failed to open inactive connd_id=29
E/QC-QMI ( 796): qmi_qmux: TX failed, connection inactive or in reset, conn_id=29, status_flags=4
E/QC-QMI ( 796): qmi_ctl_tx_msg: qmi_qmux_tx_msg failed
E/QC-QMI ( 796): qmi_ctl_handle_request: qmi_ctl_tx_msg call failed
E/QC-QMI ( 796): qmi_qmux_open_connection: connection is disabled for conn_id=48
E/QC-QMI ( 796): qmi_qmux_tx_msg: failed to open inactive connd_id=48
E/QC-QMI ( 796): qmi_qmux: TX failed, connection inactive or in reset, conn_id=48, status_flags=4
E/QC-QMI ( 796): qmi_ctl_tx_msg: qmi_qmux_tx_msg failed
E/QC-QMI ( 796): qmi_ctl_handle_request: qmi_ctl_tx_msg call failed
E/QC-QMI ( 796): qmi_qmux_open_connection: connection is disabled for conn_id=48
E/QC-QMI ( 796): qmi_qmux_tx_msg: failed to open inactive connd_id=48
E/QC-QMI ( 796): qmi_qmux: TX failed, connection inactive or in reset, conn_id=48, status_flags=4
E/QC-QMI ( 796): qmi_ctl_tx_msg: qmi_qmux_tx_msg failed
E/QC-QMI ( 796): qmi_ctl_handle_request: qmi_ctl_tx_msg call failed
E/QC-QMI ( 796): qmi_qmux_open_connection: connection is disabled for conn_id=57
E/QC-QMI ( 796): qmi_qmux_tx_msg: failed to open inactive connd_id=57
E/QC-QMI ( 796): qmi_qmux: TX failed, connection inactive or in reset, conn_id=57, status_flags=4
E/QC-QMI ( 796): qmi_ctl_tx_msg: qmi_qmux_tx_msg failed
E/QC-QMI ( 796): qmi_ctl_handle_request: qmi_ctl_tx_msg call failed
E/QC-QMI ( 796): qmi_qmux_open_connection: connection is disabled for conn_id=57
E/QC-QMI ( 796): qmi_qmux_tx_msg: failed to open inactive connd_id=57
E/QC-QMI ( 796): qmi_qmux: TX failed, connection inactive or in reset, conn_id=57, status_flags=4
E/QC-QMI ( 796): qmi_ctl_tx_msg: qmi_qmux_tx_msg failed
E/QC-QMI ( 796): qmi_ctl_handle_request: qmi_ctl_tx_msg call failed
E/QC-QMI ( 796): qmi_qmux_open_connection: connection is disabled for conn_id=29
E/QC-QMI ( 796): qmi_qmux_tx_msg: failed to open inactive connd_id=29
E/QC-QMI ( 796): qmi_qmux: TX failed, connection inactive or in reset, conn_id=29, status_flags=4
E/QC-QMI ( 796): qmi_ctl_tx_msg: qmi_qmux_tx_msg failed
E/QC-QMI ( 796): qmi_ctl_handle_request: qmi_ctl_tx_msg call failed
E/QC-QMI ( 796): qmi_qmux_open_connection: connection is disabled for conn_id=29
E/QC-QMI ( 796): qmi_qmux_tx_msg: failed to open inactive connd_id=29
E/QC-QMI ( 796): qmi_qmux: TX failed, connection inactive or in reset, conn_id=29, status_flags=4
E/QC-QMI ( 796): qmi_ctl_tx_msg: qmi_qmux_tx_msg failed
E/QC-QMI ( 796): qmi_ctl_handle_request: qmi_ctl_tx_msg call failed
E/QC-QMI ( 796): qmi_qmux_open_connection: connection is disabled for conn_id=48
E/QC-QMI ( 796): qmi_qmux_tx_msg: failed to open inactive connd_id=48
E/QC-QMI ( 796): qmi_qmux: TX failed, connection inactive or in reset, conn_id=48, status_flags=4
E/QC-QMI ( 796): qmi_ctl_tx_msg: qmi_qmux_tx_msg failed
E/QC-QMI ( 796): qmi_ctl_handle_request: qmi_ctl_tx_msg call failed
E/QC-QMI ( 796): qmi_qmux_open_connection: connection is disabled for conn_id=48
E/QC-QMI ( 796): qmi_qmux_tx_msg: failed to open inactive connd_id=48
E/QC-QMI ( 796): qmi_qmux: TX failed, connection inactive or in reset, conn_id=48, status_flags=4
E/QC-QMI ( 796): qmi_ctl_tx_msg: qmi_qmux_tx_msg failed
E/QC-QMI ( 796): qmi_ctl_handle_request: qmi_ctl_tx_msg call failed
E/QC-QMI ( 796): qmi_qmux_open_connection: connection is disabled for conn_id=57
E/QC-QMI ( 796): qmi_qmux_tx_msg: failed to open inactive connd_id=57
E/QC-QMI ( 796): qmi_qmux: TX failed, connection inactive or in reset, conn_id=57, status_flags=4
E/QC-QMI ( 796): qmi_ctl_tx_msg: qmi_qmux_tx_msg failed
E/QC-QMI ( 796): qmi_ctl_handle_request: qmi_ctl_tx_msg call failed
E/QC-QMI ( 796): qmi_qmux_open_connection: connection is disabled for conn_id=57
E/QC-QMI ( 796): qmi_qmux_tx_msg: failed to open inactive connd_id=57
E/QC-QMI ( 796): qmi_qmux: TX failed, connection inactive or in reset, conn_id=57, status_flags=4
E/QC-QMI ( 796): qmi_ctl_tx_msg: qmi_qmux_tx_msg failed
E/QC-QMI ( 796): qmi_ctl_handle_request: qmi_ctl_tx_msg call failed
E/QC-QMI ( 796): qmi_qmux_open_connection: connection is disabled for conn_id=29
E/QC-QMI ( 796): qmi_qmux_tx_msg: failed to open inactive connd_id=29
E/QC-QMI ( 796): qmi_qmux: TX failed, connection inactive or in reset, conn_id=29, status_flags=4
E/QC-QMI ( 796): qmi_ctl_tx_msg: qmi_qmux_tx_msg failed
E/QC-QMI ( 796): qmi_ctl_handle_request: qmi_ctl_tx_msg call failed
E/QC-QMI ( 796): qmi_qmux_open_connection: connection is disabled for conn_id=29
E/QC-QMI ( 796): qmi_qmux_tx_msg: failed to open inactive connd_id=29
E/QC-QMI ( 796): qmi_qmux: TX failed, connection inactive or in reset, conn_id=29, status_flags=4
E/QC-QMI ( 796): qmi_ctl_tx_msg: qmi_qmux_tx_msg failed
E/QC-QMI ( 796): qmi_ctl_handle_request: qmi_ctl_tx_msg call failed
E/QC-QMI ( 796): qmi_qmux_open_connection: connection is disabled for conn_id=48
E/QC-QMI ( 796): qmi_qmux_tx_msg: failed to open inactive connd_id=48
E/QC-QMI ( 796): qmi_qmux: TX failed, connection inactive or in reset, conn_id=48, status_flags=4
E/QC-QMI ( 796): qmi_ctl_tx_msg: qmi_qmux_tx_msg failed
E/QC-QMI ( 796): qmi_ctl_handle_request: qmi_ctl_tx_msg call failed
E/QC-QMI ( 796): qmi_qmux_open_connection: connection is disabled for conn_id=48
E/QC-QMI ( 796): qmi_qmux_tx_msg: failed to open inactive connd_id=48
E/QC-QMI ( 796): qmi_qmux: TX failed, connection inactive or in reset, conn_id=48, status_flags=4
E/QC-QMI ( 796): qmi_ctl_tx_msg: qmi_qmux_tx_msg failed
E/QC-QMI ( 796): qmi_ctl_handle_request: qmi_ctl_tx_msg call failed
E/QC-QMI ( 796): qmi_qmux_open_connection: connection is disabled for conn_id=57
E/QC-QMI ( 796): qmi_qmux_tx_msg: failed to open inactive connd_id=57
E/QC-QMI ( 796): qmi_qmux: TX failed, connection inactive or in reset, conn_id=57, status_flags=4
E/QC-QMI ( 796): qmi_ctl_tx_msg: qmi_qmux_tx_msg failed
E/QC-QMI ( 796): qmi_ctl_handle_request: qmi_ctl_tx_msg call failed
E/QC-QMI ( 796): qmi_qmux_open_connection: connection is disabled for conn_id=57
E/QC-QMI ( 796): qmi_qmux_tx_msg: failed to open inactive connd_id=57
E/QC-QMI ( 796): qmi_qmux: TX failed, connection inactive or in reset, conn_id=57, status_flags=4
E/QC-QMI ( 796): qmi_ctl_tx_msg: qmi_qmux_tx_msg failed
E/QC-QMI ( 796): qmi_ctl_handle_request: qmi_ctl_tx_msg call failed
I/dex2oat ( 2429): /system/bin/dex2oat --zip-fd=5 --zip-location=/system/app/Music/Music.apk --oat-fd=6 --oat-location=/data/dalvik-cache/arm/system@app@Music@Music.apk@classes.dex --instruction-set=arm --instruction-set-features=div --runtime-arg -Xms64m --runtime-arg -Xmx512m --swap-fd=7
E/qdhwcomposer( 1212): isValidDimension: layer handle is NULL
E/qdhwcomposer( 1212): isValidDimension: layer handle is NULL
E/NetlinkListener( 696): recvmsg failed (I/O error)
E/NetlinkListener( 1620): recvmsg failed (I/O error)
E/QC-QMI ( 796): qmi_qmux_open_connection: connection is disabled for conn_id=29
E/QC-QMI ( 796): qmi_qmux_tx_msg: failed to open inactive connd_id=29
E/QC-QMI ( 796): qmi_qmux: TX failed, connection inactive or in reset, conn_id=29, status_flags=4
E/QC-QMI ( 796): qmi_ctl_tx_msg: qmi_qmux_tx_msg failed
E/QC-QMI ( 796): qmi_ctl_handle_request: qmi_ctl_tx_msg call failed
E/QC-QMI ( 796): qmi_qmux_open_connection: connection is disabled for conn_id=29
E/QC-QMI ( 796): qmi_qmux_tx_msg: failed to open inactive connd_id=29
E/QC-QMI ( 796): qmi_qmux: TX failed, connection inactive or in reset, conn_id=29, status_flags=4
E/QC-QMI ( 796): qmi_ctl_tx_msg: qmi_qmux_tx_msg failed
E/QC-QMI ( 796): qmi_ctl_handle_request: qmi_ctl_tx_msg call failed
E/QC-QMI ( 796): qmi_qmux_open_connection: connection is disabled for conn_id=48
E/QC-QMI ( 796): qmi_qmux_tx_msg: failed to open inactive connd_id=48
E/QC-QMI ( 796): qmi_qmux: TX failed, connection inactive or in reset, conn_id=48, status_flags=4
E/QC-QMI ( 796): qmi_ctl_tx_msg: qmi_qmux_tx_msg failed
E/QC-QMI ( 796): qmi_ctl_handle_request: qmi_ctl_tx_msg call failed
E/QC-QMI ( 796): qmi_qmux_open_connection: connection is disabled for conn_id=48
E/QC-QMI ( 796): qmi_qmux_tx_msg: failed to open inactive connd_id=48
E/QC-QMI ( 796): qmi_qmux: TX failed, connection inactive or in reset, conn_id=48, status_flags=4
E/QC-QMI ( 796): qmi_ctl_tx_msg: qmi_qmux_tx_msg failed
E/QC-QMI ( 796): qmi_ctl_handle_request: qmi_ctl_tx_msg call failed
E/QC-QMI ( 796): qmi_qmux_open_connection: connection is disabled for conn_id=57
E/QC-QMI ( 796): qmi_qmux_tx_msg: failed to open inactive connd_id=57
E/QC-QMI ( 796): qmi_qmux: TX failed, connection inactive or in reset, conn_id=57, status_flags=4
E/QC-QMI ( 796): qmi_ctl_tx_msg: qmi_qmux_tx_msg failed
E/QC-QMI ( 796): qmi_ctl_handle_request: qmi_ctl_tx_msg call failed
E/QC-QMI ( 796): qmi_qmux_open_connection: connection is disabled for conn_id=57
E/QC-QMI ( 796): qmi_qmux_tx_msg: failed to open inactive connd_id=57
E/QC-QMI ( 796): qmi_qmux: TX failed, connection inactive or in reset, conn_id=57, status_flags=4
E/QC-QMI ( 796): qmi_ctl_tx_msg: qmi_qmux_tx_msg failed
E/QC-QMI ( 796): qmi_ctl_handle_request: qmi_ctl_tx_msg call failed
E/QC-QMI ( 796): qmi_qmux_open_connection: connection is disabled for conn_id=29
E/QC-QMI ( 796): qmi_qmux_tx_msg: failed to open inactive connd_id=29
E/QC-QMI ( 796): qmi_qmux: TX failed, connection inactive or in reset, conn_id=29, status_flags=4
E/QC-QMI ( 796): qmi_ctl_tx_msg: qmi_qmux_tx_msg failed
E/QC-QMI ( 796): qmi_ctl_handle_request: qmi_ctl_tx_msg call failed
E/QC-QMI ( 796): qmi_qmux_open_connection: connection is disabled for conn_id=29
E/QC-QMI ( 796): qmi_qmux_tx_msg: failed to open inactive connd_id=29
E/QC-QMI ( 796): qmi_qmux: TX failed, connection inactive or in reset, conn_id=29, status_flags=4
E/QC-QMI ( 796): qmi_ctl_tx_msg: qmi_qmux_tx_msg failed
E/QC-QMI ( 796): qmi_ctl_handle_request: qmi_ctl_tx_msg call failed
E/QC-QMI ( 796): qmi_qmux_open_connection: connection is disabled for conn_id=48
E/QC-QMI ( 796): qmi_qmux_tx_msg: failed to open inactive connd_id=48
E/QC-QMI ( 796): qmi_qmux: TX failed, connection inactive or in reset, conn_id=48, status_flags=4
E/QC-QMI ( 796): qmi_ctl_tx_msg: qmi_qmux_tx_msg failed
E/QC-QMI ( 796): qmi_ctl_handle_request: qmi_ctl_tx_msg call failed
E/QC-QMI ( 796): qmi_qmux_open_connection: connection is disabled for conn_id=48
E/QC-QMI ( 796): qmi_qmux_tx_msg: failed to open inactive connd_id=48
E/QC-QMI ( 796): qmi_qmux: TX failed, connection inactive or in reset, conn_id=48, status_flags=4
E/QC-QMI ( 796): qmi_ctl_tx_msg: qmi_qmux_tx_msg failed
E/QC-QMI ( 796): qmi_ctl_handle_request: qmi_ctl_tx_msg call failed
E/QC-QMI ( 796): qmi_qmux_open_connection: connection is disabled for conn_id=57
E/QC-QMI ( 796): qmi_qmux_tx_msg: failed to open inactive connd_id=57
E/QC-QMI ( 796): qmi_qmux: TX failed, connection inactive or in reset, conn_id=57, status_flags=4
E/QC-QMI ( 796): qmi_ctl_tx_msg: qmi_qmux_tx_msg failed
E/QC-QMI ( 796): qmi_ctl_handle_request: qmi_ctl_tx_msg call failed
E/QC-QMI ( 796): qmi_qmux_open_connection: connection is disabled for conn_id=57
E/QC-QMI ( 796): qmi_qmux_tx_msg: failed to open inactive connd_id=57
E/QC-QMI ( 796): qmi_qmux: TX failed, connection inactive or in reset, conn_id=57, status_flags=4
E/QC-QMI ( 796): qmi_ctl_tx_msg: qmi_qmux_tx_msg failed
E/QC-QMI ( 796): qmi_ctl_handle_request: qmi_ctl_tx_msg call failed
I/dex2oat ( 2429): Decided to run without swap.
E/qdhwcomposer( 1212): isValidDimension: layer handle is NULL
E/qdhwcomposer( 1212): isValidDimension: layer handle is NULL
E/QC-QMI ( 796): qmi_qmux_open_connection: connection is disabled for conn_id=29
E/QC-QMI ( 796): qmi_qmux_tx_msg: failed to open inactive connd_id=29
E/QC-QMI ( 796): qmi_qmux: TX failed, connection inactive or in reset, conn_id=29, status_flags=4
E/QC-QMI ( 796): qmi_ctl_tx_msg: qmi_qmux_tx_msg failed
E/QC-QMI ( 796): qmi_ctl_handle_request: qmi_ctl_tx_msg call failed
E/QC-QMI ( 796): qmi_qmux_open_connection: connection is disabled for conn_id=29
E/QC-QMI ( 796): qmi_qmux_tx_msg: failed to open inactive connd_id=29
E/QC-QMI ( 796): qmi_qmux: TX failed, connection inactive or in reset, conn_id=29, status_flags=4
E/QC-QMI ( 796): qmi_ctl_tx_msg: qmi_qmux_tx_msg failed
E/QC-QMI ( 796): qmi_ctl_handle_request: qmi_ctl_tx_msg call failed
E/QC-QMI ( 796): qmi_qmux_open_connection: connection is disabled for conn_id=48
E/QC-QMI ( 796): qmi_qmux_tx_msg: failed to open inactive connd_id=48
E/QC-QMI ( 796): qmi_qmux: TX failed, connection inactive or in reset, conn_id=48, status_flags=4
E/QC-QMI ( 796): qmi_ctl_tx_msg: qmi_qmux_tx_msg failed
E/QC-QMI ( 796): qmi_ctl_handle_request: qmi_ctl_tx_msg call failed
E/QC-QMI ( 796): qmi_qmux_open_connection: connection is disabled for conn_id=48
E/QC-QMI ( 796): qmi_qmux_tx_msg: failed to open inactive connd_id=48
E/QC-QMI ( 796): qmi_qmux: TX failed, connection inactive or in reset, conn_id=48, status_flags=4
E/QC-QMI ( 796): qmi_ctl_tx_msg: qmi_qmux_tx_msg failed
E/QC-QMI ( 796): qmi_ctl_handle_request: qmi_ctl_tx_msg call failed
E/QC-QMI ( 796): qmi_qmux_open_connection: connection is disabled for conn_id=57
E/QC-QMI ( 796): qmi_qmux_tx_msg: failed to open inactive connd_id=57
E/QC-QMI ( 796): qmi_qmux: TX failed, connection inactive or in reset, conn_id=57, status_flags=4
E/QC-QMI ( 796): qmi_ctl_tx_msg: qmi_qmux_tx_msg failed
E/QC-QMI ( 796): qmi_ctl_handle_request: qmi_ctl_tx_msg call failed
E/QC-QMI ( 796): qmi_qmux_open_connection: connection is disabled for conn_id=57
E/QC-QMI ( 796): qmi_qmux_tx_msg: failed to open inactive connd_id=57
E/QC-QMI ( 796): qmi_qmux: TX failed, connection inactive or in reset, conn_id=57, status_flags=4
E/QC-QMI ( 796): qmi_ctl_tx_msg: qmi_qmux_tx_msg failed
E/QC-QMI ( 796): qmi_ctl_handle_request: qmi_ctl_tx_msg call failed
E/qdhwcomposer( 1212): isValidDimension: layer handle is NULL
E/qdhwcomposer( 1212): isValidDimension: layer handle is NULL
E/qdhwcomposer( 1212): isValidDimension: layer handle is NULL
E/qdhwcomposer( 1212): isValidDimension: layer handle is NULL
E/qdhwcomposer( 1212): isValidDimension: layer handle is NULL
E/qdhwcomposer( 1212): isValidDimension: layer handle is NULL
E/qdhwcomposer( 1212): isValidDimension: layer handle is NULL
E/qdhwcomposer( 1212): isValidDimension: layer handle is NULL
E/qdhwcomposer( 1212): isValidDimension: layer handle is NULL
E/qdhwcomposer( 1212): isValidDimension: layer handle is NULL
E/NetlinkListener( 1620): recvmsg failed (I/O error)
E/NetlinkListener( 696): recvmsg failed (I/O error)
E/qdhwcomposer( 1212): isValidDimension: layer handle is NULL
E/qdhwcomposer( 1212): isValidDimension: layer handle is NULL
E/qdhwcomposer( 1212): isValidDimension: layer handle is NULL
E/qdhwcomposer( 1212): isValidDimension: layer handle is NULL
E/qdhwcomposer( 1212): isValidDimension: layer handle is NULL
E/qdhwcomposer( 1212): isValidDimension: layer handle is NULL
E/qdhwcomposer( 1212): isValidDimension: layer handle is NULL
E/qdhwcomposer( 1212): isValidDimension: layer handle is NULL
E/qdhwcomposer( 1212): isValidDimension: layer handle is NULL
E/qdhwcomposer( 1212): isValidDimension: layer handle is NULL
E/qdhwcomposer( 1212): isValidDimension: layer handle is NULL
E/qdhwcomposer( 1212): isValidDimension: layer handle is NULL
E/qdhwcomposer( 1212): isValidDimension: layer handle is NULL
E/qdhwcomposer( 1212): isValidDimension: layer handle is NULL
E/qdhwcomposer( 1212): isValidDimension: layer handle is NULL
E/qdhwcomposer( 1212): isValidDimension: layer handle is NULL
E/qdhwcomposer( 1212): isValidDimension: layer handle is NULL
E/qdhwcomposer( 1212): isValidDimension: layer handle is NULL
E/qdhwcomposer( 1212): isValidDimension: layer handle is NULL
E/qdhwcomposer( 1212): isValidDimension: layer handle is NULL
I/dex2oat ( 2506): Decided to run without swap.
E/qdhwcomposer( 1212): isValidDimension: layer handle is NULL
E/qdhwcomposer( 1212): isValidDimension: layer handle is NULL
E/QC-QMI ( 796): qmi_qmux_open_connection: connection is disabled for conn_id=29
E/QC-QMI ( 796): qmi_qmux_tx_msg: failed to open inactive connd_id=29
E/QC-QMI ( 796): qmi_qmux: TX failed, connection inactive or in reset, conn_id=29, status_flags=4
E/QC-QMI ( 796): qmi_ctl_tx_msg: qmi_qmux_tx_msg failed
E/QC-QMI ( 796): qmi_ctl_handle_request: qmi_ctl_tx_msg call failed
E/QC-QMI ( 796): qmi_qmux_open_connection: connection is disabled for conn_id=29
E/QC-QMI ( 796): qmi_qmux_tx_msg: failed to open inactive connd_id=29
E/QC-QMI ( 796): qmi_qmux: TX failed, connection inactive or in reset, conn_id=29, status_flags=4
E/QC-QMI ( 796): qmi_ctl_tx_msg: qmi_qmux_tx_msg failed
E/QC-QMI ( 796): qmi_ctl_handle_request: qmi_ctl_tx_msg call failed
E/QC-QMI ( 796): qmi_qmux_open_connection: connection is disabled for conn_id=48
I/ThermalEngine( 685): Sensor:pm8941_tz:43402 mC
E/QC-QMI ( 796): qmi_qmux_tx_msg: failed to open inactive connd_id=48
E/QC-QMI ( 796): qmi_qmux: TX failed, connection inactive or in reset, conn_id=48, status_flags=4
E/QC-QMI ( 796): qmi_ctl_tx_msg: qmi_qmux_tx_msg failed
E/QC-QMI ( 796): qmi_ctl_handle_request: qmi_ctl_tx_msg call failed
E/QC-QMI ( 796): qmi_qmux_open_connection: connection is disabled for conn_id=48
E/QC-QMI ( 796): qmi_qmux_tx_msg: failed to open inactive connd_id=48
E/QC-QMI ( 796): qmi_qmux: TX failed, connection inactive or in reset, conn_id=48, status_flags=4
E/QC-QMI ( 796): qmi_ctl_tx_msg: qmi_qmux_tx_msg failed
E/QC-QMI ( 796): qmi_ctl_handle_request: qmi_ctl_tx_msg call failed
E/QC-QMI ( 796): qmi_qmux_open_connection: connection is disabled for conn_id=57
E/QC-QMI ( 796): qmi_qmux_tx_msg: failed to open inactive connd_id=57
E/QC-QMI ( 796): qmi_qmux: TX failed, connection inactive or in reset, conn_id=57, status_flags=4
E/QC-QMI ( 796): qmi_ctl_tx_msg: qmi_qmux_tx_msg failed
E/QC-QMI ( 796): qmi_ctl_handle_request: qmi_ctl_tx_msg call failed
E/QC-QMI ( 796): qmi_qmux_open_connection: connection is disabled for conn_id=57
E/QC-QMI ( 796): qmi_qmux_tx_msg: failed to open inactive connd_id=57
E/QC-QMI ( 796): qmi_qmux: TX failed, connection inactive or in reset, conn_id=57, status_flags=4
E/QC-QMI ( 796): qmi_ctl_tx_msg: qmi_qmux_tx_msg failed
E/QC-QMI ( 796): qmi_ctl_handle_request: qmi_ctl_tx_msg call failed
E/QC-QMI ( 796): qmi_qmux_open_connection: connection is disabled for conn_id=29
E/QC-QMI ( 796): qmi_qmux_tx_msg: failed to open inactive connd_id=29
E/QC-QMI ( 796): qmi_qmux: TX failed, connection inactive or in reset, conn_id=29, status_flags=4
E/QC-QMI ( 796): qmi_ctl_tx_msg: qmi_qmux_tx_msg failed
E/QC-QMI ( 796): qmi_ctl_handle_request: qmi_ctl_tx_msg call failed
E/QC-QMI ( 796): qmi_qmux_open_connection: connection is disabled for conn_id=29
E/QC-QMI ( 796): qmi_qmux_tx_msg: failed to open inactive connd_id=29
E/QC-QMI ( 796): qmi_qmux: TX failed, connection inactive or in reset, conn_id=29, status_flags=4
E/QC-QMI ( 796): qmi_ctl_tx_msg: qmi_qmux_tx_msg failed
E/QC-QMI ( 796): qmi_ctl_handle_request: qmi_ctl_tx_msg call failed
E/QC-QMI ( 796): qmi_qmux_open_connection: connection is disabled for conn_id=48
E/QC-QMI ( 796): qmi_qmux_tx_msg: failed to open inactive connd_id=48
E/QC-QMI ( 796): qmi_qmux: TX failed, connection inactive or in reset, conn_id=48, status_flags=4
E/QC-QMI ( 796): qmi_ctl_tx_msg: qmi_qmux_tx_msg failed
E/QC-QMI ( 796): qmi_ctl_handle_request: qmi_ctl_tx_msg call failed
E/QC-QMI ( 796): qmi_qmux_open_connection: connection is disabled for conn_id=48
E/QC-QMI ( 796): qmi_qmux_tx_msg: failed to open inactive connd_id=48
E/QC-QMI ( 796): qmi_qmux: TX failed, connection inactive or in reset, conn_id=48, status_flags=4
E/QC-QMI ( 796): qmi_ctl_tx_msg: qmi_qmux_tx_msg failed
E/QC-QMI ( 796): qmi_ctl_handle_request: qmi_ctl_tx_msg call failed
E/QC-QMI ( 796): qmi_qmux_open_connection: connection is disabled for conn_id=57
E/QC-QMI ( 796): qmi_qmux_tx_msg: failed to open inactive connd_id=57
E/QC-QMI ( 796): qmi_qmux: TX failed, connection inactive or in reset, conn_id=57, status_flags=4
E/QC-QMI ( 796): qmi_ctl_tx_msg: qmi_qmux_tx_msg failed
E/QC-QMI ( 796): qmi_ctl_handle_request: qmi_ctl_tx_msg call failed
E/QC-QMI ( 796): qmi_qmux_open_connection: connection is disabled for conn_id=57
E/QC-QMI ( 796): qmi_qmux_tx_msg: failed to open inactive connd_id=57
E/QC-QMI ( 796): qmi_qmux: TX failed, connection inactive or in reset, conn_id=57, status_flags=4
E/QC-QMI ( 796): qmi_ctl_tx_msg: qmi_qmux_tx_msg failed
E/QC-QMI ( 796): qmi_ctl_handle_request: qmi_ctl_tx_msg call failed
E/QC-QMI ( 796): qmi_qmux_open_connection: connection is disabled for conn_id=29
E/QC-QMI ( 796): qmi_qmux_tx_msg: failed to open inactive connd_id=29
E/QC-QMI ( 796): qmi_qmux: TX failed, connection inactive or in reset, conn_id=29, status_flags=4
E/QC-QMI ( 796): qmi_ctl_tx_msg: qmi_qmux_tx_msg failed
E/QC-QMI ( 796): qmi_ctl_handle_request: qmi_ctl_tx_msg call failed
E/QC-QMI ( 796): qmi_qmux_open_connection: connection is disabled for conn_id=29
E/QC-QMI ( 796): qmi_qmux_tx_msg: failed to open inactive connd_id=29
E/QC-QMI ( 796): qmi_qmux: TX failed, connection inactive or in reset, conn_id=29, status_flags=4
E/QC-QMI ( 796): qmi_ctl_tx_msg: qmi_qmux_tx_msg failed
E/QC-QMI ( 796): qmi_ctl_handle_request: qmi_ctl_tx_msg call failed
E/QC-QMI ( 796): qmi_qmux_open_connection: connection is disabled for conn_id=48
E/QC-QMI ( 796): qmi_qmux_tx_msg: failed to open inactive connd_id=48
E/QC-QMI ( 796): qmi_qmux: TX failed, connection inactive or in reset, conn_id=48, status_flags=4
E/QC-QMI ( 796): qmi_ctl_tx_msg: qmi_qmux_tx_msg failed
E/QC-QMI ( 796): qmi_ctl_handle_request: qmi_ctl_tx_msg call failed
E/QC-QMI ( 796): qmi_qmux_open_connection: connection is disabled for conn_id=48
E/QC-QMI ( 796): qmi_qmux_tx_msg: failed to open inactive connd_id=48
E/QC-QMI ( 796): qmi_qmux: TX failed, connection inactive or in reset, conn_id=48, status_flags=4
E/QC-QMI ( 796): qmi_ctl_tx_msg: qmi_qmux_tx_msg failed
E/QC-QMI ( 796): qmi_ctl_handle_request: qmi_ctl_tx_msg call failed
E/QC-QMI ( 796): qmi_qmux_open_connection: connection is disabled for conn_id=57
E/QC-QMI ( 796): qmi_qmux_tx_msg: failed to open inactive connd_id=57
E/QC-QMI ( 796): qmi_qmux: TX failed, connection inactive or in reset, conn_id=57, status_flags=4
E/QC-QMI ( 796): qmi_ctl_tx_msg: qmi_qmux_tx_msg failed
E/QC-QMI ( 796): qmi_ctl_handle_request: qmi_ctl_tx_msg call failed
E/QC-QMI ( 796): qmi_qmux_open_connection: connection is disabled for conn_id=57
E/QC-QMI ( 796): qmi_qmux_tx_msg: failed to open inactive connd_id=57
E/QC-QMI ( 796): qmi_qmux: TX failed, connection inactive or in reset, conn_id=57, status_flags=4
E/QC-QMI ( 796): qmi_ctl_tx_msg: qmi_qmux_tx_msg failed
E/QC-QMI ( 796): qmi_ctl_handle_request: qmi_ctl_tx_msg call failed
E/QC-QMI ( 796): qmi_qmux_open_connection: connection is disabled for conn_id=29
E/QC-QMI ( 796): qmi_qmux_tx_msg: failed to open inactive connd_id=29
E/QC-QMI ( 796): qmi_qmux: TX failed, connection inactive or in reset, conn_id=29, status_flags=4
E/QC-QMI ( 796): qmi_ctl_tx_msg: qmi_qmux_tx_msg failed
E/QC-QMI ( 796): qmi_ctl_handle_request: qmi_ctl_tx_msg call failed
E/QC-QMI ( 796): qmi_qmux_open_connection: connection is disabled for conn_id=29
E/QC-QMI ( 796): qmi_qmux_tx_msg: failed to open inactive connd_id=29
E/QC-QMI ( 796): qmi_qmux: TX failed, connection inactive or in reset, conn_id=29, status_flags=4
E/QC-QMI ( 796): qmi_ctl_tx_msg: qmi_qmux_tx_msg failed
E/QC-QMI ( 796): qmi_ctl_handle_request: qmi_ctl_tx_msg call failed
E/QC-QMI ( 796): qmi_qmux_open_connection: connection is disabled for conn_id=48
E/QC-QMI ( 796): qmi_qmux_tx_msg: failed to open inactive connd_id=48
E/QC-QMI ( 796): qmi_qmux: TX failed, connection inactive or in reset, conn_id=48, status_flags=4
E/QC-QMI ( 796): qmi_ctl_tx_msg: qmi_qmux_tx_msg failed
E/QC-QMI ( 796): qmi_ctl_handle_request: qmi_ctl_tx_msg call failed
E/QC-QMI ( 796): qmi_qmux_open_connection: connection is disabled for conn_id=48
E/QC-QMI ( 796): qmi_qmux_tx_msg: failed to open inactive connd_id=48
E/QC-QMI ( 796): qmi_qmux: TX failed, connection inactive or in reset, conn_id=48, status_flags=4
E/QC-QMI ( 796): qmi_ctl_tx_msg: qmi_qmux_tx_msg failed
E/QC-QMI ( 796): qmi_ctl_handle_request: qmi_ctl_tx_msg call failed
E/qdhwcomposer( 1212): isValidDimension: layer handle is NULL
E/qdhwcomposer( 1212): isValidDimension: layer handle is NULL
E/QC-QMI ( 796): qmi_qmux_open_connection: connection is disabled for conn_id=29
E/QC-QMI ( 796): qmi_qmux_tx_msg: failed to open inactive connd_id=29
E/QC-QMI ( 796): qmi_qmux: TX failed, connection inactive or in reset, conn_id=29, status_flags=4
E/QC-QMI ( 796): qmi_ctl_tx_msg: qmi_qmux_tx_msg failed
E/QC-QMI ( 796): qmi_ctl_handle_request: qmi_ctl_tx_msg call failed
E/QC-QMI ( 796): qmi_qmux_open_connection: connection is disabled for conn_id=57
E/QC-QMI ( 796): qmi_qmux_tx_msg: failed to open inactive connd_id=57
E/QC-QMI ( 796): qmi_qmux: TX failed, connection inactive or in reset, conn_id=57, status_flags=4
E/QC-QMI ( 796): qmi_ctl_tx_msg: qmi_qmux_tx_msg failed
E/QC-QMI ( 796): qmi_ctl_handle_request: qmi_ctl_tx_msg call failed
E/QC-QMI ( 796): qmi_qmux_open_connection: connection is disabled for conn_id=29
E/QC-QMI ( 796): qmi_qmux_tx_msg: failed to open inactive connd_id=29
E/QC-QMI ( 796): qmi_qmux: TX failed, connection inactive or in reset, conn_id=29, status_flags=4
E/QC-QMI ( 796): qmi_ctl_tx_msg: qmi_qmux_tx_msg failed
E/QC-QMI ( 796): qmi_ctl_handle_request: qmi_ctl_tx_msg call failed
E/QC-QMI ( 796): qmi_qmux_open_connection: connection is disabled for conn_id=57
E/QC-QMI ( 796): qmi_qmux_tx_msg: failed to open inactive connd_id=57
E/QC-QMI ( 796): qmi_qmux: TX failed, connection inactive or in reset, conn_id=57, status_flags=4
E/QC-QMI ( 796): qmi_ctl_tx_msg: qmi_qmux_tx_msg failed
E/QC-QMI ( 796): qmi_ctl_handle_request: qmi_ctl_tx_msg call failed
E/QC-QMI ( 796): qmi_qmux_open_connection: connection is disabled for conn_id=48
E/QC-QMI ( 796): qmi_qmux_tx_msg: failed to open inactive connd_id=48
E/QC-QMI ( 796): qmi_qmux: TX failed, connection inactive or in reset, conn_id=48, status_flags=4
E/QC-QMI ( 796): qmi_ctl_tx_msg: qmi_qmux_tx_msg failed
E/QC-QMI ( 796): qmi_ctl_handle_request: qmi_ctl_tx_msg call failed
E/QC-QMI ( 796): qmi_qmux_open_connection: connection is disabled for conn_id=48
E/QC-QMI ( 796): qmi_qmux_tx_msg: failed to open inactive connd_id=48
E/QC-QMI ( 796): qmi_qmux: TX failed, connection inactive or in reset, conn_id=48, status_flags=4
E/QC-QMI ( 796): qmi_ctl_tx_msg: qmi_qmux_tx_msg failed
E/QC-QMI ( 796): qmi_ctl_handle_request: qmi_ctl_tx_msg call failed
E/QC-QMI ( 796): qmi_qmux_open_connection: connection is disabled for conn_id=57
E/QC-QMI ( 796): qmi_qmux_tx_msg: failed to open inactive connd_id=57
E/QC-QMI ( 796): qmi_qmux: TX failed, connection inactive or in reset, conn_id=57, status_flags=4
E/QC-QMI ( 796): qmi_ctl_tx_msg: qmi_qmux_tx_msg failed
E/QC-QMI ( 796): qmi_ctl_handle_request: qmi_ctl_tx_msg call failed
E/QC-QMI ( 796): qmi_qmux_open_connection: connection is disabled for conn_id=57
E/QC-QMI ( 796): qmi_qmux_tx_msg: failed to open inactive connd_id=57
E/QC-QMI ( 796): qmi_qmux: TX failed, connection inactive or in reset, conn_id=57, status_flags=4
E/QC-QMI ( 796): qmi_ctl_tx_msg: qmi_qmux_tx_msg failed
E/QC-QMI ( 796): qmi_ctl_handle_request: qmi_ctl_tx_msg call failed
E/QC-QMI ( 796): qmi_qmux_open_connection: connection is disabled for conn_id=29
E/QC-QMI ( 796): qmi_qmux_tx_msg: failed to open inactive connd_id=29
E/QC-QMI ( 796): qmi_qmux: TX failed, connection inactive or in reset, conn_id=29, status_flags=4
E/QC-QMI ( 796): qmi_ctl_tx_msg: qmi_qmux_tx_msg failed
E/QC-QMI ( 796): qmi_ctl_handle_request: qmi_ctl_tx_msg call failed
E/QC-QMI ( 796): qmi_qmux_open_connection: connection is disabled for conn_id=29
E/QC-QMI ( 796): qmi_qmux_tx_msg: failed to open inactive connd_id=29
E/QC-QMI ( 796): qmi_qmux: TX failed, connection inactive or in reset, conn_id=29, status_flags=4
E/QC-QMI ( 796): qmi_ctl_tx_msg: qmi_qmux_tx_msg failed
E/QC-QMI ( 796): qmi_ctl_handle_request: qmi_ctl_tx_msg call failed
E/QC-QMI ( 796): qmi_qmux_open_connection: connection is disabled for conn_id=48
E/QC-QMI ( 796): qmi_qmux_tx_msg: failed to open inactive connd_id=48
E/QC-QMI ( 796): qmi_qmux: TX failed, connection inactive or in reset, conn_id=48, status_flags=4
E/QC-QMI ( 796): qmi_ctl_tx_msg: qmi_qmux_tx_msg failed
E/QC-QMI ( 796): qmi_ctl_handle_request: qmi_ctl_tx_msg call failed
E/QC-QMI ( 796): qmi_qmux_open_connection: connection is disabled for conn_id=48
E/QC-QMI ( 796): qmi_qmux_tx_msg: failed to open inactive connd_id=48
E/QC-QMI ( 796): qmi_qmux: TX failed, connection inactive or in reset, conn_id=48, status_flags=4
E/QC-QMI ( 796): qmi_ctl_tx_msg: qmi_qmux_tx_msg failed
E/QC-QMI ( 796): qmi_ctl_handle_request: qmi_ctl_tx_msg call failed
E/QC-QMI ( 796): qmi_qmux_open_connection: connection is disabled for conn_id=57
E/QC-QMI ( 796): qmi_qmux_tx_msg: failed to open inactive connd_id=57
E/QC-QMI ( 796): qmi_qmux: TX failed, connection inactive or in reset, conn_id=57, status_flags=4
E/QC-QMI ( 796): qmi_ctl_tx_msg: qmi_qmux_tx_msg failed
E/QC-QMI ( 796): qmi_ctl_handle_request: qmi_ctl_tx_msg call failed
E/QC-QMI ( 796): qmi_qmux_open_connection: connection is disabled for conn_id=57
E/QC-QMI ( 796): qmi_qmux_tx_msg: failed to open inactive connd_id=57
E/QC-QMI ( 796): qmi_qmux: TX failed, connection inactive or in reset, conn_id=57, status_flags=4
E/QC-QMI ( 796): qmi_ctl_tx_msg: qmi_qmux_tx_msg failed
E/QC-QMI ( 796): qmi_ctl_handle_request: qmi_ctl_tx_msg call failed
E/qdhwcomposer( 1212): isValidDimension: layer handle is NULL
E/qdhwcomposer( 1212): isValidDimension: layer handle is NULL
I/dex2oat ( 2429): dex2oat took 338.283ms (threads: 4) arena alloc=88KB java alloc=498KB native alloc=2MB free=5MB
I/PackageManager( 1389): Running dexopt on: /system/app/VisualizationWallpapers/VisualizationWallpapers.apk pkg=com.android.musicvis isa=arm vmSafeMode=false
E/qdhwcomposer( 1212): isValidDimension: layer handle is NULL
E/qdhwcomposer( 1212): isValidDimension: layer handle is NULL
