E/qdhwcomposer( 1212): isValidDimension: layer handle is NULL
E/qdhwcomposer( 1212): isValidDimension: layer handle is NULL
E/qdhwcomposer( 1212): isValidDimension: layer handle is NULL
E/qdhwcomposer( 1212): isValidDimension: layer handle is NULL
E/qdhwcomposer( 1212): isValidDimension: layer handle is NULL
E/qdhwcomposer( 1212): isValidDimension: layer handle is NULL
E/qdhwcomposer( 1212): isValidDimension: layer handle is NULL
E/qdhwcomposer( 1212): isValidDimension: layer handle is NULL
E/qdhwcomposer( 1212): isValidDimension: layer handle is NULL
E/qdhwcomposer( 1212): isValidDimension: layer handle is NULL
E/qdhwcomposer( 1212): isValidDimension: layer handle is NULL
E/qdhwcomposer( 1212): isValidDimension: layer handle is NULL
E/qdhwcomposer( 1212): isValidDimension: layer handle is NULL
E/qdhwcomposer( 1212): isValidDimension: layer handle is NULL
E/qdhwcomposer( 1212): isValidDimension: layer handle is NULL
E/qdhwcomposer( 1212): isValidDimension: layer handle is NULL
E/qdhwcomposer( 1212): isValidDimension: layer handle is NULL
E/qdhwcomposer( 1212): isValidDimension: layer handle is NULL
E/qdhwcomposer( 1212): isValidDimension: layer handle is NULL
E/qdhwcomposer( 1212): isValidDimension: layer handle is NULL
E/qdhwcomposer( 1212): isValidDimension: layer handle is NULL
E/qdhwcomposer( 1212): isValidDimension: layer handle is NULL
E/qdhwcomposer( 1212): isValidDimension: layer handle is NULL
E/qdhwcomposer( 1212): isValidDimension: layer handle is NULL
E/qdhwcomposer( 1212): isValidDimension: layer handle is NULL
E/qdhwcomposer( 1212): isValidDimension: layer handle is NULL
E/qdhwcomposer( 1212): isValidDimension: layer handle is NULL
E/qdhwcomposer( 1212): isValidDimension: layer handle is NULL
E/qdhwcomposer( 1212): isValidDimension: layer handle is NULL
E/qdhwcomposer( 1212): isValidDimension: layer handle is NULL
E/qdhwcomposer( 1212): isValidDimension: layer handle is NULL
E/qdhwcomposer( 1212): isValidDimension: layer handle is NULL
E/qdhwcomposer( 1212): isValidDimension: layer handle is NULL
E/qdhwcomposer( 1212): isValidDimension: layer handle is NULL
E/qdhwcomposer( 1212): isValidDimension: layer handle is NULL
E/qdhwcomposer( 1212): isValidDimension: layer handle is NULL
E/qdhwcomposer( 1212): isValidDimension: layer handle is NULL
E/qdhwcomposer( 1212): isValidDimension: layer handle is NULL
E/qdhwcomposer( 1212): isValidDimension: layer handle is NULL
E/qdhwcomposer( 1212): isValidDimension: layer handle is NULL
E/qdhwcomposer( 1212): isValidDimension: layer handle is NULL
E/qdhwcomposer( 1212): isValidDimension: layer handle is NULL
E/qdhwcomposer( 1212): isValidDimension: layer handle is NULL
E/qdhwcomposer( 1212): isValidDimension: layer handle is NULL
E/qdhwcomposer( 1212): isValidDimension: layer handle is NULL
E/qdhwcomposer( 1212): isValidDimension: layer handle is NULL
E/qdhwcomposer( 1212): isValidDimension: layer handle is NULL
E/qdhwcomposer( 1212): isValidDimension: layer handle is NULL
E/qdhwcomposer( 1212): isValidDimension: layer handle is NULL
E/qdhwcomposer( 1212): isValidDimension: layer handle is NULL
E/qdhwcomposer( 1212): isValidDimension: layer handle is NULL
E/qdhwcomposer( 1212): isValidDimension: layer handle is NULL
E/qdhwcomposer( 1212): isValidDimension: layer handle is NULL
E/qdhwcomposer( 1212): isValidDimension: layer handle is NULL
E/qdhwcomposer( 1212): isValidDimension: layer handle is NULL
E/qdhwcomposer( 1212): isValidDimension: layer handle is NULL
E/qdhwcomposer( 1212): isValidDimension: layer handle is NULL
E/qdhwcomposer( 1212): isValidDimension: layer handle is NULL
E/qdhwcomposer( 1212): isValidDimension: layer handle is NULL
E/qdhwcomposer( 1212): isValidDimension: layer handle is NULL
E/qdhwcomposer( 1212): isValidDimension: layer handle is NULL
E/qdhwcomposer( 1212): isValidDimension: layer handle is NULL
E/qdhwcomposer( 1212): isValidDimension: layer handle is NULL
E/qdhwcomposer( 1212): isValidDimension: layer handle is NULL
E/qdhwcomposer( 1212): isValidDimension: layer handle is NULL
E/qdhwcomposer( 1212): isValidDimension: layer handle is NULL
E/qdhwcomposer( 1212): isValidDimension: layer handle is NULL
E/qdhwcomposer( 1212): isValidDimension: layer handle is NULL
E/qdhwcomposer( 1212): isValidDimension: layer handle is NULL
E/qdhwcomposer( 1212): isValidDimension: layer handle is NULL
E/qdhwcomposer( 1212): isValidDimension: layer handle is NULL
E/qdhwcomposer( 1212): isValidDimension: layer handle is NULL
E/qdhwcomposer( 1212): isValidDimension: layer handle is NULL
E/qdhwcomposer( 1212): isValidDimension: layer handle is NULL
E/qdhwcomposer( 1212): isValidDimension: layer handle is NULL
E/qdhwcomposer( 1212): isValidDimension: layer handle is NULL
E/qdhwcomposer( 1212): isValidDimension: layer handle is NULL
E/qdhwcomposer( 1212): isValidDimension: layer handle is NULL
E/qdhwcomposer( 1212): isValidDimension: layer handle is NULL
E/qdhwcomposer( 1212): isValidDimension: layer handle is NULL
E/qdhwcomposer( 1212): isValidDimension: layer handle is NULL
E/qdhwcomposer( 1212): isValidDimension: layer handle is NULL
E/qdhwcomposer( 1212): isValidDimension: layer handle is NULL
E/qdhwcomposer( 1212): isValidDimension: layer handle is NULL
E/qdhwcomposer( 1212): isValidDimension: layer handle is NULL
E/qdhwcomposer( 1212): isValidDimension: layer handle is NULL
E/qdhwcomposer( 1212): isValidDimension: layer handle is NULL
E/qdhwcomposer( 1212): isValidDimension: layer handle is NULL
E/qdhwcomposer( 1212): isValidDimension: layer handle is NULL
E/qdhwcomposer( 1212): isValidDimension: layer handle is NULL
E/qdhwcomposer( 1212): isValidDimension: layer handle is NULL
E/qdhwcomposer( 1212): isValidDimension: layer handle is NULL
E/qdhwcomposer( 1212): isValidDimension: layer handle is NULL
E/qdhwcomposer( 1212): isValidDimension: layer handle is NULL
E/qdhwcomposer( 1212): isValidDimension: layer handle is NULL
V/WLAN_PSA( 682): NL MSG, len[4086], NL type[0x1C] WNI type[0x5900] len[56847]
V/WLAN_PSA( 682): NL MSG, PID: 682
E/qdhwcomposer( 1212): isValidDimension: layer handle is NULL
E/qdhwcomposer( 1212): isValidDimension: layer handle is NULL
E/NativeDaemonConnector.ResponseQueue( 1389): Timeout waiting for response
E/VoldConnector( 1389): timed-out waiting for response to 5 asec list
W/art ( 1389): Long monitor contention event with owner method=void java.lang.Object.wait!(long, int) from Object.java:4294967294 waiters=0 for 54.875s
E/qdhwcomposer( 1212): isValidDimension: layer handle is NULL
E/qdhwcomposer( 1212): isValidDimension: layer handle is NULL
E/qdhwcomposer( 1212): isValidDimension: layer handle is NULL
E/qdhwcomposer( 1212): isValidDimension: layer handle is NULL
E/qdhwcomposer( 1212): isValidDimension: layer handle is NULL
E/qdhwcomposer( 1212): isValidDimension: layer handle is NULL
E/qdhwcomposer( 1212): isValidDimension: layer handle is NULL
E/qdhwcomposer( 1212): isValidDimension: layer handle is NULL
E/qdhwcomposer( 1212): isValidDimension: layer handle is NULL
E/qdhwcomposer( 1212): isValidDimension: layer handle is NULL
I/SystemServiceManager( 1389): Starting com.android.server.notification.NotificationManagerService
E/qdhwcomposer( 1212): isValidDimension: layer handle is NULL
E/qdhwcomposer( 1212): isValidDimension: layer handle is NULL
E/qdhwcomposer( 1212): isValidDimension: layer handle is NULL
E/qdhwcomposer( 1212): isValidDimension: layer handle is NULL
D/ZenLog ( 1389): set_zen_mode: off,setting
E/qdhwcomposer( 1212): isValidDimension: layer handle is NULL
E/qdhwcomposer( 1212): isValidDimension: layer handle is NULL
I/SystemServiceManager( 1389): Starting com.android.server.storage.DeviceStorageMonitorService
I/SystemServer( 1389): Location Manager
E/qdhwcomposer( 1212): isValidDimension: layer handle is NULL
E/qdhwcomposer( 1212): isValidDimension: layer handle is NULL
I/SystemServer( 1389): Country Detector
I/SystemServer( 1389): Search Service
I/SystemServer( 1389): DropBox Service
I/SystemServer( 1389): Wallpaper Service
E/qdhwcomposer( 1212): isValidDimension: layer handle is NULL
E/qdhwcomposer( 1212): isValidDimension: layer handle is NULL
I/SystemServer( 1389): Audio Service
E/qdhwcomposer( 1212): isValidDimension: layer handle is NULL
E/qdhwcomposer( 1212): isValidDimension: layer handle is NULL
E/AudioPolicyManager( 671): unknown stream type 13
E/AudioPolicyManager( 671): unknown stream type 13
E/AudioPolicyManager( 671): unknown stream type 13
E/AudioPolicyManager( 671): unknown stream type 13
E/AudioPolicyManager( 671): unknown stream type 13
E/AudioPolicyManager( 671): unknown stream type 13
F/libc ( 671): Fatal signal 11 (SIGSEGV), code 1, fault addr 0xc4 in tid 1738 (Binder_1)
W/TelecomManager( 1389): Telecom Service not found.
D/audio_hw_primary( 689): adev_set_mic_mute state 0
E/qdhwcomposer( 1212): isValidDimension: layer handle is NULL
E/qdhwcomposer( 1212): isValidDimension: layer handle is NULL
E/qdhwcomposer( 1212): isValidDimension: layer handle is NULL
E/qdhwcomposer( 1212): isValidDimension: layer handle is NULL
E/qdhwcomposer( 1212): isValidDimension: layer handle is NULL
E/qdhwcomposer( 1212): isValidDimension: layer handle is NULL
E/qdhwcomposer( 1212): isValidDimension: layer handle is NULL
E/qdhwcomposer( 1212): isValidDimension: layer handle is NULL
E/qdhwcomposer( 1212): isValidDimension: layer handle is NULL
E/qdhwcomposer( 1212): isValidDimension: layer handle is NULL
E/qdhwcomposer( 1212): isValidDimension: layer handle is NULL
E/qdhwcomposer( 1212): isValidDimension: layer handle is NULL
I/DEBUG ( 674): *** *** *** *** *** *** *** *** *** *** *** *** *** *** *** ***
I/DEBUG ( 674): Build fingerprint: 'Fairphone/FP2/FP2:5.1/FP2/fp2-sibon-16.09.0:userdebug/release-keys'
I/DEBUG ( 674): Revision: '0'
I/DEBUG ( 674): ABI: 'arm'
I/DEBUG ( 674): pid: 671, tid: 1738, name: Binder_1 >>> /usr/libexec/droid-hybris/system/bin/minimediaservice <<<
I/DEBUG ( 674): signal 11 (SIGSEGV), code 1 (SEGV_MAPERR), fault addr 0xc4
E/qdhwcomposer( 1212): isValidDimension: layer handle is NULL
E/qdhwcomposer( 1212): isValidDimension: layer handle is NULL
V/WLAN_PSA( 682): NL MSG, len[048], NL type[0x11] WNI type[0x5050] len[028]
V/WLAN_PSA( 682): NL MSG, PID: 682
E/qdhwcomposer( 1212): isValidDimension: layer handle is NULL
E/qdhwcomposer( 1212): isValidDimension: layer handle is NULL
I/DEBUG ( 674): r0 00000000 r1 00000002 r2 00000000 r3 00000008
I/DEBUG ( 674): r4 00000000 r5 00000000 r6 00000002 r7 00000000
I/DEBUG ( 674): r8 00000000 r9 00000000 sl 00000001 fp 0000029f
I/DEBUG ( 674): ip b56fb7e0 sp b56fbc90 lr b68388eb pc b683884e cpsr 600f0030
I/DEBUG ( 674):
I/DEBUG ( 674): backtrace:
I/DEBUG ( 674): #00 pc 0000f84e /system/lib/libaudiopolicymanagerdefault.so (_ZNK7android18AudioPolicyManager21AudioOutputDescriptor14isStreamActiveE19audio_stream_type_tjx+9)
I/DEBUG ( 674): #01 pc 0000f8e7 /system/lib/libaudiopolicymanagerdefault.so (_ZNK7android18AudioPolicyManager21AudioOutputDescriptor16isStrategyActiveENS0_16routing_strategyEjx+62)
I/DEBUG ( 674): #02 pc 000139f1 /system/lib/libaudiopolicymanagerdefault.so (_ZN7android18AudioPolicyManager18getNewOutputDeviceEib+260)
I/DEBUG ( 674): #03 pc 00017651 /system/lib/libaudiopolicymanagerdefault.so (_ZN7android18AudioPolicyManager11setForceUseE24audio_policy_force_use_t25audio_policy_forced_cfg_t+296)
I/DEBUG ( 674): #04 pc 00008e49 /system/lib/libaudiopolicyservice.so
I/DEBUG ( 674): #05 pc 00066645 /system/lib/libmedia.so (_ZN7android20BnAudioPolicyService10onTransactEjRKNS_6ParcelEPS1_j+1464)
I/DEBUG ( 674): #06 pc 00017fad /system/lib/libbinder.so (_ZN7android7BBinder8transactEjRKNS_6ParcelEPS1_j+60)
I/DEBUG ( 674): #07 pc 0001cf89 /system/lib/libbinder.so (_ZN7android14IPCThreadState14executeCommandEi+564)
I/DEBUG ( 674): #08 pc 0001d0bb /system/lib/libbinder.so (_ZN7android14IPCThreadState20getAndExecuteCommandEv+38)
I/DEBUG ( 674): #09 pc 0001d0fd /system/lib/libbinder.so (_ZN7android14IPCThreadState14joinThreadPoolEb+48)
I/DEBUG ( 674): #10 pc 0002127f /system/lib/libbinder.so
I/DEBUG ( 674): #11 pc 0000ef5d /system/lib/libutils.so (_ZN7android6Thread11_threadLoopEPv+112)
I/DEBUG ( 674): #12 pc 0000eacd /system/lib/libutils.so
I/DEBUG ( 674): #13 pc 00013fc3 /system/lib/libc.so (_ZL15__pthread_startPv+30)
E/qdhwcomposer( 1212): isValidDimension: layer handle is NULL
E/qdhwcomposer( 1212): isValidDimension: layer handle is NULL
I/DEBUG ( 674): #14 pc 00011f0b /system/lib/libc.so (__start_thread+6)
E/qdhwcomposer( 1212): isValidDimension: layer handle is NULL
E/qdhwcomposer( 1212): isValidDimension: layer handle is NULL
E/qdhwcomposer( 1212): isValidDimension: layer handle is NULL
E/qdhwcomposer( 1212): isValidDimension: layer handle is NULL
E/qdhwcomposer( 1212): isValidDimension: layer handle is NULL
E/qdhwcomposer( 1212): isValidDimension: layer handle is NULL
E/qdhwcomposer( 1212): isValidDimension: layer handle is NULL
E/qdhwcomposer( 1212): isValidDimension: layer handle is NULL
E/qdhwcomposer( 1212): isValidDimension: layer handle is NULL
E/qdhwcomposer( 1212): isValidDimension: layer handle is NULL
E/qdhwcomposer( 1212): isValidDimension: layer handle is NULL
E/qdhwcomposer( 1212): isValidDimension: layer handle is NULL
E/qdhwcomposer( 1212): isValidDimension: layer handle is NULL
E/qdhwcomposer( 1212): isValidDimension: layer handle is NULL
E/qdhwcomposer( 1212): isValidDimension: layer handle is NULL
E/qdhwcomposer( 1212): isValidDimension: layer handle is NULL
E/qdhwcomposer( 1212): isValidDimension: layer handle is NULL
E/qdhwcomposer( 1212): isValidDimension: layer handle is NULL
I/DEBUG ( 674):
I/DEBUG ( 674): Tombstone written to: /data/tombstones/tombstone_02
W/AudioSystem( 1389): AudioPolicyService server died!
I/ServiceManager( 666): service 'media.player' died
I/ServiceManager( 666): service 'media.camera' died
I/ServiceManager( 666): service 'media.audio_policy' died
E/qdhwcomposer( 1212): isValidDimension: layer handle is NULL
E/qdhwcomposer( 1212): isValidDimension: layer handle is NULL
I/ServiceManager( 1389): Waiting for service media.audio_policy...
E/qdhwcomposer( 1212): isValidDimension: layer handle is NULL
E/qdhwcomposer( 1212): isValidDimension: layer handle is NULL
E/qdhwcomposer( 1212): isValidDimension: layer handle is NULL
E/qdhwcomposer( 1212): isValidDimension: layer handle is NULL
E/qdhwcomposer( 1212): isValidDimension: layer handle is NULL
E/qdhwcomposer( 1212): isValidDimension: layer handle is NULL
E/qdhwcomposer( 1212): isValidDimension: layer handle is NULL
E/qdhwcomposer( 1212): isValidDimension: layer handle is NULL
E/qdhwcomposer( 1212): isValidDimension: layer handle is NULL
E/qdhwcomposer( 1212): isValidDimension: layer handle is NULL
E/qdhwcomposer( 1212): isValidDimension: layer handle is NULL
E/qdhwcomposer( 1212): isValidDimension: layer handle is NULL
E/qdhwcomposer( 1212): isValidDimension: layer handle is NULL
E/qdhwcomposer( 1212): isValidDimension: layer handle is NULL
E/qdhwcomposer( 1212): isValidDimension: layer handle is NULL
E/qdhwcomposer( 1212): isValidDimension: layer handle is NULL
E/qdhwcomposer( 1212): isValidDimension: layer handle is NULL
E/qdhwcomposer( 1212): isValidDimension: layer handle is NULL
E/MediaPlayerFactory( 3446): calling dlopen on FACTORY_LIB
E/MediaPlayerFactory( 3446): calling dlsym on pFactoryLib for FACTORY_CREATE_FN
E/MediaPlayerFactory( 3446): registering DASH Player factory...
I/CameraService( 3446): CameraService started (pid=3446)
D/mm-camera-intf( 3446): get_num_of_cameras gMmCameraIntfLogLevel=1
E/mm-camera-intf( 3446): entity id 1
E/mm-camera-intf( 3446): entity name video0 type 65537 group id 2
E/mm-camera-intf( 3446): entity id 2
E/mm-camera-intf( 3446): entity name msm_cci type 131072 group id 0
E/mm-camera-intf( 3446): entity id 3
E/mm-camera-intf( 3446): entity name v4l-subdev0 type 131072 group id 0
E/mm-camera-intf( 3446): entity id 4
E/mm-camera-intf( 3446): entity name v4l-subdev1 type 131072 group id 0
E/mm-camera-intf( 3446): entity id 5
E/mm-camera-intf( 3446): entity name v4l-subdev2 type 131072 group id 0
E/mm-camera-intf( 3446): entity id 6
E/mm-camera-intf( 3446): entity name v4l-subdev3 type 131072 group id 1
E/mm-camera-intf( 3446): entity id 7
E/mm-camera-intf( 3446): entity name v4l-subdev4 type 131072 group id 1
E/mm-camera-intf( 3446): entity id 8
E/mm-camera-intf( 3446): entity name v4l-subdev5 type 131072 group id 1
E/mm-camera-intf( 3446): entity id 9
E/mm-camera-intf( 3446): entity name v4l-subdev6 type 131072 group id 1
E/mm-camera-intf( 3446): entity id 10
E/mm-camera-intf( 3446): entity name v4l-subdev7 type 131072 group id 7
E/mm-camera-intf( 3446): entity id 11
E/mm-camera-intf( 3446): entity name v4l-subdev8 type 131072 group id 7
E/mm-camera-intf( 3446): entity id 12
E/mm-camera-intf( 3446): entity name v4l-subdev9 type 131072 group id 11
E/mm-camera-intf( 3446): entity id 13
E/mm-camera-intf( 3446): entity name v4l-subdev10 type 131072 group id 8
E/mm-camera-intf( 3446): entity id 14
E/mm-camera-intf( 3446): entity name v4l-subdev11 type 131072 group id 14
E/mm-camera-intf( 3446): entity id 1
E/mm-camera-intf( 3446): entity name video1 type 65537 group id 2
E/mm-camera-intf( 3446): entity id 2
E/mm-camera-intf( 3446): Done enumerating media entities
E/mm-camera-intf( 3446): entity id 1
E/mm-camera-intf( 3446): entity name video2 type 65537 group id 2
E/mm-camera-intf( 3446): entity id 2
E/mm-camera-intf( 3446): Done enumerating media entities
D/mm-camera-intf( 3446): index = 0 flag = 1 mount_angle = 90 facing = 0
D/mm-camera-intf( 3446): index = 1 flag = 103 mount_angle = 270 facing = 1
I/CameraService( 3446): Loaded "QCamera Module" camera module
I/AudioPolicyService( 3446): AudioPolicyService CSTOR in new mode
I/AudioPolicyManager( 3446): loadAudioPolicyConfig() loaded /system/etc/audio_policy.conf
W/AudioFlinger( 689): loadHwModule() module primary already loaded
D/audio_hw_primary( 689): adev_open_output_stream: enter: sample_rate(48000) channel_mask(0x3) devices(0x2) flags(0x2) stream_handle(0xb5afd3c0)
E/audio_hw_primary( 689): adev_open_output_stream: Primary output is already opened
D/audio_hw_primary( 689): adev_open_output_stream: exit: ret -17
W/AudioPolicyManager( 3446): Cannot open output stream for device 00000002 on hw module primary
D/audio_hw_primary( 689): adev_open_output_stream: enter: sample_rate(48000) channel_mask(0x3) devices(0x2) flags(0x4) stream_handle(0xb5880c40)
D/audio_hw_primary( 689): adev_open_output_stream: Stream (0xb5880c40) picks up usecase (low-latency-playback)
I/AudioFlinger( 689): HAL output buffer size 240 frames, normal sink buffer size 960 frames
E/AudioPolicyManager( 3446): unknown stream type 13
E/AudioPolicyManager( 3446): unknown stream type 13
E/AudioPolicyManager( 3446): unknown stream type 13
I/AudioFlinger( 689): AudioFlinger's thread 0xb5a81000 ready to run
D/audio_hw_primary( 689): out_set_parameters: enter: usecase(1: low-latency-playback) kvpairs: routing=2
D/audio_hw_primary( 689): out_standby: enter: stream (0xb5880c40) usecase(1: low-latency-playback)
E/qdhwcomposer( 1212): isValidDimension: layer handle is NULL
E/qdhwcomposer( 1212): isValidDimension: layer handle is NULL
W/AudioFlinger( 689): setStreamVolume() pid 3446 cannot use internal stream type 10
W/AudioFlinger( 689): setStreamVolume() pid 3446 cannot use internal stream type 11
E/AudioPolicyManager( 3446): unknown stream type 13
W/AudioFlinger( 689): setStreamVolume() pid 3446 cannot use internal stream type 13
D/audio_hw_primary( 689): adev_open_input_stream: enter: sample_rate(48000) channel_mask(0xc) devices(0x80000004) stream_handle(0xb586df20)
I/AudioFlinger( 689): AudioFlinger's thread 0xb5ba5000 ready to run
D/audio_hw_primary( 689): adev_close_input_stream: enter:stream_handle(0xb586df20)
D/audio_hw_primary( 689): in_standby: enter: stream (0xb586df20) usecase(7: audio-record)
W/AudioFlinger( 689): loadHwModule() module a2dp already loaded
W/AudioFlinger( 689): loadHwModule() module usb already loaded
W/AudioFlinger( 689): loadHwModule() module r_submix already loaded
D/r_submix( 689): adev_open_input_stream(addr=0)
D/r_submix( 689): submix_audio_device_create_pipe_l(addr=0, idx=9)
D/r_submix( 689): now using address 0 for route 9
I/AudioFlinger( 689): AudioFlinger's thread 0xb4c3f000 ready to run
D/r_submix( 689): adev_close_input_stream()
D/r_submix( 689): submix_audio_device_release_pipe_l(idx=9) addr=0
D/r_submix( 689): submix_audio_device_destroy_pipe_l(): pipe destroyed
E/AudioPolicyManager( 3446): Failed to open primary output
E/AudioPolicyManager( 3446): unknown stream type 13
E/qdhwcomposer( 1212): isValidDimension: layer handle is NULL
E/qdhwcomposer( 1212): isValidDimension: layer handle is NULL
E/qdhwcomposer( 1212): isValidDimension: layer handle is NULL
E/qdhwcomposer( 1212): isValidDimension: layer handle is NULL
E/qdhwcomposer( 1212): isValidDimension: layer handle is NULL
E/qdhwcomposer( 1212): isValidDimension: layer handle is NULL
E/qdhwcomposer( 1212): isValidDimension: layer handle is NULL
E/qdhwcomposer( 1212): isValidDimension: layer handle is NULL
E/qdhwcomposer( 1212): isValidDimension: layer handle is NULL
E/qdhwcomposer( 1212): isValidDimension: layer handle is NULL
E/qdhwcomposer( 1212): isValidDimension: layer handle is NULL
E/qdhwcomposer( 1212): isValidDimension: layer handle is NULL
E/qdhwcomposer( 1212): isValidDimension: layer handle is NULL
E/qdhwcomposer( 1212): isValidDimension: layer handle is NULL
E/qdhwcomposer( 1212): isValidDimension: layer handle is NULL
E/qdhwcomposer( 1212): isValidDimension: layer handle is NULL
E/qdhwcomposer( 1212): isValidDimension: layer handle is NULL
E/qdhwcomposer( 1212): isValidDimension: layer handle is NULL
E/qdhwcomposer( 1212): isValidDimension: layer handle is NULL
E/qdhwcomposer( 1212): isValidDimension: layer handle is NULL
E/qdhwcomposer( 1212): isValidDimension: layer handle is NULL
E/qdhwcomposer( 1212): isValidDimension: layer handle is NULL
E/qdhwcomposer( 1212): isValidDimension: layer handle is NULL
E/qdhwcomposer( 1212): isValidDimension: layer handle is NULL
E/qdhwcomposer( 1212): isValidDimension: layer handle is NULL
E/qdhwcomposer( 1212): isValidDimension: layer handle is NULL
E/qdhwcomposer( 1212): isValidDimension: layer handle is NULL
E/qdhwcomposer( 1212): isValidDimension: layer handle is NULL
E/qdhwcomposer( 1212): isValidDimension: layer handle is NULL
E/qdhwcomposer( 1212): isValidDimension: layer handle is NULL
E/qdhwcomposer( 1212): isValidDimension: layer handle is NULL
E/qdhwcomposer( 1212): isValidDimension: layer handle is NULL
E/qdhwcomposer( 1212): isValidDimension: layer handle is NULL
E/qdhwcomposer( 1212): isValidDimension: layer handle is NULL
E/qdhwcomposer( 1212): isValidDimension: layer handle is NULL
E/qdhwcomposer( 1212): isValidDimension: layer handle is NULL
E/qdhwcomposer( 1212): isValidDimension: layer handle is NULL
E/qdhwcomposer( 1212): isValidDimension: layer handle is NULL
E/qdhwcomposer( 1212): isValidDimension: layer handle is NULL
E/qdhwcomposer( 1212): isValidDimension: layer handle is NULL
E/qdhwcomposer( 1212): isValidDimension: layer handle is NULL
E/qdhwcomposer( 1212): isValidDimension: layer handle is NULL
E/qdhwcomposer( 1212): isValidDimension: layer handle is NULL
E/qdhwcomposer( 1212): isValidDimension: layer handle is NULL
E/qdhwcomposer( 1212): isValidDimension: layer handle is NULL
E/qdhwcomposer( 1212): isValidDimension: layer handle is NULL
E/qdhwcomposer( 1212): isValidDimension: layer handle is NULL
E/qdhwcomposer( 1212): isValidDimension: layer handle is NULL
E/qdhwcomposer( 1212): isValidDimension: layer handle is NULL
E/qdhwcomposer( 1212): isValidDimension: layer handle is NULL
E/qdhwcomposer( 1212): isValidDimension: layer handle is NULL
E/qdhwcomposer( 1212): isValidDimension: layer handle is NULL
E/qdhwcomposer( 1212): isValidDimension: layer handle is NULL
E/qdhwcomposer( 1212): isValidDimension: layer handle is NULL
E/qdhwcomposer( 1212): isValidDimension: layer handle is NULL
E/qdhwcomposer( 1212): isValidDimension: layer handle is NULL
E/qdhwcomposer( 1212): isValidDimension: layer handle is NULL
E/qdhwcomposer( 1212): isValidDimension: layer handle is NULL
E/qdhwcomposer( 1212): isValidDimension: layer handle is NULL
E/qdhwcomposer( 1212): isValidDimension: layer handle is NULL
E/qdhwcomposer( 1212): isValidDimension: layer handle is NULL
E/qdhwcomposer( 1212): isValidDimension: layer handle is NULL
E/qdhwcomposer( 1212): isValidDimension: layer handle is NULL
E/qdhwcomposer( 1212): isValidDimension: layer handle is NULL
E/qdhwcomposer( 1212): isValidDimension: layer handle is NULL
E/qdhwcomposer( 1212): isValidDimension: layer handle is NULL
E/qdhwcomposer( 1212): isValidDimension: layer handle is NULL
E/qdhwcomposer( 1212): isValidDimension: layer handle is NULL
E/qdhwcomposer( 1212): isValidDimension: layer handle is NULL
E/qdhwcomposer( 1212): isValidDimension: layer handle is NULL
E/qdhwcomposer( 1212): isValidDimension: layer handle is NULL
E/qdhwcomposer( 1212): isValidDimension: layer handle is NULL
E/qdhwcomposer( 1212): isValidDimension: layer handle is NULL
E/qdhwcomposer( 1212): isValidDimension: layer handle is NULL
E/qdhwcomposer( 1212): isValidDimension: layer handle is NULL
E/qdhwcomposer( 1212): isValidDimension: layer handle is NULL
E/qdhwcomposer( 1212): isValidDimension: layer handle is NULL
E/qdhwcomposer( 1212): isValidDimension: layer handle is NULL
E/qdhwcomposer( 1212): isValidDimension: layer handle is NULL
E/qdhwcomposer( 1212): isValidDimension: layer handle is NULL
E/qdhwcomposer( 1212): isValidDimension: layer handle is NULL
E/qdhwcomposer( 1212): isValidDimension: layer handle is NULL
E/qdhwcomposer( 1212): isValidDimension: layer handle is NULL
E/qdhwcomposer( 1212): isValidDimension: layer handle is NULL
E/qdhwcomposer( 1212): isValidDimension: layer handle is NULL
E/qdhwcomposer( 1212): isValidDimension: layer handle is NULL
E/qdhwcomposer( 1212): isValidDimension: layer handle is NULL
E/qdhwcomposer( 1212): isValidDimension: layer handle is NULL
E/qdhwcomposer( 1212): isValidDimension: layer handle is NULL
E/qdhwcomposer( 1212): isValidDimension: layer handle is NULL
E/qdhwcomposer( 1212): isValidDimension: layer handle is NULL
E/qdhwcomposer( 1212): isValidDimension: layer handle is NULL
E/qdhwcomposer( 1212): isValidDimension: layer handle is NULL
E/qdhwcomposer( 1212): isValidDimension: layer handle is NULL
E/qdhwcomposer( 1212): isValidDimension: layer handle is NULL
E/qdhwcomposer( 1212): isValidDimension: layer handle is NULL
E/qdhwcomposer( 1212): isValidDimension: layer handle is NULL
E/qdhwcomposer( 1212): isValidDimension: layer handle is NULL
E/qdhwcomposer( 1212): isValidDimension: layer handle is NULL
E/qdhwcomposer( 1212): isValidDimension: layer handle is NULL
E/qdhwcomposer( 1212): isValidDimension: layer handle is NULL
E/qdhwcomposer( 1212): isValidDimension: layer handle is NULL
W/AudioFlinger( 689): setStreamVolume() pid 3446 cannot use internal stream type 10
W/AudioFlinger( 689): setStreamVolume() pid 3446 cannot use internal stream type 10
W/AudioFlinger( 689): setStreamVolume() pid 3446 cannot use internal stream type 10
W/AudioFlinger( 689): setStreamVolume() pid 3446 cannot use internal stream type 10
E/AudioPolicyManager( 3446): unknown stream type 13
W/AudioFlinger( 689): setStreamVolume() pid 3446 cannot use internal stream type 10
E/qdhwcomposer( 1212): isValidDimension: layer handle is NULL
E/qdhwcomposer( 1212): isValidDimension: layer handle is NULL
I/SystemServiceManager( 1389): Starting com.android.server.DockObserver
W/DockObserver( 1389): This kernel does not have dock station support
I/SystemServer( 1389): Wired Accessory Manager
W/WiredAccessoryManager( 1389): This kernel does not have usb audio support
W/WiredAccessoryManager( 1389): This kernel does not have HDMI audio support
I/SystemServer( 1389): Serial Service
I/SystemServiceManager( 1389): Starting com.android.server.twilight.TwilightService
E/qdhwcomposer( 1212): isValidDimension: layer handle is NULL
E/qdhwcomposer( 1212): isValidDimension: layer handle is NULL
I/SystemServiceManager( 1389): Starting com.android.server.UiModeManagerService
I/SystemServiceManager( 1389): Starting com.android.server.job.JobSchedulerService
D/WifiService( 1389): New client listening to asynchronous messages
E/qdhwcomposer( 1212): isValidDimension: layer handle is NULL
E/qdhwcomposer( 1212): isValidDimension: layer handle is NULL
E/WifiStateMachine( 1389): handleMessage: E msg.what=131223
E/WifiStateMachine( 1389): processMsg: ConnectedState
E/qdhwcomposer( 1212): isValidDimension: layer handle is NULL
E/qdhwcomposer( 1212): isValidDimension: layer handle is NULL
E/dbus_Helpers( 1389): unhandled: name: MaxRate type: u
E/dbus_Helpers( 1389): unhandled: name: Frequency type: q
D/ConnectivityService( 1389): registerNetworkAgent NetworkAgentInfo{ ni{[type: WIFI[], state: UNKNOWN/IDLE, reason: (unspecified), extra: (none), roaming: false, failover: false, isAvailable: true, isConnectedToProvisioningNetwork: false]} network{null} lp{{InterfaceName: wlan0 LinkAddresses: [192.168.1.59/24,] Routes: [0.0.0.0/0 -> 192.168.1.1 wlan0,] DnsAddresses: [195.197.54.100,192.168.1.1,] Domains: null MTU: 1500}} nc{[ Transports: WIFI Capabilities: INTERNET&NOT_RESTRICTED&TRUSTED&NOT_VPN LinkUpBandwidth>=1048576Kbps LinkDnBandwidth>=1048576Kbps]} Score{20} everValidated{false} lastValidated{false} created{false} explicitlySelected{false} }
D/ConnectivityService( 1389): NetworkAgentInfo [WIFI () - 100] EVENT_NETWORK_INFO_CHANGED, going from null to UNKNOWN
E/WifiStateMachine( 1389): setDetailed state, old =IDLE and new state=CONNECTED hidden=false
E/WifiStateMachine( 1389): setWifiState: enabled
E/qdhwcomposer( 1212): isValidDimension: layer handle is NULL
E/qdhwcomposer( 1212): isValidDimension: layer handle is NULL
E/WifiStateMachine( 1389): handleMessage: X
E/WifiStateMachine( 1389): wifi info recent enough
D/ConnectivityService( 1389): NetworkAgentInfo [WIFI () - 100] EVENT_NETWORK_INFO_CHANGED, going from UNKNOWN to CONNECTED
D/ConnectivityService( 1389): notifyType IP_CHANGED for NetworkAgentInfo [WIFI () - 100]
D/ConnectivityService( 1389): notifyType PRECHECK for NetworkAgentInfo [WIFI () - 100] D/NetworkMonitor/NetworkAgentInfo [WIFI () - 100]( 1389): DefaultState{ when=-2ms what=532481 target=com.android.internal.util.StateMachine$SmHandler } D/NetworkMonitor/NetworkAgentInfo [WIFI () - 100]( 1389): Connected D/NetworkMonitor/NetworkAgentInfo [WIFI () - 100]( 1389): EvaluatingState{ when=0 what=532486 arg1=1 target=com.android.internal.util.StateMachine$SmHandler } D/NetworkMonitor/NetworkAgentInfo [WIFI () - 100]( 1389): Validated
I/SystemServiceManager( 1389): Starting com.android.server.backup.BackupManagerService$Lifecycle
E/qdhwcomposer( 1212): isValidDimension: layer handle is NULL
E/qdhwcomposer( 1212): isValidDimension: layer handle is NULL
I/SystemServiceManager( 1389): Starting com.android.server.appwidget.AppWidgetService
D/ConnectivityService( 1389): rematching NetworkAgentInfo [WIFI () - 100]
D/ConnectivityService( 1389): accepting network in place of null
D/ConnectivityService( 1389): Switching to new default network: NetworkAgentInfo{ ni{[type: WIFI[], state: CONNECTED/CONNECTED, reason: (unspecified), extra: "marsu", roaming: false, failover: false, isAvailable: true, isConnectedToProvisioningNetwork: false]} network{100} lp{{InterfaceName: wlan0 LinkAddresses: [192.168.1.59/24,] Routes: [0.0.0.0/0 -> 192.168.1.1 wlan0,] DnsAddresses: [195.197.54.100,192.168.1.1,] Domains: null MTU: 1500}} nc{[ Transports: WIFI Capabilities: INTERNET&NOT_RESTRICTED&TRUSTED&NOT_VPN LinkUpBandwidth>=1048576Kbps LinkDnBandwidth>=1048576Kbps]} Score{100} everValidated{false} lastValidated{false} created{true} explicitlySelected{true} }
D/ConnectivityService( 1389): Invalid tcpBufferSizes string: null, using defaults
D/ConnectivityService( 1389): Setting tx/rx TCP buffers to 4096,87380,110208,4096,16384,110208
I/SystemServiceManager( 1389): Starting com.android.server.voiceinteraction.VoiceInteractionManagerService
D/ConnectivityService( 1389): notifyType AVAILABLE for NetworkAgentInfo [WIFI () - 100]
D/CSLegacyTypeTracker( 1389): Sending connected broadcast for type 1 NetworkAgentInfo [WIFI () - 100] isDefaultNetwork=true
D/ConnectivityService( 1389): sendStickyBroadcast: action=android.net.conn.CONNECTIVITY_CHANGE_IMMEDIATE
D/ConnectivityService( 1389): sendStickyBroadcast: action=android.net.conn.CONNECTIVITY_CHANGE
E/qdhwcomposer( 1212): isValidDimension: layer handle is NULL
E/qdhwcomposer( 1212): isValidDimension: layer handle is NULL
D/ConnectivityService( 1389): setProvNotificationVisibleIntent: E visible=false networkType=0 extraInfo=null
D/ConnectivityService( 1389): Validated NetworkAgentInfo [WIFI () - 100]
D/ConnectivityService( 1389): rematching NetworkAgentInfo [WIFI () - 100]
D/ConnectivityService( 1389): Network NetworkAgentInfo [WIFI () - 100] was already satisfying request 1. No change.
D/ConnectivityService( 1389): notifyType AVAILABLE for NetworkAgentInfo [WIFI () - 100]
D/ConnectivityService( 1389): sendStickyBroadcast: action=android.net.conn.INET_CONDITION_ACTION
D/WifiNetworkAgent( 1389): NetworkAgent: WifiNetworkAgent -> Wifi networkStatus valid, score= 0
E/WifiStateMachine( 1389): handleMessage: E msg.what=131220
E/WifiStateMachine( 1389): processMsg: ConnectedState
E/WifiStateMachine( 1389): handleMessage: X
W/SoundTriggerHelper( 1389): listModules status=0, # of modules=0
I/SystemServer( 1389): DiskStats Service
E/qdhwcomposer( 1212): isValidDimension: layer handle is NULL
E/qdhwcomposer( 1212): isValidDimension: layer handle is NULL
I/SystemServer( 1389): SamplingProfiler Service
E/qdhwcomposer( 1212): isValidDimension: layer handle is NULL
E/qdhwcomposer( 1212): isValidDimension: layer handle is NULL
I/SystemServer( 1389): NetworkTimeUpdateService
I/SystemServer( 1389): CommonTimeManagementService
I/SystemServer( 1389): CertBlacklister
I/SystemServiceManager( 1389): Starting com.android.server.dreams.DreamManagerService
E/qdhwcomposer( 1212): isValidDimension: layer handle is NULL
E/qdhwcomposer( 1212): isValidDimension: layer handle is NULL
I/SystemServer( 1389): Assets Atlas Service
I/SystemServiceManager( 1389): Starting com.android.server.print.PrintManagerService
E/NetlinkListener( 1620): recvmsg failed (I/O error)
E/qdhwcomposer( 1212): isValidDimension: layer handle is NULL
E/qdhwcomposer( 1212): isValidDimension: layer handle is NULL
E/NetlinkListener( 696): recvmsg failed (I/O error)
E/NetlinkListener( 1620): recvmsg failed (I/O error)
E/NetlinkListener( 696): recvmsg failed (I/O error)
D/AssetAtlas( 1389): Loaded configuration: SliceMinArea (768x768) flags=0x2 count=2
E/qdhwcomposer( 1212): isValidDimension: layer handle is NULL
E/qdhwcomposer( 1212): isValidDimension: layer handle is NULL
W/art ( 1389): Suspending all threads took: 5.190ms
I/SystemServiceManager( 1389): Starting com.android.server.restrictions.RestrictionsManagerService
I/art ( 1389): Background partial concurrent mark sweep GC freed 24298(2044KB) AllocSpace objects, 6(96KB) LOS objects, 45% free, 4MB/8MB, paused 8.052ms total 95.207ms
I/SystemServiceManager( 1389): Starting com.android.server.media.MediaSessionService
E/qdhwcomposer( 1212): isValidDimension: layer handle is NULL
E/qdhwcomposer( 1212): isValidDimension: layer handle is NULL
I/SystemServer( 1389): Media Router Service
I/SystemServiceManager( 1389): Starting com.android.server.trust.TrustManagerService
I/SystemServiceManager( 1389): Starting com.android.server.fingerprint.FingerprintService
V/Fingerprint-JNI( 1389): nativeInit()
E/qdhwcomposer( 1212): isValidDimension: layer handle is NULL
E/qdhwcomposer( 1212): isValidDimension: layer handle is NULL
V/Fingerprint-JNI( 1389): nativeOpenHal()
I/Adreno-EGL( 1389): : EGL 1.4 QUALCOMM build: ()
I/Adreno-EGL( 1389): OpenGL ES Shader Compiler Version: E031.25.03.06
I/Adreno-EGL( 1389): Build Date: 01/14/16 Thu I/Adreno-EGL( 1389): Local Branch:
I/Adreno-EGL( 1389): Remote Branch:
I/Adreno-EGL( 1389): Local Patches:
I/Adreno-EGL( 1389): Reconstruct Branch:
E/Fingerprint-JNI( 1389): Can't open fingerprint HW Module, error: -2
I/SystemServer( 1389): BackgroundDexOptService
I/SystemServiceManager( 1389): Starting com.android.server.pm.LauncherAppsService
D/SystemServer( 1389): Wipower not supported
I/SystemServer( 1389): Digital Pen Service
E/qdhwcomposer( 1212): isValidDimension: layer handle is NULL
E/qdhwcomposer( 1212): isValidDimension: layer handle is NULL
E/qdhwcomposer( 1212): isValidDimension: layer handle is NULL
E/qdhwcomposer( 1212): isValidDimension: layer handle is NULL
D/DigitalPenService( 1389): Loaded DigitalPenService library
D/AssetAtlas( 1389): Rendered atlas in 44.81ms (0.22+44.59ms)
I/DigitalPenService( 1389): startPostBootThread called
I/SystemServer( 1389): Successfully loaded DigitalPenService class
I/SystemServiceManager( 1389): Starting com.android.server.media.projection.MediaProjectionManagerService
E/qdhwcomposer( 1212): isValidDimension: layer handle is NULL
E/qdhwcomposer( 1212): isValidDimension: layer handle is NULL
I/SystemServer( 1389): PrivacyImpactService
I/PrivacyImpactService( 1389): Starting PrivacyImpactService
D/PrivacyImpactService( 1389): Started PrivacyImpactService
I/WindowManager( 1389): SAFE MODE not enabled
E/GlobalSettingsPersister( 1389): FileNotFoundException while opening xml
W/System.err( 1389): java.io.FileNotFoundException: /data/usf/epos/cfg_mtp/service_settings_mtp.xml: open failed: ENOENT (No such file or directory)
W/System.err( 1389): at libcore.io.IoBridge.open(IoBridge.java:456)
W/System.err( 1389): at java.io.FileInputStream.(FileInputStream.java:76)
W/System.err( 1389): at android.util.AtomicFile.openRead(AtomicFile.java:199)
W/System.err( 1389): at com.qti.snapdragon.digitalpen.GlobalSettingsPersister.deserialize(GlobalSettingsPersister.java:69)
W/System.err( 1389): at com.qti.snapdragon.digitalpen.DigitalPenService.setGlobalConfigFromPersister(DigitalPenService.java:1008)
W/System.err( 1389): at com.qti.snapdragon.digitalpen.DigitalPenService.access$1600(DigitalPenService.java:68)
W/System.err( 1389): at com.qti.snapdragon.digitalpen.DigitalPenService$PollingPostBootThread.run(DigitalPenService.java:902)
W/System.err( 1389): Caused by: android.system.ErrnoException: open failed: ENOENT (No such file or directory)
I/SystemServiceManager( 1389): Starting com.android.server.MmsServiceBroker
W/System.err( 1389): at libcore.io.Posix.open(Native Method)
W/System.err( 1389): at libcore.io.BlockGuardOs.open(BlockGuardOs.java:186)
W/System.err( 1389): at libcore.io.IoBridge.open(IoBridge.java:442)
W/System.err( 1389): ... 6 more
E/GlobalSettingsPersister( 1389): Error deserializing XML: /data/usf/epos/service_settings.xml getting default DigitalPenConfig
I/DigitalPenService( 1389): isEnabled called
W/DigitalPenService( 1389): Ignoring changeConfig when service not enabled
E/DigitalPenService( 1389): Could not set off screen display dimensions since callback is null
E/qdhwcomposer( 1212): isValidDimension: layer handle is NULL
E/qdhwcomposer( 1212): isValidDimension: layer handle is NULL
E/SQLiteLog( 1389): (283) recovered 14 frames from WAL file /data/system/locksettings.db-wal
E/LockSettingsStorage( 1389): Cannot read file java.io.FileNotFoundException: /data/system/password.key: open failed: ENOENT (No such file or directory)
E/LockSettingsStorage( 1389): Cannot read file java.io.FileNotFoundException: /data/system/gesture.key: open failed: ENOENT (No such file or directory)
I/SystemServiceManager( 1389): Starting phase 480
I/SystemServiceManager( 1389): Starting phase 500
I/WifiService( 1389): WifiService starting up with Wi-Fi enabled
D/WifiService( 1389): setWifiEnabled: true pid=1389, uid=1000
E/WifiService( 1389): Invoking mWifiStateMachine.setWifiEnabled
I/WifiScanningService( 1389): Registering wifiscanner
E/qdhwcomposer( 1212): isValidDimension: layer handle is NULL
E/qdhwcomposer( 1212): isValidDimension: layer handle is NULL
D/WifiScanningService( 1389): New client, channel: null messenger: null
I/RttService( 1389): Registering rttmanager
D/WifiChangeStateMachine( 1389): Entering IdleState
D/WifiScanningService( 1389): DefaultState
I/ActivityManager( 1389): Config changes=200 {1.0 ?mcc?mnc en_US ?layoutDir sw360dp w360dp h567dp 480dpi nrml port -touch -keyb/v/h -nav/h s.4}
E/SurfaceFlinger( 697): Permission Denial: can't access SurfaceFlinger pid=1389, uid=1000
E/SurfaceFlinger( 697): Permission Denial: can't access SurfaceFlinger pid=1389, uid=1000
V/BackupManagerService( 1389): No ancestral data
D/BackupManagerService( 1389): Now staging backup of com.android.browser
E/qdhwcomposer( 1212): isValidDimension: layer handle is NULL
E/qdhwcomposer( 1212): isValidDimension: layer handle is NULL
F/WindowAnimator( 1389): Unhandled exception in Window Manager
F/WindowAnimator( 1389): java.lang.NullPointerException: Attempt to invoke virtual method 'void android.view.SurfaceControl.setLayer(int)' on a null object reference
F/WindowAnimator( 1389): at com.android.server.wm.FocusedStackFrame.setLayer(FocusedStackFrame.java:140)
F/WindowAnimator( 1389): at com.android.server.wm.WindowManagerService.setFocusedStackLayer(WindowManagerService.java:3985)
F/WindowAnimator( 1389): at com.android.server.wm.WindowAnimator.animateLocked(WindowAnimator.java:708)
F/WindowAnimator( 1389): at com.android.server.wm.WindowAnimator.access$000(WindowAnimator.java:54)
F/WindowAnimator( 1389): at com.android.server.wm.WindowAnimator$1.run(WindowAnimator.java:126)
F/WindowAnimator( 1389): at android.view.Choreographer$CallbackRecord.run(Choreographer.java:767)
F/WindowAnimator( 1389): at android.view.Choreographer.doCallbacks(Choreographer.java:580)
F/WindowAnimator( 1389): at android.view.Choreographer.doFrame(Choreographer.java:549)
F/WindowAnimator( 1389): at android.view.Choreographer$FrameDisplayEventReceiver.run(Choreographer.java:753)
F/WindowAnimator( 1389): at android.os.Handler.handleCallback(Handler.java:739)
F/WindowAnimator( 1389): at android.os.Handler.dispatchMessage(Handler.java:95)
F/WindowAnimator( 1389): at android.os.Looper.loop(Looper.java:135)
F/WindowAnimator( 1389): at android.os.HandlerThread.run(HandlerThread.java:61)
F/WindowAnimator( 1389): at com.android.server.ServiceThread.run(ServiceThread.java:46)
E/SurfaceFlinger( 697): Permission Denial: can't access SurfaceFlinger pid=1389, uid=1000
E/qdhwcomposer( 1212): isValidDimension: layer handle is NULL
E/qdhwcomposer( 1212): isValidDimension: layer handle is NULL
D/BackupManagerService( 1389): Now staging backup of android
E/qdhwcomposer( 1212): isValidDimension: layer handle is NULL
E/qdhwcomposer( 1212): isValidDimension: layer handle is NULL
D/BackupManagerService( 1389): Now staging backup of com.android.mms
D/BackupManagerService( 1389): Now staging backup of com.android.calendar
D/BackupManagerService( 1389): Now staging backup of com.android.providers.settings
D/BackupManagerService( 1389): Now staging backup of com.android.sharedstoragebackup
D/BackupManagerService( 1389): Now staging backup of com.android.dialer
E/qdhwcomposer( 1212): isValidDimension: layer handle is NULL
E/qdhwcomposer( 1212): isValidDimension: layer handle is NULL
D/BackupManagerService( 1389): Now staging backup of com.qti.backupagent
E/qdhwcomposer( 1212): isValidDimension: layer handle is NULL
E/qdhwcomposer( 1212): isValidDimension: layer handle is NULL
D/BackupManagerService( 1389): Now staging backup of com.android.providers.userdictionary
E/qdhwcomposer( 1212): isValidDimension: layer handle is NULL
E/qdhwcomposer( 1212): isValidDimension: layer handle is NULL
V/BackupManagerService( 1389): Starting with transport android/com.android.internal.backup.LocalTransport
V/BackupManagerService( 1389): Found transports: 1
I/BackupManagerService( 1389): Binding to transport host ComponentInfo{android/com.android.internal.backup.LocalTransportService}
E/qdhwcomposer( 1212): isValidDimension: layer handle is NULL
E/qdhwcomposer( 1212): isValidDimension: layer handle is NULL
I/BackupManagerService( 1389): Found stale backup journal, scheduling
E/qdhwcomposer( 1212): isValidDimension: layer handle is NULL
E/qdhwcomposer( 1212): isValidDimension: layer handle is NULL
E/SurfaceFlinger( 697): Permission Denial: can't access SurfaceFlinger pid=1389, uid=1000
E/qdhwcomposer( 1212): isValidDimension: layer handle is NULL
E/qdhwcomposer( 1212): isValidDimension: layer handle is NULL
W/DisplayPowerController( 1389): config_screenBrightnessDark (10) should be less than or equal to the first value of config_autoBrightnessLcdBacklightValues (3).
E/NetlinkListener( 1620): recvmsg failed (I/O error)
E/NetlinkListener( 696): recvmsg failed (I/O error)
E/qdhwcomposer( 1212): isValidDimension: layer handle is NULL
E/qdhwcomposer( 1212): isValidDimension: layer handle is NULL
E/SurfaceFlinger( 697): Permission Denial: can't access SurfaceFlinger pid=1389, uid=1000
E/qdhwcomposer( 1212): isValidDimension: layer handle is NULL
E/qdhwcomposer( 1212): isValidDimension: layer handle is NULL
E/SurfaceFlinger( 697): Permission Denial: can't access SurfaceFlinger pid=1389, uid=1000
E/qdhwcomposer( 1212): isValidDimension: layer handle is NULL
E/qdhwcomposer( 1212): isValidDimension: layer handle is NULL
I/DigitalPenService( 1389): registerOffScreenDimensionsCallback called
I/ActivityManager( 1389): System now ready
F/WindowAnimator( 1389): Unhandled exception in Window Manager
F/WindowAnimator( 1389): java.lang.NullPointerException: Attempt to invoke virtual method 'void android.view.SurfaceControl.setLayer(int)' on a null object reference
F/WindowAnimator( 1389): at com.android.server.wm.FocusedStackFrame.setLayer(FocusedStackFrame.java:140)
F/WindowAnimator( 1389): at com.android.server.wm.WindowManagerService.setFocusedStackLayer(WindowManagerService.java:3985)
F/WindowAnimator( 1389): at com.android.server.wm.WindowAnimator.animateLocked(WindowAnimator.java:708)
F/WindowAnimator( 1389): at com.android.server.wm.WindowAnimator.access$000(WindowAnimator.java:54)
F/WindowAnimator( 1389): at com.android.server.wm.WindowAnimator$1.run(WindowAnimator.java:126)
F/WindowAnimator( 1389): at android.view.Choreographer$CallbackRecord.run(Choreographer.java:767)
F/WindowAnimator( 1389): at android.view.Choreographer.doCallbacks(Choreographer.java:580)
F/WindowAnimator( 1389): at android.view.Choreographer.doFrame(Choreographer.java:549)
F/WindowAnimator( 1389): at android.view.Choreographer$FrameDisplayEventReceiver.run(Choreographer.java:753)
F/WindowAnimator( 1389): at android.os.Handler.handleCallback(Handler.java:739)
F/WindowAnimator( 1389): at android.os.Handler.dispatchMessage(Handler.java:95)
F/WindowAnimator( 1389): at android.os.Looper.loop(Looper.java:135)
F/WindowAnimator( 1389): at android.os.HandlerThread.run(HandlerThread.java:61)
F/WindowAnimator( 1389): at com.android.server.ServiceThread.run(ServiceThread.java:46)
E/SurfaceFlinger( 697): Permission Denial: can't access SurfaceFlinger pid=1389, uid=1000
E/SurfaceFlinger( 697): Permission Denial: can't access SurfaceFlinger pid=1389, uid=1000
E/SurfaceFlinger( 697): Permission Denial: can't access SurfaceFlinger pid=1389, uid=1000
I/SystemServer( 1389): Making services ready
I/SystemServiceManager( 1389): Starting phase 550
I/DigitalPenOffScreenDisplayAdapter( 1389): mInfo is null, getting a new one
I/DisplayManagerService( 1389): Display device added: DisplayDeviceInfo{"Digital Pen off-screen display": uniqueId="null", 480 x 640, 60.0 fps, supportedRefreshRates [], density 160, 160.0 x 160.0 dpi, appVsyncOff 0, presDeadline 0, touch EXTERNAL, rotation 0, type BUILT_IN, state ON, FLAG_ROTATES_WITH_CONTENT}
I/SystemServer( 1389): WebViewFactory preparation
F/WindowManager( 1389): Unhandled exception in Window Manager
F/WindowManager( 1389): java.lang.IllegalArgumentException: displayToken must not be null
F/WindowManager( 1389): at android.view.SurfaceControl.setDisplayLayerStack(SurfaceControl.java:588)
F/WindowManager( 1389): at com.android.server.display.DisplayDevice.setLayerStackInTransactionLocked(DisplayDevice.java:140)
F/WindowManager( 1389): at com.android.server.display.LogicalDisplay.configureDisplayInTransactionLocked(LogicalDisplay.java:262)
F/WindowManager( 1389): at com.android.server.display.DisplayManagerService.configureDisplayInTransactionLocked(DisplayManagerService.java:884)
F/WindowManager( 1389): at com.android.server.display.DisplayManagerService.performTraversalInTransactionLocked(DisplayManagerService.java:806)
F/WindowManager( 1389): at com.android.server.display.DisplayManagerService.performTraversalInTransactionFromWindowManagerInternal(DisplayManagerService.java:317)
F/WindowManager( 1389): at com.android.server.display.DisplayManagerService.access$4200(DisplayManagerService.java:112)
F/WindowManager( 1389): at com.android.server.display.DisplayManagerService$LocalService.performTraversalInTransactionFromWindowManager(DisplayManagerService.java:1539)
F/WindowManager( 1389): at com.android.server.wm.WindowManagerService.performLayoutAndPlaceSurfacesLockedInner(WindowManagerService.java:9960)
F/WindowManager( 1389): at com.android.server.wm.WindowManagerService.performLayoutAndPlaceSurfacesLockedLoop(WindowManagerService.java:8828)
F/WindowManager( 1389): at com.android.server.wm.WindowManagerService.performLayoutAndPlaceSurfacesLocked(WindowManagerService.java:8770)
F/WindowManager( 1389): at com.android.server.wm.WindowManagerService.access$400(WindowManagerService.java:163)
F/WindowManager( 1389): at com.android.server.wm.WindowManagerService$H.handleMessage(WindowManagerService.java:7736)
F/WindowManager( 1389): at android.os.Handler.dispatchMessage(Handler.java:102)
F/WindowManager( 1389): at android.os.Looper.loop(Looper.java:135)
F/WindowManager( 1389): at android.os.HandlerThread.run(HandlerThread.java:61)
F/WindowManager( 1389): at com.android.server.ServiceThread.run(ServiceThread.java:46)
E/SurfaceFlinger( 697): Permission Denial: can't access SurfaceFlinger pid=1389, uid=1000
