E/QC-QMI ( 796): qmi_qmux: TX failed, connection inactive or in reset, conn_id=48, status_flags=4
E/QC-QMI ( 796): qmi_ctl_tx_msg: qmi_qmux_tx_msg failed
E/QC-QMI ( 796): qmi_ctl_handle_request: qmi_ctl_tx_msg call failed
E/QC-QMI ( 796): qmi_qmux_open_connection: connection is disabled for conn_id=57
E/QC-QMI ( 796): qmi_qmux_tx_msg: failed to open inactive connd_id=57
E/QC-QMI ( 796): qmi_qmux: TX failed, connection inactive or in reset, conn_id=57, status_flags=4
E/QC-QMI ( 796): qmi_ctl_tx_msg: qmi_qmux_tx_msg failed
E/QC-QMI ( 796): qmi_ctl_handle_request: qmi_ctl_tx_msg call failed
E/QC-QMI ( 796): qmi_qmux_open_connection: connection is disabled for conn_id=57
E/QC-QMI ( 796): qmi_qmux_tx_msg: failed to open inactive connd_id=57
E/QC-QMI ( 796): qmi_qmux: TX failed, connection inactive or in reset, conn_id=57, status_flags=4
E/QC-QMI ( 796): qmi_ctl_tx_msg: qmi_qmux_tx_msg failed
E/QC-QMI ( 796): qmi_ctl_handle_request: qmi_ctl_tx_msg call failed
V/WLAN_PSA( 682): NL MSG, len[914], NL type[0x11] WNI type[0x5050] len[894]
V/WLAN_PSA( 682): NL MSG, PID: 682
V/WLAN_PSA( 682): NL MSG, len[3984], NL type[0x1C] WNI type[0x5900] len[30735]
V/WLAN_PSA( 682): NL MSG, PID: 682
V/WLAN_PSA( 682): NL MSG, len[4028], NL type[0x1C] WNI type[0x5900] len[41999]
V/WLAN_PSA( 682): NL MSG, PID: 682
V/WLAN_PSA( 682): NL MSG, len[4028], NL type[0x1C] WNI type[0x5900] len[41999]
V/WLAN_PSA( 682): NL MSG, PID: 682
I/dex2oat ( 1956): dex2oat took 1.559s (threads: 4) arena alloc=104KB java alloc=1993KB native alloc=3MB free=4MB
V/WLAN_PSA( 682): NL MSG, len[048], NL type[0x11] WNI type[0x5050] len[028]
V/WLAN_PSA( 682): NL MSG, PID: 682
V/WLAN_PSA( 682): NL MSG, len[048], NL type[0x11] WNI type[0x5050] len[028]
V/WLAN_PSA( 682): NL MSG, PID: 682
V/WLAN_PSA( 682): NL MSG, len[048], NL type[0x11] WNI type[0x5050] len[028]
V/WLAN_PSA( 682): NL MSG, PID: 682
I/PackageManager( 1389): Running dexopt on: /system/priv-app/Mms/Mms.apk pkg=com.android.mms isa=arm vmSafeMode=false
I/dex2oat ( 2013): /system/bin/dex2oat --zip-fd=5 --zip-location=/system/priv-app/Mms/Mms.apk --oat-fd=6 --oat-location=/data/dalvik-cache/arm/system@priv-app@Mms@Mms.apk@classes.dex --instruction-set=arm --instruction-set-features=div --runtime-arg -Xms64m --runtime-arg -Xmx512m --swap-fd=7
V/WLAN_PSA( 682): NL MSG, len[4036], NL type[0x1C] WNI type[0x5900] len[44047]
V/WLAN_PSA( 682): NL MSG, PID: 682
V/WLAN_PSA( 682): NL MSG, len[048], NL type[0x11] WNI type[0x5050] len[028]
V/WLAN_PSA( 682): NL MSG, PID: 682
V/WLAN_PSA( 682): NL MSG, len[048], NL type[0x11] WNI type[0x5050] len[028]
V/WLAN_PSA( 682): NL MSG, PID: 682
V/WLAN_PSA( 682): NL MSG, len[048], NL type[0x11] WNI type[0x5050] len[028]
V/WLAN_PSA( 682): NL MSG, PID: 682
V/WLAN_PSA( 682): NL MSG, len[4091], NL type[0x1C] WNI type[0x5900] len[58127]
V/WLAN_PSA( 682): NL MSG, PID: 682
V/WLAN_PSA( 682): NL MSG, len[048], NL type[0x11] WNI type[0x5050] len[028]
V/WLAN_PSA( 682): NL MSG, PID: 682
V/WLAN_PSA( 682): NL MSG, len[4029], NL type[0x1C] WNI type[0x5900] len[42255]
V/WLAN_PSA( 682): NL MSG, PID: 682
I/dex2oat ( 2013): Decided to run without swap.
V/WLAN_PSA( 682): NL MSG, len[4009], NL type[0x1C] WNI type[0x5900] len[37135]
V/WLAN_PSA( 682): NL MSG, PID: 682
V/WLAN_PSA( 682): NL MSG, len[056], NL type[0x11] WNI type[0x5050] len[036]
V/WLAN_PSA( 682): NL MSG, PID: 682
V/WLAN_PSA( 682): NL MSG, len[048], NL type[0x11] WNI type[0x5050] len[028]
V/WLAN_PSA( 682): NL MSG, PID: 682
V/WLAN_PSA( 682): NL MSG, len[4075], NL type[0x1C] WNI type[0x5900] len[54031]
V/WLAN_PSA( 682): NL MSG, PID: 682
V/WLAN_PSA( 682): NL MSG, len[056], NL type[0x11] WNI type[0x5050] len[036]
V/WLAN_PSA( 682): NL MSG, PID: 682
V/WLAN_PSA( 682): NL MSG, len[048], NL type[0x11] WNI type[0x5050] len[028]
V/WLAN_PSA( 682): NL MSG, PID: 682
V/WLAN_PSA( 682): NL MSG, len[021], NL type[0x18] WNI type[0x B73] len[000]
V/WLAN_PSA( 682): NL MSG, PID: 0
V/WLAN_PSA( 682): NL MSG, len[4006], NL type[0x1C] WNI type[0x5900] len[36367]
V/WLAN_PSA( 682): NL MSG, PID: 682
V/WLAN_PSA( 682): NL MSG, len[047], NL type[0x11] WNI type[0x5050] len[027]
V/WLAN_PSA( 682): NL MSG, PID: 682
V/WLAN_PSA( 682): NL MSG, len[4004], NL type[0x1C] WNI type[0x5900] len[35855]
V/WLAN_PSA( 682): NL MSG, PID: 682
D/libEGL ( 2015): loaded /vendor/lib/egl/libEGL_adreno.so
D/libEGL ( 2015): loaded /vendor/lib/egl/libGLESv1_CM_adreno.so
D/libEGL ( 2015): loaded /vendor/lib/egl/libGLESv2_adreno.so
I/Adreno-EGL( 2015): : EGL 1.4 QUALCOMM build: ()
I/Adreno-EGL( 2015): OpenGL ES Shader Compiler Version: E031.25.03.06
I/Adreno-EGL( 2015): Build Date: 01/14/16 Thu I/Adreno-EGL( 2015): Local Branch:
I/Adreno-EGL( 2015): Remote Branch:
I/Adreno-EGL( 2015): Local Patches:
I/Adreno-EGL( 2015): Reconstruct Branch:
V/WLAN_PSA( 682): NL MSG, len[048], NL type[0x11] WNI type[0x5050] len[028]
V/WLAN_PSA( 682): NL MSG, PID: 682
V/WLAN_PSA( 682): NL MSG, len[4029], NL type[0x1C] WNI type[0x5900] len[42255]
V/WLAN_PSA( 682): NL MSG, PID: 682
V/WLAN_PSA( 682): NL MSG, len[048], NL type[0x11] WNI type[0x5050] len[028]
V/WLAN_PSA( 682): NL MSG, PID: 682
V/WLAN_PSA( 682): NL MSG, len[045], NL type[0x11] WNI type[0x5050] len[025]
V/WLAN_PSA( 682): NL MSG, PID: 682
V/WLAN_PSA( 682): NL MSG, len[048], NL type[0x11] WNI type[0x5050] len[028]
V/WLAN_PSA( 682): NL MSG, PID: 682
V/WLAN_PSA( 682): NL MSG, len[4055], NL type[0x1C] WNI type[0x5900] len[48911]
V/WLAN_PSA( 682): NL MSG, PID: 682
V/WLAN_PSA( 682): NL MSG, len[048], NL type[0x11] WNI type[0x5050] len[028]
V/WLAN_PSA( 682): NL MSG, PID: 682
V/WLAN_PSA( 682): NL MSG, len[045], NL type[0x11] WNI type[0x5050] len[025]
V/WLAN_PSA( 682): NL MSG, PID: 682
V/WLAN_PSA( 682): NL MSG, len[045], NL type[0x11] WNI type[0x5050] len[025]
V/WLAN_PSA( 682): NL MSG, PID: 682
V/WLAN_PSA( 682): NL MSG, len[048], NL type[0x11] WNI type[0x5050] len[028]
V/WLAN_PSA( 682): NL MSG, PID: 682
V/WLAN_PSA( 682): NL MSG, len[4019], NL type[0x1C] WNI type[0x5900] len[39695]
V/WLAN_PSA( 682): NL MSG, PID: 682
V/WLAN_PSA( 682): NL MSG, len[048], NL type[0x11] WNI type[0x5050] len[028]
V/WLAN_PSA( 682): NL MSG, PID: 682
V/WLAN_PSA( 682): NL MSG, len[045], NL type[0x11] WNI type[0x5050] len[025]
V/WLAN_PSA( 682): NL MSG, PID: 682
V/WLAN_PSA( 682): NL MSG, len[4011], NL type[0x1C] WNI type[0x5900] len[37647]
V/WLAN_PSA( 682): NL MSG, PID: 682
E/USB_UICC( 683): Timeout! No signal received. Retry num = 11
E/QC-QMI ( 796): qmi_qmux_open_connection: connection is disabled for conn_id=29
E/QC-QMI ( 796): qmi_qmux_tx_msg: failed to open inactive connd_id=29
E/QC-QMI ( 796): qmi_qmux: TX failed, connection inactive or in reset, conn_id=29, status_flags=4
E/QC-QMI ( 796): qmi_ctl_tx_msg: qmi_qmux_tx_msg failed
E/QC-QMI ( 796): qmi_ctl_handle_request: qmi_ctl_tx_msg call failed
E/QC-QMI ( 796): qmi_qmux_open_connection: connection is disabled for conn_id=29
E/QC-QMI ( 796): qmi_qmux_tx_msg: failed to open inactive connd_id=29
E/QC-QMI ( 796): qmi_qmux: TX failed, connection inactive or in reset, conn_id=29, status_flags=4
E/QC-QMI ( 796): qmi_ctl_tx_msg: qmi_qmux_tx_msg failed
E/QC-QMI ( 796): qmi_ctl_handle_request: qmi_ctl_tx_msg call failed
E/QC-QMI ( 796): qmi_qmux_open_connection: connection is disabled for conn_id=48
E/QC-QMI ( 796): qmi_qmux_tx_msg: failed to open inactive connd_id=48
E/QC-QMI ( 796): qmi_qmux: TX failed, connection inactive or in reset, conn_id=48, status_flags=4
E/QC-QMI ( 796): qmi_ctl_tx_msg: qmi_qmux_tx_msg failed
E/QC-QMI ( 796): qmi_ctl_handle_request: qmi_ctl_tx_msg call failed
E/QC-QMI ( 796): qmi_qmux_open_connection: connection is disabled for conn_id=48
E/QC-QMI ( 796): qmi_qmux_tx_msg: failed to open inactive connd_id=48
E/QC-QMI ( 796): qmi_qmux: TX failed, connection inactive or in reset, conn_id=48, status_flags=4
E/QC-QMI ( 796): qmi_ctl_tx_msg: qmi_qmux_tx_msg failed
E/QC-QMI ( 796): qmi_ctl_handle_request: qmi_ctl_tx_msg call failed
E/QC-QMI ( 796): qmi_qmux_open_connection: connection is disabled for conn_id=57
E/QC-QMI ( 796): qmi_qmux_tx_msg: failed to open inactive connd_id=57
E/QC-QMI ( 796): qmi_qmux: TX failed, connection inactive or in reset, conn_id=57, status_flags=4
E/QC-QMI ( 796): qmi_ctl_tx_msg: qmi_qmux_tx_msg failed
E/QC-QMI ( 796): qmi_ctl_handle_request: qmi_ctl_tx_msg call failed
E/QC-QMI ( 796): qmi_qmux_open_connection: connection is disabled for conn_id=57
E/QC-QMI ( 796): qmi_qmux_tx_msg: failed to open inactive connd_id=57
E/QC-QMI ( 796): qmi_qmux: TX failed, connection inactive or in reset, conn_id=57, status_flags=4
E/QC-QMI ( 796): qmi_ctl_tx_msg: qmi_qmux_tx_msg failed
E/QC-QMI ( 796): qmi_ctl_handle_request: qmi_ctl_tx_msg call failed
E/QC-QMI ( 796): qmi_qmux_open_connection: connection is disabled for conn_id=29
E/QC-QMI ( 796): qmi_qmux_tx_msg: failed to open inactive connd_id=29
E/QC-QMI ( 796): qmi_qmux: TX failed, connection inactive or in reset, conn_id=29, status_flags=4
E/QC-QMI ( 796): qmi_ctl_tx_msg: qmi_qmux_tx_msg failed
E/QC-QMI ( 796): qmi_ctl_handle_request: qmi_ctl_tx_msg call failed
E/QC-QMI ( 796): qmi_qmux_open_connection: connection is disabled for conn_id=29
E/QC-QMI ( 796): qmi_qmux_tx_msg: failed to open inactive connd_id=29
E/QC-QMI ( 796): qmi_qmux: TX failed, connection inactive or in reset, conn_id=29, status_flags=4
E/QC-QMI ( 796): qmi_ctl_tx_msg: qmi_qmux_tx_msg failed
E/QC-QMI ( 796): qmi_ctl_handle_request: qmi_ctl_tx_msg call failed
E/QC-QMI ( 796): qmi_qmux_open_connection: connection is disabled for conn_id=48
E/QC-QMI ( 796): qmi_qmux_tx_msg: failed to open inactive connd_id=48
E/QC-QMI ( 796): qmi_qmux: TX failed, connection inactive or in reset, conn_id=48, status_flags=4
E/QC-QMI ( 796): qmi_ctl_tx_msg: qmi_qmux_tx_msg failed
E/QC-QMI ( 796): qmi_ctl_handle_request: qmi_ctl_tx_msg call failed
E/QC-QMI ( 796): qmi_qmux_open_connection: connection is disabled for conn_id=48
E/QC-QMI ( 796): qmi_qmux_tx_msg: failed to open inactive connd_id=48
E/QC-QMI ( 796): qmi_qmux: TX failed, connection inactive or in reset, conn_id=48, status_flags=4
E/QC-QMI ( 796): qmi_ctl_tx_msg: qmi_qmux_tx_msg failed
E/QC-QMI ( 796): qmi_ctl_handle_request: qmi_ctl_tx_msg call failed
E/QC-QMI ( 796): qmi_qmux_open_connection: connection is disabled for conn_id=57
E/QC-QMI ( 796): qmi_qmux_tx_msg: failed to open inactive connd_id=57
E/QC-QMI ( 796): qmi_qmux: TX failed, connection inactive or in reset, conn_id=57, status_flags=4
E/QC-QMI ( 796): qmi_ctl_tx_msg: qmi_qmux_tx_msg failed
E/QC-QMI ( 796): qmi_ctl_handle_request: qmi_ctl_tx_msg call failed
E/QC-QMI ( 796): qmi_qmux_open_connection: connection is disabled for conn_id=57
E/QC-QMI ( 796): qmi_qmux_tx_msg: failed to open inactive connd_id=57
E/QC-QMI ( 796): qmi_qmux: TX failed, connection inactive or in reset, conn_id=57, status_flags=4
E/QC-QMI ( 796): qmi_ctl_tx_msg: qmi_qmux_tx_msg failed
E/QC-QMI ( 796): qmi_ctl_handle_request: qmi_ctl_tx_msg call failed
E/QC-QMI ( 796): qmi_qmux_open_connection: connection is disabled for conn_id=29
E/QC-QMI ( 796): qmi_qmux_tx_msg: failed to open inactive connd_id=29
E/QC-QMI ( 796): qmi_qmux: TX failed, connection inactive or in reset, conn_id=29, status_flags=4
E/QC-QMI ( 796): qmi_ctl_tx_msg: qmi_qmux_tx_msg failed
E/QC-QMI ( 796): qmi_ctl_handle_request: qmi_ctl_tx_msg call failed
E/QC-QMI ( 796): qmi_qmux_open_connection: connection is disabled for conn_id=29
E/QC-QMI ( 796): qmi_qmux_tx_msg: failed to open inactive connd_id=29
E/QC-QMI ( 796): qmi_qmux: TX failed, connection inactive or in reset, conn_id=29, status_flags=4
E/QC-QMI ( 796): qmi_ctl_tx_msg: qmi_qmux_tx_msg failed
E/QC-QMI ( 796): qmi_ctl_handle_request: qmi_ctl_tx_msg call failed
E/QC-QMI ( 796): qmi_qmux_open_connection: connection is disabled for conn_id=48
E/QC-QMI ( 796): qmi_qmux_tx_msg: failed to open inactive connd_id=48
E/QC-QMI ( 796): qmi_qmux: TX failed, connection inactive or in reset, conn_id=48, status_flags=4
E/QC-QMI ( 796): qmi_ctl_tx_msg: qmi_qmux_tx_msg failed
E/QC-QMI ( 796): qmi_ctl_handle_request: qmi_ctl_tx_msg call failed
E/QC-QMI ( 796): qmi_qmux_open_connection: connection is disabled for conn_id=48
E/QC-QMI ( 796): qmi_qmux_tx_msg: failed to open inactive connd_id=48
E/QC-QMI ( 796): qmi_qmux: TX failed, connection inactive or in reset, conn_id=48, status_flags=4
E/QC-QMI ( 796): qmi_ctl_tx_msg: qmi_qmux_tx_msg failed
E/QC-QMI ( 796): qmi_ctl_handle_request: qmi_ctl_tx_msg call failed
E/QC-QMI ( 796): qmi_qmux_open_connection: connection is disabled for conn_id=57
E/QC-QMI ( 796): qmi_qmux_tx_msg: failed to open inactive connd_id=57
E/QC-QMI ( 796): qmi_qmux: TX failed, connection inactive or in reset, conn_id=57, status_flags=4
E/QC-QMI ( 796): qmi_ctl_tx_msg: qmi_qmux_tx_msg failed
E/QC-QMI ( 796): qmi_ctl_handle_request: qmi_ctl_tx_msg call failed
E/QC-QMI ( 796): qmi_qmux_open_connection: connection is disabled for conn_id=57
E/QC-QMI ( 796): qmi_qmux_tx_msg: failed to open inactive connd_id=57
E/QC-QMI ( 796): qmi_qmux: TX failed, connection inactive or in reset, conn_id=57, status_flags=4
E/QC-QMI ( 796): qmi_ctl_tx_msg: qmi_qmux_tx_msg failed
E/QC-QMI ( 796): qmi_ctl_handle_request: qmi_ctl_tx_msg call failed
E/QC-QMI ( 796): qmi_qmux_open_connection: connection is disabled for conn_id=29
E/QC-QMI ( 796): qmi_qmux_tx_msg: failed to open inactive connd_id=29
E/QC-QMI ( 796): qmi_qmux: TX failed, connection inactive or in reset, conn_id=29, status_flags=4
E/QC-QMI ( 796): qmi_ctl_tx_msg: qmi_qmux_tx_msg failed
E/QC-QMI ( 796): qmi_ctl_handle_request: qmi_ctl_tx_msg call failed
E/QC-QMI ( 796): qmi_qmux_open_connection: connection is disabled for conn_id=29
E/QC-QMI ( 796): qmi_qmux_tx_msg: failed to open inactive connd_id=29
E/QC-QMI ( 796): qmi_qmux: TX failed, connection inactive or in reset, conn_id=29, status_flags=4
E/QC-QMI ( 796): qmi_ctl_tx_msg: qmi_qmux_tx_msg failed
E/QC-QMI ( 796): qmi_ctl_handle_request: qmi_ctl_tx_msg call failed
E/QC-QMI ( 796): qmi_qmux_open_connection: connection is disabled for conn_id=48
E/QC-QMI ( 796): qmi_qmux_tx_msg: failed to open inactive connd_id=48
E/QC-QMI ( 796): qmi_qmux: TX failed, connection inactive or in reset, conn_id=48, status_flags=4
E/QC-QMI ( 796): qmi_ctl_tx_msg: qmi_qmux_tx_msg failed
E/QC-QMI ( 796): qmi_ctl_handle_request: qmi_ctl_tx_msg call failed
E/QC-QMI ( 796): qmi_qmux_open_connection: connection is disabled for conn_id=48
E/QC-QMI ( 796): qmi_qmux_tx_msg: failed to open inactive connd_id=48
E/QC-QMI ( 796): qmi_qmux: TX failed, connection inactive or in reset, conn_id=48, status_flags=4
E/QC-QMI ( 796): qmi_ctl_tx_msg: qmi_qmux_tx_msg failed
E/QC-QMI ( 796): qmi_ctl_handle_request: qmi_ctl_tx_msg call failed
E/QC-QMI ( 796): qmi_qmux_open_connection: connection is disabled for conn_id=57
E/QC-QMI ( 796): qmi_qmux_tx_msg: failed to open inactive connd_id=57
E/QC-QMI ( 796): qmi_qmux: TX failed, connection inactive or in reset, conn_id=57, status_flags=4
E/QC-QMI ( 796): qmi_ctl_tx_msg: qmi_qmux_tx_msg failed
E/QC-QMI ( 796): qmi_ctl_handle_request: qmi_ctl_tx_msg call failed
E/QC-QMI ( 796): qmi_qmux_open_connection: connection is disabled for conn_id=57
E/QC-QMI ( 796): qmi_qmux_tx_msg: failed to open inactive connd_id=57
E/QC-QMI ( 796): qmi_qmux: TX failed, connection inactive or in reset, conn_id=57, status_flags=4
E/QC-QMI ( 796): qmi_ctl_tx_msg: qmi_qmux_tx_msg failed
E/QC-QMI ( 796): qmi_ctl_handle_request: qmi_ctl_tx_msg call failed
E/QC-QMI ( 796): qmi_qmux_open_connection: connection is disabled for conn_id=29
E/QC-QMI ( 796): qmi_qmux_tx_msg: failed to open inactive connd_id=29
E/QC-QMI ( 796): qmi_qmux: TX failed, connection inactive or in reset, conn_id=29, status_flags=4
E/QC-QMI ( 796): qmi_ctl_tx_msg: qmi_qmux_tx_msg failed
E/QC-QMI ( 796): qmi_ctl_handle_request: qmi_ctl_tx_msg call failed
E/QC-QMI ( 796): qmi_qmux_open_connection: connection is disabled for conn_id=29
E/QC-QMI ( 796): qmi_qmux_tx_msg: failed to open inactive connd_id=29
E/QC-QMI ( 796): qmi_qmux: TX failed, connection inactive or in reset, conn_id=29, status_flags=4
E/QC-QMI ( 796): qmi_ctl_tx_msg: qmi_qmux_tx_msg failed
E/QC-QMI ( 796): qmi_ctl_handle_request: qmi_ctl_tx_msg call failed
E/QC-QMI ( 796): qmi_qmux_open_connection: connection is disabled for conn_id=48
E/QC-QMI ( 796): qmi_qmux_tx_msg: failed to open inactive connd_id=48
E/QC-QMI ( 796): qmi_qmux: TX failed, connection inactive or in reset, conn_id=48, status_flags=4
E/QC-QMI ( 796): qmi_ctl_tx_msg: qmi_qmux_tx_msg failed
E/QC-QMI ( 796): qmi_ctl_handle_request: qmi_ctl_tx_msg call failed
E/QC-QMI ( 796): qmi_qmux_open_connection: connection is disabled for conn_id=48
E/QC-QMI ( 796): qmi_qmux_tx_msg: failed to open inactive connd_id=48
E/QC-QMI ( 796): qmi_qmux: TX failed, connection inactive or in reset, conn_id=48, status_flags=4
E/QC-QMI ( 796): qmi_ctl_tx_msg: qmi_qmux_tx_msg failed
E/QC-QMI ( 796): qmi_ctl_handle_request: qmi_ctl_tx_msg call failed
E/QC-QMI ( 796): qmi_qmux_open_connection: connection is disabled for conn_id=57
E/QC-QMI ( 796): qmi_qmux_tx_msg: failed to open inactive connd_id=57
E/QC-QMI ( 796): qmi_qmux: TX failed, connection inactive or in reset, conn_id=57, status_flags=4
E/QC-QMI ( 796): qmi_ctl_tx_msg: qmi_qmux_tx_msg failed
E/QC-QMI ( 796): qmi_ctl_handle_request: qmi_ctl_tx_msg call failed
E/QC-QMI ( 796): qmi_qmux_open_connection: connection is disabled for conn_id=57
E/QC-QMI ( 796): qmi_qmux_tx_msg: failed to open inactive connd_id=57
E/QC-QMI ( 796): qmi_qmux: TX failed, connection inactive or in reset, conn_id=57, status_flags=4
E/QC-QMI ( 796): qmi_ctl_tx_msg: qmi_qmux_tx_msg failed
E/QC-QMI ( 796): qmi_ctl_handle_request: qmi_ctl_tx_msg call failed
E/QC-QMI ( 796): qmi_qmux_open_connection: connection is disabled for conn_id=29
E/QC-QMI ( 796): qmi_qmux_tx_msg: failed to open inactive connd_id=29
E/QC-QMI ( 796): qmi_qmux: TX failed, connection inactive or in reset, conn_id=29, status_flags=4
E/QC-QMI ( 796): qmi_ctl_tx_msg: qmi_qmux_tx_msg failed
E/QC-QMI ( 796): qmi_ctl_handle_request: qmi_ctl_tx_msg call failed
E/QC-QMI ( 796): qmi_qmux_open_connection: connection is disabled for conn_id=29
E/QC-QMI ( 796): qmi_qmux_tx_msg: failed to open inactive connd_id=29
E/QC-QMI ( 796): qmi_qmux: TX failed, connection inactive or in reset, conn_id=29, status_flags=4
E/QC-QMI ( 796): qmi_ctl_tx_msg: qmi_qmux_tx_msg failed
E/QC-QMI ( 796): qmi_ctl_handle_request: qmi_ctl_tx_msg call failed
E/QC-QMI ( 796): qmi_qmux_open_connection: connection is disabled for conn_id=48
E/QC-QMI ( 796): qmi_qmux_tx_msg: failed to open inactive connd_id=48
E/QC-QMI ( 796): qmi_qmux: TX failed, connection inactive or in reset, conn_id=48, status_flags=4
E/QC-QMI ( 796): qmi_ctl_tx_msg: qmi_qmux_tx_msg failed
E/QC-QMI ( 796): qmi_ctl_handle_request: qmi_ctl_tx_msg call failed
E/QC-QMI ( 796): qmi_qmux_open_connection: connection is disabled for conn_id=48
E/QC-QMI ( 796): qmi_qmux_tx_msg: failed to open inactive connd_id=48
E/QC-QMI ( 796): qmi_qmux: TX failed, connection inactive or in reset, conn_id=48, status_flags=4
E/QC-QMI ( 796): qmi_ctl_tx_msg: qmi_qmux_tx_msg failed
E/QC-QMI ( 796): qmi_ctl_handle_request: qmi_ctl_tx_msg call failed
E/QC-QMI ( 796): qmi_qmux_open_connection: connection is disabled for conn_id=57
E/QC-QMI ( 796): qmi_qmux_tx_msg: failed to open inactive connd_id=57
E/QC-QMI ( 796): qmi_qmux: TX failed, connection inactive or in reset, conn_id=57, status_flags=4
E/QC-QMI ( 796): qmi_ctl_tx_msg: qmi_qmux_tx_msg failed
E/QC-QMI ( 796): qmi_ctl_handle_request: qmi_ctl_tx_msg call failed
E/QC-QMI ( 796): qmi_qmux_open_connection: connection is disabled for conn_id=57
E/QC-QMI ( 796): qmi_qmux_tx_msg: failed to open inactive connd_id=57
E/QC-QMI ( 796): qmi_qmux: TX failed, connection inactive or in reset, conn_id=57, status_flags=4
E/QC-QMI ( 796): qmi_ctl_tx_msg: qmi_qmux_tx_msg failed
E/QC-QMI ( 796): qmi_ctl_handle_request: qmi_ctl_tx_msg call failed
E/qdhwcomposer( 1212): isValidDimension: layer handle is NULL
E/qdhwcomposer( 1212): isValidDimension: layer handle is NULL
V/WLAN_PSA( 682): NL MSG, len[4021], NL type[0x1C] WNI type[0x5900] len[40207]
V/WLAN_PSA( 682): NL MSG, PID: 682
V/WLAN_PSA( 682): NL MSG, len[048], NL type[0x11] WNI type[0x5050] len[028]
V/WLAN_PSA( 682): NL MSG, PID: 682
V/WLAN_PSA( 682): NL MSG, len[048], NL type[0x11] WNI type[0x5050] len[028]
V/WLAN_PSA( 682): NL MSG, PID: 682
E/USB_UICC( 683): Timeout! No signal received. Retry num = 12
I/MP-Decision( 2124): OPTION ENABLED: Adjusting average
I/MP-Decision( 2124): Decision parameters CPU 0: Nw=0.000000, Tw=0, Ns=0.000000, Ts=0
I/MP-Decision( 2124): util_h_and=0, util_h_or=0, util_low=0
I/MP-Decision( 2124): Decision parameters CPU 1: Nw=1.900000, Tw=140, Ns=1.100000, Ts=190
I/MP-Decision( 2124): util_h_and=35, util_h_or=75, util_low=20
I/MP-Decision( 2124): Decision parameters CPU 2: Nw=2.700000, Tw=90, Ns=2.100000, Ts=240
I/MP-Decision( 2124): util_h_and=0, util_h_or=400, util_low=0
I/MP-Decision( 2124): Decision parameters CPU 3: Nw=3.500000, Tw=90, Ns=3.100000, Ts=240
I/MP-Decision( 2124): util_h_and=0, util_h_or=400, util_low=0
I/MP-Decision( 2124): Decision parameters: poll_ms: 9 decision_ms: 50
I/MP-Decision( 2124): Available core list/order for available_cpus - 4: 0 3 2 1
E/NetlinkListener( 1620): recvmsg failed (I/O error)
E/NetlinkListener( 696): recvmsg failed (I/O error)
E/NetlinkListener( 1620): recvmsg failed (I/O error)
E/NetlinkListener( 696): recvmsg failed (I/O error)
E/NetlinkListener( 696): recvmsg failed (I/O error)
E/NetlinkListener( 1620): recvmsg failed (I/O error)
E/NetlinkListener( 696): recvmsg failed (I/O error)
E/NetlinkListener( 1620): recvmsg failed (I/O error)
D/su ( 2151): su invoked.
D/su ( 2151): starting daemon client 0 0
E/su ( 2151): connect failed with 2: No such file or directory
E/QC-QMI ( 796): qmi_qmux_open_connection: connection is disabled for conn_id=29
E/QC-QMI ( 796): qmi_qmux_tx_msg: failed to open inactive connd_id=29
E/QC-QMI ( 796): qmi_qmux: TX failed, connection inactive or in reset, conn_id=29, status_flags=4
E/QC-QMI ( 796): qmi_ctl_tx_msg: qmi_qmux_tx_msg failed
E/QC-QMI ( 796): qmi_ctl_handle_request: qmi_ctl_tx_msg call failed
E/QC-QMI ( 796): qmi_qmux_open_connection: connection is disabled for conn_id=29
E/QC-QMI ( 796): qmi_qmux_tx_msg: failed to open inactive connd_id=29
E/QC-QMI ( 796): qmi_qmux: TX failed, connection inactive or in reset, conn_id=29, status_flags=4
E/QC-QMI ( 796): qmi_ctl_tx_msg: qmi_qmux_tx_msg failed
E/QC-QMI ( 796): qmi_ctl_handle_request: qmi_ctl_tx_msg call failed
E/QC-QMI ( 796): qmi_qmux_open_connection: connection is disabled for conn_id=48
E/QC-QMI ( 796): qmi_qmux_tx_msg: failed to open inactive connd_id=48
E/QC-QMI ( 796): qmi_qmux: TX failed, connection inactive or in reset, conn_id=48, status_flags=4
E/QC-QMI ( 796): qmi_ctl_tx_msg: qmi_qmux_tx_msg failed
E/QC-QMI ( 796): qmi_ctl_handle_request: qmi_ctl_tx_msg call failed
E/QC-QMI ( 796): qmi_qmux_open_connection: connection is disabled for conn_id=48
E/QC-QMI ( 796): qmi_qmux_tx_msg: failed to open inactive connd_id=48
E/QC-QMI ( 796): qmi_qmux: TX failed, connection inactive or in reset, conn_id=48, status_flags=4
E/QC-QMI ( 796): qmi_ctl_tx_msg: qmi_qmux_tx_msg failed
E/QC-QMI ( 796): qmi_ctl_handle_request: qmi_ctl_tx_msg call failed
E/QC-QMI ( 796): qmi_qmux_open_connection: connection is disabled for conn_id=57
E/QC-QMI ( 796): qmi_qmux_tx_msg: failed to open inactive connd_id=57
E/QC-QMI ( 796): qmi_qmux: TX failed, connection inactive or in reset, conn_id=57, status_flags=4
E/QC-QMI ( 796): qmi_ctl_tx_msg: qmi_qmux_tx_msg failed
E/QC-QMI ( 796): qmi_ctl_handle_request: qmi_ctl_tx_msg call failed
E/QC-QMI ( 796): qmi_qmux_open_connection: connection is disabled for conn_id=57
E/QC-QMI ( 796): qmi_qmux_tx_msg: failed to open inactive connd_id=57
E/QC-QMI ( 796): qmi_qmux: TX failed, connection inactive or in reset, conn_id=57, status_flags=4
E/QC-QMI ( 796): qmi_ctl_tx_msg: qmi_qmux_tx_msg failed
E/QC-QMI ( 796): qmi_ctl_handle_request: qmi_ctl_tx_msg call failed
E/QC-QMI ( 796): qmi_qmux_open_connection: connection is disabled for conn_id=29
E/QC-QMI ( 796): qmi_qmux_tx_msg: failed to open inactive connd_id=29
E/QC-QMI ( 796): qmi_qmux: TX failed, connection inactive or in reset, conn_id=29, status_flags=4
E/QC-QMI ( 796): qmi_ctl_tx_msg: qmi_qmux_tx_msg failed
E/QC-QMI ( 796): qmi_ctl_handle_request: qmi_ctl_tx_msg call failed
E/QC-QMI ( 796): qmi_qmux_open_connection: connection is disabled for conn_id=29
E/QC-QMI ( 796): qmi_qmux_tx_msg: failed to open inactive connd_id=29
E/QC-QMI ( 796): qmi_qmux: TX failed, connection inactive or in reset, conn_id=29, status_flags=4
E/QC-QMI ( 796): qmi_ctl_tx_msg: qmi_qmux_tx_msg failed
E/QC-QMI ( 796): qmi_ctl_handle_request: qmi_ctl_tx_msg call failed
E/QC-QMI ( 796): qmi_qmux_open_connection: connection is disabled for conn_id=48
E/QC-QMI ( 796): qmi_qmux_tx_msg: failed to open inactive connd_id=48
E/QC-QMI ( 796): qmi_qmux: TX failed, connection inactive or in reset, conn_id=48, status_flags=4
E/QC-QMI ( 796): qmi_ctl_tx_msg: qmi_qmux_tx_msg failed
E/QC-QMI ( 796): qmi_ctl_handle_request: qmi_ctl_tx_msg call failed
E/QC-QMI ( 796): qmi_qmux_open_connection: connection is disabled for conn_id=48
E/QC-QMI ( 796): qmi_qmux_tx_msg: failed to open inactive connd_id=48
E/QC-QMI ( 796): qmi_qmux: TX failed, connection inactive or in reset, conn_id=48, status_flags=4
E/QC-QMI ( 796): qmi_ctl_tx_msg: qmi_qmux_tx_msg failed
E/QC-QMI ( 796): qmi_ctl_handle_request: qmi_ctl_tx_msg call failed
E/QC-QMI ( 796): qmi_qmux_open_connection: connection is disabled for conn_id=57
E/QC-QMI ( 796): qmi_qmux_tx_msg: failed to open inactive connd_id=57
E/QC-QMI ( 796): qmi_qmux: TX failed, connection inactive or in reset, conn_id=57, status_flags=4
E/QC-QMI ( 796): qmi_ctl_tx_msg: qmi_qmux_tx_msg failed
E/QC-QMI ( 796): qmi_ctl_handle_request: qmi_ctl_tx_msg call failed
E/QC-QMI ( 796): qmi_qmux_open_connection: connection is disabled for conn_id=57
E/QC-QMI ( 796): qmi_qmux_tx_msg: failed to open inactive connd_id=57
E/QC-QMI ( 796): qmi_qmux: TX failed, connection inactive or in reset, conn_id=57, status_flags=4
E/QC-QMI ( 796): qmi_ctl_tx_msg: qmi_qmux_tx_msg failed
E/QC-QMI ( 796): qmi_ctl_handle_request: qmi_ctl_tx_msg call failed
E/QC-QMI ( 796): qmi_qmux_open_connection: connection is disabled for conn_id=29
E/QC-QMI ( 796): qmi_qmux_tx_msg: failed to open inactive connd_id=29
E/QC-QMI ( 796): qmi_qmux: TX failed, connection inactive or in reset, conn_id=29, status_flags=4
E/QC-QMI ( 796): qmi_ctl_tx_msg: qmi_qmux_tx_msg failed
E/QC-QMI ( 796): qmi_ctl_handle_request: qmi_ctl_tx_msg call failed
E/QC-QMI ( 796): qmi_qmux_open_connection: connection is disabled for conn_id=29
E/QC-QMI ( 796): qmi_qmux_tx_msg: failed to open inactive connd_id=29
E/QC-QMI ( 796): qmi_qmux: TX failed, connection inactive or in reset, conn_id=29, status_flags=4
E/QC-QMI ( 796): qmi_ctl_tx_msg: qmi_qmux_tx_msg failed
E/QC-QMI ( 796): qmi_ctl_handle_request: qmi_ctl_tx_msg call failed
E/QC-QMI ( 796): qmi_qmux_open_connection: connection is disabled for conn_id=48
E/QC-QMI ( 796): qmi_qmux_tx_msg: failed to open inactive connd_id=48
E/QC-QMI ( 796): qmi_qmux: TX failed, connection inactive or in reset, conn_id=48, status_flags=4
E/QC-QMI ( 796): qmi_ctl_tx_msg: qmi_qmux_tx_msg failed
E/QC-QMI ( 796): qmi_ctl_handle_request: qmi_ctl_tx_msg call failed
E/QC-QMI ( 796): qmi_qmux_open_connection: connection is disabled for conn_id=48
E/QC-QMI ( 796): qmi_qmux_tx_msg: failed to open inactive connd_id=48
E/QC-QMI ( 796): qmi_qmux: TX failed, connection inactive or in reset, conn_id=48, status_flags=4
E/QC-QMI ( 796): qmi_ctl_tx_msg: qmi_qmux_tx_msg failed
E/QC-QMI ( 796): qmi_ctl_handle_request: qmi_ctl_tx_msg call failed
E/QC-QMI ( 796): qmi_qmux_open_connection: connection is disabled for conn_id=57
E/QC-QMI ( 796): qmi_qmux_tx_msg: failed to open inactive connd_id=57
E/QC-QMI ( 796): qmi_qmux: TX failed, connection inactive or in reset, conn_id=57, status_flags=4
E/QC-QMI ( 796): qmi_ctl_tx_msg: qmi_qmux_tx_msg failed
E/QC-QMI ( 796): qmi_ctl_handle_request: qmi_ctl_tx_msg call failed
E/QC-QMI ( 796): qmi_qmux_open_connection: connection is disabled for conn_id=57
E/QC-QMI ( 796): qmi_qmux_tx_msg: failed to open inactive connd_id=57
E/QC-QMI ( 796): qmi_qmux: TX failed, connection inactive or in reset, conn_id=57, status_flags=4
E/QC-QMI ( 796): qmi_ctl_tx_msg: qmi_qmux_tx_msg failed
E/QC-QMI ( 796): qmi_ctl_handle_request: qmi_ctl_tx_msg call failed
E/NetlinkListener( 696): recvmsg failed (I/O error)
E/NetlinkListener( 1620): recvmsg failed (I/O error)
E/NetlinkListener( 1620): recvmsg failed (I/O error)
E/NetlinkListener( 696): recvmsg failed (I/O error)
E/QC-QMI ( 796): qmi_qmux_open_connection: connection is disabled for conn_id=29
E/QC-QMI ( 796): qmi_qmux_tx_msg: failed to open inactive connd_id=29
E/QC-QMI ( 796): qmi_qmux: TX failed, connection inactive or in reset, conn_id=29, status_flags=4
E/QC-QMI ( 796): qmi_ctl_tx_msg: qmi_qmux_tx_msg failed
E/QC-QMI ( 796): qmi_ctl_handle_request: qmi_ctl_tx_msg call failed
E/QC-QMI ( 796): qmi_qmux_open_connection: connection is disabled for conn_id=29
E/QC-QMI ( 796): qmi_qmux_tx_msg: failed to open inactive connd_id=29
E/QC-QMI ( 796): qmi_qmux: TX failed, connection inactive or in reset, conn_id=29, status_flags=4
E/QC-QMI ( 796): qmi_ctl_tx_msg: qmi_qmux_tx_msg failed
E/QC-QMI ( 796): qmi_ctl_handle_request: qmi_ctl_tx_msg call failed
E/QC-QMI ( 796): qmi_qmux_open_connection: connection is disabled for conn_id=48
E/QC-QMI ( 796): qmi_qmux_tx_msg: failed to open inactive connd_id=48
E/QC-QMI ( 796): qmi_qmux: TX failed, connection inactive or in reset, conn_id=48, status_flags=4
E/QC-QMI ( 796): qmi_ctl_tx_msg: qmi_qmux_tx_msg failed
E/QC-QMI ( 796): qmi_ctl_handle_request: qmi_ctl_tx_msg call failed
E/QC-QMI ( 796): qmi_qmux_open_connection: connection is disabled for conn_id=48
E/QC-QMI ( 796): qmi_qmux_tx_msg: failed to open inactive connd_id=48
E/QC-QMI ( 796): qmi_qmux: TX failed, connection inactive or in reset, conn_id=48, status_flags=4
E/QC-QMI ( 796): qmi_ctl_tx_msg: qmi_qmux_tx_msg failed
E/QC-QMI ( 796): qmi_ctl_handle_request: qmi_ctl_tx_msg call failed
E/QC-QMI ( 796): qmi_qmux_open_connection: connection is disabled for conn_id=57
E/QC-QMI ( 796): qmi_qmux_tx_msg: failed to open inactive connd_id=57
E/QC-QMI ( 796): qmi_qmux: TX failed, connection inactive or in reset, conn_id=57, status_flags=4
E/QC-QMI ( 796): qmi_ctl_tx_msg: qmi_qmux_tx_msg failed
E/QC-QMI ( 796): qmi_ctl_handle_request: qmi_ctl_tx_msg call failed
E/QC-QMI ( 796): qmi_qmux_open_connection: connection is disabled for conn_id=57
E/QC-QMI ( 796): qmi_qmux_tx_msg: failed to open inactive connd_id=57
E/QC-QMI ( 796): qmi_qmux: TX failed, connection inactive or in reset, conn_id=57, status_flags=4
E/QC-QMI ( 796): qmi_ctl_tx_msg: qmi_qmux_tx_msg failed
E/QC-QMI ( 796): qmi_ctl_handle_request: qmi_ctl_tx_msg call failed
E/QC-QMI ( 796): qmi_qmux_open_connection: connection is disabled for conn_id=29
E/QC-QMI ( 796): qmi_qmux_tx_msg: failed to open inactive connd_id=29
E/QC-QMI ( 796): qmi_qmux: TX failed, connection inactive or in reset, conn_id=29, status_flags=4
E/QC-QMI ( 796): qmi_ctl_tx_msg: qmi_qmux_tx_msg failed
E/QC-QMI ( 796): qmi_ctl_handle_request: qmi_ctl_tx_msg call failed
E/QC-QMI ( 796): qmi_qmux_open_connection: connection is disabled for conn_id=29
E/QC-QMI ( 796): qmi_qmux_tx_msg: failed to open inactive connd_id=29
E/QC-QMI ( 796): qmi_qmux: TX failed, connection inactive or in reset, conn_id=29, status_flags=4
E/QC-QMI ( 796): qmi_ctl_tx_msg: qmi_qmux_tx_msg failed
E/QC-QMI ( 796): qmi_ctl_handle_request: qmi_ctl_tx_msg call failed
E/QC-QMI ( 796): qmi_qmux_open_connection: connection is disabled for conn_id=48
E/QC-QMI ( 796): qmi_qmux_tx_msg: failed to open inactive connd_id=48
E/QC-QMI ( 796): qmi_qmux: TX failed, connection inactive or in reset, conn_id=48, status_flags=4
E/QC-QMI ( 796): qmi_ctl_tx_msg: qmi_qmux_tx_msg failed
E/QC-QMI ( 796): qmi_ctl_handle_request: qmi_ctl_tx_msg call failed
E/QC-QMI ( 796): qmi_qmux_open_connection: connection is disabled for conn_id=48
E/QC-QMI ( 796): qmi_qmux_tx_msg: failed to open inactive connd_id=48
E/QC-QMI ( 796): qmi_qmux: TX failed, connection inactive or in reset, conn_id=48, status_flags=4
E/QC-QMI ( 796): qmi_ctl_tx_msg: qmi_qmux_tx_msg failed
E/QC-QMI ( 796): qmi_ctl_handle_request: qmi_ctl_tx_msg call failed
E/QC-QMI ( 796): qmi_qmux_open_connection: connection is disabled for conn_id=57
E/QC-QMI ( 796): qmi_qmux_tx_msg: failed to open inactive connd_id=57
E/QC-QMI ( 796): qmi_qmux: TX failed, connection inactive or in reset, conn_id=57, status_flags=4
E/QC-QMI ( 796): qmi_ctl_tx_msg: qmi_qmux_tx_msg failed
E/QC-QMI ( 796): qmi_ctl_handle_request: qmi_ctl_tx_msg call failed
E/QC-QMI ( 796): qmi_qmux_open_connection: connection is disabled for conn_id=57
E/QC-QMI ( 796): qmi_qmux_tx_msg: failed to open inactive connd_id=57
E/QC-QMI ( 796): qmi_qmux: TX failed, connection inactive or in reset, conn_id=57, status_flags=4
E/QC-QMI ( 796): qmi_ctl_tx_msg: qmi_qmux_tx_msg failed
E/QC-QMI ( 796): qmi_ctl_handle_request: qmi_ctl_tx_msg call failed
E/QC-QMI ( 796): qmi_qmux_open_connection: connection is disabled for conn_id=29
E/QC-QMI ( 796): qmi_qmux_tx_msg: failed to open inactive connd_id=29
E/QC-QMI ( 796): qmi_qmux: TX failed, connection inactive or in reset, conn_id=29, status_flags=4
E/QC-QMI ( 796): qmi_ctl_tx_msg: qmi_qmux_tx_msg failed
E/QC-QMI ( 796): qmi_ctl_handle_request: qmi_ctl_tx_msg call failed
E/QC-QMI ( 796): qmi_qmux_open_connection: connection is disabled for conn_id=29
E/QC-QMI ( 796): qmi_qmux_tx_msg: failed to open inactive connd_id=29
E/QC-QMI ( 796): qmi_qmux: TX failed, connection inactive or in reset, conn_id=29, status_flags=4
E/QC-QMI ( 796): qmi_ctl_tx_msg: qmi_qmux_tx_msg failed
E/QC-QMI ( 796): qmi_ctl_handle_request: qmi_ctl_tx_msg call failed
E/QC-QMI ( 796): qmi_qmux_open_connection: connection is disabled for conn_id=48
E/QC-QMI ( 796): qmi_qmux_tx_msg: failed to open inactive connd_id=48
E/QC-QMI ( 796): qmi_qmux: TX failed, connection inactive or in reset, conn_id=48, status_flags=4
E/QC-QMI ( 796): qmi_ctl_tx_msg: qmi_qmux_tx_msg failed
E/QC-QMI ( 796): qmi_ctl_handle_request: qmi_ctl_tx_msg call failed
E/QC-QMI ( 796): qmi_qmux_open_connection: connection is disabled for conn_id=48
E/QC-QMI ( 796): qmi_qmux_tx_msg: failed to open inactive connd_id=48
E/QC-QMI ( 796): qmi_qmux: TX failed, connection inactive or in reset, conn_id=48, status_flags=4
E/QC-QMI ( 796): qmi_ctl_tx_msg: qmi_qmux_tx_msg failed
E/QC-QMI ( 796): qmi_ctl_handle_request: qmi_ctl_tx_msg call failed
E/QC-QMI ( 796): qmi_qmux_open_connection: connection is disabled for conn_id=57
E/QC-QMI ( 796): qmi_qmux_tx_msg: failed to open inactive connd_id=57
E/QC-QMI ( 796): qmi_qmux: TX failed, connection inactive or in reset, conn_id=57, status_flags=4
E/QC-QMI ( 796): qmi_ctl_tx_msg: qmi_qmux_tx_msg failed
E/QC-QMI ( 796): qmi_ctl_handle_request: qmi_ctl_tx_msg call failed
E/QC-QMI ( 796): qmi_qmux_open_connection: connection is disabled for conn_id=57
E/QC-QMI ( 796): qmi_qmux_tx_msg: failed to open inactive connd_id=57
E/QC-QMI ( 796): qmi_qmux: TX failed, connection inactive or in reset, conn_id=57, status_flags=4
E/QC-QMI ( 796): qmi_ctl_tx_msg: qmi_qmux_tx_msg failed
E/QC-QMI ( 796): qmi_ctl_handle_request: qmi_ctl_tx_msg call failed
W/dex2oat ( 2013): Compilation of void com.android.mms.transaction.TransactionService$1.onAvailable(android.net.Network) took 101.302ms
E/qdhwcomposer( 1212): isValidDimension: layer handle is NULL
E/qdhwcomposer( 1212): isValidDimension: layer handle is NULL
W/dex2oat ( 2013): Compilation of void com.android.mms.transaction.TransactionService$ServiceHandler.handleMessage(android.os.Message) took 120.565ms
E/qdhwcomposer( 1212): isValidDimension: layer handle is NULL
E/qdhwcomposer( 1212): isValidDimension: layer handle is NULL
E/qdhwcomposer( 1212): isValidDimension: layer handle is NULL
E/qdhwcomposer( 1212): isValidDimension: layer handle is NULL
E/qdhwcomposer( 1212): isValidDimension: layer handle is NULL
E/qdhwcomposer( 1212): isValidDimension: layer handle is NULL
E/qdhwcomposer( 1212): isValidDimension: layer handle is NULL
E/qdhwcomposer( 1212): isValidDimension: layer handle is NULL
E/qdhwcomposer( 1212): isValidDimension: layer handle is NULL
E/qdhwcomposer( 1212): isValidDimension: layer handle is NULL
E/qdhwcomposer( 1212): isValidDimension: layer handle is NULL
E/qdhwcomposer( 1212): isValidDimension: layer handle is NULL
E/qdhwcomposer( 1212): isValidDimension: layer handle is NULL
E/qdhwcomposer( 1212): isValidDimension: layer handle is NULL
E/qdhwcomposer( 1212): isValidDimension: layer handle is NULL
E/qdhwcomposer( 1212): isValidDimension: layer handle is NULL
E/qdhwcomposer( 1212): isValidDimension: layer handle is NULL
E/qdhwcomposer( 1212): isValidDimension: layer handle is NULL
E/qdhwcomposer( 1212): isValidDimension: layer handle is NULL
E/qdhwcomposer( 1212): isValidDimension: layer handle is NULL
I/ThermalEngine( 685): Sensor:pm8941_tz:41689 mC
E/qdhwcomposer( 1212): isValidDimension: layer handle is NULL
E/qdhwcomposer( 1212): isValidDimension: layer handle is NULL
E/qdhwcomposer( 1212): isValidDimension: layer handle is NULL
E/qdhwcomposer( 1212): isValidDimension: layer handle is NULL
D/audio_hw_primary( 1358): start_output_stream: enter: stream(0x775ef0)usecase(0: deep-buffer-playback) devices(0x2)
D/audio_hw_primary( 1358): HIP test selected HIP_NONE_MIC
D/audio_hw_primary( 1358): select_devices: out_snd_device(2: speaker) in_snd_device(0: )
D/hardware_info( 1358): hw_info_append_hw_type : device_name = speaker
D/ACDB-LOADER( 1358): ACDB -> send_audio_cal, acdb_id = 14, path = 0
D/ACDB-LOADER( 1358): ACDB -> send_adm_topology
D/ACDB-LOADER( 1358): ACDB -> ACDB_CMD_GET_AUDPROC_COMMON_TOPOLOGY_ID
D/ACDB-LOADER( 1358): ACDB -> send_asm_topology
D/ACDB-LOADER( 1358): ACDB -> ACDB_CMD_GET_AUDPROC_STREAM_TOPOLOGY_ID
D/ACDB-LOADER( 1358): ACDB -> send_audtable
D/ACDB-LOADER( 1358): ACDB -> ACDB_CMD_GET_AUDPROC_COMMON_TABLE
D/ACDB-LOADER( 1358): ACDB -> AUDIO_SET_AUDPROC_CAL
D/ACDB-LOADER( 1358): ACDB -> send_audvoltable
D/ACDB-LOADER( 1358): ACDB -> ACDB_CMD_GET_AUDPROC_GAIN_DEP_STEP_TABLE
D/ACDB-LOADER( 1358): ACDB -> AUDIO_SET_AUDPROC_VOL_CAL
D/ACDB-LOADER( 1358): ACDB -> send_afe_cal
D/ACDB-LOADER( 1358): ACDB -> ACDB_CMD_GET_AFE_COMMON_TABLE
D/ACDB-LOADER( 1358): ACDB -> AUDIO_SET_AFE_CAL
D/audio_hw_primary( 1358): select_devices: done
E/qdhwcomposer( 1212): isValidDimension: layer handle is NULL
E/qdhwcomposer( 1212): isValidDimension: layer handle is NULL
E/qdhwcomposer( 1212): isValidDimension: layer handle is NULL
E/qdhwcomposer( 1212): isValidDimension: layer handle is NULL
D/audio_hw_primary( 1358): out_set_parameters: enter: usecase(0: deep-buffer-playback) kvpairs: routing=2;
D/audio_hw_primary( 1358): HIP test selected HIP_NONE_MIC
D/audio_hw_extn( 1358): audio_extn_set_anc_parameters: anc_enabled:0
E/qdhwcomposer( 1212): isValidDimension: layer handle is NULL
E/qdhwcomposer( 1212): isValidDimension: layer handle is NULL
E/qdhwcomposer( 1212): isValidDimension: layer handle is NULL
E/qdhwcomposer( 1212): isValidDimension: layer handle is NULL
E/qdhwcomposer( 1212): isValidDimension: layer handle is NULL
E/qdhwcomposer( 1212): isValidDimension: layer handle is NULL
E/qdhwcomposer( 1212): isValidDimension: layer handle is NULL
E/qdhwcomposer( 1212): isValidDimension: layer handle is NULL
E/qdhwcomposer( 1212): isValidDimension: layer handle is NULL
E/qdhwcomposer( 1212): isValidDimension: layer handle is NULL
E/qdhwcomposer( 1212): isValidDimension: layer handle is NULL
E/qdhwcomposer( 1212): isValidDimension: layer handle is NULL
E/qdhwcomposer( 1212): isValidDimension: layer handle is NULL
E/qdhwcomposer( 1212): isValidDimension: layer handle is NULL
E/qdhwcomposer( 1212): isValidDimension: layer handle is NULL
E/qdhwcomposer( 1212): isValidDimension: layer handle is NULL
E/qdhwcomposer( 1212): isValidDimension: layer handle is NULL
E/qdhwcomposer( 1212): isValidDimension: layer handle is NULL
E/qdhwcomposer( 1212): isValidDimension: layer handle is NULL
E/qdhwcomposer( 1212): isValidDimension: layer handle is NULL
E/qdhwcomposer( 1212): isValidDimension: layer handle is NULL
E/qdhwcomposer( 1212): isValidDimension: layer handle is NULL
E/qdhwcomposer( 1212): isValidDimension: layer handle is NULL
E/qdhwcomposer( 1212): isValidDimension: layer handle is NULL
E/qdhwcomposer( 1212): isValidDimension: layer handle is NULL
E/qdhwcomposer( 1212): isValidDimension: layer handle is NULL
E/qdhwcomposer( 1212): isValidDimension: layer handle is NULL
E/qdhwcomposer( 1212): isValidDimension: layer handle is NULL
E/qdhwcomposer( 1212): isValidDimension: layer handle is NULL
E/qdhwcomposer( 1212): isValidDimension: layer handle is NULL
E/qdhwcomposer( 1212): isValidDimension: layer handle is NULL
E/qdhwcomposer( 1212): isValidDimension: layer handle is NULL
E/USB_UICC( 683): Timeout! No signal received. Retry num = 13
I/dex2oat ( 2013): dex2oat took 2.669s (threads: 4) arena alloc=347KB java alloc=2014KB native alloc=4MB free=3MB
I/PackageManager( 1389): Running dexopt on: /system/app/Amaze/Amaze.apk pkg=com.amaze.filemanager isa=arm vmSafeMode=false
I/dex2oat ( 2211): /system/bin/dex2oat --zip-fd=5 --zip-location=/system/app/Amaze/Amaze.apk --oat-fd=6 --oat-location=/data/dalvik-cache/arm/system@app@Amaze@Amaze.apk@classes.dex --instruction-set=arm --instruction-set-features=div --runtime-arg -Xms64m --runtime-arg -Xmx512m --swap-fd=7
I/dex2oat ( 2211): Decided to run without swap.
E/QC-QMI ( 796): qmi_qmux_open_connection: connection is disabled for conn_id=29
E/QC-QMI ( 796): qmi_qmux_tx_msg: failed to open inactive connd_id=29
E/QC-QMI ( 796): qmi_qmux: TX failed, connection inactive or in reset, conn_id=29, status_flags=4
E/QC-QMI ( 796): qmi_ctl_tx_msg: qmi_qmux_tx_msg failed
E/QC-QMI ( 796): qmi_ctl_handle_request: qmi_ctl_tx_msg call failed
E/QC-QMI ( 796): qmi_qmux_open_connection: connection is disabled for conn_id=29
E/QC-QMI ( 796): qmi_qmux_tx_msg: failed to open inactive connd_id=29
E/QC-QMI ( 796): qmi_qmux: TX failed, connection inactive or in reset, conn_id=29, status_flags=4
E/QC-QMI ( 796): qmi_ctl_tx_msg: qmi_qmux_tx_msg failed
E/QC-QMI ( 796): qmi_ctl_handle_request: qmi_ctl_tx_msg call failed
E/QC-QMI ( 796): qmi_qmux_open_connection: connection is disabled for conn_id=48
E/QC-QMI ( 796): qmi_qmux_tx_msg: failed to open inactive connd_id=48
E/QC-QMI ( 796): qmi_qmux: TX failed, connection inactive or in reset, conn_id=48, status_flags=4
E/QC-QMI ( 796): qmi_ctl_tx_msg: qmi_qmux_tx_msg failed
E/QC-QMI ( 796): qmi_ctl_handle_request: qmi_ctl_tx_msg call failed
E/QC-QMI ( 796): qmi_qmux_open_connection: connection is disabled for conn_id=48
E/QC-QMI ( 796): qmi_qmux_tx_msg: failed to open inactive connd_id=48
E/QC-QMI ( 796): qmi_qmux: TX failed, connection inactive or in reset, conn_id=48, status_flags=4
E/QC-QMI ( 796): qmi_ctl_tx_msg: qmi_qmux_tx_msg failed
E/QC-QMI ( 796): qmi_ctl_handle_request: qmi_ctl_tx_msg call failed
E/QC-QMI ( 796): qmi_qmux_open_connection: connection is disabled for conn_id=57
E/QC-QMI ( 796): qmi_qmux_tx_msg: failed to open inactive connd_id=57
E/QC-QMI ( 796): qmi_qmux: TX failed, connection inactive or in reset, conn_id=57, status_flags=4
E/QC-QMI ( 796): qmi_ctl_tx_msg: qmi_qmux_tx_msg failed
E/QC-QMI ( 796): qmi_ctl_handle_request: qmi_ctl_tx_msg call failed
E/QC-QMI ( 796): qmi_qmux_open_connection: connection is disabled for conn_id=57
E/QC-QMI ( 796): qmi_qmux_tx_msg: failed to open inactive connd_id=57
E/QC-QMI ( 796): qmi_qmux: TX failed, connection inactive or in reset, conn_id=57, status_flags=4
E/QC-QMI ( 796): qmi_ctl_tx_msg: qmi_qmux_tx_msg failed
E/QC-QMI ( 796): qmi_ctl_handle_request: qmi_ctl_tx_msg call failed
E/QC-QMI ( 796): qmi_qmux_open_connection: connection is disabled for conn_id=29
E/QC-QMI ( 796): qmi_qmux_tx_msg: failed to open inactive connd_id=29
E/QC-QMI ( 796): qmi_qmux: TX failed, connection inactive or in reset, conn_id=29, status_flags=4
E/QC-QMI ( 796): qmi_ctl_tx_msg: qmi_qmux_tx_msg failed
E/QC-QMI ( 796): qmi_ctl_handle_request: qmi_ctl_tx_msg call failed
E/QC-QMI ( 796): qmi_qmux_open_connection: connection is disabled for conn_id=29
E/QC-QMI ( 796): qmi_qmux_tx_msg: failed to open inactive connd_id=29
E/QC-QMI ( 796): qmi_qmux: TX failed, connection inactive or in reset, conn_id=29, status_flags=4
E/QC-QMI ( 796): qmi_ctl_tx_msg: qmi_qmux_tx_msg failed
E/QC-QMI ( 796): qmi_ctl_handle_request: qmi_ctl_tx_msg call failed
E/QC-QMI ( 796): qmi_qmux_open_connection: connection is disabled for conn_id=48
E/QC-QMI ( 796): qmi_qmux_tx_msg: failed to open inactive connd_id=48
E/QC-QMI ( 796): qmi_qmux: TX failed, connection inactive or in reset, conn_id=48, status_flags=4
E/QC-QMI ( 796): qmi_ctl_tx_msg: qmi_qmux_tx_msg failed
E/QC-QMI ( 796): qmi_ctl_handle_request: qmi_ctl_tx_msg call failed
E/QC-QMI ( 796): qmi_qmux_open_connection: connection is disabled for conn_id=48
E/QC-QMI ( 796): qmi_qmux_tx_msg: failed to open inactive connd_id=48
E/QC-QMI ( 796): qmi_qmux: TX failed, connection inactive or in reset, conn_id=48, status_flags=4
E/QC-QMI ( 796): qmi_ctl_tx_msg: qmi_qmux_tx_msg failed
E/QC-QMI ( 796): qmi_ctl_handle_request: qmi_ctl_tx_msg call failed
E/QC-QMI ( 796): qmi_qmux_open_connection: connection is disabled for conn_id=57
E/QC-QMI ( 796): qmi_qmux_tx_msg: failed to open inactive connd_id=57
E/QC-QMI ( 796): qmi_qmux: TX failed, connection inactive or in reset, conn_id=57, status_flags=4
E/QC-QMI ( 796): qmi_ctl_tx_msg: qmi_qmux_tx_msg failed
E/QC-QMI ( 796): qmi_ctl_handle_request: qmi_ctl_tx_msg call failed
E/QC-QMI ( 796): qmi_qmux_open_connection: connection is disabled for conn_id=57
E/QC-QMI ( 796): qmi_qmux_tx_msg: failed to open inactive connd_id=57
E/QC-QMI ( 796): qmi_qmux: TX failed, connection inactive or in reset, conn_id=57, status_flags=4
E/QC-QMI ( 796): qmi_ctl_tx_msg: qmi_qmux_tx_msg failed
E/QC-QMI ( 796): qmi_ctl_handle_request: qmi_ctl_tx_msg call failed
E/QC-QMI ( 796): qmi_qmux_open_connection: connection is disabled for conn_id=29
E/QC-QMI ( 796): qmi_qmux_tx_msg: failed to open inactive connd_id=29
E/QC-QMI ( 796): qmi_qmux: TX failed, connection inactive or in reset, conn_id=29, status_flags=4
E/QC-QMI ( 796): qmi_ctl_tx_msg: qmi_qmux_tx_msg failed
E/QC-QMI ( 796): qmi_ctl_handle_request: qmi_ctl_tx_msg call failed
E/QC-QMI ( 796): qmi_qmux_open_connection: connection is disabled for conn_id=29
E/QC-QMI ( 796): qmi_qmux_tx_msg: failed to open inactive connd_id=29
E/QC-QMI ( 796): qmi_qmux: TX failed, connection inactive or in reset, conn_id=29, status_flags=4
E/QC-QMI ( 796): qmi_ctl_tx_msg: qmi_qmux_tx_msg failed
E/QC-QMI ( 796): qmi_ctl_handle_request: qmi_ctl_tx_msg call failed
E/QC-QMI ( 796): qmi_qmux_open_connection: connection is disabled for conn_id=48
E/QC-QMI ( 796): qmi_qmux_tx_msg: failed to open inactive connd_id=48
E/QC-QMI ( 796): qmi_qmux: TX failed, connection inactive or in reset, conn_id=48, status_flags=4
E/QC-QMI ( 796): qmi_ctl_tx_msg: qmi_qmux_tx_msg failed
E/QC-QMI ( 796): qmi_ctl_handle_request: qmi_ctl_tx_msg call failed
E/QC-QMI ( 796): qmi_qmux_open_connection: connection is disabled for conn_id=48
E/QC-QMI ( 796): qmi_qmux_tx_msg: failed to open inactive connd_id=48
E/QC-QMI ( 796): qmi_qmux: TX failed, connection inactive or in reset, conn_id=48, status_flags=4
E/QC-QMI ( 796): qmi_ctl_tx_msg: qmi_qmux_tx_msg failed
E/QC-QMI ( 796): qmi_ctl_handle_request: qmi_ctl_tx_msg call failed
E/QC-QMI ( 796): qmi_qmux_open_connection: connection is disabled for conn_id=57
E/QC-QMI ( 796): qmi_qmux_tx_msg: failed to open inactive connd_id=57
E/QC-QMI ( 796): qmi_qmux: TX failed, connection inactive or in reset, conn_id=57, status_flags=4
E/QC-QMI ( 796): qmi_ctl_tx_msg: qmi_qmux_tx_msg failed
E/QC-QMI ( 796): qmi_ctl_handle_request: qmi_ctl_tx_msg call failed
E/QC-QMI ( 796): qmi_qmux_open_connection: connection is disabled for conn_id=57
E/QC-QMI ( 796): qmi_qmux_tx_msg: failed to open inactive connd_id=57
E/QC-QMI ( 796): qmi_qmux: TX failed, connection inactive or in reset, conn_id=57, status_flags=4
E/QC-QMI ( 796): qmi_ctl_tx_msg: qmi_qmux_tx_msg failed
E/QC-QMI ( 796): qmi_ctl_handle_request: qmi_ctl_tx_msg call failed
W/dex2oat ( 2211): Before Android 4.1, method int android.support.v7.internal.widget.ListViewCompat.lookForSelectablePosition(int, boolean) would have incorrectly overridden the package-private method in android.widget.ListView
E/QC-QMI ( 796): qmi_qmux_open_connection: connection is disabled for conn_id=29
E/QC-QMI ( 796): qmi_qmux_tx_msg: failed to open inactive connd_id=29
E/QC-QMI ( 796): qmi_qmux: TX failed, connection inactive or in reset, conn_id=29, status_flags=4
E/QC-QMI ( 796): qmi_ctl_tx_msg: qmi_qmux_tx_msg failed
E/QC-QMI ( 796): qmi_ctl_handle_request: qmi_ctl_tx_msg call failed
E/QC-QMI ( 796): qmi_qmux_open_connection: connection is disabled for conn_id=29
E/QC-QMI ( 796): qmi_qmux_tx_msg: failed to open inactive connd_id=29
E/QC-QMI ( 796): qmi_qmux: TX failed, connection inactive or in reset, conn_id=29, status_flags=4
E/QC-QMI ( 796): qmi_ctl_tx_msg: qmi_qmux_tx_msg failed
E/QC-QMI ( 796): qmi_ctl_handle_request: qmi_ctl_tx_msg call failed
E/QC-QMI ( 796): qmi_qmux_open_connection: connection is disabled for conn_id=48
E/QC-QMI ( 796): qmi_qmux_tx_msg: failed to open inactive connd_id=48
E/QC-QMI ( 796): qmi_qmux: TX failed, connection inactive or in reset, conn_id=48, status_flags=4
E/QC-QMI ( 796): qmi_ctl_tx_msg: qmi_qmux_tx_msg failed
E/QC-QMI ( 796): qmi_ctl_handle_request: qmi_ctl_tx_msg call failed
E/QC-QMI ( 796): qmi_qmux_open_connection: connection is disabled for conn_id=48
E/QC-QMI ( 796): qmi_qmux_tx_msg: failed to open inactive connd_id=48
E/QC-QMI ( 796): qmi_qmux: TX failed, connection inactive or in reset, conn_id=48, status_flags=4
E/QC-QMI ( 796): qmi_ctl_tx_msg: qmi_qmux_tx_msg failed
E/QC-QMI ( 796): qmi_ctl_handle_request: qmi_ctl_tx_msg call failed
