E/qdhwcomposer( 1212): isValidDimension: layer handle is NULL
E/qdhwcomposer( 1212): isValidDimension: layer handle is NULL
E/qdoverlay( 1212): Bad ov dump: mdp_overlay z=0 fg=0 alpha=255 mask=-1 flags=0x220000 id=16
E/qdoverlay( 1212): src msmfb_img w=1152 h=1920 format=13 MDP_RGBA_8888
E/qdoverlay( 1212): src_rect mdp_rect x=0 y=0 w=1080 h=1920
E/qdoverlay( 1212): dst_rect mdp_rect x=0 y=0 w=1080 h=1920
E/qdhwcomposer( 1212): isValidDimension: layer handle is NULL
E/qdhwcomposer( 1212): isValidDimension: layer handle is NULL
E/qdoverlay( 1212): Bad ov dump: mdp_overlay z=0 fg=0 alpha=255 mask=-1 flags=0x220000 id=16
E/qdoverlay( 1212): src msmfb_img w=1152 h=1920 format=13 MDP_RGBA_8888
E/qdoverlay( 1212): src_rect mdp_rect x=0 y=0 w=1080 h=1920
E/qdoverlay( 1212): dst_rect mdp_rect x=0 y=0 w=1080 h=1920
E/qdhwcomposer( 1212): isValidDimension: layer handle is NULL
E/qdhwcomposer( 1212): isValidDimension: layer handle is NULL
E/qdoverlay( 1212): Bad ov dump: mdp_overlay z=0 fg=0 alpha=255 mask=-1 flags=0x220000 id=16
E/qdoverlay( 1212): src msmfb_img w=1152 h=1920 format=13 MDP_RGBA_8888
E/qdoverlay( 1212): src_rect mdp_rect x=0 y=0 w=1080 h=1920
E/qdoverlay( 1212): dst_rect mdp_rect x=0 y=0 w=1080 h=1920
I/dex2oat ( 4018): Method exceeds compiler instruction limit: 21296 in void org.ccil.cowan.tagsoup.HTMLSchema.()
I/ThermalEngine( 685): Sensor:tsens_tz_sensor6:70000 mC
I/ThermalEngine( 685): Sensor:tsens_tz_sensor6:70000 mC
I/ThermalEngine( 685): Sensor:tsens_tz_sensor6:70000 mC
E/qdhwcomposer( 1212): isValidDimension: layer handle is NULL
E/qdhwcomposer( 1212): isValidDimension: layer handle is NULL
E/qdoverlay( 1212): Bad ov dump: mdp_overlay z=0 fg=0 alpha=255 mask=-1 flags=0x220000 id=16
E/qdoverlay( 1212): src msmfb_img w=1152 h=1920 format=13 MDP_RGBA_8888
E/qdoverlay( 1212): src_rect mdp_rect x=0 y=0 w=1080 h=1920
E/qdoverlay( 1212): dst_rect mdp_rect x=0 y=0 w=1080 h=1920
I/ThermalEngine( 685): Sensor:tsens_tz_sensor6:70000 mC
I/ThermalEngine( 685): Sensor:tsens_tz_sensor6:70000 mC
I/ThermalEngine( 685): Sensor:tsens_tz_sensor5:70000 mC
I/ThermalEngine( 685): Sensor:tsens_tz_sensor5:70000 mC
I/ThermalEngine( 685): Sensor:tsens_tz_sensor6:70000 mC
I/ThermalEngine( 685): Sensor:tsens_tz_sensor5:70000 mC
I/ThermalEngine( 685): Sensor:tsens_tz_sensor6:70000 mC
I/ThermalEngine( 685): Sensor:tsens_tz_sensor5:70000 mC
E/qdhwcomposer( 1212): isValidDimension: layer handle is NULL
E/qdhwcomposer( 1212): isValidDimension: layer handle is NULL
E/qdoverlay( 1212): Bad ov dump: mdp_overlay z=0 fg=0 alpha=255 mask=-1 flags=0x220000 id=16
E/qdoverlay( 1212): src msmfb_img w=1152 h=1920 format=13 MDP_RGBA_8888
E/qdoverlay( 1212): src_rect mdp_rect x=0 y=0 w=1080 h=1920
E/qdoverlay( 1212): dst_rect mdp_rect x=0 y=0 w=1080 h=1920
I/ThermalEngine( 685): Sensor:tsens_tz_sensor6:70000 mC
I/ThermalEngine( 685): Sensor:tsens_tz_sensor5:69000 mC
I/ThermalEngine( 685): Sensor:tsens_tz_sensor6:70000 mC
I/ThermalEngine( 685): Sensor:tsens_tz_sensor5:70000 mC
I/ThermalEngine( 685): Sensor:tsens_tz_sensor6:71000 mC
I/ThermalEngine( 685): ACTION: CPU - Setting CPU[0] to 1958400
I/ThermalEngine( 685): ACTION: CPU - Setting CPU[1] to 1958400
I/ThermalEngine( 685): ACTION: CPU - Setting CPU[2] to 1958400
I/ThermalEngine( 685): ACTION: CPU - Setting CPU[3] to 1958400
I/ThermalEngine( 685): Sensor:tsens_tz_sensor5:70000 mC
I/ThermalEngine( 685): Sensor:tsens_tz_sensor6:69000 mC
I/ThermalEngine( 685): ACTION: CPU - Setting CPU[0] to 2265600
I/ThermalEngine( 685): ACTION: CPU - Setting CPU[1] to 2265600
I/ThermalEngine( 685): ACTION: CPU - Setting CPU[2] to 2265600
I/ThermalEngine( 685): ACTION: CPU - Setting CPU[3] to 2265600
I/ThermalEngine( 685): Sensor:tsens_tz_sensor5:68000 mC
I/ThermalEngine( 685): Sensor:tsens_tz_sensor6:69000 mC
I/ThermalEngine( 685): Sensor:tsens_tz_sensor5:69000 mC
E/qdhwcomposer( 1212): isValidDimension: layer handle is NULL
E/qdhwcomposer( 1212): isValidDimension: layer handle is NULL
E/qdoverlay( 1212): Bad ov dump: mdp_overlay z=0 fg=0 alpha=255 mask=-1 flags=0x220000 id=16
E/qdoverlay( 1212): src msmfb_img w=1152 h=1920 format=13 MDP_RGBA_8888
E/qdoverlay( 1212): src_rect mdp_rect x=0 y=0 w=1080 h=1920
E/qdoverlay( 1212): dst_rect mdp_rect x=0 y=0 w=1080 h=1920
I/ThermalEngine( 685): Sensor:tsens_tz_sensor6:70000 mC
I/ThermalEngine( 685): Sensor:tsens_tz_sensor5:70000 mC
I/ThermalEngine( 685): Sensor:tsens_tz_sensor6:71000 mC
I/ThermalEngine( 685): ACTION: CPU - Setting CPU[0] to 1958400
I/ThermalEngine( 685): ACTION: CPU - Setting CPU[1] to 1958400
I/ThermalEngine( 685): ACTION: CPU - Setting CPU[2] to 1958400
I/ThermalEngine( 685): ACTION: CPU - Setting CPU[3] to 1958400
I/ThermalEngine( 685): Sensor:tsens_tz_sensor5:70000 mC
V/WLAN_PSA( 682): NL MSG, len[048], NL type[0x11] WNI type[0x5050] len[028]
V/WLAN_PSA( 682): NL MSG, PID: 682
I/ThermalEngine( 685): Sensor:tsens_tz_sensor6:69000 mC
I/ThermalEngine( 685): ACTION: CPU - Setting CPU[0] to 2265600
I/ThermalEngine( 685): ACTION: CPU - Setting CPU[1] to 2265600
I/ThermalEngine( 685): ACTION: CPU - Setting CPU[2] to 2265600
I/ThermalEngine( 685): ACTION: CPU - Setting CPU[3] to 2265600
I/ThermalEngine( 685): Sensor:tsens_tz_sensor5:68000 mC
I/ThermalEngine( 685): Sensor:tsens_tz_sensor6:70000 mC
I/ThermalEngine( 685): Sensor:tsens_tz_sensor5:69000 mC
E/qdhwcomposer( 1212): isValidDimension: layer handle is NULL
E/qdhwcomposer( 1212): isValidDimension: layer handle is NULL
E/qdoverlay( 1212): Bad ov dump: mdp_overlay z=0 fg=0 alpha=255 mask=-1 flags=0x220000 id=16
E/qdoverlay( 1212): src msmfb_img w=1152 h=1920 format=13 MDP_RGBA_8888
E/qdoverlay( 1212): src_rect mdp_rect x=0 y=0 w=1080 h=1920
E/qdoverlay( 1212): dst_rect mdp_rect x=0 y=0 w=1080 h=1920
I/ThermalEngine( 685): Sensor:tsens_tz_sensor6:70000 mC
I/ThermalEngine( 685): Sensor:tsens_tz_sensor5:70000 mC
I/ThermalEngine( 685): Sensor:tsens_tz_sensor6:71000 mC
I/ThermalEngine( 685): ACTION: CPU - Setting CPU[0] to 1958400
I/ThermalEngine( 685): ACTION: CPU - Setting CPU[1] to 1958400
I/ThermalEngine( 685): ACTION: CPU - Setting CPU[2] to 1958400
I/ThermalEngine( 685): ACTION: CPU - Setting CPU[3] to 1958400
I/ThermalEngine( 685): Sensor:tsens_tz_sensor5:70000 mC
I/ThermalEngine( 685): Sensor:tsens_tz_sensor6:69000 mC
I/ThermalEngine( 685): ACTION: CPU - Setting CPU[0] to 2265600
I/ThermalEngine( 685): ACTION: CPU - Setting CPU[1] to 2265600
I/ThermalEngine( 685): ACTION: CPU - Setting CPU[2] to 2265600
I/ThermalEngine( 685): ACTION: CPU - Setting CPU[3] to 2265600
I/ThermalEngine( 685): Sensor:tsens_tz_sensor5:68000 mC
I/ThermalEngine( 685): Sensor:tsens_tz_sensor6:70000 mC
I/ThermalEngine( 685): Sensor:tsens_tz_sensor5:69000 mC
E/qdhwcomposer( 1212): isValidDimension: layer handle is NULL
E/qdhwcomposer( 1212): isValidDimension: layer handle is NULL
E/qdoverlay( 1212): Bad ov dump: mdp_overlay z=0 fg=0 alpha=255 mask=-1 flags=0x220000 id=16
E/qdoverlay( 1212): src msmfb_img w=1152 h=1920 format=13 MDP_RGBA_8888
E/qdoverlay( 1212): src_rect mdp_rect x=0 y=0 w=1080 h=1920
E/qdoverlay( 1212): dst_rect mdp_rect x=0 y=0 w=1080 h=1920
I/rmt_storage( 702): rmt_storage_connect_cb: clnt_h=0x5 conn_h=0xb6403090
I/rmt_storage( 702): rmt_storage_rw_iovec_cb: /boot/modem_fs1: clnt_h=0x1: req_h=0x9 msg_id=3: R/W request received
I/rmt_storage( 702): wakelock acquired: 1, error no: 42
I/rmt_storage( 702): rmt_storage_client_thread: /boot/modem_fs1: clnt_h=0x1 Unblock worker thread (th_id: -1236807552)
I/ThermalEngine( 685): Sensor:tsens_tz_sensor6:70000 mC
I/ThermalEngine( 685): Sensor:tsens_tz_sensor5:69000 mC
I/ThermalEngine( 685): Sensor:tsens_tz_sensor6:70000 mC
I/ThermalEngine( 685): Sensor:tsens_tz_sensor5:68000 mC
I/rmt_storage( 702): rmt_storage_client_thread: /boot/modem_fs1: clnt_h=0x1: req_h=0x9 msg_id=3: Bytes written = 1572864
I/rmt_storage( 702): rmt_storage_client_thread: /boot/modem_fs1: clnt_h=0x1: req_h=0x9 msg_id=3: Send response: res=0 err=0
I/rmt_storage( 702): rmt_storage_client_thread: /boot/modem_fs1: clnt_h=0x1 About to block rmt_storage client thread (th_id: -1236807552) wakelock released: 1, error no: 0
I/rmt_storage( 702):
I/rmt_storage( 702): rmt_storage_disconnect_cb: clnt_h=0x0x5 conn_h=0x0xb6403090
I/ThermalEngine( 685): Sensor:tsens_tz_sensor6:70000 mC
I/ThermalEngine( 685): Sensor:tsens_tz_sensor5:69000 mC
I/ThermalEngine( 685): Sensor:tsens_tz_sensor6:71000 mC
I/ThermalEngine( 685): ACTION: CPU - Setting CPU[0] to 1958400
I/ThermalEngine( 685): ACTION: CPU - Setting CPU[1] to 1958400
I/ThermalEngine( 685): ACTION: CPU - Setting CPU[2] to 1958400
I/ThermalEngine( 685): ACTION: CPU - Setting CPU[3] to 1958400
I/ThermalEngine( 685): Sensor:tsens_tz_sensor5:70000 mC
E/qdhwcomposer( 1212): isValidDimension: layer handle is NULL
E/qdhwcomposer( 1212): isValidDimension: layer handle is NULL
E/qdoverlay( 1212): Bad ov dump: mdp_overlay z=0 fg=0 alpha=255 mask=-1 flags=0x220000 id=16
E/qdoverlay( 1212): src msmfb_img w=1152 h=1920 format=13 MDP_RGBA_8888
E/qdoverlay( 1212): src_rect mdp_rect x=0 y=0 w=1080 h=1920
E/qdoverlay( 1212): dst_rect mdp_rect x=0 y=0 w=1080 h=1920
I/ThermalEngine( 685): Sensor:tsens_tz_sensor6:69000 mC
I/ThermalEngine( 685): ACTION: CPU - Setting CPU[0] to 2265600
I/ThermalEngine( 685): ACTION: CPU - Setting CPU[1] to 2265600
I/ThermalEngine( 685): ACTION: CPU - Setting CPU[2] to 2265600
I/ThermalEngine( 685): ACTION: CPU - Setting CPU[3] to 2265600
I/ThermalEngine( 685): Sensor:tsens_tz_sensor5:68000 mC
I/ThermalEngine( 685): Sensor:tsens_tz_sensor6:70000 mC
I/ThermalEngine( 685): Sensor:tsens_tz_sensor5:70000 mC
I/ThermalEngine( 685): Sensor:tsens_tz_sensor6:71000 mC
I/ThermalEngine( 685): ACTION: CPU - Setting CPU[0] to 1958400
I/ThermalEngine( 685): ACTION: CPU - Setting CPU[1] to 1958400
I/ThermalEngine( 685): ACTION: CPU - Setting CPU[2] to 1958400
I/ThermalEngine( 685): ACTION: CPU - Setting CPU[3] to 1958400
I/ThermalEngine( 685): Sensor:tsens_tz_sensor5:70000 mC
I/ThermalEngine( 685): Sensor:tsens_tz_sensor6:69000 mC
I/ThermalEngine( 685): ACTION: CPU - Setting CPU[0] to 2265600
I/ThermalEngine( 685): ACTION: CPU - Setting CPU[1] to 2265600
I/ThermalEngine( 685): ACTION: CPU - Setting CPU[2] to 2265600
I/ThermalEngine( 685): ACTION: CPU - Setting CPU[3] to 2265600
I/ThermalEngine( 685): Sensor:tsens_tz_sensor5:69000 mC
E/qdhwcomposer( 1212): isValidDimension: layer handle is NULL
E/qdhwcomposer( 1212): isValidDimension: layer handle is NULL
E/qdoverlay( 1212): Bad ov dump: mdp_overlay z=0 fg=0 alpha=255 mask=-1 flags=0x220000 id=16
E/qdoverlay( 1212): src msmfb_img w=1152 h=1920 format=13 MDP_RGBA_8888
E/qdoverlay( 1212): src_rect mdp_rect x=0 y=0 w=1080 h=1920
E/qdoverlay( 1212): dst_rect mdp_rect x=0 y=0 w=1080 h=1920
I/ThermalEngine( 685): Sensor:tsens_tz_sensor6:70000 mC
I/ThermalEngine( 685): Sensor:tsens_tz_sensor5:69000 mC
I/ThermalEngine( 685): Sensor:tsens_tz_sensor6:70000 mC
I/ThermalEngine( 685): Sensor:tsens_tz_sensor5:70000 mC
I/ThermalEngine( 685): Sensor:tsens_tz_sensor6:71000 mC
I/ThermalEngine( 685): ACTION: CPU - Setting CPU[0] to 1958400
I/ThermalEngine( 685): ACTION: CPU - Setting CPU[1] to 1958400
I/ThermalEngine( 685): ACTION: CPU - Setting CPU[2] to 1958400
I/ThermalEngine( 685): ACTION: CPU - Setting CPU[3] to 1958400
I/ThermalEngine( 685): Sensor:tsens_tz_sensor5:71000 mC
I/ThermalEngine( 685): Sensor:tsens_tz_sensor6:69000 mC
I/ThermalEngine( 685): Sensor:tsens_tz_sensor5:69000 mC
I/ThermalEngine( 685): ACTION: CPU - Setting CPU[0] to 2265600
I/ThermalEngine( 685): ACTION: CPU - Setting CPU[1] to 2265600
I/ThermalEngine( 685): ACTION: CPU - Setting CPU[2] to 2265600
I/ThermalEngine( 685): ACTION: CPU - Setting CPU[3] to 2265600
I/ThermalEngine( 685): Sensor:tsens_tz_sensor6:70000 mC
I/ThermalEngine( 685): Sensor:tsens_tz_sensor5:70000 mC
E/qdhwcomposer( 1212): isValidDimension: layer handle is NULL
E/qdhwcomposer( 1212): isValidDimension: layer handle is NULL
E/qdoverlay( 1212): Bad ov dump: mdp_overlay z=0 fg=0 alpha=255 mask=-1 flags=0x220000 id=16
E/qdoverlay( 1212): src msmfb_img w=1152 h=1920 format=13 MDP_RGBA_8888
E/qdoverlay( 1212): src_rect mdp_rect x=0 y=0 w=1080 h=1920
E/qdoverlay( 1212): dst_rect mdp_rect x=0 y=0 w=1080 h=1920
I/ThermalEngine( 685): Sensor:tsens_tz_sensor6:70000 mC
I/ThermalEngine( 685): Sensor:tsens_tz_sensor5:70000 mC
I/ThermalEngine( 685): Sensor:tsens_tz_sensor6:71000 mC
I/ThermalEngine( 685): ACTION: CPU - Setting CPU[0] to 1958400
I/ThermalEngine( 685): ACTION: CPU - Setting CPU[1] to 1958400
I/ThermalEngine( 685): ACTION: CPU - Setting CPU[2] to 1958400
I/ThermalEngine( 685): ACTION: CPU - Setting CPU[3] to 1958400
I/ThermalEngine( 685): Sensor:tsens_tz_sensor5:70000 mC
I/ThermalEngine( 685): Sensor:tsens_tz_sensor6:70000 mC
I/ThermalEngine( 685): ACTION: CPU - Setting CPU[0] to 2265600
I/ThermalEngine( 685): ACTION: CPU - Setting CPU[1] to 2265600
I/ThermalEngine( 685): ACTION: CPU - Setting CPU[2] to 2265600
I/ThermalEngine( 685): ACTION: CPU - Setting CPU[3] to 2265600
I/ThermalEngine( 685): Sensor:tsens_tz_sensor5:69000 mC
I/ThermalEngine( 685): Sensor:tsens_tz_sensor6:70000 mC
I/ThermalEngine( 685): Sensor:tsens_tz_sensor5:70000 mC
E/qdhwcomposer( 1212): isValidDimension: layer handle is NULL
E/qdhwcomposer( 1212): isValidDimension: layer handle is NULL
E/qdoverlay( 1212): Bad ov dump: mdp_overlay z=0 fg=0 alpha=255 mask=-1 flags=0x220000 id=16
E/qdoverlay( 1212): src msmfb_img w=1152 h=1920 format=13 MDP_RGBA_8888
E/qdoverlay( 1212): src_rect mdp_rect x=0 y=0 w=1080 h=1920
E/qdoverlay( 1212): dst_rect mdp_rect x=0 y=0 w=1080 h=1920
I/ThermalEngine( 685): Sensor:tsens_tz_sensor6:71000 mC
I/ThermalEngine( 685): ACTION: CPU - Setting CPU[0] to 1958400
I/ThermalEngine( 685): ACTION: CPU - Setting CPU[1] to 1958400
I/ThermalEngine( 685): ACTION: CPU - Setting CPU[2] to 1958400
I/ThermalEngine( 685): ACTION: CPU - Setting CPU[3] to 1958400
I/ThermalEngine( 685): Sensor:tsens_tz_sensor5:71000 mC
I/ThermalEngine( 685): Sensor:tsens_tz_sensor6:70000 mC
I/ThermalEngine( 685): Sensor:tsens_tz_sensor5:69000 mC
I/ThermalEngine( 685): ACTION: CPU - Setting CPU[0] to 2265600
I/ThermalEngine( 685): ACTION: CPU - Setting CPU[1] to 2265600
I/ThermalEngine( 685): ACTION: CPU - Setting CPU[2] to 2265600
I/ThermalEngine( 685): ACTION: CPU - Setting CPU[3] to 2265600
I/ThermalEngine( 685): Sensor:tsens_tz_sensor6:70000 mC
I/ThermalEngine( 685): Sensor:tsens_tz_sensor5:70000 mC
I/ThermalEngine( 685): Sensor:tsens_tz_sensor6:71000 mC
I/ThermalEngine( 685): ACTION: CPU - Setting CPU[0] to 1958400
I/ThermalEngine( 685): ACTION: CPU - Setting CPU[1] to 1958400
I/ThermalEngine( 685): ACTION: CPU - Setting CPU[2] to 1958400
I/ThermalEngine( 685): ACTION: CPU - Setting CPU[3] to 1958400
I/ThermalEngine( 685): Sensor:tsens_tz_sensor5:71000 mC
I/ThermalEngine( 685): Sensor:tsens_tz_sensor6:70000 mC
I/ThermalEngine( 685): Sensor:tsens_tz_sensor5:69000 mC
I/ThermalEngine( 685): ACTION: CPU - Setting CPU[0] to 2265600
I/ThermalEngine( 685): ACTION: CPU - Setting CPU[1] to 2265600
I/ThermalEngine( 685): ACTION: CPU - Setting CPU[2] to 2265600
I/ThermalEngine( 685): ACTION: CPU - Setting CPU[3] to 2265600
E/qdhwcomposer( 1212): isValidDimension: layer handle is NULL
E/qdhwcomposer( 1212): isValidDimension: layer handle is NULL
E/qdoverlay( 1212): Bad ov dump: mdp_overlay z=0 fg=0 alpha=255 mask=-1 flags=0x220000 id=16
E/qdoverlay( 1212): src msmfb_img w=1152 h=1920 format=13 MDP_RGBA_8888
E/qdoverlay( 1212): src_rect mdp_rect x=0 y=0 w=1080 h=1920
E/qdoverlay( 1212): dst_rect mdp_rect x=0 y=0 w=1080 h=1920
I/ThermalEngine( 685): Sensor:tsens_tz_sensor6:69000 mC
I/ThermalEngine( 685): Sensor:tsens_tz_sensor5:68000 mC
I/ThermalEngine( 685): Sensor:tsens_tz_sensor6:70000 mC
I/ThermalEngine( 685): Sensor:tsens_tz_sensor5:71000 mC
I/ThermalEngine( 685): ACTION: CPU - Setting CPU[0] to 1958400
I/ThermalEngine( 685): ACTION: CPU - Setting CPU[1] to 1958400
I/ThermalEngine( 685): ACTION: CPU - Setting CPU[2] to 1958400
I/ThermalEngine( 685): ACTION: CPU - Setting CPU[3] to 1958400
I/ThermalEngine( 685): Sensor:tsens_tz_sensor6:70000 mC
I/ThermalEngine( 685): Sensor:tsens_tz_sensor5:69000 mC
I/ThermalEngine( 685): ACTION: CPU - Setting CPU[0] to 2265600
I/ThermalEngine( 685): ACTION: CPU - Setting CPU[1] to 2265600
I/ThermalEngine( 685): ACTION: CPU - Setting CPU[2] to 2265600
I/ThermalEngine( 685): ACTION: CPU - Setting CPU[3] to 2265600
I/ThermalEngine( 685): Sensor:tsens_tz_sensor6:70000 mC
I/ThermalEngine( 685): Sensor:tsens_tz_sensor5:70000 mC
E/qdhwcomposer( 1212): isValidDimension: layer handle is NULL
E/qdhwcomposer( 1212): isValidDimension: layer handle is NULL
E/qdoverlay( 1212): Bad ov dump: mdp_overlay z=0 fg=0 alpha=255 mask=-1 flags=0x220000 id=16
E/qdoverlay( 1212): src msmfb_img w=1152 h=1920 format=13 MDP_RGBA_8888
E/qdoverlay( 1212): src_rect mdp_rect x=0 y=0 w=1080 h=1920
E/qdoverlay( 1212): dst_rect mdp_rect x=0 y=0 w=1080 h=1920
I/ThermalEngine( 685): Sensor:tsens_tz_sensor6:70000 mC
I/ThermalEngine( 685): Sensor:tsens_tz_sensor5:71000 mC
I/ThermalEngine( 685): ACTION: CPU - Setting CPU[0] to 1958400
I/ThermalEngine( 685): ACTION: CPU - Setting CPU[1] to 1958400
I/ThermalEngine( 685): ACTION: CPU - Setting CPU[2] to 1958400
I/ThermalEngine( 685): ACTION: CPU - Setting CPU[3] to 1958400
I/ThermalEngine( 685): Sensor:tsens_tz_sensor6:70000 mC
I/ThermalEngine( 685): Sensor:tsens_tz_sensor5:70000 mC
I/ThermalEngine( 685): ACTION: CPU - Setting CPU[0] to 2265600
I/ThermalEngine( 685): ACTION: CPU - Setting CPU[1] to 2265600
I/ThermalEngine( 685): ACTION: CPU - Setting CPU[2] to 2265600
I/ThermalEngine( 685): ACTION: CPU - Setting CPU[3] to 2265600
I/ThermalEngine( 685): Sensor:tsens_tz_sensor6:69000 mC
I/ThermalEngine( 685): Sensor:tsens_tz_sensor5:69000 mC
I/ThermalEngine( 685): Sensor:tsens_tz_sensor6:71000 mC
I/ThermalEngine( 685): ACTION: CPU - Setting CPU[0] to 1958400
I/ThermalEngine( 685): ACTION: CPU - Setting CPU[1] to 1958400
I/ThermalEngine( 685): ACTION: CPU - Setting CPU[2] to 1958400
I/ThermalEngine( 685): ACTION: CPU - Setting CPU[3] to 1958400
I/ThermalEngine( 685): Sensor:tsens_tz_sensor5:71000 mC
I/ThermalEngine( 685): Sensor:tsens_tz_sensor6:71000 mC
I/ThermalEngine( 685): Sensor:tsens_tz_sensor5:70000 mC
E/qdhwcomposer( 1212): isValidDimension: layer handle is NULL
E/qdhwcomposer( 1212): isValidDimension: layer handle is NULL
E/qdoverlay( 1212): Bad ov dump: mdp_overlay z=0 fg=0 alpha=255 mask=-1 flags=0x220000 id=16
E/qdoverlay( 1212): src msmfb_img w=1152 h=1920 format=13 MDP_RGBA_8888
E/qdoverlay( 1212): src_rect mdp_rect x=0 y=0 w=1080 h=1920
E/qdoverlay( 1212): dst_rect mdp_rect x=0 y=0 w=1080 h=1920
I/ThermalEngine( 685): Sensor:tsens_tz_sensor6:69000 mC
I/ThermalEngine( 685): ACTION: CPU - Setting CPU[0] to 2265600
I/ThermalEngine( 685): ACTION: CPU - Setting CPU[1] to 2265600
I/ThermalEngine( 685): ACTION: CPU - Setting CPU[2] to 2265600
I/ThermalEngine( 685): ACTION: CPU - Setting CPU[3] to 2265600
I/ThermalEngine( 685): Sensor:tsens_tz_sensor5:69000 mC
I/ThermalEngine( 685): Sensor:tsens_tz_sensor6:69000 mC
I/ThermalEngine( 685): Sensor:tsens_tz_sensor5:69000 mC
V/WLAN_PSA( 682): NL MSG, len[4095], NL type[0x1C] WNI type[0x5900] len[59151]
V/WLAN_PSA( 682): NL MSG, PID: 682
I/ThermalEngine( 685): Sensor:tsens_tz_sensor6:71000 mC
I/ThermalEngine( 685): ACTION: CPU - Setting CPU[0] to 1958400
I/ThermalEngine( 685): ACTION: CPU - Setting CPU[1] to 1958400
I/ThermalEngine( 685): ACTION: CPU - Setting CPU[2] to 1958400
I/ThermalEngine( 685): ACTION: CPU - Setting CPU[3] to 1958400
I/ThermalEngine( 685): Sensor:tsens_tz_sensor5:71000 mC
I/ThermalEngine( 685): Sensor:tsens_tz_sensor6:70000 mC
I/ThermalEngine( 685): Sensor:tsens_tz_sensor5:69000 mC
I/ThermalEngine( 685): ACTION: CPU - Setting CPU[0] to 2265600
I/ThermalEngine( 685): ACTION: CPU - Setting CPU[1] to 2265600
I/ThermalEngine( 685): ACTION: CPU - Setting CPU[2] to 2265600
I/ThermalEngine( 685): ACTION: CPU - Setting CPU[3] to 2265600
E/qdhwcomposer( 1212): isValidDimension: layer handle is NULL
E/qdhwcomposer( 1212): isValidDimension: layer handle is NULL
E/qdoverlay( 1212): Bad ov dump: mdp_overlay z=0 fg=0 alpha=255 mask=-1 flags=0x220000 id=16
E/qdoverlay( 1212): src msmfb_img w=1152 h=1920 format=13 MDP_RGBA_8888
E/qdoverlay( 1212): src_rect mdp_rect x=0 y=0 w=1080 h=1920
E/qdoverlay( 1212): dst_rect mdp_rect x=0 y=0 w=1080 h=1920
I/ThermalEngine( 685): Sensor:tsens_tz_sensor6:69000 mC
I/ThermalEngine( 685): Sensor:tsens_tz_sensor5:69000 mC
I/ThermalEngine( 685): Sensor:tsens_tz_sensor6:71000 mC
I/ThermalEngine( 685): ACTION: CPU - Setting CPU[0] to 1958400
I/ThermalEngine( 685): ACTION: CPU - Setting CPU[1] to 1958400
I/ThermalEngine( 685): ACTION: CPU - Setting CPU[2] to 1958400
I/ThermalEngine( 685): ACTION: CPU - Setting CPU[3] to 1958400
I/ThermalEngine( 685): Sensor:tsens_tz_sensor5:70000 mC
I/ThermalEngine( 685): Sensor:pm8941_tz:45997 mC
I/ThermalEngine( 685): Sensor:tsens_tz_sensor6:71000 mC
I/ThermalEngine( 685): Sensor:tsens_tz_sensor5:70000 mC
I/ThermalEngine( 685): Sensor:tsens_tz_sensor6:70000 mC
I/ThermalEngine( 685): ACTION: CPU - Setting CPU[0] to 2265600
I/ThermalEngine( 685): ACTION: CPU - Setting CPU[1] to 2265600
I/ThermalEngine( 685): ACTION: CPU - Setting CPU[2] to 2265600
I/ThermalEngine( 685): ACTION: CPU - Setting CPU[3] to 2265600
I/ThermalEngine( 685): Sensor:tsens_tz_sensor5:69000 mC
E/qdhwcomposer( 1212): isValidDimension: layer handle is NULL
E/qdhwcomposer( 1212): isValidDimension: layer handle is NULL
E/qdoverlay( 1212): Bad ov dump: mdp_overlay z=0 fg=0 alpha=255 mask=-1 flags=0x220000 id=16
E/qdoverlay( 1212): src msmfb_img w=1152 h=1920 format=13 MDP_RGBA_8888
E/qdoverlay( 1212): src_rect mdp_rect x=0 y=0 w=1080 h=1920
E/qdoverlay( 1212): dst_rect mdp_rect x=0 y=0 w=1080 h=1920
I/ThermalEngine( 685): Sensor:tsens_tz_sensor6:69000 mC
I/ThermalEngine( 685): Sensor:tsens_tz_sensor5:69000 mC
I/ThermalEngine( 685): Sensor:tsens_tz_sensor6:71000 mC
I/ThermalEngine( 685): ACTION: CPU - Setting CPU[0] to 1958400
I/ThermalEngine( 685): ACTION: CPU - Setting CPU[1] to 1958400
I/ThermalEngine( 685): ACTION: CPU - Setting CPU[2] to 1958400
I/ThermalEngine( 685): ACTION: CPU - Setting CPU[3] to 1958400
I/ThermalEngine( 685): Sensor:tsens_tz_sensor5:70000 mC
I/ThermalEngine( 685): Sensor:tsens_tz_sensor6:71000 mC
I/ThermalEngine( 685): Sensor:tsens_tz_sensor5:70000 mC
I/ThermalEngine( 685): Sensor:tsens_tz_sensor6:70000 mC
I/ThermalEngine( 685): ACTION: CPU - Setting CPU[0] to 2265600
I/ThermalEngine( 685): ACTION: CPU - Setting CPU[1] to 2265600
I/ThermalEngine( 685): ACTION: CPU - Setting CPU[2] to 2265600
I/ThermalEngine( 685): ACTION: CPU - Setting CPU[3] to 2265600
I/ThermalEngine( 685): Sensor:tsens_tz_sensor5:69000 mC
I/ThermalEngine( 685): Sensor:tsens_tz_sensor6:71000 mC
I/ThermalEngine( 685): ACTION: CPU - Setting CPU[0] to 1958400
I/ThermalEngine( 685): ACTION: CPU - Setting CPU[1] to 1958400
I/ThermalEngine( 685): ACTION: CPU - Setting CPU[2] to 1958400
I/ThermalEngine( 685): ACTION: CPU - Setting CPU[3] to 1958400
I/ThermalEngine( 685): Sensor:tsens_tz_sensor5:71000 mC
E/qdhwcomposer( 1212): isValidDimension: layer handle is NULL
E/qdhwcomposer( 1212): isValidDimension: layer handle is NULL
E/qdoverlay( 1212): Bad ov dump: mdp_overlay z=0 fg=0 alpha=255 mask=-1 flags=0x220000 id=16
E/qdoverlay( 1212): src msmfb_img w=1152 h=1920 format=13 MDP_RGBA_8888
E/qdoverlay( 1212): src_rect mdp_rect x=0 y=0 w=1080 h=1920
E/qdoverlay( 1212): dst_rect mdp_rect x=0 y=0 w=1080 h=1920
I/ThermalEngine( 685): Sensor:tsens_tz_sensor6:69000 mC
I/ThermalEngine( 685): Sensor:tsens_tz_sensor5:69000 mC
I/ThermalEngine( 685): ACTION: CPU - Setting CPU[0] to 2265600
I/ThermalEngine( 685): ACTION: CPU - Setting CPU[1] to 2265600
I/ThermalEngine( 685): ACTION: CPU - Setting CPU[2] to 2265600
I/ThermalEngine( 685): ACTION: CPU - Setting CPU[3] to 2265600
I/ThermalEngine( 685): Sensor:tsens_tz_sensor6:71000 mC
I/ThermalEngine( 685): ACTION: CPU - Setting CPU[0] to 1958400
I/ThermalEngine( 685): ACTION: CPU - Setting CPU[1] to 1958400
I/ThermalEngine( 685): ACTION: CPU - Setting CPU[2] to 1958400
I/ThermalEngine( 685): ACTION: CPU - Setting CPU[3] to 1958400
I/ThermalEngine( 685): Sensor:tsens_tz_sensor5:70000 mC
I/ThermalEngine( 685): Sensor:tsens_tz_sensor6:69000 mC
I/ThermalEngine( 685): ACTION: CPU - Setting CPU[0] to 2265600
I/ThermalEngine( 685): ACTION: CPU - Setting CPU[1] to 2265600
I/ThermalEngine( 685): ACTION: CPU - Setting CPU[2] to 2265600
I/ThermalEngine( 685): ACTION: CPU - Setting CPU[3] to 2265600
I/ThermalEngine( 685): Sensor:tsens_tz_sensor5:68000 mC
I/ThermalEngine( 685): Sensor:tsens_tz_sensor6:71000 mC
I/ThermalEngine( 685): ACTION: CPU - Setting CPU[0] to 1958400
I/ThermalEngine( 685): ACTION: CPU - Setting CPU[1] to 1958400
I/ThermalEngine( 685): ACTION: CPU - Setting CPU[2] to 1958400
I/ThermalEngine( 685): ACTION: CPU - Setting CPU[3] to 1958400
I/ThermalEngine( 685): Sensor:tsens_tz_sensor5:71000 mC
I/ThermalEngine( 685): Sensor:tsens_tz_sensor6:69000 mC
I/ThermalEngine( 685): Sensor:tsens_tz_sensor5:69000 mC
I/ThermalEngine( 685): ACTION: CPU - Setting CPU[0] to 2265600
I/ThermalEngine( 685): ACTION: CPU - Setting CPU[1] to 2265600
I/ThermalEngine( 685): ACTION: CPU - Setting CPU[2] to 2265600
I/ThermalEngine( 685): ACTION: CPU - Setting CPU[3] to 2265600
E/qdhwcomposer( 1212): isValidDimension: layer handle is NULL
E/qdhwcomposer( 1212): isValidDimension: layer handle is NULL
E/qdoverlay( 1212): Bad ov dump: mdp_overlay z=0 fg=0 alpha=255 mask=-1 flags=0x220000 id=16
E/qdoverlay( 1212): src msmfb_img w=1152 h=1920 format=13 MDP_RGBA_8888
E/qdoverlay( 1212): src_rect mdp_rect x=0 y=0 w=1080 h=1920
E/qdoverlay( 1212): dst_rect mdp_rect x=0 y=0 w=1080 h=1920
I/ThermalEngine( 685): Sensor:tsens_tz_sensor6:71000 mC
I/ThermalEngine( 685): ACTION: CPU - Setting CPU[0] to 1958400
I/ThermalEngine( 685): ACTION: CPU - Setting CPU[1] to 1958400
I/ThermalEngine( 685): ACTION: CPU - Setting CPU[2] to 1958400
I/ThermalEngine( 685): ACTION: CPU - Setting CPU[3] to 1958400
I/ThermalEngine( 685): Sensor:tsens_tz_sensor5:70000 mC
I/ThermalEngine( 685): Sensor:tsens_tz_sensor6:69000 mC
I/ThermalEngine( 685): ACTION: CPU - Setting CPU[0] to 2265600
I/ThermalEngine( 685): ACTION: CPU - Setting CPU[1] to 2265600
I/ThermalEngine( 685): ACTION: CPU - Setting CPU[2] to 2265600
I/ThermalEngine( 685): ACTION: CPU - Setting CPU[3] to 2265600
I/ThermalEngine( 685): Sensor:tsens_tz_sensor5:69000 mC
I/ThermalEngine( 685): Sensor:tsens_tz_sensor6:71000 mC
I/ThermalEngine( 685): ACTION: CPU - Setting CPU[0] to 1958400
I/ThermalEngine( 685): ACTION: CPU - Setting CPU[1] to 1958400
I/ThermalEngine( 685): ACTION: CPU - Setting CPU[2] to 1958400
I/ThermalEngine( 685): ACTION: CPU - Setting CPU[3] to 1958400
I/ThermalEngine( 685): Sensor:tsens_tz_sensor5:70000 mC
I/ThermalEngine( 685): Sensor:tsens_tz_sensor6:70000 mC
I/ThermalEngine( 685): ACTION: CPU - Setting CPU[0] to 2265600
I/ThermalEngine( 685): ACTION: CPU - Setting CPU[1] to 2265600
I/ThermalEngine( 685): ACTION: CPU - Setting CPU[2] to 2265600
I/ThermalEngine( 685): ACTION: CPU - Setting CPU[3] to 2265600
I/ThermalEngine( 685): Sensor:tsens_tz_sensor5:69000 mC
E/qdhwcomposer( 1212): isValidDimension: layer handle is NULL
E/qdhwcomposer( 1212): isValidDimension: layer handle is NULL
E/qdoverlay( 1212): Bad ov dump: mdp_overlay z=0 fg=0 alpha=255 mask=-1 flags=0x220000 id=16
E/qdoverlay( 1212): src msmfb_img w=1152 h=1920 format=13 MDP_RGBA_8888
E/qdoverlay( 1212): src_rect mdp_rect x=0 y=0 w=1080 h=1920
E/qdoverlay( 1212): dst_rect mdp_rect x=0 y=0 w=1080 h=1920
I/ThermalEngine( 685): Sensor:tsens_tz_sensor6:71000 mC
I/ThermalEngine( 685): ACTION: CPU - Setting CPU[0] to 1958400
I/ThermalEngine( 685): ACTION: CPU - Setting CPU[1] to 1958400
I/ThermalEngine( 685): ACTION: CPU - Setting CPU[2] to 1958400
I/ThermalEngine( 685): ACTION: CPU - Setting CPU[3] to 1958400
I/ThermalEngine( 685): Sensor:tsens_tz_sensor5:71000 mC
I/ThermalEngine( 685): Sensor:tsens_tz_sensor6:69000 mC
I/ThermalEngine( 685): Sensor:tsens_tz_sensor5:69000 mC
I/ThermalEngine( 685): ACTION: CPU - Setting CPU[0] to 2265600
I/ThermalEngine( 685): ACTION: CPU - Setting CPU[1] to 2265600
I/ThermalEngine( 685): ACTION: CPU - Setting CPU[2] to 2265600
I/ThermalEngine( 685): ACTION: CPU - Setting CPU[3] to 2265600
I/ThermalEngine( 685): Sensor:tsens_tz_sensor6:71000 mC
I/ThermalEngine( 685): ACTION: CPU - Setting CPU[0] to 1958400
I/ThermalEngine( 685): ACTION: CPU - Setting CPU[1] to 1958400
I/ThermalEngine( 685): ACTION: CPU - Setting CPU[2] to 1958400
I/ThermalEngine( 685): ACTION: CPU - Setting CPU[3] to 1958400
I/ThermalEngine( 685): Sensor:tsens_tz_sensor5:71000 mC
I/ThermalEngine( 685): Sensor:tsens_tz_sensor6:70000 mC
I/ThermalEngine( 685): Sensor:tsens_tz_sensor5:69000 mC
I/ThermalEngine( 685): ACTION: CPU - Setting CPU[0] to 2265600
I/ThermalEngine( 685): ACTION: CPU - Setting CPU[1] to 2265600
I/ThermalEngine( 685): ACTION: CPU - Setting CPU[2] to 2265600
I/ThermalEngine( 685): ACTION: CPU - Setting CPU[3] to 2265600
E/qdhwcomposer( 1212): isValidDimension: layer handle is NULL
E/qdhwcomposer( 1212): isValidDimension: layer handle is NULL
E/qdoverlay( 1212): Bad ov dump: mdp_overlay z=0 fg=0 alpha=255 mask=-1 flags=0x220000 id=16
E/qdoverlay( 1212): src msmfb_img w=1152 h=1920 format=13 MDP_RGBA_8888
E/qdoverlay( 1212): src_rect mdp_rect x=0 y=0 w=1080 h=1920
E/qdoverlay( 1212): dst_rect mdp_rect x=0 y=0 w=1080 h=1920
I/ThermalEngine( 685): Sensor:tsens_tz_sensor6:70000 mC
I/ThermalEngine( 685): Sensor:tsens_tz_sensor5:70000 mC
I/ThermalEngine( 685): Sensor:tsens_tz_sensor6:71000 mC
I/ThermalEngine( 685): ACTION: CPU - Setting CPU[0] to 1958400
I/ThermalEngine( 685): ACTION: CPU - Setting CPU[1] to 1958400
I/ThermalEngine( 685): ACTION: CPU - Setting CPU[2] to 1958400
I/ThermalEngine( 685): ACTION: CPU - Setting CPU[3] to 1958400
I/ThermalEngine( 685): Sensor:tsens_tz_sensor5:70000 mC
I/ThermalEngine( 685): Sensor:tsens_tz_sensor6:70000 mC
I/ThermalEngine( 685): ACTION: CPU - Setting CPU[0] to 2265600
I/ThermalEngine( 685): ACTION: CPU - Setting CPU[1] to 2265600
I/ThermalEngine( 685): ACTION: CPU - Setting CPU[2] to 2265600
I/ThermalEngine( 685): ACTION: CPU - Setting CPU[3] to 2265600
I/ThermalEngine( 685): Sensor:tsens_tz_sensor5:69000 mC
I/ThermalEngine( 685): Sensor:tsens_tz_sensor6:71000 mC
I/ThermalEngine( 685): ACTION: CPU - Setting CPU[0] to 1958400
I/ThermalEngine( 685): ACTION: CPU - Setting CPU[1] to 1958400
I/ThermalEngine( 685): ACTION: CPU - Setting CPU[2] to 1958400
I/ThermalEngine( 685): ACTION: CPU - Setting CPU[3] to 1958400
I/ThermalEngine( 685): Sensor:tsens_tz_sensor5:70000 mC
I/ThermalEngine( 685): Sensor:tsens_tz_sensor6:68000 mC
I/ThermalEngine( 685): ACTION: CPU - Setting CPU[0] to 2265600
I/ThermalEngine( 685): ACTION: CPU - Setting CPU[1] to 2265600
I/ThermalEngine( 685): ACTION: CPU - Setting CPU[2] to 2265600
I/ThermalEngine( 685): ACTION: CPU - Setting CPU[3] to 2265600
I/ThermalEngine( 685): Sensor:tsens_tz_sensor5:68000 mC
E/qdhwcomposer( 1212): isValidDimension: layer handle is NULL
E/qdhwcomposer( 1212): isValidDimension: layer handle is NULL
E/qdoverlay( 1212): Bad ov dump: mdp_overlay z=0 fg=0 alpha=255 mask=-1 flags=0x220000 id=16
E/qdoverlay( 1212): src msmfb_img w=1152 h=1920 format=13 MDP_RGBA_8888
E/qdoverlay( 1212): src_rect mdp_rect x=0 y=0 w=1080 h=1920
E/qdoverlay( 1212): dst_rect mdp_rect x=0 y=0 w=1080 h=1920
I/ThermalEngine( 685): Sensor:tsens_tz_sensor6:68000 mC
I/ThermalEngine( 685): Sensor:tsens_tz_sensor5:69000 mC
I/ThermalEngine( 685): Sensor:tsens_tz_sensor6:71000 mC
I/ThermalEngine( 685): ACTION: CPU - Setting CPU[0] to 1958400
I/ThermalEngine( 685): ACTION: CPU - Setting CPU[1] to 1958400
I/ThermalEngine( 685): ACTION: CPU - Setting CPU[2] to 1958400
I/ThermalEngine( 685): ACTION: CPU - Setting CPU[3] to 1958400
I/ThermalEngine( 685): Sensor:tsens_tz_sensor5:70000 mC
I/ThermalEngine( 685): Sensor:tsens_tz_sensor6:65000 mC
I/ThermalEngine( 685): ACTION: CPU - Setting CPU[0] to 2265600
I/ThermalEngine( 685): ACTION: CPU - Setting CPU[1] to 2265600
I/ThermalEngine( 685): ACTION: CPU - Setting CPU[2] to 2265600
I/ThermalEngine( 685): ACTION: CPU - Setting CPU[3] to 2265600
I/ThermalEngine( 685): Sensor:tsens_tz_sensor5:69000 mC
I/ThermalEngine( 685): Sensor:tsens_tz_sensor6:62000 mC
I/ThermalEngine( 685): Sensor:tsens_tz_sensor5:69000 mC
E/qdhwcomposer( 1212): isValidDimension: layer handle is NULL
E/qdhwcomposer( 1212): isValidDimension: layer handle is NULL
E/qdoverlay( 1212): Bad ov dump: mdp_overlay z=0 fg=0 alpha=255 mask=-1 flags=0x220000 id=16
E/qdoverlay( 1212): src msmfb_img w=1152 h=1920 format=13 MDP_RGBA_8888
E/qdoverlay( 1212): src_rect mdp_rect x=0 y=0 w=1080 h=1920
E/qdoverlay( 1212): dst_rect mdp_rect x=0 y=0 w=1080 h=1920
I/ThermalEngine( 685): Sensor:tsens_tz_sensor6:65000 mC
I/ThermalEngine( 685): Sensor:tsens_tz_sensor5:68000 mC
I/ThermalEngine( 685): Sensor:tsens_tz_sensor6:69000 mC
I/ThermalEngine( 685): Sensor:tsens_tz_sensor5:69000 mC
I/ThermalEngine( 685): Sensor:tsens_tz_sensor6:70000 mC
I/ThermalEngine( 685): Sensor:tsens_tz_sensor5:70000 mC
I/ThermalEngine( 685): Sensor:tsens_tz_sensor6:71000 mC
I/ThermalEngine( 685): ACTION: CPU - Setting CPU[0] to 1958400
I/ThermalEngine( 685): ACTION: CPU - Setting CPU[1] to 1958400
I/ThermalEngine( 685): ACTION: CPU - Setting CPU[2] to 1958400
I/ThermalEngine( 685): ACTION: CPU - Setting CPU[3] to 1958400
I/ThermalEngine( 685): Sensor:tsens_tz_sensor5:71000 mC
E/qdhwcomposer( 1212): isValidDimension: layer handle is NULL
E/qdhwcomposer( 1212): isValidDimension: layer handle is NULL
E/qdoverlay( 1212): Bad ov dump: mdp_overlay z=0 fg=0 alpha=255 mask=-1 flags=0x220000 id=16
E/qdoverlay( 1212): src msmfb_img w=1152 h=1920 format=13 MDP_RGBA_8888
E/qdoverlay( 1212): src_rect mdp_rect x=0 y=0 w=1080 h=1920
E/qdoverlay( 1212): dst_rect mdp_rect x=0 y=0 w=1080 h=1920
I/ThermalEngine( 685): Sensor:tsens_tz_sensor6:70000 mC
I/ThermalEngine( 685): Sensor:tsens_tz_sensor5:69000 mC
I/ThermalEngine( 685): ACTION: CPU - Setting CPU[0] to 2265600
I/ThermalEngine( 685): ACTION: CPU - Setting CPU[1] to 2265600
I/ThermalEngine( 685): ACTION: CPU - Setting CPU[2] to 2265600
I/ThermalEngine( 685): ACTION: CPU - Setting CPU[3] to 2265600
V/WLAN_PSA( 682): NL MSG, len[048], NL type[0x11] WNI type[0x5050] len[028]
V/WLAN_PSA( 682): NL MSG, PID: 682
I/ThermalEngine( 685): Sensor:tsens_tz_sensor6:70000 mC
I/ThermalEngine( 685): Sensor:tsens_tz_sensor5:70000 mC
W/dex2oat ( 4018): Skipping class org.codeaurora.Performance from /system/framework/org.codeaurora.Performance.jar previously found in /usr/libexec/sfdroid/system/framework/framework.jar:classes2.dex
W/dex2oat ( 4018): Skipping class org.codeaurora.camera.ExtendedFace from /system/framework/org.codeaurora.Performance.jar previously found in /usr/libexec/sfdroid/system/framework/framework.jar:classes2.dex
W/dex2oat ( 4018): Skipping class org.codeaurora.camera.QCFace from /system/framework/org.codeaurora.Performance.jar previously found in /usr/libexec/sfdroid/system/framework/framework.jar:classes2.dex
I/ThermalEngine( 685): Sensor:tsens_tz_sensor6:70000 mC
I/ThermalEngine( 685): Sensor:tsens_tz_sensor5:70000 mC
I/ThermalEngine( 685): Sensor:tsens_tz_sensor6:69000 mC
I/ThermalEngine( 685): Sensor:tsens_tz_sensor5:69000 mC
I/ThermalEngine( 685): Sensor:tsens_tz_sensor6:70000 mC
I/ThermalEngine( 685): Sensor:tsens_tz_sensor5:64000 mC
E/qdhwcomposer( 1212): isValidDimension: layer handle is NULL
E/qdhwcomposer( 1212): isValidDimension: layer handle is NULL
E/qdoverlay( 1212): Bad ov dump: mdp_overlay z=0 fg=0 alpha=255 mask=-1 flags=0x220000 id=16
E/qdoverlay( 1212): src msmfb_img w=1152 h=1920 format=13 MDP_RGBA_8888
E/qdoverlay( 1212): src_rect mdp_rect x=0 y=0 w=1080 h=1920
E/qdoverlay( 1212): dst_rect mdp_rect x=0 y=0 w=1080 h=1920
I/ThermalEngine( 685): Sensor:tsens_tz_sensor6:69000 mC
I/ThermalEngine( 685): Sensor:tsens_tz_sensor5:62000 mC
I/ThermalEngine( 685): Sensor:tsens_tz_sensor6:68000 mC
I/ThermalEngine( 685): Sensor:tsens_tz_sensor5:63000 mC
E/NetlinkListener( 3983): recvmsg failed (I/O error)
E/NetlinkListener( 1620): recvmsg failed (I/O error)
E/NetlinkListener( 3983): recvmsg failed (I/O error)
E/NetlinkListener( 1620): recvmsg failed (I/O error)
I/ThermalEngine( 685): Sensor:tsens_tz_sensor6:62000 mC
I/ThermalEngine( 685): Sensor:tsens_tz_sensor5:61000 mC
I/ThermalEngine( 685): Sensor:tsens_tz_sensor6:59000 mC
I/ThermalEngine( 685): Sensor:tsens_tz_sensor5:60000 mC
E/qdhwcomposer( 1212): isValidDimension: layer handle is NULL
E/qdhwcomposer( 1212): isValidDimension: layer handle is NULL
E/qdoverlay( 1212): Bad ov dump: mdp_overlay z=0 fg=0 alpha=255 mask=-1 flags=0x220000 id=16
E/qdoverlay( 1212): src msmfb_img w=1152 h=1920 format=13 MDP_RGBA_8888
E/qdoverlay( 1212): src_rect mdp_rect x=0 y=0 w=1080 h=1920
E/qdoverlay( 1212): dst_rect mdp_rect x=0 y=0 w=1080 h=1920
I/ThermalEngine( 685): Sensor:tsens_tz_sensor6:58000 mC
I/ThermalEngine( 685): Sensor:tsens_tz_sensor5:59000 mC
I/ThermalEngine( 685): Sensor:tsens_tz_sensor6:58000 mC
I/ThermalEngine( 685): Sensor:tsens_tz_sensor5:63000 mC
I/ThermalEngine( 685): Sensor:tsens_tz_sensor6:57000 mC
I/ThermalEngine( 685): Sensor:tsens_tz_sensor5:59000 mC
I/ThermalEngine( 685): Sensor:tsens_tz_sensor6:57000 mC
I/ThermalEngine( 685): Sensor:tsens_tz_sensor5:58000 mC
I/ThermalEngine( 685): Sensor:tsens_tz_sensor6:57000 mC
I/ThermalEngine( 685): Sensor:tsens_tz_sensor5:57000 mC
E/qdhwcomposer( 1212): isValidDimension: layer handle is NULL
E/qdhwcomposer( 1212): isValidDimension: layer handle is NULL
E/qdoverlay( 1212): Bad ov dump: mdp_overlay z=0 fg=0 alpha=255 mask=-1 flags=0x220000 id=16
E/qdoverlay( 1212): src msmfb_img w=1152 h=1920 format=13 MDP_RGBA_8888
E/qdoverlay( 1212): src_rect mdp_rect x=0 y=0 w=1080 h=1920
E/qdoverlay( 1212): dst_rect mdp_rect x=0 y=0 w=1080 h=1920
I/ThermalEngine( 685): Sensor:tsens_tz_sensor6:56000 mC
I/ThermalEngine( 685): Sensor:tsens_tz_sensor5:57000 mC
I/ThermalEngine( 685): Sensor:tsens_tz_sensor6:56000 mC
I/ThermalEngine( 685): Sensor:tsens_tz_sensor5:61000 mC
I/ThermalEngine( 685): Sensor:tsens_tz_sensor6:56000 mC
I/ThermalEngine( 685): Sensor:tsens_tz_sensor5:63000 mC
I/ThermalEngine( 685): Sensor:tsens_tz_sensor6:56000 mC
I/ThermalEngine( 685): Sensor:tsens_tz_sensor5:63000 mC
E/qdhwcomposer( 1212): isValidDimension: layer handle is NULL
E/qdhwcomposer( 1212): isValidDimension: layer handle is NULL
E/qdoverlay( 1212): Bad ov dump: mdp_overlay z=0 fg=0 alpha=255 mask=-1 flags=0x220000 id=16
E/qdoverlay( 1212): src msmfb_img w=1152 h=1920 format=13 MDP_RGBA_8888
E/qdoverlay( 1212): src_rect mdp_rect x=0 y=0 w=1080 h=1920
E/qdoverlay( 1212): dst_rect mdp_rect x=0 y=0 w=1080 h=1920
I/ThermalEngine( 685): Sensor:tsens_tz_sensor6:56000 mC
I/ThermalEngine( 685): Sensor:tsens_tz_sensor5:63000 mC
I/ThermalEngine( 685): Sensor:tsens_tz_sensor6:56000 mC
I/ThermalEngine( 685): Sensor:tsens_tz_sensor5:64000 mC
I/ThermalEngine( 685): Sensor:tsens_tz_sensor6:56000 mC
I/ThermalEngine( 685): Sensor:tsens_tz_sensor5:59000 mC
I/ThermalEngine( 685): Sensor:tsens_tz_sensor6:56000 mC
I/ThermalEngine( 685): Sensor:tsens_tz_sensor5:58000 mC
I/ThermalEngine( 685): Sensor:tsens_tz_sensor6:55000 mC
I/ThermalEngine( 685): Sensor:tsens_tz_sensor5:56000 mC
E/qdhwcomposer( 1212): isValidDimension: layer handle is NULL
E/qdhwcomposer( 1212): isValidDimension: layer handle is NULL
E/qdoverlay( 1212): Bad ov dump: mdp_overlay z=0 fg=0 alpha=255 mask=-1 flags=0x220000 id=16
E/qdoverlay( 1212): src msmfb_img w=1152 h=1920 format=13 MDP_RGBA_8888
E/qdoverlay( 1212): src_rect mdp_rect x=0 y=0 w=1080 h=1920
E/qdoverlay( 1212): dst_rect mdp_rect x=0 y=0 w=1080 h=1920
I/ThermalEngine( 685): Sensor:tsens_tz_sensor6:55000 mC
I/ThermalEngine( 685): Sensor:tsens_tz_sensor6:55000 mC
I/ThermalEngine( 685): Sensor:tsens_tz_sensor5:57000 mC
E/NetlinkListener( 1620): recvmsg failed (I/O error)
E/NetlinkListener( 3983): recvmsg failed (I/O error)
I/ThermalEngine( 685): Sensor:tsens_tz_sensor5:61000 mC
I/ThermalEngine( 685): Sensor:tsens_tz_sensor5:58000 mC
I/ThermalEngine( 685): Sensor:tsens_tz_sensor5:58000 mC
E/qdhwcomposer( 1212): isValidDimension: layer handle is NULL
E/qdhwcomposer( 1212): isValidDimension: layer handle is NULL
E/qdoverlay( 1212): Bad ov dump: mdp_overlay z=0 fg=0 alpha=255 mask=-1 flags=0x220000 id=16
E/qdoverlay( 1212): src msmfb_img w=1152 h=1920 format=13 MDP_RGBA_8888
E/qdoverlay( 1212): src_rect mdp_rect x=0 y=0 w=1080 h=1920
E/qdoverlay( 1212): dst_rect mdp_rect x=0 y=0 w=1080 h=1920
I/ThermalEngine( 685): Sensor:tsens_tz_sensor5:57000 mC
E/NetlinkListener( 1620): recvmsg failed (I/O error)
E/NetlinkListener( 3983): recvmsg failed (I/O error)
I/ThermalEngine( 685): Sensor:tsens_tz_sensor5:60000 mC
I/ThermalEngine( 685): Sensor:tsens_tz_sensor5:57000 mC
I/ThermalEngine( 685): Sensor:tsens_tz_sensor5:56000 mC
I/ThermalEngine( 685): Sensor:tsens_tz_sensor5:56000 mC
E/qdhwcomposer( 1212): isValidDimension: layer handle is NULL
E/qdhwcomposer( 1212): isValidDimension: layer handle is NULL
E/qdoverlay( 1212): Bad ov dump: mdp_overlay z=0 fg=0 alpha=255 mask=-1 flags=0x220000 id=16
E/qdoverlay( 1212): src msmfb_img w=1152 h=1920 format=13 MDP_RGBA_8888
E/qdoverlay( 1212): src_rect mdp_rect x=0 y=0 w=1080 h=1920
E/qdoverlay( 1212): dst_rect mdp_rect x=0 y=0 w=1080 h=1920
I/ThermalEngine( 685): Sensor:tsens_tz_sensor5:61000 mC
I/ThermalEngine( 685): Sensor:tsens_tz_sensor5:56000 mC
I/ThermalEngine( 685): Sensor:tsens_tz_sensor5:55000 mC
I/ThermalEngine( 685): Sensor:tsens_tz_sensor5:55000 mC
E/qdhwcomposer( 1212): isValidDimension: layer handle is NULL
E/qdhwcomposer( 1212): isValidDimension: layer handle is NULL
E/qdoverlay( 1212): Bad ov dump: mdp_overlay z=0 fg=0 alpha=255 mask=-1 flags=0x220000 id=16
E/qdoverlay( 1212): src msmfb_img w=1152 h=1920 format=13 MDP_RGBA_8888
E/qdoverlay( 1212): src_rect mdp_rect x=0 y=0 w=1080 h=1920
E/qdoverlay( 1212): dst_rect mdp_rect x=0 y=0 w=1080 h=1920
E/qdhwcomposer( 1212): isValidDimension: layer handle is NULL
E/qdhwcomposer( 1212): isValidDimension: layer handle is NULL
E/qdoverlay( 1212): Bad ov dump: mdp_overlay z=0 fg=0 alpha=255 mask=-1 flags=0x220000 id=16
E/qdoverlay( 1212): src msmfb_img w=1152 h=1920 format=13 MDP_RGBA_8888
E/qdoverlay( 1212): src_rect mdp_rect x=0 y=0 w=1080 h=1920
E/qdoverlay( 1212): dst_rect mdp_rect x=0 y=0 w=1080 h=1920
I/ThermalEngine( 685): Sensor:pm8941_tz:46535 mC
E/qdhwcomposer( 1212): isValidDimension: layer handle is NULL
E/qdhwcomposer( 1212): isValidDimension: layer handle is NULL
E/qdoverlay( 1212): Bad ov dump: mdp_overlay z=0 fg=0 alpha=255 mask=-1 flags=0x220000 id=16
E/qdoverlay( 1212): src msmfb_img w=1152 h=1920 format=13 MDP_RGBA_8888
E/qdoverlay( 1212): src_rect mdp_rect x=0 y=0 w=1080 h=1920
E/qdoverlay( 1212): dst_rect mdp_rect x=0 y=0 w=1080 h=1920
E/qdhwcomposer( 1212): isValidDimension: layer handle is NULL
E/qdhwcomposer( 1212): isValidDimension: layer handle is NULL
E/qdoverlay( 1212): Bad ov dump: mdp_overlay z=0 fg=0 alpha=255 mask=-1 flags=0x220000 id=16
E/qdoverlay( 1212): src msmfb_img w=1152 h=1920 format=13 MDP_RGBA_8888
E/qdoverlay( 1212): src_rect mdp_rect x=0 y=0 w=1080 h=1920
E/qdoverlay( 1212): dst_rect mdp_rect x=0 y=0 w=1080 h=1920
E/NetlinkListener( 1620): recvmsg failed (I/O error)
E/NetlinkListener( 3983): recvmsg failed (I/O error)
E/qdhwcomposer( 1212): isValidDimension: layer handle is NULL
E/qdhwcomposer( 1212): isValidDimension: layer handle is NULL
E/qdoverlay( 1212): Bad ov dump: mdp_overlay z=0 fg=0 alpha=255 mask=-1 flags=0x220000 id=16
E/qdoverlay( 1212): src msmfb_img w=1152 h=1920 format=13 MDP_RGBA_8888
E/qdoverlay( 1212): src_rect mdp_rect x=0 y=0 w=1080 h=1920
E/qdoverlay( 1212): dst_rect mdp_rect x=0 y=0 w=1080 h=1920
E/NetlinkListener( 3983): recvmsg failed (I/O error)
E/NetlinkListener( 1620): recvmsg failed (I/O error)
V/WLAN_PSA( 682): NL MSG, len[4025], NL type[0x1C] WNI type[0x5900] len[41231]
V/WLAN_PSA( 682): NL MSG, PID: 682
E/qdhwcomposer( 1212): isValidDimension: layer handle is NULL
E/qdhwcomposer( 1212): isValidDimension: layer handle is NULL
E/qdoverlay( 1212): Bad ov dump: mdp_overlay z=0 fg=0 alpha=255 mask=-1 flags=0x220000 id=16
E/qdoverlay( 1212): src msmfb_img w=1152 h=1920 format=13 MDP_RGBA_8888
E/qdoverlay( 1212): src_rect mdp_rect x=0 y=0 w=1080 h=1920
E/qdoverlay( 1212): dst_rect mdp_rect x=0 y=0 w=1080 h=1920
E/qdhwcomposer( 1212): isValidDimension: layer handle is NULL
E/qdhwcomposer( 1212): isValidDimension: layer handle is NULL
E/qdoverlay( 1212): Bad ov dump: mdp_overlay z=0 fg=0 alpha=255 mask=-1 flags=0x220000 id=16
E/qdoverlay( 1212): src msmfb_img w=1152 h=1920 format=13 MDP_RGBA_8888
E/qdoverlay( 1212): src_rect mdp_rect x=0 y=0 w=1080 h=1920
E/qdoverlay( 1212): dst_rect mdp_rect x=0 y=0 w=1080 h=1920
E/qdhwcomposer( 1212): isValidDimension: layer handle is NULL
E/qdhwcomposer( 1212): isValidDimension: layer handle is NULL
E/qdoverlay( 1212): Bad ov dump: mdp_overlay z=0 fg=0 alpha=255 mask=-1 flags=0x220000 id=16
E/qdoverlay( 1212): src msmfb_img w=1152 h=1920 format=13 MDP_RGBA_8888
E/qdoverlay( 1212): src_rect mdp_rect x=0 y=0 w=1080 h=1920
E/qdoverlay( 1212): dst_rect mdp_rect x=0 y=0 w=1080 h=1920
I/dex2oat ( 4018): Explicit concurrent mark sweep GC freed 233600(16MB) AllocSpace objects, 0(0B) LOS objects, 26% free, 11MB/15MB, paused 231us total 117.370ms
E/qdhwcomposer( 1212): isValidDimension: layer handle is NULL
E/qdhwcomposer( 1212): isValidDimension: layer handle is NULL
E/qdoverlay( 1212): Bad ov dump: mdp_overlay z=0 fg=0 alpha=255 mask=-1 flags=0x220000 id=16
E/qdoverlay( 1212): src msmfb_img w=1152 h=1920 format=13 MDP_RGBA_8888
E/qdoverlay( 1212): src_rect mdp_rect x=0 y=0 w=1080 h=1920
E/qdoverlay( 1212): dst_rect mdp_rect x=0 y=0 w=1080 h=1920
E/qdhwcomposer( 1212): isValidDimension: layer handle is NULL
E/qdhwcomposer( 1212): isValidDimension: layer handle is NULL
E/qdoverlay( 1212): Bad ov dump: mdp_overlay z=0 fg=0 alpha=255 mask=-1 flags=0x220000 id=16
E/qdoverlay( 1212): src msmfb_img w=1152 h=1920 format=13 MDP_RGBA_8888
E/qdoverlay( 1212): src_rect mdp_rect x=0 y=0 w=1080 h=1920
E/qdoverlay( 1212): dst_rect mdp_rect x=0 y=0 w=1080 h=1920
E/NetlinkListener( 1620): recvmsg failed (I/O error)
E/NetlinkListener( 3983): recvmsg failed (I/O error)
V/WLAN_PSA( 682): NL MSG, len[048], NL type[0x11] WNI type[0x5050] len[028]
V/WLAN_PSA( 682): NL MSG, PID: 682
E/qdhwcomposer( 1212): isValidDimension: layer handle is NULL
E/qdhwcomposer( 1212): isValidDimension: layer handle is NULL
E/qdoverlay( 1212): Bad ov dump: mdp_overlay z=0 fg=0 alpha=255 mask=-1 flags=0x220000 id=16
E/qdoverlay( 1212): src msmfb_img w=1152 h=1920 format=13 MDP_RGBA_8888
E/qdoverlay( 1212): src_rect mdp_rect x=0 y=0 w=1080 h=1920
E/qdoverlay( 1212): dst_rect mdp_rect x=0 y=0 w=1080 h=1920
E/qdhwcomposer( 1212): isValidDimension: layer handle is NULL
E/qdhwcomposer( 1212): isValidDimension: layer handle is NULL
E/qdoverlay( 1212): Bad ov dump: mdp_overlay z=0 fg=0 alpha=255 mask=-1 flags=0x220000 id=16
E/qdoverlay( 1212): src msmfb_img w=1152 h=1920 format=13 MDP_RGBA_8888
E/qdoverlay( 1212): src_rect mdp_rect x=0 y=0 w=1080 h=1920
E/qdoverlay( 1212): dst_rect mdp_rect x=0 y=0 w=1080 h=1920
E/qdhwcomposer( 1212): isValidDimension: layer handle is NULL
E/qdhwcomposer( 1212): isValidDimension: layer handle is NULL
E/qdoverlay( 1212): Bad ov dump: mdp_overlay z=0 fg=0 alpha=255 mask=-1 flags=0x220000 id=16
E/qdoverlay( 1212): src msmfb_img w=1152 h=1920 format=13 MDP_RGBA_8888
E/qdoverlay( 1212): src_rect mdp_rect x=0 y=0 w=1080 h=1920
E/qdoverlay( 1212): dst_rect mdp_rect x=0 y=0 w=1080 h=1920
E/qdhwcomposer( 1212): isValidDimension: layer handle is NULL
E/qdhwcomposer( 1212): isValidDimension: layer handle is NULL
E/qdoverlay( 1212): Bad ov dump: mdp_overlay z=0 fg=0 alpha=255 mask=-1 flags=0x220000 id=16
E/qdoverlay( 1212): src msmfb_img w=1152 h=1920 format=13 MDP_RGBA_8888
E/qdoverlay( 1212): src_rect mdp_rect x=0 y=0 w=1080 h=1920
E/qdoverlay( 1212): dst_rect mdp_rect x=0 y=0 w=1080 h=1920
E/qdhwcomposer( 1212): isValidDimension: layer handle is NULL
E/qdhwcomposer( 1212): isValidDimension: layer handle is NULL
E/qdoverlay( 1212): Bad ov dump: mdp_overlay z=0 fg=0 alpha=255 mask=-1 flags=0x220000 id=16
E/qdoverlay( 1212): src msmfb_img w=1152 h=1920 format=13 MDP_RGBA_8888
E/qdoverlay( 1212): src_rect mdp_rect x=0 y=0 w=1080 h=1920
E/qdoverlay( 1212): dst_rect mdp_rect x=0 y=0 w=1080 h=1920
E/qdhwcomposer( 1212): isValidDimension: layer handle is NULL
E/qdhwcomposer( 1212): isValidDimension: layer handle is NULL
E/qdoverlay( 1212): Bad ov dump: mdp_overlay z=0 fg=0 alpha=255 mask=-1 flags=0x220000 id=16
E/qdoverlay( 1212): src msmfb_img w=1152 h=1920 format=13 MDP_RGBA_8888
E/qdoverlay( 1212): src_rect mdp_rect x=0 y=0 w=1080 h=1920
E/qdoverlay( 1212): dst_rect mdp_rect x=0 y=0 w=1080 h=1920
E/NetlinkListener( 1620): recvmsg failed (I/O error)
E/NetlinkListener( 3983): recvmsg failed (I/O error)
E/qdhwcomposer( 1212): isValidDimension: layer handle is NULL
E/qdhwcomposer( 1212): isValidDimension: layer handle is NULL
E/qdoverlay( 1212): Bad ov dump: mdp_overlay z=0 fg=0 alpha=255 mask=-1 flags=0x220000 id=16
E/qdoverlay( 1212): src msmfb_img w=1152 h=1920 format=13 MDP_RGBA_8888
E/qdoverlay( 1212): src_rect mdp_rect x=0 y=0 w=1080 h=1920
E/qdoverlay( 1212): dst_rect mdp_rect x=0 y=0 w=1080 h=1920
E/qdhwcomposer( 1212): isValidDimension: layer handle is NULL
E/qdhwcomposer( 1212): isValidDimension: layer handle is NULL
E/qdoverlay( 1212): Bad ov dump: mdp_overlay z=0 fg=0 alpha=255 mask=-1 flags=0x220000 id=16
E/qdoverlay( 1212): src msmfb_img w=1152 h=1920 format=13 MDP_RGBA_8888
E/qdoverlay( 1212): src_rect mdp_rect x=0 y=0 w=1080 h=1920
E/qdoverlay( 1212): dst_rect mdp_rect x=0 y=0 w=1080 h=1920
V/WLAN_PSA( 682): NL MSG, len[4009], NL type[0x1C] WNI type[0x5900] len[37135]
V/WLAN_PSA( 682): NL MSG, PID: 682
E/qdhwcomposer( 1212): isValidDimension: layer handle is NULL
E/qdhwcomposer( 1212): isValidDimension: layer handle is NULL
