D/OMXCodec( 3446): Successfully allocated OMX node 'OMX.google.vorbis.decoder'
I/ExtendedUtils( 3446): decision 1 mime 
D/AudioPolicyManager( 3446): isOffloadSupported: stream_type != MUSIC, returning false
D/OMXCodec( 3446): Successfully allocated OMX node 'OMX.google.vorbis.decoder'
I/ExtendedUtils( 3446): decision 1 mime 
E/qdhwcomposer( 1212): isValidDimension: layer handle is NULL
E/qdhwcomposer( 1212): isValidDimension: layer handle is NULL
I/AudioPlayer( 3446): start of Playback, useOffload 0
D/ZenLog ( 1389): downtime: Autotrigger skipped: not in downtime
E/SurfaceFlinger( 697): Permission Denial: can't access SurfaceFlinger pid=1389, uid=1000
E/SurfaceFlinger( 697): Permission Denial: can't access SurfaceFlinger pid=1389, uid=1000
I/AudioPlayer( 3446): start of Playback, useOffload 0
V/WiredAccessoryManager( 1389): notifyWiredAccessoryChanged: when=0 bits= mask=54
V/WiredAccessoryManager( 1389): newName=h2w newState=0 headsetState=0 prev headsetState=0
E/WiredAccessoryManager( 1389): No state change.
V/WiredAccessoryManager( 1389): init()
E/MediaPlayer-JNI( 3644): QCMediaPlayer mediaplayer NOT present
D/Ringtone( 3644): Problem opening; delegating to remote player
E/qdhwcomposer( 1212): isValidDimension: layer handle is NULL
E/qdhwcomposer( 1212): isValidDimension: layer handle is NULL
F/WindowAnimator( 1389): Unhandled exception in Window Manager
F/WindowAnimator( 1389): java.lang.NullPointerException: Attempt to invoke virtual method 'void android.view.SurfaceControl.setLayer(int)' on a null object reference
F/WindowAnimator( 1389): at com.android.server.wm.FocusedStackFrame.setLayer(FocusedStackFrame.java:140)
F/WindowAnimator( 1389): at com.android.server.wm.WindowManagerService.setFocusedStackLayer(WindowManagerService.java:3985)
F/WindowAnimator( 1389): at com.android.server.wm.WindowAnimator.animateLocked(WindowAnimator.java:708)
F/WindowAnimator( 1389): at com.android.server.wm.WindowAnimator.access$000(WindowAnimator.java:54)
F/WindowAnimator( 1389): at com.android.server.wm.WindowAnimator$1.run(WindowAnimator.java:126)
F/WindowAnimator( 1389): at android.view.Choreographer$CallbackRecord.run(Choreographer.java:767)
F/WindowAnimator( 1389): at android.view.Choreographer.doCallbacks(Choreographer.java:580)
F/WindowAnimator( 1389): at android.view.Choreographer.doFrame(Choreographer.java:549)
F/WindowAnimator( 1389): at android.view.Choreographer$FrameDisplayEventReceiver.run(Choreographer.java:753)
F/WindowAnimator( 1389): at android.os.Handler.handleCallback(Handler.java:739)
F/WindowAnimator( 1389): at android.os.Handler.dispatchMessage(Handler.java:95)
F/WindowAnimator( 1389): at android.os.Looper.loop(Looper.java:135)
F/WindowAnimator( 1389): at android.os.HandlerThread.run(HandlerThread.java:61)
F/WindowAnimator( 1389): at com.android.server.ServiceThread.run(ServiceThread.java:46)
E/SurfaceFlinger( 697): Permission Denial: can't access SurfaceFlinger pid=1389, uid=1000
E/MediaPlayer-JNI( 3644): QCMediaPlayer mediaplayer NOT present
I/AudioPlayer( 3446): Pause Playback at 89333
I/AudioPlayer( 3446): reset: mPlaying=0 mReachedEOS=1 useOffload=0
D/Ringtone( 3644): Problem opening; delegating to remote player
E/qdhwcomposer( 1212): isValidDimension: layer handle is NULL
E/qdhwcomposer( 1212): isValidDimension: layer handle is NULL
I/AudioPlayer( 3446): Pause Playback at 60000
I/AudioPlayer( 3446): reset: mPlaying=0 mReachedEOS=1 useOffload=0
D/Utils ( 3446): printFileName fd(7) -> /system/media/audio/ui/KeypressDelete.ogg
W/asset ( 1389): Asset path /system/framework/com.google.android.media.effects.jar is neither a directory nor file (type=1).
W/ResourcesManager( 1389): Asset path '/system/framework/com.google.android.media.effects.jar' does not exist or contains no resources.
E/qdhwcomposer( 1212): isValidDimension: layer handle is NULL
E/qdhwcomposer( 1212): isValidDimension: layer handle is NULL
W/AppWidgetServiceImpl( 1389): Failed to read state: java.io.FileNotFoundException: /data/system/users/0/appwidgets.xml: open failed: ENOENT (No such file or directory)
V/AppWidgetServiceImpl( 1389): Upgrading widget database from 0 to 1
E/qdhwcomposer( 1212): isValidDimension: layer handle is NULL
E/qdhwcomposer( 1212): isValidDimension: layer handle is NULL
E/SurfaceFlinger( 697): Permission Denial: can't access SurfaceFlinger pid=1389, uid=1000
E/SurfaceFlinger( 697): Permission Denial: can't access SurfaceFlinger pid=1389, uid=1000
W/ServiceManager( 697): Permission failure: android.permission.HARDWARE_TEST from uid=1000 pid=1389
D/PermissionCache( 697): checking android.permission.HARDWARE_TEST for uid=1000 => denied (236 us)
E/SurfaceFlinger( 697): Permission Denial: can't access SurfaceFlinger pid=1389, uid=1000
D/AndroidRuntime( 1389): Shutting down VM
E/AndroidRuntime( 1389): *** FATAL EXCEPTION IN SYSTEM PROCESS: main
E/AndroidRuntime( 1389): java.lang.RuntimeException: Error receiving broadcast Intent { act=android.intent.action.USER_SWITCHED flg=0x50000010 (has extras) } in com.android.server.accessibility.AccessibilityManagerService$2@535be30
E/AndroidRuntime( 1389): at android.app.LoadedApk$ReceiverDispatcher$Args.run(LoadedApk.java:876)
E/AndroidRuntime( 1389): at android.os.Handler.handleCallback(Handler.java:739)
E/AndroidRuntime( 1389): at android.os.Handler.dispatchMessage(Handler.java:95)
E/AndroidRuntime( 1389): at android.os.Looper.loop(Looper.java:135)
E/AndroidRuntime( 1389): at com.android.server.SystemServer.run(SystemServer.java:278)
E/AndroidRuntime( 1389): at com.android.server.SystemServer.main(SystemServer.java:179)
E/AndroidRuntime( 1389): at java.lang.reflect.Method.invoke(Native Method)
E/AndroidRuntime( 1389): at java.lang.reflect.Method.invoke(Method.java:372)
E/AndroidRuntime( 1389): at com.android.internal.os.ZygoteInit$MethodAndArgsCaller.run(ZygoteInit.java:904)
E/AndroidRuntime( 1389): at com.android.internal.os.ZygoteInit.main(ZygoteInit.java:699)
E/AndroidRuntime( 1389): Caused by: java.lang.SecurityException
E/AndroidRuntime( 1389): at android.os.BinderProxy.transactNative(Native Method)
E/AndroidRuntime( 1389): at android.os.BinderProxy.transact(Binder.java:496)
E/AndroidRuntime( 1389): at com.android.server.accessibility.DisplayAdjustmentUtils.setDaltonizerMode(DisplayAdjustmentUtils.java:129)
E/AndroidRuntime( 1389): at com.android.server.accessibility.DisplayAdjustmentUtils.applyAdjustments(DisplayAdjustmentUtils.java:101)
E/AndroidRuntime( 1389): at com.android.server.accessibility.AccessibilityManagerService.updateDisplayColorAdjustmentSettingsLocked(AccessibilityManagerService.java:1604)
E/AndroidRuntime( 1389): at com.android.server.accessibility.AccessibilityManagerService.onUserStateChangedLocked(AccessibilityManagerService.java:1330)
E/AndroidRuntime( 1389): at com.android.server.accessibility.AccessibilityManagerService.switchUser(AccessibilityManagerService.java:844)
E/AndroidRuntime( 1389): at com.android.server.accessibility.AccessibilityManagerService.access$800(AccessibilityManagerService.java:119)
E/AndroidRuntime( 1389): at com.android.server.accessibility.AccessibilityManagerService$2.onReceive(AccessibilityManagerService.java:361)
E/AndroidRuntime( 1389): at android.app.LoadedApk$ReceiverDispatcher$Args.run(LoadedApk.java:866)
E/AndroidRuntime( 1389): ... 9 more
E/qdhwcomposer( 1212): isValidDimension: layer handle is NULL
E/qdhwcomposer( 1212): isValidDimension: layer handle is NULL
D/ExtendedUtils( 3446): extended extractor not needed, return default
D/AudioPolicyManager( 3446): isOffloadSupported: stream_type != MUSIC, returning false
F/WindowAnimator( 1389): Unhandled exception in Window Manager
F/WindowAnimator( 1389): java.lang.NullPointerException: Attempt to invoke virtual method 'void android.view.SurfaceControl.setLayer(int)' on a null object reference
F/WindowAnimator( 1389): at com.android.server.wm.FocusedStackFrame.setLayer(FocusedStackFrame.java:140)
F/WindowAnimator( 1389): at com.android.server.wm.WindowManagerService.setFocusedStackLayer(WindowManagerService.java:3985)
F/WindowAnimator( 1389): at com.android.server.wm.WindowAnimator.animateLocked(WindowAnimator.java:708)
F/WindowAnimator( 1389): at com.android.server.wm.WindowAnimator.access$000(WindowAnimator.java:54)
F/WindowAnimator( 1389): at com.android.server.wm.WindowAnimator$1.run(WindowAnimator.java:126)
F/WindowAnimator( 1389): at android.view.Choreographer$CallbackRecord.run(Choreographer.java:767)
F/WindowAnimator( 1389): at android.view.Choreographer.doCallbacks(Choreographer.java:580)
F/WindowAnimator( 1389): at android.view.Choreographer.doFrame(Choreographer.java:549)
F/WindowAnimator( 1389): at android.view.Choreographer$FrameDisplayEventReceiver.run(Choreographer.java:753)
F/WindowAnimator( 1389): at android.os.Handler.handleCallback(Handler.java:739)
F/WindowAnimator( 1389): at android.os.Handler.dispatchMessage(Handler.java:95)
F/WindowAnimator( 1389): at android.os.Looper.loop(Looper.java:135)
F/WindowAnimator( 1389): at android.os.HandlerThread.run(HandlerThread.java:61)
F/WindowAnimator( 1389): at com.android.server.ServiceThread.run(ServiceThread.java:46)
E/SurfaceFlinger( 697): Permission Denial: can't access SurfaceFlinger pid=1389, uid=1000
D/OMXCodec( 3446): Successfully allocated OMX node 'OMX.google.vorbis.decoder'
I/ExtendedUtils( 3446): decision 1 mime 
V/SynthProxy( 3839): About to load libttspico.so, applyFilter=true
I/AudioPlayer( 3446): start of Playback, useOffload 0
E/qdhwcomposer( 1212): isValidDimension: layer handle is NULL
E/qdhwcomposer( 1212): isValidDimension: layer handle is NULL
I/AudioPlayer( 3446): Pause Playback at 105333
I/AudioPlayer( 3446): reset: mPlaying=0 mReachedEOS=1 useOffload=0
D/Utils ( 3446): printFileName fd(7) -> /system/media/audio/ui/KeypressReturn.ogg
E/qdhwcomposer( 1212): isValidDimension: layer handle is NULL
E/qdhwcomposer( 1212): isValidDimension: layer handle is NULL
I/LatinIME:LogUtils( 3538): Dictionary info: dictionary = PersonalizationDictionary.en_US ; version = 1481045712 ; date = ?
I/LatinIME:LogUtils( 3538): Dictionary info: dictionary = PersonalizationDictionary.en_US ; version = 1481045712 ; date = ?
E/qdhwcomposer( 1212): isValidDimension: layer handle is NULL
E/qdhwcomposer( 1212): isValidDimension: layer handle is NULL
D/ExtendedUtils( 3446): extended extractor not needed, return default I/SVOX Pico Engine( 3839): loaded en-US successfully
D/AudioPolicyManager( 3446): isOffloadSupported: stream_type != MUSIC, returning false
D/OMXCodec( 3446): Successfully allocated OMX node 'OMX.google.vorbis.decoder'
I/ExtendedUtils( 3446): decision 1 mime 
E/qdhwcomposer( 1212): isValidDimension: layer handle is NULL
E/qdhwcomposer( 1212): isValidDimension: layer handle is NULL
I/AudioPlayer( 3446): start of Playback, useOffload 0
I/AudioPlayer( 3446): Pause Playback at 100000
I/AudioPlayer( 3446): reset: mPlaying=0 mReachedEOS=1 useOffload=0
E/qdhwcomposer( 1212): isValidDimension: layer handle is NULL
E/qdhwcomposer( 1212): isValidDimension: layer handle is NULL
I/ThermalEngine( 685): Sensor:pm8941_tz:42815 mC
D/Utils ( 3446): printFileName fd(5) -> /system/media/audio/ui/KeypressInvalid.ogg
D/OpenGLRenderer( 3644): Use EGL_SWAP_BEHAVIOR_PRESERVED: true
I/LatinIME:LogUtils( 3538): Dictionary info: dictionary = main:en ; version = 47 ; date = 1402373178
E/qdhwcomposer( 1212): isValidDimension: layer handle is NULL
E/qdhwcomposer( 1212): isValidDimension: layer handle is NULL
I/Process ( 1389): Sending signal. PID: 1389 SIG: 9
E/qdhwcomposer( 1212): isValidDimension: layer handle is NULL
E/qdhwcomposer( 1212): isValidDimension: layer handle is NULL
D/ExtendedUtils( 3446): extended extractor not needed, return default
D/AudioPolicyManager( 3446): isOffloadSupported: stream_type != MUSIC, returning false
D/OMXCodec( 3446): Successfully allocated OMX node 'OMX.google.vorbis.decoder'
I/ExtendedUtils( 3446): decision 1 mime 
I/AudioPlayer( 3446): start of Playback, useOffload 0
I/ServiceManager( 666): service 'gfxinfo' died
I/ServiceManager( 666): service 'dbinfo' died
I/ServiceManager( 666): service 'cpuinfo' died
I/ServiceManager( 666): service 'permission' died
I/ServiceManager( 666): service 'hardware' died
I/ServiceManager( 666): service 'battery' died
I/ServiceManager( 666): service 'usagestats' died
I/ServiceManager( 666): service 'webviewupdate' died
I/ServiceManager( 666): service 'scheduling_policy' died
I/ServiceManager( 666): service 'telephony.registry' died
I/ServiceManager( 666): service 'entropy' died
I/ServiceManager( 666): service 'account' died
I/ServiceManager( 666): service 'content' died
I/ServiceManager( 666): service 'print' died
I/ServiceManager( 666): service 'restrictions' died
I/ServiceManager( 666): service 'vibrator' died
I/ServiceManager( 666): service 'consumer_ir' died
I/ServiceManager( 666): service 'alarm' died
I/ServiceManager( 666): service 'window' died
W/AudioFlinger( 689): power manager service died !!!
W/AudioFlinger( 689): power manager service died !!!
E/IMemory ( 3446): binder=0xb5036080 transaction failed fd=-2147483647, size=0, err=-32 (Broken pipe)
E/IMemory ( 3446): cannot dup fd=-2147483647, size=0, err=-32 (Bad file number)
E/IMemory ( 3446): cannot map BpMemoryHeap (binder=0xb5036080), size=0, fd=-1 (Bad file number)
E/AudioCache( 3446): Invalid heap Id
E/qdhwcomposer( 1212): isValidDimension: layer handle is NULL
E/qdhwcomposer( 1212): isValidDimension: layer handle is NULL
W/HardwareRenderer( 3644): Could not acquire atlas
W/HardwareRenderer( 3644): android.os.DeadObjectException
W/HardwareRenderer( 3644): at android.os.BinderProxy.transactNative(Native Method)
W/HardwareRenderer( 3644): at android.os.BinderProxy.transact(Binder.java:496)
W/HardwareRenderer( 3644): at android.view.IAssetAtlas$Stub$Proxy.getMap(IAssetAtlas.java:169)
W/HardwareRenderer( 3644): at android.view.ThreadedRenderer$AtlasInitializer.init(ThreadedRenderer.java:440)
W/HardwareRenderer( 3644): at android.view.ThreadedRenderer.(ThreadedRenderer.java:119)
W/HardwareRenderer( 3644): at android.view.HardwareRenderer.create(HardwareRenderer.java:428)
W/HardwareRenderer( 3644): at android.view.ViewRootImpl.enableHardwareAcceleration(ViewRootImpl.java:738)
W/HardwareRenderer( 3644): at android.view.ViewRootImpl.setView(ViewRootImpl.java:484)
W/HardwareRenderer( 3644): at android.view.WindowManagerGlobal.addView(WindowManagerGlobal.java:282)
W/HardwareRenderer( 3644): at android.view.WindowManagerImpl.addView(WindowManagerImpl.java:85)
W/HardwareRenderer( 3644): at android.app.ActivityThread.handleResumeActivity(ActivityThread.java:3052)
W/HardwareRenderer( 3644): at android.app.ActivityThread.handleLaunchActivity(ActivityThread.java:2392)
W/HardwareRenderer( 3644): at android.app.ActivityThread.access$800(ActivityThread.java:151)
W/HardwareRenderer( 3644): at android.app.ActivityThread$H.handleMessage(ActivityThread.java:1303)
W/HardwareRenderer( 3644): at android.os.Handler.dispatchMessage(Handler.java:102)
W/HardwareRenderer( 3644): at android.os.Looper.loop(Looper.java:135)
W/HardwareRenderer( 3644): at android.app.ActivityThread.main(ActivityThread.java:5254)
W/HardwareRenderer( 3644): at java.lang.reflect.Method.invoke(Native Method)
W/HardwareRenderer( 3644): at java.lang.reflect.Method.invoke(Method.java:372)
W/HardwareRenderer( 3644): at com.android.internal.os.ZygoteInit$MethodAndArgsCaller.run(ZygoteInit.java:904)
W/HardwareRenderer( 3644): at com.android.internal.os.ZygoteInit.main(ZygoteInit.java:699)
I/ServiceManager( 666): service 'media_session' died
I/ServiceManager( 666): service 'media_router' died
I/ServiceManager( 666): service 'trust' died
I/ServiceManager( 666): service 'input' died
I/ServiceManager( 666): service 'fingerprint' died
I/ServiceManager( 666): service 'input_method' died
I/ServiceManager( 666): service 'accessibility' died
I/ServiceManager( 666): service 'mount' died
I/ServiceManager( 666): service 'launcherapps' died
I/ServiceManager( 666): service 'sensorservice' died
I/ServiceManager( 666): service 'batterystats' died
I/ServiceManager( 666): service 'appops' died
I/ServiceManager( 666): service 'power' died
I/ServiceManager( 666): service 'display' died
I/ServiceManager( 666): service 'lock_settings' died
I/ServiceManager( 666): service 'device_policy' died
I/ServiceManager( 666): service 'statusbar' died
I/ServiceManager( 666): service 'clipboard' died
I/ServiceManager( 666): service 'textservices' died
I/ServiceManager( 666): service 'network_score' died
I/ServiceManager( 666): service 'netstats' died
I/ServiceManager( 666): service 'netpolicy' died
I/ServiceManager( 666): service 'wifip2p' died
I/ServiceManager( 666): service 'wifi' died
I/ServiceManager( 666): service 'wifiscanner' died
I/ServiceManager( 666): service 'rttmanager' died
I/ServiceManager( 666): service 'connectivity' died
I/ServiceManager( 666): service 'servicediscovery' died
I/ServiceManager( 666): service 'updatelock' died
I/ServiceManager( 666): service 'notification' died
I/ServiceManager( 666): service 'devicestoragemonitor' died
I/ServiceManager( 666): service 'location' died
I/ServiceManager( 666): service 'country_detector' died
I/ServiceManager( 666): service 'search' died
I/ServiceManager( 666): service 'dropbox' died
I/ServiceManager( 666): service 'wallpaper' died
I/ServiceManager( 666): service 'audio' died
I/ServiceManager( 666): service 'DockObserver' died
I/ServiceManager( 666): service 'serial' died
I/ServiceManager( 666): service 'uimode' died
I/ServiceManager( 666): service 'package' died
I/ServiceManager( 666): service 'jobscheduler' died
I/ServiceManager( 666): service 'backup' died
I/ServiceManager( 666): service 'appwidget' died
I/ServiceManager( 666): service 'voiceinteraction' died
I/ServiceManager( 666): service 'diskstats' died
I/ServiceManager( 666): service 'samplingprofiler' died
I/ServiceManager( 666): service 'commontime_management' died
I/ServiceManager( 666): service 'dreams' died
I/ServiceManager( 666): service 'assetatlas' died
I/ServiceManager( 666): service 'media_projection' died
I/ServiceManager( 666): service 'PrivacyImpact' died
I/ServiceManager( 666): service 'imms' died
I/ServiceManager( 666): service 'DigitalPen' died
I/ServiceManager( 666): service 'activity' died
I/ServiceManager( 666): service 'user' died
I/ServiceManager( 666): service 'procstats' died
I/ServiceManager( 666): service 'meminfo' died
D/AndroidRuntime( 3644): Shutting down VM
E/AndroidRuntime( 3644): FATAL EXCEPTION: main
E/AndroidRuntime( 3644): Process: com.fairphone.setupwizard, PID: 3644
E/AndroidRuntime( 3644): java.lang.RuntimeException: Adding window failed
E/AndroidRuntime( 3644): at android.view.ViewRootImpl.setView(ViewRootImpl.java:538)
E/AndroidRuntime( 3644): at android.view.WindowManagerGlobal.addView(WindowManagerGlobal.java:282)
E/AndroidRuntime( 3644): at android.view.WindowManagerImpl.addView(WindowManagerImpl.java:85)
E/AndroidRuntime( 3644): at android.app.ActivityThread.handleResumeActivity(ActivityThread.java:3052)
E/AndroidRuntime( 3644): at android.app.ActivityThread.handleLaunchActivity(ActivityThread.java:2392)
E/AndroidRuntime( 3644): at android.app.ActivityThread.access$800(ActivityThread.java:151)
E/AndroidRuntime( 3644): at android.app.ActivityThread$H.handleMessage(ActivityThread.java:1303)
E/AndroidRuntime( 3644): at android.os.Handler.dispatchMessage(Handler.java:102)
E/AndroidRuntime( 3644): at android.os.Looper.loop(Looper.java:135)
E/AndroidRuntime( 3644): at android.app.ActivityThread.main(ActivityThread.java:5254)
E/AndroidRuntime( 3644): at java.lang.reflect.Method.invoke(Native Method)
E/AndroidRuntime( 3644): at java.lang.reflect.Method.invoke(Method.java:372)
E/AndroidRuntime( 3644): at com.android.internal.os.ZygoteInit$MethodAndArgsCaller.run(ZygoteInit.java:904)
E/AndroidRuntime( 3644): at com.android.internal.os.ZygoteInit.main(ZygoteInit.java:699)
E/AndroidRuntime( 3644): Caused by: android.os.DeadObjectException
E/AndroidRuntime( 3644): at android.os.BinderProxy.transactNative(Native Method)
E/AndroidRuntime( 3644): at android.os.BinderProxy.transact(Binder.java:496)
E/AndroidRuntime( 3644): at android.view.IWindowSession$Stub$Proxy.addToDisplay(IWindowSession.java:742)
E/AndroidRuntime( 3644): at android.view.ViewRootImpl.setView(ViewRootImpl.java:527)
E/AndroidRuntime( 3644): ... 13 more
E/AndroidRuntime( 3644): Error reporting crash
E/AndroidRuntime( 3644): android.os.DeadObjectException
E/AndroidRuntime( 3644): at android.os.BinderProxy.transactNative(Native Method)
E/AndroidRuntime( 3644): at android.os.BinderProxy.transact(Binder.java:496)
E/AndroidRuntime( 3644): at android.app.ActivityManagerProxy.handleApplicationCrash(ActivityManagerNative.java:4207)
E/AndroidRuntime( 3644): at com.android.internal.os.RuntimeInit$UncaughtHandler.uncaughtException(RuntimeInit.java:89)
E/AndroidRuntime( 3644): at java.lang.ThreadGroup.uncaughtException(ThreadGroup.java:693)
E/AndroidRuntime( 3644): at java.lang.ThreadGroup.uncaughtException(ThreadGroup.java:690)
I/Process ( 3644): Sending signal. PID: 3644 SIG: 9
E/qdhwcomposer( 1212): isValidDimension: layer handle is NULL
E/qdhwcomposer( 1212): isValidDimension: layer handle is NULL
I/ContactLocale( 3807): AddressBook Labels [en-US]: [, A, B, C, D, E, F, G, H, I, J, K, L, M, N, O, P, Q, R, S, T, U, V, W, X, Y, Z, Α, Β, Γ, Δ, Ε, Ζ, Η, Θ, Ι, Κ, Λ, Μ, Ν, Ξ, Ο, Π, Ρ, Σ, Τ, Υ, Φ, Χ, Ψ, Ω, , А, Б, В, Г, Д, Ђ, Е, Є, Ж, З, И, І, Ї, Й, Ј, К, Л, Љ, М, Н, Њ, О, П, Р, С, Т, Ћ, У, Ф, Х, Ц, Ч, Џ, Ш, Щ, Ю, Я, , א, ב, ג, ד, ה, ו, ז, ח, ט, י, כ, ל, מ, נ, ס, ע, פ, צ, ק, ר, ש, ת, , ا, ب, ت, ث, ج, ح, خ, د, ذ, ر, ز, س, ش, ص, ض, ط, ظ, ع, غ, ف, ق, ك, ل, م, ن, ه, و, ي, , ก, ข, ฃ, ค, ฅ, ฆ, ง, จ, ฉ, ช, ซ, ฌ, ญ, ฎ, ฏ, ฐ, ฑ, ฒ, ณ, ด, ต, ถ, ท, ธ, น, บ, ป, ผ, ฝ, พ, ฟ, ภ, ม, ย, ร, ฤ, ล, ฦ, ว, ศ, ษ, ส, ห, ฬ, อ, ฮ, , ㄱ, ㄴ, ㄷ, ㄹ, ㅁ, ㅂ, ㅅ, ㅇ, ㅈ, ㅊ, ㅋ, ㅌ, ㅍ, ㅎ, , あ, か, さ, た, な, は, ま, や, ら, わ, #, ]
E/qdhwcomposer( 1212): isValidDimension: layer handle is NULL
E/qdhwcomposer( 1212): isValidDimension: layer handle is NULL
E/installd( 677): eof
E/installd( 677): failed to read size
I/installd( 677): closing connection
E/qdhwcomposer( 1212): isValidDimension: layer handle is NULL
E/qdhwcomposer( 1212): isValidDimension: layer handle is NULL
E/qdhwcomposer( 1212): isValidDimension: layer handle is NULL
E/qdhwcomposer( 1212): isValidDimension: layer handle is NULL
E/qdhwcomposer( 1212): isValidDimension: layer handle is NULL
E/qdhwcomposer( 1212): isValidDimension: layer handle is NULL
W/Settings( 3516): Setting airplane_mode_on has moved from android.provider.Settings.System to android.provider.Settings.Global, returning read-only value.
W/Settings( 3516): Can't get key airplane_mode_on from content://settings/global
W/Settings( 3516): android.os.DeadObjectException
W/Settings( 3516): at android.os.BinderProxy.transactNative(Native Method)
W/Settings( 3516): at android.os.BinderProxy.transact(Binder.java:496)
W/Settings( 3516): at android.content.ContentProviderProxy.query(ContentProviderNative.java:419)
W/Settings( 3516): at android.provider.Settings$NameValueCache.getStringForUser(Settings.java:1166)
W/Settings( 3516): at android.provider.Settings$Global.getStringForUser(Settings.java:6866)
W/Settings( 3516): at android.provider.Settings$System.getStringForUser(Settings.java:1334)
W/Settings( 3516): at android.provider.Settings$System.getIntForUser(Settings.java:1406)
W/Settings( 3516): at android.provider.Settings$System.getInt(Settings.java:1401)
W/Settings( 3516): at com.android.keyguard.KeyguardUpdateMonitor.sendUpdates(KeyguardUpdateMonitor.java:1388)
W/Settings( 3516): at com.android.keyguard.KeyguardUpdateMonitor.registerCallback(KeyguardUpdateMonitor.java:1370)
W/Settings( 3516): at com.android.systemui.statusbar.phone.KeyguardBottomAreaView.watchForCameraPolicyChanges(KeyguardBottomAreaView.java:280)
W/Settings( 3516): at com.android.systemui.statusbar.phone.KeyguardBottomAreaView.onFinishInflate(KeyguardBottomAreaView.java:168)
W/Settings( 3516): at android.view.LayoutInflater.rInflate(LayoutInflater.java:814)
W/Settings( 3516): at android.view.LayoutInflater.parseInclude(LayoutInflater.java:916)
W/Settings( 3516): at android.view.LayoutInflater.rInflate(LayoutInflater.java:802)
W/Settings( 3516): at android.view.LayoutInflater.parseInclude(LayoutInflater.java:916)
W/Settings( 3516): at android.view.LayoutInflater.rInflate(LayoutInflater.java:802)
W/Settings( 3516): at android.view.LayoutInflater.rInflate(LayoutInflater.java:809)
W/Settings( 3516): at android.view.LayoutInflater.inflate(LayoutInflater.java:504)
W/Settings( 3516): at android.view.LayoutInflater.inflate(LayoutInflater.java:414)
W/Settings( 3516): at android.view.LayoutInflater.inflate(LayoutInflater.java:365)
W/Settings( 3516): at android.view.View.inflate(View.java:18540)
W/Settings( 3516): at com.android.systemui.statusbar.phone.PhoneStatusBar.makeStatusBarView(PhoneStatusBar.java:656)
W/Settings( 3516): at com.android.systemui.statusbar.phone.PhoneStatusBar.addStatusBarWindow(PhoneStatusBar.java:3138)
W/Settings( 3516): at com.android.systemui.statusbar.phone.PhoneStatusBar.createAndAddWindows(PhoneStatusBar.java:3134)
W/Settings( 3516): at com.android.systemui.statusbar.BaseStatusBar.start(BaseStatusBar.java:561)
W/Settings( 3516): at com.android.systemui.statusbar.phone.PhoneStatusBar.start(PhoneStatusBar.java:602)
W/Settings( 3516): at com.android.systemui.statusbar.SystemBars.createStatusBarFromConfig(SystemBars.java:106)
W/Settings( 3516): at com.android.systemui.statusbar.SystemBars.onNoService(SystemBars.java:58)
W/Settings( 3516): at com.android.systemui.statusbar.ServiceMonitor.startService(ServiceMonitor.java:228)
W/Settings( 3516): at com.android.systemui.statusbar.ServiceMonitor.access$000(ServiceMonitor.java:49)
W/Settings( 3516): at com.android.systemui.statusbar.ServiceMonitor$1.handleMessage(ServiceMonitor.java:73)
W/Settings( 3516): at android.os.Handler.dispatchMessage(Handler.java:102)
W/Settings( 3516): at android.os.Looper.loop(Looper.java:135)
W/Settings( 3516): at android.app.ActivityThread.main(ActivityThread.java:5254)
W/Settings( 3516): at java.lang.reflect.Method.invoke(Native Method)
W/Settings( 3516): at java.lang.reflect.Method.invoke(Method.java:372)
W/Settings( 3516): at com.android.internal.os.ZygoteInit$MethodAndArgsCaller.run(ZygoteInit.java:904)
W/Settings( 3516): at com.android.internal.os.ZygoteInit.main(ZygoteInit.java:699)
W/DevicePolicyManager( 3516): Failed talking with device policy service
W/DevicePolicyManager( 3516): android.os.DeadObjectException
W/DevicePolicyManager( 3516): at android.os.BinderProxy.transactNative(Native Method)
W/DevicePolicyManager( 3516): at android.os.BinderProxy.transact(Binder.java:496)
W/DevicePolicyManager( 3516): at android.app.admin.IDevicePolicyManager$Stub$Proxy.getKeyguardDisabledFeatures(IDevicePolicyManager.java:2967)
W/DevicePolicyManager( 3516): at android.app.admin.DevicePolicyManager.getKeyguardDisabledFeatures(DevicePolicyManager.java:2126)
W/DevicePolicyManager( 3516): at com.android.keyguard.KeyguardUpdateMonitor.isTrustDisabled(KeyguardUpdateMonitor.java:415)
W/DevicePolicyManager( 3516): at com.android.keyguard.KeyguardUpdateMonitor.getUserHasTrust(KeyguardUpdateMonitor.java:431)
W/DevicePolicyManager( 3516): at com.android.systemui.statusbar.phone.KeyguardBottomAreaView.getCameraIntent(KeyguardBottomAreaView.java:231)
W/DevicePolicyManager( 3516): at com.android.systemui.statusbar.phone.KeyguardBottomAreaView.updateCameraVisibility(KeyguardBottomAreaView.java:238)
W/DevicePolicyManager( 3516): at com.android.systemui.statusbar.phone.KeyguardBottomAreaView.onFinishInflate(KeyguardBottomAreaView.java:169)
W/DevicePolicyManager( 3516): at android.view.LayoutInflater.rInflate(LayoutInflater.java:814)
W/DevicePolicyManager( 3516): at android.view.LayoutInflater.parseInclude(LayoutInflater.java:916)
W/DevicePolicyManager( 3516): at android.view.LayoutInflater.rInflate(LayoutInflater.java:802)
W/DevicePolicyManager( 3516): at android.view.LayoutInflater.parseInclude(LayoutInflater.java:916)
W/DevicePolicyManager( 3516): at android.view.LayoutInflater.rInflate(LayoutInflater.java:802)
W/DevicePolicyManager( 3516): at android.view.LayoutInflater.rInflate(LayoutInflater.java:809)
W/DevicePolicyManager( 3516): at android.view.LayoutInflater.inflate(LayoutInflater.java:504)
W/DevicePolicyManager( 3516): at android.view.LayoutInflater.inflate(LayoutInflater.java:414)
W/DevicePolicyManager( 3516): at android.view.LayoutInflater.inflate(LayoutInflater.java:365)
W/DevicePolicyManager( 3516): at android.view.View.inflate(View.java:18540)
W/DevicePolicyManager( 3516): at com.android.systemui.statusbar.phone.PhoneStatusBar.makeStatusBarView(PhoneStatusBar.java:656)
W/DevicePolicyManager( 3516): at com.android.systemui.statusbar.phone.PhoneStatusBar.addStatusBarWindow(PhoneStatusBar.java:3138)
W/DevicePolicyManager( 3516): at com.android.systemui.statusbar.phone.PhoneStatusBar.createAndAddWindows(PhoneStatusBar.java:3134)
W/DevicePolicyManager( 3516): at com.android.systemui.statusbar.BaseStatusBar.start(BaseStatusBar.java:561)
W/DevicePolicyManager( 3516): at com.android.systemui.statusbar.phone.PhoneStatusBar.start(PhoneStatusBar.java:602)
W/DevicePolicyManager( 3516): at com.android.systemui.statusbar.SystemBars.createStatusBarFromConfig(SystemBars.java:106)
W/DevicePolicyManager( 3516): at com.android.systemui.statusbar.SystemBars.onNoService(SystemBars.java:58)
W/DevicePolicyManager( 3516): at com.android.systemui.statusbar.ServiceMonitor.startService(ServiceMonitor.java:228)
W/DevicePolicyManager( 3516): at com.android.systemui.statusbar.ServiceMonitor.access$000(ServiceMonitor.java:49)
W/DevicePolicyManager( 3516): at com.android.systemui.statusbar.ServiceMonitor$1.handleMessage(ServiceMonitor.java:73)
W/DevicePolicyManager( 3516): at android.os.Handler.dispatchMessage(Handler.java:102)
W/DevicePolicyManager( 3516): at android.os.Looper.loop(Looper.java:135)
W/DevicePolicyManager( 3516): at android.app.ActivityThread.main(ActivityThread.java:5254)
W/DevicePolicyManager( 3516): at java.lang.reflect.Method.invoke(Native Method)
W/DevicePolicyManager( 3516): at java.lang.reflect.Method.invoke(Method.java:372)
W/DevicePolicyManager( 3516): at com.android.internal.os.ZygoteInit$MethodAndArgsCaller.run(ZygoteInit.java:904)
W/DevicePolicyManager( 3516): at com.android.internal.os.ZygoteInit.main(ZygoteInit.java:699)
D/AndroidRuntime( 3516): Shutting down VM
E/AndroidRuntime( 3516): FATAL EXCEPTION: main
E/AndroidRuntime( 3516): Process: com.android.systemui, PID: 3516
E/AndroidRuntime( 3516): java.lang.NullPointerException: Attempt to invoke interface method 'long com.android.internal.widget.ILockSettings.getLong(java.lang.String, long, int)' on a null object reference
E/AndroidRuntime( 3516): at com.android.internal.widget.LockPatternUtils.getLong(LockPatternUtils.java:1487)
E/AndroidRuntime( 3516): at com.android.internal.widget.LockPatternUtils.getKeyguardStoredPasswordQuality(LockPatternUtils.java:971)
E/AndroidRuntime( 3516): at com.android.internal.widget.LockPatternUtils.isSecure(LockPatternUtils.java:1541)
E/AndroidRuntime( 3516): at com.android.internal.widget.LockPatternUtils.isSecure(LockPatternUtils.java:1537)
E/AndroidRuntime( 3516): at com.android.systemui.statusbar.phone.KeyguardBottomAreaView.getCameraIntent(KeyguardBottomAreaView.java:233)
E/AndroidRuntime( 3516): at com.android.systemui.statusbar.phone.KeyguardBottomAreaView.updateCameraVisibility(KeyguardBottomAreaView.java:238)
E/AndroidRuntime( 3516): at com.android.systemui.statusbar.phone.KeyguardBottomAreaView.onFinishInflate(KeyguardBottomAreaView.java:169)
E/AndroidRuntime( 3516): at android.view.LayoutInflater.rInflate(LayoutInflater.java:814)
E/AndroidRuntime( 3516): at android.view.LayoutInflater.parseInclude(LayoutInflater.java:916)
E/AndroidRuntime( 3516): at android.view.LayoutInflater.rInflate(LayoutInflater.java:802)
E/AndroidRuntime( 3516): at android.view.LayoutInflater.parseInclude(LayoutInflater.java:916)
E/AndroidRuntime( 3516): at android.view.LayoutInflater.rInflate(LayoutInflater.java:802)
E/AndroidRuntime( 3516): at android.view.LayoutInflater.rInflate(LayoutInflater.java:809)
E/AndroidRuntime( 3516): at android.view.LayoutInflater.inflate(LayoutInflater.java:504)
E/AndroidRuntime( 3516): at android.view.LayoutInflater.inflate(LayoutInflater.java:414)
E/AndroidRuntime( 3516): at android.view.LayoutInflater.inflate(LayoutInflater.java:365)
E/AndroidRuntime( 3516): at android.view.View.inflate(View.java:18540)
E/AndroidRuntime( 3516): at com.android.systemui.statusbar.phone.PhoneStatusBar.makeStatusBarView(PhoneStatusBar.java:656)
E/AndroidRuntime( 3516): at com.android.systemui.statusbar.phone.PhoneStatusBar.addStatusBarWindow(PhoneStatusBar.java:3138)
E/AndroidRuntime( 3516): at com.android.systemui.statusbar.phone.PhoneStatusBar.createAndAddWindows(PhoneStatusBar.java:3134)
E/AndroidRuntime( 3516): at com.android.systemui.statusbar.BaseStatusBar.start(BaseStatusBar.java:561)
E/AndroidRuntime( 3516): at com.android.systemui.statusbar.phone.PhoneStatusBar.start(PhoneStatusBar.java:602)
E/AndroidRuntime( 3516): at com.android.systemui.statusbar.SystemBars.createStatusBarFromConfig(SystemBars.java:106)
E/AndroidRuntime( 3516): at com.android.systemui.statusbar.SystemBars.onNoService(SystemBars.java:58)
E/AndroidRuntime( 3516): at com.android.systemui.statusbar.ServiceMonitor.startService(ServiceMonitor.java:228)
E/AndroidRuntime( 3516): at com.android.systemui.statusbar.ServiceMonitor.access$000(ServiceMonitor.java:49)
E/AndroidRuntime( 3516): at com.android.systemui.statusbar.ServiceMonitor$1.handleMessage(ServiceMonitor.java:73)
E/AndroidRuntime( 3516): at android.os.Handler.dispatchMessage(Handler.java:102)
E/AndroidRuntime( 3516): at android.os.Looper.loop(Looper.java:135)
E/AndroidRuntime( 3516): at android.app.ActivityThread.main(ActivityThread.java:5254)
E/AndroidRuntime( 3516): at java.lang.reflect.Method.invoke(Native Method)
E/AndroidRuntime( 3516): at java.lang.reflect.Method.invoke(Method.java:372)
E/AndroidRuntime( 3516): at com.android.internal.os.ZygoteInit$MethodAndArgsCaller.run(ZygoteInit.java:904)
E/AndroidRuntime( 3516): at com.android.internal.os.ZygoteInit.main(ZygoteInit.java:699)
E/AndroidRuntime( 3516): Error reporting crash
E/AndroidRuntime( 3516): android.os.DeadObjectException
E/AndroidRuntime( 3516): at android.os.BinderProxy.transactNative(Native Method)
E/AndroidRuntime( 3516): at android.os.BinderProxy.transact(Binder.java:496)
E/AndroidRuntime( 3516): at android.app.ActivityManagerProxy.handleApplicationCrash(ActivityManagerNative.java:4207)
E/AndroidRuntime( 3516): at com.android.internal.os.RuntimeInit$UncaughtHandler.uncaughtException(RuntimeInit.java:89)
E/AndroidRuntime( 3516): at java.lang.ThreadGroup.uncaughtException(ThreadGroup.java:693)
E/AndroidRuntime( 3516): at java.lang.ThreadGroup.uncaughtException(ThreadGroup.java:690)
I/Process ( 3516): Sending signal. PID: 3516 SIG: 9
E/qdhwcomposer( 1212): isValidDimension: layer handle is NULL
E/qdhwcomposer( 1212): isValidDimension: layer handle is NULL
I/lowmemorykiller( 700): ActivityManager disconnected
I/lowmemorykiller( 700): Closing Activity Manager data connection
E/DatabaseUtils( 3807): Writing exception to parcel
E/DatabaseUtils( 3807): java.lang.SecurityException: Neither user 10039 nor current process has android.permission.READ_PROFILE.
E/DatabaseUtils( 3807): at android.app.ContextImpl.enforce(ContextImpl.java:1917)
E/DatabaseUtils( 3807): at android.app.ContextImpl.enforceCallingOrSelfPermission(ContextImpl.java:1946)
E/DatabaseUtils( 3807): at android.content.ContextWrapper.enforceCallingOrSelfPermission(ContextWrapper.java:600)
E/DatabaseUtils( 3807): at com.android.providers.contacts.ProfileProvider.enforceReadPermission(ProfileProvider.java:54)
E/DatabaseUtils( 3807): at com.android.providers.contacts.ProfileProvider.query(ProfileProvider.java:84)
E/DatabaseUtils( 3807): at com.android.providers.contacts.ContactsProvider2.query(ContactsProvider2.java:5028)
E/DatabaseUtils( 3807): at android.content.ContentProvider$Transport.query(ContentProvider.java:215)
E/DatabaseUtils( 3807): at android.content.ContentProviderNative.onTransact(ContentProviderNative.java:112)
E/DatabaseUtils( 3807): at android.os.Binder.execTransact(Binder.java:446)
E/AndroidRuntime( 3807): FATAL EXCEPTION: ContactsProviderWorker
E/AndroidRuntime( 3807): Process: android.process.acore, PID: 3807
E/AndroidRuntime( 3807): java.lang.NullPointerException: Attempt to invoke interface method 'android.accounts.Account[] android.accounts.IAccountManager.getAccounts(java.lang.String)' on a null object reference
E/AndroidRuntime( 3807): at android.accounts.AccountManager.getAccounts(AccountManager.java:407)
E/AndroidRuntime( 3807): at com.android.providers.contacts.ContactsProvider2.performBackgroundTask(ContactsProvider2.java:1667)
E/AndroidRuntime( 3807): at com.android.providers.contacts.ContactsProvider2$1.handleMessage(ContactsProvider2.java:1496)
E/AndroidRuntime( 3807): at android.os.Handler.dispatchMessage(Handler.java:102)
E/AndroidRuntime( 3807): at android.os.Looper.loop(Looper.java:135)
E/AndroidRuntime( 3807): at android.os.HandlerThread.run(HandlerThread.java:61)
E/AndroidRuntime( 3807): Error reporting crash
E/AndroidRuntime( 3807): android.os.DeadObjectException
E/AndroidRuntime( 3807): at android.os.BinderProxy.transactNative(Native Method)
E/AndroidRuntime( 3807): at android.os.BinderProxy.transact(Binder.java:496)
E/AndroidRuntime( 3807): at android.app.ActivityManagerProxy.handleApplicationCrash(ActivityManagerNative.java:4207)
E/AndroidRuntime( 3807): at com.android.internal.os.RuntimeInit$UncaughtHandler.uncaughtException(RuntimeInit.java:89)
E/AndroidRuntime( 3807): at java.lang.ThreadGroup.uncaughtException(ThreadGroup.java:693)
E/AndroidRuntime( 3807): at java.lang.ThreadGroup.uncaughtException(ThreadGroup.java:690)
I/Process ( 3807): Sending signal. PID: 3807 SIG: 9
E/qdhwcomposer( 1212): isValidDimension: layer handle is NULL
E/qdhwcomposer( 1212): isValidDimension: layer handle is NULL
E/AndroidRuntime( 3538): FATAL EXCEPTION: Executor - contacts.en_US
E/AndroidRuntime( 3538): Process: com.android.inputmethod.latin, PID: 3538
E/AndroidRuntime( 3538): java.lang.SecurityException: Neither user 10039 nor current process has android.permission.READ_PROFILE.
E/AndroidRuntime( 3538): at android.os.Parcel.readException(Parcel.java:1546)
E/AndroidRuntime( 3538): at android.database.DatabaseUtils.readExceptionFromParcel(DatabaseUtils.java:185)
E/AndroidRuntime( 3538): at android.database.DatabaseUtils.readExceptionFromParcel(DatabaseUtils.java:137)
E/AndroidRuntime( 3538): at android.content.ContentProviderProxy.query(ContentProviderNative.java:421)
E/AndroidRuntime( 3538): at android.content.ContentResolver.query(ContentResolver.java:478)
E/AndroidRuntime( 3538): at android.content.ContentResolver.query(ContentResolver.java:422)
E/AndroidRuntime( 3538): at com.android.inputmethod.latin.ContactsBinaryDictionary.loadDictionaryForUriLocked(ContactsBinaryDictionary.java:148)
E/AndroidRuntime( 3538): at com.android.inputmethod.latin.ContactsBinaryDictionary.loadInitialContentsLocked(ContactsBinaryDictionary.java:123)
E/AndroidRuntime( 3538): at com.android.inputmethod.latin.ExpandableBinaryDictionary.createNewDictionaryLocked(ExpandableBinaryDictionary.java:562)
E/AndroidRuntime( 3538): at com.android.inputmethod.latin.ExpandableBinaryDictionary.access$700(ExpandableBinaryDictionary.java:53)
E/AndroidRuntime( 3538): at com.android.inputmethod.latin.ExpandableBinaryDictionary$12.run(ExpandableBinaryDictionary.java:605)
E/AndroidRuntime( 3538): at com.android.inputmethod.latin.ExpandableBinaryDictionary$1.run(ExpandableBinaryDictionary.java:194)
E/AndroidRuntime( 3538): at java.util.concurrent.ThreadPoolExecutor.runWorker(ThreadPoolExecutor.java:1112)
E/AndroidRuntime( 3538): at java.util.concurrent.ThreadPoolExecutor$Worker.run(ThreadPoolExecutor.java:587)
E/AndroidRuntime( 3538): at java.lang.Thread.run(Thread.java:818)
E/AndroidRuntime( 3538): Error reporting crash
E/AndroidRuntime( 3538): android.os.DeadObjectException
E/AndroidRuntime( 3538): at android.os.BinderProxy.transactNative(Native Method)
E/AndroidRuntime( 3538): at android.os.BinderProxy.transact(Binder.java:496)
E/AndroidRuntime( 3538): at android.app.ActivityManagerProxy.handleApplicationCrash(ActivityManagerNative.java:4207)
E/AndroidRuntime( 3538): at com.android.internal.os.RuntimeInit$UncaughtHandler.uncaughtException(RuntimeInit.java:89)
E/AndroidRuntime( 3538): at java.lang.ThreadGroup.uncaughtException(ThreadGroup.java:693)
E/AndroidRuntime( 3538): at java.lang.ThreadGroup.uncaughtException(ThreadGroup.java:690)
I/Process ( 3538): Sending signal. PID: 3538 SIG: 9
E/qdhwcomposer( 1212): isValidDimension: layer handle is NULL
E/qdhwcomposer( 1212): isValidDimension: layer handle is NULL
E/qdhwcomposer( 1212): isValidDimension: layer handle is NULL
E/qdhwcomposer( 1212): isValidDimension: layer handle is NULL
E/qdhwcomposer( 1212): isValidDimension: layer handle is NULL
E/qdhwcomposer( 1212): isValidDimension: layer handle is NULL
E/qdhwcomposer( 1212): isValidDimension: layer handle is NULL
E/qdhwcomposer( 1212): isValidDimension: layer handle is NULL
E/qdhwcomposer( 1212): isValidDimension: layer handle is NULL
E/qdhwcomposer( 1212): isValidDimension: layer handle is NULL
E/qdhwcomposer( 1212): isValidDimension: layer handle is NULL
E/qdhwcomposer( 1212): isValidDimension: layer handle is NULL
E/Zygote ( 695): Exit zygote because system server (1389) has terminated
E/qdhwcomposer( 1212): isValidDimension: layer handle is NULL
E/qdhwcomposer( 1212): isValidDimension: layer handle is NULL
E/qdhwcomposer( 1212): isValidDimension: layer handle is NULL
E/qdhwcomposer( 1212): isValidDimension: layer handle is NULL
E/qdhwcomposer( 1212): isValidDimension: layer handle is NULL
E/qdhwcomposer( 1212): isValidDimension: layer handle is NULL
I/ServiceManager( 666): service 'media.audio_flinger' died
I/ServiceManager( 666): service 'media.sound_trigger_hw' died
W/AudioSystem( 3446): AudioFlinger server died!
E/qdhwcomposer( 1212): isValidDimension: layer handle is NULL
E/qdhwcomposer( 1212): isValidDimension: layer handle is NULL
I/ServiceManager( 666): service 'isub' died
I/Netd ( 3913): Netd 1.0 starting
D/MDnsDS ( 3913): MDnsSdListener::Hander starting up
E/qdhwcomposer( 1212): isValidDimension: layer handle is NULL
E/qdhwcomposer( 1212): isValidDimension: layer handle is NULL
D/MDnsDS ( 3913): MDnsSdListener starting to monitor
D/MDnsDS ( 3913): Going to poll with pollCount 1
E/qdhwcomposer( 1212): isValidDimension: layer handle is NULL
E/qdhwcomposer( 1212): isValidDimension: layer handle is NULL
E/qdhwcomposer( 1212): isValidDimension: layer handle is NULL
E/qdhwcomposer( 1212): isValidDimension: layer handle is NULL
E/qdhwcomposer( 1212): isValidDimension: layer handle is NULL
E/qdhwcomposer( 1212): isValidDimension: layer handle is NULL
E/qdhwcomposer( 1212): isValidDimension: layer handle is NULL
E/qdhwcomposer( 1212): isValidDimension: layer handle is NULL
E/qdhwcomposer( 1212): isValidDimension: layer handle is NULL
E/qdhwcomposer( 1212): isValidDimension: layer handle is NULL
E/qdhwcomposer( 1212): isValidDimension: layer handle is NULL
E/qdhwcomposer( 1212): isValidDimension: layer handle is NULL
E/qdhwcomposer( 1212): isValidDimension: layer handle is NULL
E/qdhwcomposer( 1212): isValidDimension: layer handle is NULL
E/qdhwcomposer( 1212): isValidDimension: layer handle is NULL
E/qdhwcomposer( 1212): isValidDimension: layer handle is NULL
V/MediaUtils( 3914): physMem: 1961054208
V/MediaUtils( 3914): requested limit: 1274685230
V/MediaUtils( 3914): actual limit: 1274685230
V/MediaUtils( 3914): original limits: 4294967295/4294967295
V/MediaUtils( 3914): new limits: 1274685230/4294967295
I/mediaserver( 3914): ServiceManager: 0xb58700c0
I/AudioFlinger( 3914): Using default 3000 mSec as standby time.
I/AudioPolicyService( 3914): AudioPolicyService CSTOR in new mode
I/AudioPolicyManager( 3914): loadAudioPolicyConfig() loaded /system/etc/audio_policy.conf
D/audio_hw_primary( 3914): adev_open: enter
D/AndroidRuntime( 3912): >>>>>> START com.android.internal.os.ZygoteInit uid 0 <<<<<<
D/AndroidRuntime( 3912): CheckJNI is OFF
I/art ( 3912): option[0]=-Xzygote
I/art ( 3912): option[1]=-Xstacktracefile:/data/anr/traces.txt
I/art ( 3912): option[2]=exit
I/art ( 3912): option[3]=vfprintf
I/art ( 3912): option[4]=sensitiveThread
I/art ( 3912): option[5]=-verbose:gc
I/art ( 3912): option[6]=-Xms8m
I/art ( 3912): option[7]=-Xmx256m
I/art ( 3912): option[8]=-XX:mainThreadStackSize=24K
I/art ( 3912): option[9]=-XX:HeapGrowthLimit=128m
I/art ( 3912): option[10]=-XX:HeapMinFree=2m
I/art ( 3912): option[11]=-XX:HeapMaxFree=8m
I/art ( 3912): option[12]=-XX:HeapTargetUtilization=0.75
I/art ( 3912): option[13]=-agentlib:jdwp=transport=dt_android_adb,suspend=n,server=y
I/art ( 3912): option[14]=-Xlockprofthreshold:500
I/art ( 3912): option[15]=-Ximage-compiler-option
I/art ( 3912): option[16]=--runtime-arg
I/art ( 3912): option[17]=-Ximage-compiler-option
I/art ( 3912): option[18]=-Xms64m
I/art ( 3912): option[19]=-Ximage-compiler-option
I/art ( 3912): option[20]=--runtime-arg
I/art ( 3912): option[21]=-Ximage-compiler-option
I/art ( 3912): option[22]=-Xmx64m
I/art ( 3912): option[23]=-Ximage-compiler-option
I/art ( 3912): option[24]=--image-classes=/system/etc/preloaded-classes
I/art ( 3912): option[25]=-Xcompiler-option
I/art ( 3912): option[26]=--runtime-arg
I/art ( 3912): option[27]=-Xcompiler-option
I/art ( 3912): option[28]=-Xms64m
I/art ( 3912): option[29]=-Xcompiler-option
I/art ( 3912): option[30]=--runtime-arg
I/art ( 3912): option[31]=-Xcompiler-option
I/art ( 3912): option[32]=-Xmx512m
I/art ( 3912): option[33]=-Duser.language=en
I/art ( 3912): option[34]=-Duser.region=US
W/art ( 3912): Incomplete boot detected. Pruning dalvik cache
E/qdhwcomposer( 1212): isValidDimension: layer handle is NULL
E/qdhwcomposer( 1212): isValidDimension: layer handle is NULL
E/qdhwcomposer( 1212): isValidDimension: layer handle is NULL
E/qdhwcomposer( 1212): isValidDimension: layer handle is NULL
E/qdhwcomposer( 1212): isValidDimension: layer handle is NULL
E/qdhwcomposer( 1212): isValidDimension: layer handle is NULL
E/qdhwcomposer( 1212): isValidDimension: layer handle is NULL
E/qdhwcomposer( 1212): isValidDimension: layer handle is NULL
E/qdhwcomposer( 1212): isValidDimension: layer handle is NULL
E/qdhwcomposer( 1212): isValidDimension: layer handle is NULL
E/qdhwcomposer( 1212): isValidDimension: layer handle is NULL
E/qdhwcomposer( 1212): isValidDimension: layer handle is NULL
E/qdhwcomposer( 1212): isValidDimension: layer handle is NULL
E/qdhwcomposer( 1212): isValidDimension: layer handle is NULL
E/qdhwcomposer( 1212): isValidDimension: layer handle is NULL
E/qdhwcomposer( 1212): isValidDimension: layer handle is NULL
E/qdhwcomposer( 1212): isValidDimension: layer handle is NULL
E/qdhwcomposer( 1212): isValidDimension: layer handle is NULL
E/audio_route( 3914): Control 'SLIMBUS_0_RX Port Mixer INT_BT_SCO_TX' doesn't exist - skipping
E/audio_route( 3914): Control 'INTERNAL_BT_SCO_RX Audio Mixer Multimedia6' doesn't exist - skipping
E/audio_route( 3914): Control 'MultiMedia4 Mixer MI2S_TX' doesn't exist - skipping
E/audio_route( 3914): Control 'RX4 DSM MUX' doesn't exist - skipping
E/audio_route( 3914): Control 'RX6 DSM MUX' doesn't exist - skipping
E/audio_route( 3914): Control 'RX4 DSM MUX' doesn't exist - skipping
E/audio_route( 3914): Control 'RX6 DSM MUX' doesn't exist - skipping
D/msm8974_platform( 3914): platform_init: Opened sound card:0
D/ACDB-LOADER( 3914): ACDB -> Load file: /etc/acdbdata/MTP/MTP_Bluetooth_cal.acdb
D/ACDB-LOADER( 3914): ACDB -> Load file: /etc/acdbdata/MTP/MTP_General_cal.acdb
D/ACDB-LOADER( 3914): ACDB -> Load file: /etc/acdbdata/MTP/MTP_Global_cal.acdb
D/ACDB-LOADER( 3914): ACDB -> Load file: /etc/acdbdata/MTP/MTP_Handset_cal.acdb
D/ACDB-LOADER( 3914): ACDB -> Load file: /etc/acdbdata/MTP/MTP_Hdmi_cal.acdb
D/ACDB-LOADER( 3914): ACDB -> Load file: /etc/acdbdata/MTP/MTP_Headset_cal.acdb
D/ACDB-LOADER( 3914): ACDB -> Load file: /etc/acdbdata/MTP/MTP_Speaker_cal.acdb
D/ACDB-LOADER( 3914): ACDB -> ACDB_CMD_INITIALIZE_V2
D/ ( 3914): [ACDB Command]->SW Minor/Major/Revision version mismatch warning /etc/acdbdata/MTP/MTP_Bluetooth_cal.acdb
D/ ( 3914): [ACDB Command]->ACDB Sw Major = 3, ACDB Sw Minor = 0, ACDB Sw Revision = 0
D/ ( 3914): [ACDB Command]->ACDB File Major = 3, ACDB File Minor = 0, ACDB File Revision = 2
D/ ( 3914): [ACDB Command]->SW Minor/Major/Revision version mismatch warning /etc/acdbdata/MTP/MTP_General_cal.acdb
D/ ( 3914): [ACDB Command]->ACDB Sw Major = 3, ACDB Sw Minor = 0, ACDB Sw Revision = 0
D/ ( 3914): [ACDB Command]->ACDB File Major = 3, ACDB File Minor = 0, ACDB File Revision = 2
D/ ( 3914): [ACDB Command]->SW Minor/Major/Revision version mismatch warning /etc/acdbdata/MTP/MTP_Global_cal.acdb
D/ ( 3914): [ACDB Command]->ACDB Sw Major = 3, ACDB Sw Minor = 0, ACDB Sw Revision = 0
D/ ( 3914): [ACDB Command]->ACDB File Major = 3, ACDB File Minor = 0, ACDB File Revision = 2
D/ ( 3914): [ACDB Command]->SW Minor/Major/Revision version mismatch warning /etc/acdbdata/MTP/MTP_Handset_cal.acdb
D/ ( 3914): [ACDB Command]->ACDB Sw Major = 3, ACDB Sw Minor = 0, ACDB Sw Revision = 0
D/ ( 3914): [ACDB Command]->ACDB File Major = 3, ACDB File Minor = 0, ACDB File Revision = 2
D/ ( 3914): [ACDB Command]->SW Minor/Major/Revision version mismatch warning /etc/acdbdata/MTP/MTP_Hdmi_cal.acdb
D/ ( 3914): [ACDB Command]->ACDB Sw Major = 3, ACDB Sw Minor = 0, ACDB Sw Revision = 0
D/ ( 3914): [ACDB Command]->ACDB File Major = 3, ACDB File Minor = 0, ACDB File Revision = 2
D/ ( 3914): [ACDB Command]->SW Minor/Major/Revision version mismatch warning /etc/acdbdata/MTP/MTP_Headset_cal.acdb
D/ ( 3914): [ACDB Command]->ACDB Sw Major = 3, ACDB Sw Minor = 0, ACDB Sw Revision = 0
