E/NetlinkListener( 696): recvmsg failed (I/O error)
E/NetlinkListener( 696): recvmsg failed (I/O error)
E/NetlinkListener( 698): recvmsg failed (I/O error)
E/NetlinkListener( 696): recvmsg failed (I/O error)
E/NetlinkListener( 698): recvmsg failed (I/O error)
E/NetlinkListener( 696): recvmsg failed (I/O error)
E/NetlinkListener( 698): recvmsg failed (I/O error)
E/NetlinkListener( 696): recvmsg failed (I/O error)
E/NetlinkListener( 698): recvmsg failed (I/O error)
E/NetlinkListener( 696): recvmsg failed (I/O error)
E/NetlinkListener( 698): recvmsg failed (I/O error)
E/NetlinkListener( 696): recvmsg failed (I/O error)
E/NetlinkListener( 698): recvmsg failed (I/O error)
E/NetlinkListener( 696): recvmsg failed (I/O error)
E/NetlinkListener( 698): recvmsg failed (I/O error)
E/NetlinkListener( 696): recvmsg failed (I/O error)
E/NetlinkListener( 698): recvmsg failed (I/O error)
E/NetlinkListener( 696): recvmsg failed (I/O error)
E/NetlinkListener( 698): recvmsg failed (I/O error)
E/NetlinkListener( 696): recvmsg failed (I/O error)
E/NetlinkListener( 698): recvmsg failed (I/O error)
E/NetlinkListener( 696): recvmsg failed (I/O error)
E/NetlinkListener( 698): recvmsg failed (I/O error)
E/NetlinkListener( 696): recvmsg failed (I/O error)
E/NetlinkListener( 698): recvmsg failed (I/O error)
E/NetlinkListener( 698): recvmsg failed (I/O error)
E/NetlinkListener( 696): recvmsg failed (I/O error)
E/NetlinkListener( 696): recvmsg failed (I/O error)
E/NetlinkListener( 698): recvmsg failed (I/O error)
E/NetlinkListener( 698): recvmsg failed (I/O error)
E/NetlinkListener( 696): recvmsg failed (I/O error)
E/NetlinkListener( 698): recvmsg failed (I/O error)
E/NetlinkListener( 696): recvmsg failed (I/O error)
E/NetlinkListener( 698): recvmsg failed (I/O error)
E/NetlinkListener( 696): recvmsg failed (I/O error)
E/NetlinkListener( 698): recvmsg failed (I/O error)
E/NetlinkListener( 696): recvmsg failed (I/O error)
E/NetlinkListener( 696): recvmsg failed (I/O error)
E/NetlinkListener( 698): recvmsg failed (I/O error)
E/NetlinkListener( 696): recvmsg failed (I/O error)
E/NetlinkListener( 698): recvmsg failed (I/O error)
E/NetlinkListener( 696): recvmsg failed (I/O error)
E/NetlinkListener( 698): recvmsg failed (I/O error)
E/NetlinkListener( 696): recvmsg failed (I/O error)
E/NetlinkListener( 698): recvmsg failed (I/O error)
E/NetlinkListener( 696): recvmsg failed (I/O error)
E/NetlinkListener( 698): recvmsg failed (I/O error)
E/NetlinkListener( 696): recvmsg failed (I/O error)
E/NetlinkListener( 698): recvmsg failed (I/O error)
E/NetlinkListener( 696): recvmsg failed (I/O error)
E/NetlinkListener( 698): recvmsg failed (I/O error)
E/NetlinkListener( 696): recvmsg failed (I/O error)
E/NetlinkListener( 698): recvmsg failed (I/O error)
E/NetlinkListener( 696): recvmsg failed (I/O error)
E/NetlinkListener( 698): recvmsg failed (I/O error)
E/NetlinkListener( 696): recvmsg failed (I/O error)
E/NetlinkListener( 698): recvmsg failed (I/O error)
E/NetlinkListener( 696): recvmsg failed (I/O error)
E/NetlinkListener( 698): recvmsg failed (I/O error)
E/NetlinkListener( 696): recvmsg failed (I/O error)
E/NetlinkListener( 698): recvmsg failed (I/O error)
E/NetlinkListener( 696): recvmsg failed (I/O error)
E/NetlinkListener( 698): recvmsg failed (I/O error)
E/NetlinkListener( 696): recvmsg failed (I/O error)
E/NetlinkListener( 698): recvmsg failed (I/O error)
E/NetlinkListener( 696): recvmsg failed (I/O error)
E/NetlinkListener( 698): recvmsg failed (I/O error)
E/NetlinkListener( 696): recvmsg failed (I/O error)
E/NetlinkListener( 698): recvmsg failed (I/O error)
E/NetlinkListener( 696): recvmsg failed (I/O error)
E/NetlinkListener( 698): recvmsg failed (I/O error)
E/NetlinkListener( 696): recvmsg failed (I/O error)
E/NetlinkListener( 698): recvmsg failed (I/O error)
E/NetlinkListener( 696): recvmsg failed (I/O error)
E/NetlinkListener( 696): recvmsg failed (I/O error)
E/NetlinkListener( 698): recvmsg failed (I/O error)
E/NetlinkListener( 698): recvmsg failed (I/O error)
E/NetlinkListener( 696): recvmsg failed (I/O error)
E/NetlinkListener( 698): recvmsg failed (I/O error)
E/NetlinkListener( 696): recvmsg failed (I/O error)
E/NetlinkListener( 698): recvmsg failed (I/O error)
E/NetlinkListener( 696): recvmsg failed (I/O error)
E/NetlinkListener( 698): recvmsg failed (I/O error)
E/NetlinkListener( 698): recvmsg failed (I/O error)
E/NetlinkListener( 696): recvmsg failed (I/O error)
E/NetlinkListener( 696): recvmsg failed (I/O error)
E/NetlinkListener( 698): recvmsg failed (I/O error)
E/NetlinkListener( 696): recvmsg failed (I/O error)
E/NetlinkListener( 698): recvmsg failed (I/O error)
E/NetlinkListener( 696): recvmsg failed (I/O error)
E/NetlinkListener( 698): recvmsg failed (I/O error)
E/NetlinkListener( 696): recvmsg failed (I/O error)
E/NetlinkListener( 698): recvmsg failed (I/O error)
E/NetlinkListener( 696): recvmsg failed (I/O error)
E/NetlinkListener( 698): recvmsg failed (I/O error)
E/NetlinkListener( 698): recvmsg failed (I/O error)
E/NetlinkListener( 696): recvmsg failed (I/O error)
E/NetlinkListener( 696): recvmsg failed (I/O error)
E/NetlinkListener( 698): recvmsg failed (I/O error)
E/NetlinkListener( 698): recvmsg failed (I/O error)
E/NetlinkListener( 696): recvmsg failed (I/O error)
E/NetlinkListener( 696): recvmsg failed (I/O error)
E/NetlinkListener( 698): recvmsg failed (I/O error)
E/NetlinkListener( 696): recvmsg failed (I/O error)
E/NetlinkListener( 698): recvmsg failed (I/O error)
E/NetlinkListener( 696): recvmsg failed (I/O error)
E/NetlinkListener( 698): recvmsg failed (I/O error)
I/InstallerConnection( 1389): disconnecting...
E/NetlinkListener( 696): recvmsg failed (I/O error)
E/NetlinkListener( 698): recvmsg failed (I/O error)
I/SystemServer( 1389): Entered the Android system server!
E/NetlinkListener( 696): recvmsg failed (I/O error)
E/NetlinkListener( 698): recvmsg failed (I/O error)
I/SystemServiceManager( 1389): Starting com.android.server.pm.Installer
I/Installer( 1389): Waiting for installd to be ready.
I/InstallerConnection( 1389): connecting...
I/SystemServiceManager( 1389): Starting com.android.server.am.ActivityManagerService$Lifecycle
I/XXXXXX ( 1389): choosing minFree values for 32 Bit
I/XXXXXX ( 1389): choosing minFree values for 32 Bit
I/XXXXXX ( 1389): choosing minFree values for 32 Bit
I/XXXXXX ( 1389): choosing minFree values for 32 Bit
I/XXXXXX ( 1389): choosing minFree values for 32 Bit
I/XXXXXX ( 1389): choosing minFree values for 32 Bit
I/ActivityManager( 1389): Memory class: 128
I/ServiceThread( 1389): Enabled StrictMode logging for ActivityManager looper.
I/AppOps ( 1389): No existing app ops /data/system/appops.xml; starting empty
I/IntentFirewall( 1389): Read new rules (A:0 B:0 S:0)
I/ServiceThread( 1389): Enabled StrictMode logging for android.ui looper.
I/ServiceThread( 1389): Enabled StrictMode logging for android.display looper.
D/AppOps ( 1389): AppOpsService published
I/SystemServiceManager( 1389): Starting com.android.server.power.PowerManagerService
I/ServiceThread( 1389): Enabled StrictMode logging for PowerManagerService looper.
I/SystemServiceManager( 1389): Starting com.android.server.display.DisplayManagerService
I/SystemServiceManager( 1389): Starting phase 100
I/DisplayManagerService( 1389): Display device added: DisplayDeviceInfo{"Built-in Screen": uniqueId="local:0", 1080 x 1920, 0.466 fps, supportedRefreshRates [0.466], density 480, 160.42105 x 159.89508 dpi, appVsyncOff 0, presDeadline 2146922789, touch INTERNAL, rotation 0, type BUILT_IN, state UNKNOWN, FLAG_DEFAULT_DISPLAY, FLAG_ROTATES_WITH_CONTENT, FLAG_SECURE, FLAG_SUPPORTS_PROTECTED_BUFFERS}
I/SystemServer( 1389): Package Manager
E/SELinuxMMAC( 1389): Error with hashing seapp_contexts.
E/SELinuxMMAC( 1389): java.io.FileNotFoundException: /seapp_contexts: open failed: ENOENT (No such file or directory)
E/SELinuxMMAC( 1389): at libcore.io.IoBridge.open(IoBridge.java:456)
E/SELinuxMMAC( 1389): at libcore.io.IoUtils$FileReader.(IoUtils.java:209)
E/SELinuxMMAC( 1389): at libcore.io.IoUtils.readFileAsByteArray(IoUtils.java:109)
E/SELinuxMMAC( 1389): at com.android.server.pm.SELinuxMMAC.returnHash(SELinuxMMAC.java:456)
E/SELinuxMMAC( 1389): at com.android.server.pm.SELinuxMMAC.shouldRestorecon(SELinuxMMAC.java:389)
E/SELinuxMMAC( 1389): at com.android.server.pm.PackageManagerService.(PackageManagerService.java:419)
E/SELinuxMMAC( 1389): at com.android.server.pm.PackageManagerService.main(PackageManagerService.java:1261)
E/SELinuxMMAC( 1389): at com.android.server.SystemServer.startBootstrapServices(SystemServer.java:358)
E/SELinuxMMAC( 1389): at com.android.server.SystemServer.run(SystemServer.java:263)
E/SELinuxMMAC( 1389): at com.android.server.SystemServer.main(SystemServer.java:179)
E/SELinuxMMAC( 1389): at java.lang.reflect.Method.invoke(Native Method)
E/SELinuxMMAC( 1389): at java.lang.reflect.Method.invoke(Method.java:372)
E/SELinuxMMAC( 1389): at com.android.internal.os.ZygoteInit$MethodAndArgsCaller.run(ZygoteInit.java:904)
E/SELinuxMMAC( 1389): at com.android.internal.os.ZygoteInit.main(ZygoteInit.java:699)
E/SELinuxMMAC( 1389): Caused by: android.system.ErrnoException: open failed: ENOENT (No such file or directory)
E/SELinuxMMAC( 1389): at libcore.io.Posix.open(Native Method)
E/SELinuxMMAC( 1389): at libcore.io.BlockGuardOs.open(BlockGuardOs.java:186)
E/SELinuxMMAC( 1389): at libcore.io.IoBridge.open(IoBridge.java:442)
E/SELinuxMMAC( 1389): ... 13 more
W/SystemConfig( 1389): No directory /system/etc/sysconfig, skipping
D/SELinuxMMAC( 1389): Using policy file /system/etc/security/mac_permissions.xml
W/PackageManager( 1389): Library not found: /system/framework/com.google.widevine.software.drm.jar
W/PackageManager( 1389): Library not found: /system/framework/com.google.android.media.effects.jar
W/PackageManager( 1389): Library not found: /system/framework/com.google.android.maps.jar
E/NetlinkListener( 698): recvmsg failed (I/O error)
E/NetlinkListener( 696): recvmsg failed (I/O error)
W/PackageManager( 1389): Trying to update system app code path from /system/priv-app/Settings to /usr/libexec/sfdroid/system/priv-app/Settings
W/PackageManager( 1389): Failed to parse /usr/libexec/sfdroid/system/priv-app/Settings: Signature mismatch for shared user : SharedUserSetting{307f78b0 android.uid.system/1000}
E/NetlinkListener( 698): recvmsg failed (I/O error)
E/NetlinkListener( 696): recvmsg failed (I/O error)
W/PackageManager( 1389): Failed to parse /system/priv-app/CNEService: Signature mismatch for shared user : SharedUserSetting{307f78b0 android.uid.system/1000}
W/PackageParser( 1389): No actions in intent filter at /system/priv-app/Contacts/Contacts.apk Binary XML file line #364
E/NetlinkListener( 698): recvmsg failed (I/O error)
E/NetlinkListener( 696): recvmsg failed (I/O error)
W/PackageParser( 1389): No actions in intent filter at /system/priv-app/Dialer/Dialer.apk Binary XML file line #168
W/PackageParser( 1389): No actions in intent filter at /system/priv-app/ProximitySensorTools/ProximitySensorTools.apk Binary XML file line #54
W/PackageManager( 1389): Failed to parse /system/priv-app/Settings: Signature mismatch for shared user : SharedUserSetting{307f78b0 android.uid.system/1000}
W/PackageParser( 1389): Unknown element under : android at /system/priv-app/Telecom/Telecom.apk Binary XML file line #233
W/PackageManager( 1389): Failed to parse /system/priv-app/com.qualcomm.location: Signature mismatch for shared user : SharedUserSetting{307f78b0 android.uid.system/1000}
W/PackageManager( 1389): Failed to parse /system/priv-app/com.qualcomm.msapm: Signature mismatch for shared user : SharedUserSetting{307f78b0 android.uid.system/1000}
E/NetlinkListener( 698): recvmsg failed (I/O error)
E/NetlinkListener( 696): recvmsg failed (I/O error)
E/NetlinkListener( 696): recvmsg failed (I/O error)
E/NetlinkListener( 698): recvmsg failed (I/O error)
W/PackageParser( 1389): No actions in intent filter at /system/app/Bluetooth/Bluetooth.apk Binary XML file line #229
E/NetlinkListener( 698): recvmsg failed (I/O error)
E/NetlinkListener( 696): recvmsg failed (I/O error)
W/PackageParser( 1389): Unknown element under : uses-feature at /system/app/BluetoothExt/BluetoothExt.apk Binary XML file line #57
W/PackageParser( 1389): No actions in intent filter at /system/app/BluetoothExt/BluetoothExt.apk Binary XML file line #110
W/PackageParser( 1389): No actions in intent filter at /system/app/BluetoothExt/BluetoothExt.apk Binary XML file line #134
W/PackageParser( 1389): No actions in intent filter at /system/app/BluetoothExt/BluetoothExt.apk Binary XML file line #161
E/NetlinkListener( 696): recvmsg failed (I/O error)
E/NetlinkListener( 698): recvmsg failed (I/O error)
E/NetlinkListener( 696): recvmsg failed (I/O error)
E/NetlinkListener( 698): recvmsg failed (I/O error)
W/PackageManager( 1389): Failed to parse /system/app/CABLService: Signature mismatch for shared user : SharedUserSetting{307f78b0 android.uid.system/1000}
E/NetlinkListener( 696): recvmsg failed (I/O error)
E/NetlinkListener( 698): recvmsg failed (I/O error)
E/NetlinkListener( 698): recvmsg failed (I/O error)
E/NetlinkListener( 696): recvmsg failed (I/O error)
E/NetlinkListener( 696): recvmsg failed (I/O error)
E/NetlinkListener( 698): recvmsg failed (I/O error)
W/PackageParser( 1389): Unknown element under : permission at /system/app/Gallery2/Gallery2.apk Binary XML file line #254
W/PackageParser( 1389): Unknown element under : permission at /system/app/Gallery2/Gallery2.apk Binary XML file line #257
W/PackageManager( 1389): Failed to parse /system/app/GsmTuneAway: Signature mismatch for shared user : SharedUserSetting{6b6cd7b android.uid.phone/1001}
I/PackageParser( 1389): com.qualcomm.interfacepermissions: compat added android.permission.WRITE_EXTERNAL_STORAGE android.permission.READ_PHONE_STATE
W/PackageManager( 1389): Failed to parse /system/app/NetworkSetting: Signature mismatch for shared user : SharedUserSetting{6b6cd7b android.uid.phone/1001}
I/PackageParser( 1389): com.qualcomm.qcom_qmi: compat added android.permission.WRITE_EXTERNAL_STORAGE android.permission.READ_PHONE_STATE
W/PackageManager( 1389): Failed to parse /system/app/SVIService: Signature mismatch for shared user : SharedUserSetting{307f78b0 android.uid.system/1000}
W/PackageManager( 1389): Failed to parse /system/app/TimeService: Signature mismatch for shared user : SharedUserSetting{307f78b0 android.uid.system/1000}
W/PackageManager( 1389): Failed to parse /system/app/WfdService: Signature mismatch for shared user : SharedUserSetting{307f78b0 android.uid.system/1000}
W/PackageManager( 1389): Failed to parse /system/app/btmultisim: Signature mismatch for shared user : SharedUserSetting{6b6cd7b android.uid.phone/1001}
W/PackageManager( 1389): Failed to parse /system/app/com.qualcomm.qti.services.secureui: Signature mismatch for shared user : SharedUserSetting{307f78b0 android.uid.system/1000}
W/PackageManager( 1389): Failed to parse /system/app/fastdormancy: Signature mismatch for shared user : SharedUserSetting{307f78b0 android.uid.system/1000}
W/PackageManager( 1389): Failed to parse /system/app/qcrilmsgtunnel: Signature mismatch for shared user : SharedUserSetting{6b6cd7b android.uid.phone/1001}
W/PackageManager( 1389): Failed to parse /system/vendor/app/ims: Signature mismatch for shared user : SharedUserSetting{6b6cd7b android.uid.phone/1001}
W/PackageManager( 1389): System package com.android.settings no longer exists; wiping its data
W/PackageManager( 1389): Package org.codeaurora.bluetooth desires unavailable shared library com.quicinc.wbc; ignoring!
W/PackageManager( 1389): Package com.android.email desires unavailable shared library org.apache.http.legacy; ignoring!
I/PackageManager( 1389): Adjusting ABI for : com.android.inputdevices to armeabi-v7a
I/PackageManager( 1389): Adjusting ABI for : com.android.keychain to armeabi-v7a
E/NetlinkListener( 698): recvmsg failed (I/O error)
E/NetlinkListener( 696): recvmsg failed (I/O error)
I/PackageManager( 1389): Adjusting ABI for : com.fairphone.setupwizard to armeabi-v7a
I/PackageManager( 1389): Adjusting ABI for : com.dsi.ant.server to armeabi-v7a
I/PackageManager( 1389): Adjusting ABI for : com.android.dialer to armeabi-v7a
I/PackageManager( 1389): Adjusting ABI for : com.android.providers.settings to armeabi-v7a
I/PackageManager( 1389): Adjusting ABI for : com.android.location.fused to armeabi-v7a
I/PackageManager( 1389): Adjusting ABI for : com.android.server.telecom to armeabi-v7a
I/PackageManager( 1389): Adjusting ABI for : com.android.soundrecorder to armeabi-v7a
I/PackageManager( 1389): Adjusting ABI for : com.fairphone.privacyimpact to armeabi-v7a
I/PackageManager( 1389): Adjusting ABI for : com.codeaurora.fmrecording to armeabi-v7a
I/PackageManager( 1389): Adjusting ABI for : com.fairphone.psensor to armeabi-v7a
I/PackageManager( 1389): Time to scan packages: 1.573 seconds
W/PackageManager( 1389): Unknown permission com.google.android.googleapps.permission.GOOGLE_AUTH in package com.android.providers.calendar
W/PackageManager( 1389): Unknown permission com.google.android.googleapps.permission.GOOGLE_AUTH.cl in package com.android.providers.calendar
W/PackageManager( 1389): Unknown permission com.qualcomm.permission.USE_QCRIL_MSG_TUNNEL in package com.qualcomm.shutdownlistner
W/PackageManager( 1389): Not granting permission android.permission.GLOBAL_SEARCH to package com.android.quicksearchbox (protectionLevel=18 flags=0x48be45)
W/PackageManager( 1389): Not granting permission android.permission.ACCESS_DOWNLOAD_MANAGER to package com.android.browser (protectionLevel=18 flags=0x9be45)
W/PackageManager( 1389): Not granting permission android.permission.SEND_DOWNLOAD_COMPLETED_INTENTS to package com.android.browser (protectionLevel=2 flags=0x9be45)
W/PackageManager( 1389): Unknown permission android.permission.MMS_PUSH in package org.codeaurora.bluetooth
W/PackageManager( 1389): Not granting permission android.permission.BIND_WALLPAPER to package com.android.camera2 (protectionLevel=18 flags=0x58bc45)
W/PackageManager( 1389): Unknown permission android.permission.INSTALL_DRM in package com.android.mms
W/PackageManager( 1389): Unknown permission com.google.android.googleapps.permission.GOOGLE_AUTH.mail in package com.android.calendar
W/PackageManager( 1389): Unknown permission com.android.launcher.permission.READ_SETTINGS in package com.android.onetimeinitializer
W/PackageManager( 1389): Unknown permission com.android.launcher.permission.WRITE_SETTINGS in package com.android.onetimeinitializer
W/PackageManager( 1389): Not granting permission android.permission.DELETE_PACKAGES to package com.svox.pico (protectionLevel=18 flags=0x8be45)
W/PackageManager( 1389): Unknown permission android.permission.ACCESS_THEME_MANAGER in package com.fairphone.setupwizard
W/PackageManager( 1389): Unknown permission com.google.android.gallery3d.permission.PICASA_STORE in package com.android.dreams.phototable
W/PackageManager( 1389): Unknown permission android.permission.ACCESS_SUPERUSER in package com.amaze.filemanager
W/PackageManager( 1389): Unknown permission com.android.launcher.permission.READ_SETTINGS in package com.fairphone.fplauncher3
W/PackageManager( 1389): Unknown permission com.android.launcher.permission.WRITE_SETTINGS in package com.fairphone.fplauncher3
W/PackageManager( 1389): Unknown permission android.permission.ACCESS_SUPERUSER in package com.fairphone.updater
W/PackageManager( 1389): Not granting permission android.permission.DEVICE_POWER to package com.android.deskclock (protectionLevel=2 flags=0x48be45)
W/PackageManager( 1389): Unknown permission com.google.android.gallery3d.permission.GALLERY_PROVIDER in package com.android.bluetooth
I/SystemServer( 1389): User Service
I/SystemServiceManager( 1389): Starting com.android.server.lights.LightsService
I/SystemServiceManager( 1389): Starting com.android.server.BatteryService
I/SystemServiceManager( 1389): Starting com.android.server.usage.UsageStatsService
I/UsageStatsService( 1389): User[0] Rollover scheduled @ 2016-12-07 00:00:00(1481068800000)
I/SystemServiceManager( 1389): Starting com.android.server.webkit.WebViewUpdateService
I/SystemServer( 1389): Reading configuration...
I/SystemServer( 1389): Scheduling Policy
I/SystemServiceManager( 1389): Starting com.android.server.telecom.TelecomLoaderService
I/SystemServer( 1389): Telephony Registry
I/SystemServer( 1389): Entropy Mixer
I/EntropyMixer( 1389): Writing entropy...
I/SystemServer( 1389): Account Manager
I/SystemServer( 1389): Content Manager
I/SystemServer( 1389): System Content Providers
I/SystemServer( 1389): Vibrator Service
I/SystemServer( 1389): Consumer IR Service
I/SystemServiceManager( 1389): Starting com.android.server.AlarmManagerService
W/AlarmManager( 1389): Failed to open alarm driver. Falling back to a handler.
I/SystemServer( 1389): Init Watchdog
I/SystemServer( 1389): Input Manager
I/InputManager( 1389): Initializing input manager, mUseDevInputEventForAudioJack=true
I/SystemServer( 1389): Window Manager
I/WindowManager( 1389): No existing display settings /data/system/display_settings.xml; starting empty
E/WindowManager( 1389): Exception creating Dim surface
E/WindowManager( 1389): android.view.Surface$OutOfResourcesException
E/WindowManager( 1389): at android.view.SurfaceControl.nativeCreate(Native Method)
E/WindowManager( 1389): at android.view.SurfaceControl.(SurfaceControl.java:292)
E/WindowManager( 1389): at com.android.server.wm.DimLayer.(DimLayer.java:81)
E/WindowManager( 1389): at com.android.server.wm.TaskStack.attachDisplayContent(TaskStack.java:233)
E/WindowManager( 1389): at com.android.server.wm.WindowManagerService.attachStack(WindowManagerService.java:5158)
E/WindowManager( 1389): at com.android.server.am.ActivityStackSupervisor$ActivityContainer.attachToDisplayLocked(ActivityStackSupervisor.java:3766)
E/WindowManager( 1389): at com.android.server.am.ActivityStackSupervisor.createStackOnDisplay(ActivityStackSupervisor.java:2649)
E/WindowManager( 1389): at com.android.server.am.ActivityStackSupervisor.setWindowManager(ActivityStackSupervisor.java:394)
E/WindowManager( 1389): at com.android.server.am.ActivityManagerService.setWindowManager(ActivityManagerService.java:1943)
E/WindowManager( 1389): at com.android.server.SystemServer.startOtherServices(SystemServer.java:498)
E/WindowManager( 1389): at com.android.server.SystemServer.run(SystemServer.java:265)
E/WindowManager( 1389): at com.android.server.SystemServer.main(SystemServer.java:179)
E/WindowManager( 1389): at java.lang.reflect.Method.invoke(Native Method)
E/WindowManager( 1389): at java.lang.reflect.Method.invoke(Method.java:372)
E/WindowManager( 1389): at com.android.internal.os.ZygoteInit$MethodAndArgsCaller.run(ZygoteInit.java:904)
E/WindowManager( 1389): at com.android.internal.os.ZygoteInit.main(ZygoteInit.java:699)
E/WindowManager( 1389): Exception creating Dim surface
E/WindowManager( 1389): android.view.Surface$OutOfResourcesException
E/WindowManager( 1389): at android.view.SurfaceControl.nativeCreate(Native Method)
E/WindowManager( 1389): at android.view.SurfaceControl.(SurfaceControl.java:292)
E/WindowManager( 1389): at com.android.server.wm.DimLayer.(DimLayer.java:81)
E/WindowManager( 1389): at com.android.server.wm.TaskStack.attachDisplayContent(TaskStack.java:234)
E/WindowManager( 1389): at com.android.server.wm.WindowManagerService.attachStack(WindowManagerService.java:5158)
E/WindowManager( 1389): at com.android.server.am.ActivityStackSupervisor$ActivityContainer.attachToDisplayLocked(ActivityStackSupervisor.java:3766)
E/WindowManager( 1389): at com.android.server.am.ActivityStackSupervisor.createStackOnDisplay(ActivityStackSupervisor.java:2649)
E/WindowManager( 1389): at com.android.server.am.ActivityStackSupervisor.setWindowManager(ActivityStackSupervisor.java:394)
E/WindowManager( 1389): at com.android.server.am.ActivityManagerService.setWindowManager(ActivityManagerService.java:1943)
E/WindowManager( 1389): at com.android.server.SystemServer.startOtherServices(SystemServer.java:498)
E/WindowManager( 1389): at com.android.server.SystemServer.run(SystemServer.java:265)
E/WindowManager( 1389): at com.android.server.SystemServer.main(SystemServer.java:179)
E/WindowManager( 1389): at java.lang.reflect.Method.invoke(Native Method)
E/WindowManager( 1389): at java.lang.reflect.Method.invoke(Method.java:372)
E/WindowManager( 1389): at com.android.internal.os.ZygoteInit$MethodAndArgsCaller.run(ZygoteInit.java:904)
E/WindowManager( 1389): at com.android.internal.os.ZygoteInit.main(ZygoteInit.java:699)
I/InputManager( 1389): Starting input manager
I/SystemServer( 1389): sfdroid: Bluetooth Service disabled
I/SystemServer( 1389): Input Method Service
W/InputMethodManagerService( 1389): Couldn't create dir.: /data/system/inputmethod
I/SystemServer( 1389): Accessibility Manager
I/XXXXXX ( 1389): choosing minFree values for 32 Bit
I/XXXXXX ( 1389): choosing minFree values for 32 Bit
I/XXXXXX ( 1389): choosing minFree values for 32 Bit
I/XXXXXX ( 1389): choosing minFree values for 32 Bit
I/XXXXXX ( 1389): choosing minFree values for 32 Bit
I/XXXXXX ( 1389): choosing minFree values for 32 Bit
I/ActivityManager( 1389): Config changes=1df8 {1.0 ?mcc?mnc en_US ?layoutDir sw360dp w360dp h640dp 480dpi nrml long port ?uimode ?night -touch -keyb/v/h -nav/h s.2}
I/ActivityManager( 1389): Config changes=500 {1.0 ?mcc?mnc en_US ?layoutDir sw360dp w360dp h567dp 480dpi nrml port ?uimode ?night -touch -keyb/v/h -nav/h s.3}
I/SystemServer( 1389): Mount Service
D/MountService( 1389): got storage path: /storage/sdcard0 description: Internal storage primary: true removable: false emulated: true mtpReserve: 100 allowMassStorage: false maxFileSize: 0 allowMtp: true
D/MountService( 1389): addVolumeLocked() StorageVolume:
D/MountService( 1389): mStorageId=65537 mPath=/storage/emulated/0 mDescriptionId=17040829
D/MountService( 1389): mPrimary=true mRemovable=false mEmulated=true mMtpReserveSpace=100
D/MountService( 1389): mAllowMassStorage=false mMaxFileSize=0 mOwner=UserHandle{0} mUuid=null
D/MountService( 1389): mUserLabel=null mState=null mAllowMtp=true
D/MountService( 1389): got storage path: /storage/sdcard1 description: SD card primary: false removable: true emulated: false mtpReserve: 0 allowMassStorage: true maxFileSize: 0 allowMtp: true
D/MountService( 1389): addVolumeLocked() StorageVolume:
D/MountService( 1389): mStorageId=0 mPath=/storage/sdcard1 mDescriptionId=17040830 mPrimary=false
D/MountService( 1389): mRemovable=true mEmulated=false mMtpReserveSpace=0 mAllowMassStorage=true
D/MountService( 1389): mMaxFileSize=0 mOwner=null mUuid=null mUserLabel=null mState=null
D/MountService( 1389): mAllowMtp=true
D/MountService( 1389): got storage path: /storage/usbotg description: USB storage primary: false removable: true emulated: false mtpReserve: 0 allowMassStorage: false maxFileSize: 0 allowMtp: true
D/MountService( 1389): addVolumeLocked() StorageVolume:
D/MountService( 1389): mStorageId=0 mPath=/storage/usbotg mDescriptionId=17040831 mPrimary=false
D/MountService( 1389): mRemovable=true mEmulated=false mMtpReserveSpace=0 mAllowMassStorage=false
D/MountService( 1389): mMaxFileSize=0 mOwner=null mUuid=null mUserLabel=null mState=null
D/MountService( 1389): mAllowMtp=true
W/PackageManager( 1389): No disk maintenance in 269874830; running immediately
I/MountService( 1389): Running fstrim idle maintenance
I/fstrim ( 698): Starting fstrim work...
F/libc ( 698): Fatal signal 11 (SIGSEGV), code 1, fault addr 0x0 in tid 1612 (vold)
W/PackageManager( 1389): Unknown permission com.google.android.googleapps.permission.GOOGLE_AUTH in package com.android.providers.calendar
W/PackageManager( 1389): Unknown permission com.google.android.googleapps.permission.GOOGLE_AUTH.cl in package com.android.providers.calendar
W/PackageManager( 1389): Unknown permission com.qualcomm.permission.USE_QCRIL_MSG_TUNNEL in package com.qualcomm.shutdownlistner
W/PackageManager( 1389): Not granting permission android.permission.GLOBAL_SEARCH to package com.android.quicksearchbox (protectionLevel=18 flags=0x48be45)
W/PackageManager( 1389): Not granting permission android.permission.ACCESS_DOWNLOAD_MANAGER to package com.android.browser (protectionLevel=18 flags=0x9be45)
W/PackageManager( 1389): Not granting permission android.permission.SEND_DOWNLOAD_COMPLETED_INTENTS to package com.android.browser (protectionLevel=2 flags=0x9be45)
F/WindowAnimator( 1389): Unhandled exception in Window Manager
F/WindowAnimator( 1389): java.lang.NullPointerException: Attempt to invoke virtual method 'void android.view.SurfaceControl.setLayer(int)' on a null object reference
F/WindowAnimator( 1389): at com.android.server.wm.FocusedStackFrame.setLayer(FocusedStackFrame.java:140)
F/WindowAnimator( 1389): at com.android.server.wm.WindowManagerService.setFocusedStackLayer(WindowManagerService.java:3985)
F/WindowAnimator( 1389): at com.android.server.wm.WindowAnimator.animateLocked(WindowAnimator.java:708)
F/WindowAnimator( 1389): at com.android.server.wm.WindowAnimator.access$000(WindowAnimator.java:54)
F/WindowAnimator( 1389): at com.android.server.wm.WindowAnimator$1.run(WindowAnimator.java:126)
F/WindowAnimator( 1389): at android.view.Choreographer$CallbackRecord.run(Choreographer.java:767)
F/WindowAnimator( 1389): at android.view.Choreographer.doCallbacks(Choreographer.java:580)
F/WindowAnimator( 1389): at android.view.Choreographer.doFrame(Choreographer.java:549)
F/WindowAnimator( 1389): at android.view.Choreographer$FrameDisplayEventReceiver.run(Choreographer.java:753)
F/WindowAnimator( 1389): at android.os.Handler.handleCallback(Handler.java:739)
F/WindowAnimator( 1389): at android.os.Handler.dispatchMessage(Handler.java:95)
F/WindowAnimator( 1389): at android.os.Looper.loop(Looper.java:135)
F/WindowAnimator( 1389): at android.os.HandlerThread.run(HandlerThread.java:61)
F/WindowAnimator( 1389): at com.android.server.ServiceThread.run(ServiceThread.java:46)
W/PackageManager( 1389): Unknown permission android.permission.MMS_PUSH in package org.codeaurora.bluetooth
W/PackageManager( 1389): Not granting permission android.permission.BIND_WALLPAPER to package com.android.camera2 (protectionLevel=18 flags=0x58bc45)
W/PackageManager( 1389): Unknown permission android.permission.INSTALL_DRM in package com.android.mms
W/PackageManager( 1389): Unknown permission com.google.android.googleapps.permission.GOOGLE_AUTH.mail in package com.android.calendar
W/PackageManager( 1389): Unknown permission com.android.launcher.permission.READ_SETTINGS in package com.android.onetimeinitializer
W/PackageManager( 1389): Unknown permission com.android.launcher.permission.WRITE_SETTINGS in package com.android.onetimeinitializer
W/PackageManager( 1389): Not granting permission android.permission.DELETE_PACKAGES to package com.svox.pico (protectionLevel=18 flags=0x8be45)
W/PackageManager( 1389): Unknown permission android.permission.ACCESS_THEME_MANAGER in package com.fairphone.setupwizard
W/PackageManager( 1389): Unknown permission com.google.android.gallery3d.permission.PICASA_STORE in package com.android.dreams.phototable
W/PackageManager( 1389): Unknown permission android.permission.ACCESS_SUPERUSER in package com.amaze.filemanager
W/PackageManager( 1389): Unknown permission com.android.launcher.permission.READ_SETTINGS in package com.fairphone.fplauncher3
W/PackageManager( 1389): Unknown permission com.android.launcher.permission.WRITE_SETTINGS in package com.fairphone.fplauncher3
W/PackageManager( 1389): Unknown permission android.permission.ACCESS_SUPERUSER in package com.fairphone.updater
W/PackageManager( 1389): Not granting permission android.permission.DEVICE_POWER to package com.android.deskclock (protectionLevel=2 flags=0x48be45)
W/PackageManager( 1389): Unknown permission com.google.android.gallery3d.permission.GALLERY_PROVIDER in package com.android.bluetooth
W/WindowStateAnimator( 1389): OutOfResourcesException creating surface
I/WindowManager( 1389): Out of memory for surface! Looking for leaks...
W/WindowManager( 1389): No leaked surfaces; killing applicatons!
W/WindowManager( 1389): Due to memory failure, waiting a bit for next layout
I/DEBUG ( 674): *** *** *** *** *** *** *** *** *** *** *** *** *** *** *** ***
I/DEBUG ( 674): Build fingerprint: 'Fairphone/FP2/FP2:5.1/FP2/fp2-sibon-16.09.0:userdebug/release-keys'
I/DEBUG ( 674): Revision: '0'
I/DEBUG ( 674): ABI: 'arm'
I/DEBUG ( 674): pid: 698, tid: 1612, name: vold >>> /system/bin/vold <<<
I/DEBUG ( 674): signal 11 (SIGSEGV), code 1 (SEGV_MAPERR), fault addr 0x0
I/DEBUG ( 674): r0 b6f118b5 r1 00000000 r2 00000006 r3 ffffffc4
I/DEBUG ( 674): r4 b6f16d30 r5 00000000 r6 b6f17154 r7 00000000
I/DEBUG ( 674): r8 b6aa7d08 r9 00000000 sl b6aa7cf0 fp b6f17154
I/DEBUG ( 674): ip b6aa7c68 sp b6aa7cc8 lr b6edce83 pc b6f05e42 cpsr 80030030
I/DEBUG ( 674):
I/DEBUG ( 674): backtrace:
I/DEBUG ( 674): #00 pc 0000be42 /system/bin/vold
I/DEBUG ( 674): #01 pc 00013fc3 /system/lib/libc.so (_ZL15__pthread_startPv+30)
I/DEBUG ( 674): #02 pc 00011f0b /system/lib/libc.so (__start_thread+6)
E/NetlinkListener( 696): recvmsg failed (I/O error)
E/VoldConnector( 1389): Communications error: java.io.IOException: Connection reset by peer
E/VoldConnector( 1389): closing stream for vold
E/VoldConnector( 1389): Error in NativeDaemonConnector: java.io.IOException: Connection reset by peer
I/Vold ( 1620): Vold 2.1 (the revenge) firing up
E/Vold ( 1620): failed to open /fstab.qcom
E/Vold ( 1620): Error reading configuration (No such file or directory)... continuing anyways
I/Cryptfs ( 1620): Check if PFE is activated on Boot
E/Cryptfs ( 1620): Unexpected value for crypto key location
E/Cryptfs ( 1620): Error getting crypt footer and key
E/NetlinkListener( 696): recvmsg failed (I/O error)
E/NetlinkListener( 1620): recvmsg failed (I/O error)
E/NetlinkListener( 1620): recvmsg failed (I/O error)
E/NetlinkListener( 696): recvmsg failed (I/O error)
E/NetlinkListener( 696): recvmsg failed (I/O error)
E/NetlinkListener( 1620): recvmsg failed (I/O error)
E/NetlinkListener( 696): recvmsg failed (I/O error)
E/NetlinkListener( 1620): recvmsg failed (I/O error)
E/NetlinkListener( 696): recvmsg failed (I/O error)
E/NetlinkListener( 1620): recvmsg failed (I/O error)
E/NetlinkListener( 1620): recvmsg failed (I/O error)
E/NetlinkListener( 696): recvmsg failed (I/O error)
E/NetlinkListener( 696): recvmsg failed (I/O error)
E/NetlinkListener( 1620): recvmsg failed (I/O error)
E/NetlinkListener( 1620): recvmsg failed (I/O error)
E/NetlinkListener( 696): recvmsg failed (I/O error)
E/NetlinkListener( 1620): recvmsg failed (I/O error)
E/NetlinkListener( 696): recvmsg failed (I/O error)
E/NetlinkListener( 1620): recvmsg failed (I/O error)
E/NetlinkListener( 696): recvmsg failed (I/O error)
E/NetlinkListener( 1620): recvmsg failed (I/O error)
E/NetlinkListener( 696): recvmsg failed (I/O error)
E/NetlinkListener( 1620): recvmsg failed (I/O error)
E/NetlinkListener( 696): recvmsg failed (I/O error)
E/NetlinkListener( 1620): recvmsg failed (I/O error)
E/NetlinkListener( 696): recvmsg failed (I/O error)
E/NetlinkListener( 1620): recvmsg failed (I/O error)
E/NetlinkListener( 696): recvmsg failed (I/O error)
E/NetlinkListener( 1620): recvmsg failed (I/O error)
E/NetlinkListener( 696): recvmsg failed (I/O error)
E/NetlinkListener( 1620): recvmsg failed (I/O error)
E/NetlinkListener( 1620): recvmsg failed (I/O error)
E/NetlinkListener( 696): recvmsg failed (I/O error)
E/NetlinkListener( 696): recvmsg failed (I/O error)
E/NetlinkListener( 696): recvmsg failed (I/O error)
E/NetlinkListener( 696): recvmsg failed (I/O error)
E/NetlinkListener( 1620): recvmsg failed (I/O error)
E/NetlinkListener( 1620): recvmsg failed (I/O error)
E/NetlinkListener( 1620): recvmsg failed (I/O error)
E/NetlinkListener( 696): recvmsg failed (I/O error)
E/NetlinkListener( 1620): recvmsg failed (I/O error)
E/NetlinkListener( 696): recvmsg failed (I/O error)
E/NetlinkListener( 1620): recvmsg failed (I/O error)
E/NetlinkListener( 696): recvmsg failed (I/O error)
E/NetlinkListener( 1620): recvmsg failed (I/O error)
E/NetlinkListener( 696): recvmsg failed (I/O error)
E/NetlinkListener( 1620): recvmsg failed (I/O error)
E/NetlinkListener( 696): recvmsg failed (I/O error)
E/NetlinkListener( 1620): recvmsg failed (I/O error)
E/NetlinkListener( 696): recvmsg failed (I/O error)
E/NetlinkListener( 1620): recvmsg failed (I/O error)
E/NetlinkListener( 696): recvmsg failed (I/O error)
E/NetlinkListener( 1620): recvmsg failed (I/O error)
E/NetlinkListener( 696): recvmsg failed (I/O error)
E/NetlinkListener( 1620): recvmsg failed (I/O error)
E/NetlinkListener( 696): recvmsg failed (I/O error)
E/NetlinkListener( 1620): recvmsg failed (I/O error)
E/NetlinkListener( 696): recvmsg failed (I/O error)
F/WindowAnimator( 1389): Unhandled exception in Window Manager
F/WindowAnimator( 1389): java.lang.NullPointerException: Attempt to invoke virtual method 'void android.view.SurfaceControl.setLayer(int)' on a null object reference
F/WindowAnimator( 1389): at com.android.server.wm.FocusedStackFrame.setLayer(FocusedStackFrame.java:140)
F/WindowAnimator( 1389): at com.android.server.wm.WindowManagerService.setFocusedStackLayer(WindowManagerService.java:3985)
F/WindowAnimator( 1389): at com.android.server.wm.WindowAnimator.animateLocked(WindowAnimator.java:708)
F/WindowAnimator( 1389): at com.android.server.wm.WindowAnimator.access$000(WindowAnimator.java:54)
F/WindowAnimator( 1389): at com.android.server.wm.WindowAnimator$1.run(WindowAnimator.java:126)
F/WindowAnimator( 1389): at android.view.Choreographer$CallbackRecord.run(Choreographer.java:767)
F/WindowAnimator( 1389): at android.view.Choreographer.doCallbacks(Choreographer.java:580)
F/WindowAnimator( 1389): at android.view.Choreographer.doFrame(Choreographer.java:549)
F/WindowAnimator( 1389): at android.view.Choreographer$FrameDisplayEventReceiver.run(Choreographer.java:753)
F/WindowAnimator( 1389): at android.os.Handler.handleCallback(Handler.java:739)
F/WindowAnimator( 1389): at android.os.Handler.dispatchMessage(Handler.java:95)
F/WindowAnimator( 1389): at android.os.Looper.loop(Looper.java:135)
F/WindowAnimator( 1389): at android.os.HandlerThread.run(HandlerThread.java:61)
F/WindowAnimator( 1389): at com.android.server.ServiceThread.run(ServiceThread.java:46)
E/NetlinkListener( 696): recvmsg failed (I/O error)
E/NetlinkListener( 1620): recvmsg failed (I/O error)
F/WindowAnimator( 1389): Unhandled exception in Window Manager
F/WindowAnimator( 1389): java.lang.NullPointerException: Attempt to invoke virtual method 'void android.view.SurfaceControl.setLayer(int)' on a null object reference
F/WindowAnimator( 1389): at com.android.server.wm.FocusedStackFrame.setLayer(FocusedStackFrame.java:140)
F/WindowAnimator( 1389): at com.android.server.wm.WindowManagerService.setFocusedStackLayer(WindowManagerService.java:3985)
F/WindowAnimator( 1389): at com.android.server.wm.WindowAnimator.animateLocked(WindowAnimator.java:708)
F/WindowAnimator( 1389): at com.android.server.wm.WindowAnimator.access$000(WindowAnimator.java:54)
F/WindowAnimator( 1389): at com.android.server.wm.WindowAnimator$1.run(WindowAnimator.java:126)
F/WindowAnimator( 1389): at android.view.Choreographer$CallbackRecord.run(Choreographer.java:767)
F/WindowAnimator( 1389): at android.view.Choreographer.doCallbacks(Choreographer.java:580)
F/WindowAnimator( 1389): at android.view.Choreographer.doFrame(Choreographer.java:549)
F/WindowAnimator( 1389): at android.view.Choreographer$FrameDisplayEventReceiver.run(Choreographer.java:753)
F/WindowAnimator( 1389): at android.os.Handler.handleCallback(Handler.java:739)
F/WindowAnimator( 1389): at android.os.Handler.dispatchMessage(Handler.java:95)
F/WindowAnimator( 1389): at android.os.Looper.loop(Looper.java:135)
F/WindowAnimator( 1389): at android.os.HandlerThread.run(HandlerThread.java:61)
F/WindowAnimator( 1389): at com.android.server.ServiceThread.run(ServiceThread.java:46)
E/NetlinkListener( 1620): recvmsg failed (I/O error)
E/NetlinkListener( 696): recvmsg failed (I/O error)
E/NetlinkListener( 696): recvmsg failed (I/O error)
E/NetlinkListener( 1620): recvmsg failed (I/O error)
E/NetlinkListener( 696): recvmsg failed (I/O error)
E/NetlinkListener( 1620): recvmsg failed (I/O error)
E/NetlinkListener( 696): recvmsg failed (I/O error)
E/NetlinkListener( 1620): recvmsg failed (I/O error)
E/NetlinkListener( 1620): recvmsg failed (I/O error)
E/NetlinkListener( 696): recvmsg failed (I/O error)
E/NetlinkListener( 1620): recvmsg failed (I/O error)
E/NetlinkListener( 696): recvmsg failed (I/O error)
E/NetlinkListener( 1620): recvmsg failed (I/O error)
E/NetlinkListener( 696): recvmsg failed (I/O error)
E/NetlinkListener( 1620): recvmsg failed (I/O error)
E/NetlinkListener( 696): recvmsg failed (I/O error)
E/NetlinkListener( 1620): recvmsg failed (I/O error)
E/NetlinkListener( 1620): recvmsg failed (I/O error)
E/NetlinkListener( 696): recvmsg failed (I/O error)
E/NetlinkListener( 1620): recvmsg failed (I/O error)
E/NetlinkListener( 696): recvmsg failed (I/O error)
E/NetlinkListener( 696): recvmsg failed (I/O error)
E/NetlinkListener( 696): recvmsg failed (I/O error)
E/NetlinkListener( 696): recvmsg failed (I/O error)
E/NetlinkListener( 696): recvmsg failed (I/O error)
E/NetlinkListener( 696): recvmsg failed (I/O error)
E/NetlinkListener( 1620): recvmsg failed (I/O error)
E/NetlinkListener( 1620): recvmsg failed (I/O error)
E/NetlinkListener( 1620): recvmsg failed (I/O error)
E/NetlinkListener( 1620): recvmsg failed (I/O error)
E/NetlinkListener( 1620): recvmsg failed (I/O error)
E/NetlinkListener( 696): recvmsg failed (I/O error)
E/NetlinkListener( 1620): recvmsg failed (I/O error)
E/NetlinkListener( 696): recvmsg failed (I/O error)
E/NetlinkListener( 1620): recvmsg failed (I/O error)
E/NetlinkListener( 696): recvmsg failed (I/O error)
E/NetlinkListener( 1620): recvmsg failed (I/O error)
E/NetlinkListener( 696): recvmsg failed (I/O error)
E/NetlinkListener( 1620): recvmsg failed (I/O error)
E/NetlinkListener( 696): recvmsg failed (I/O error)
E/NetlinkListener( 1620): recvmsg failed (I/O error)
E/NetlinkListener( 696): recvmsg failed (I/O error)
E/NetlinkListener( 1620): recvmsg failed (I/O error)
E/NetlinkListener( 1620): recvmsg failed (I/O error)
E/NetlinkListener( 696): recvmsg failed (I/O error)
E/NetlinkListener( 696): recvmsg failed (I/O error)
E/NetlinkListener( 1620): recvmsg failed (I/O error)
E/NetlinkListener( 696): recvmsg failed (I/O error)
E/NetlinkListener( 1620): recvmsg failed (I/O error)
E/NetlinkListener( 696): recvmsg failed (I/O error)
W/PackageManager( 1389): Unknown permission com.google.android.googleapps.permission.GOOGLE_AUTH in package com.android.providers.calendar
W/PackageManager( 1389): Unknown permission com.google.android.googleapps.permission.GOOGLE_AUTH.cl in package com.android.providers.calendar
W/PackageManager( 1389): Unknown permission com.qualcomm.permission.USE_QCRIL_MSG_TUNNEL in package com.qualcomm.shutdownlistner
W/PackageManager( 1389): Not granting permission android.permission.GLOBAL_SEARCH to package com.android.quicksearchbox (protectionLevel=18 flags=0x48be45)
W/PackageManager( 1389): Not granting permission android.permission.ACCESS_DOWNLOAD_MANAGER to package com.android.browser (protectionLevel=18 flags=0x9be45)
W/PackageManager( 1389): Not granting permission android.permission.SEND_DOWNLOAD_COMPLETED_INTENTS to package com.android.browser (protectionLevel=2 flags=0x9be45)
W/PackageManager( 1389): Unknown permission android.permission.MMS_PUSH in package org.codeaurora.bluetooth
W/PackageManager( 1389): Not granting permission android.permission.BIND_WALLPAPER to package com.android.camera2 (protectionLevel=18 flags=0x58bc45)
W/PackageManager( 1389): Unknown permission android.permission.INSTALL_DRM in package com.android.mms
W/PackageManager( 1389): Unknown permission com.google.android.googleapps.permission.GOOGLE_AUTH.mail in package com.android.calendar
W/PackageManager( 1389): Unknown permission com.android.launcher.permission.READ_SETTINGS in package com.android.onetimeinitializer
W/PackageManager( 1389): Unknown permission com.android.launcher.permission.WRITE_SETTINGS in package com.android.onetimeinitializer
W/PackageManager( 1389): Not granting permission android.permission.DELETE_PACKAGES to package com.svox.pico (protectionLevel=18 flags=0x8be45)
W/PackageManager( 1389): Unknown permission android.permission.ACCESS_THEME_MANAGER in package com.fairphone.setupwizard
W/PackageManager( 1389): Unknown permission com.google.android.gallery3d.permission.PICASA_STORE in package com.android.dreams.phototable
W/PackageManager( 1389): Unknown permission android.permission.ACCESS_SUPERUSER in package com.amaze.filemanager
W/PackageManager( 1389): Unknown permission com.android.launcher.permission.READ_SETTINGS in package com.fairphone.fplauncher3
W/PackageManager( 1389): Unknown permission com.android.launcher.permission.WRITE_SETTINGS in package com.fairphone.fplauncher3
W/PackageManager( 1389): Unknown permission android.permission.ACCESS_SUPERUSER in package com.fairphone.updater
W/PackageManager( 1389): Not granting permission android.permission.DEVICE_POWER to package com.android.deskclock (protectionLevel=2 flags=0x48be45)
W/PackageManager( 1389): Unknown permission com.google.android.gallery3d.permission.GALLERY_PROVIDER in package com.android.bluetooth
E/NetlinkListener( 1620): recvmsg failed (I/O error)
E/NetlinkListener( 696): recvmsg failed (I/O error)
E/NetlinkListener( 1620): recvmsg failed (I/O error)
E/NetlinkListener( 696): recvmsg failed (I/O error)
E/NetlinkListener( 1620): recvmsg failed (I/O error)
E/NetlinkListener( 696): recvmsg failed (I/O error)
E/NetlinkListener( 696): recvmsg failed (I/O error)
E/NetlinkListener( 1620): recvmsg failed (I/O error)
E/NetlinkListener( 1620): recvmsg failed (I/O error)
E/NetlinkListener( 696): recvmsg failed (I/O error)
E/NetlinkListener( 1620): recvmsg failed (I/O error)
E/NetlinkListener( 696): recvmsg failed (I/O error)
E/NetlinkListener( 1620): recvmsg failed (I/O error)
E/NetlinkListener( 696): recvmsg failed (I/O error)
E/NetlinkListener( 1620): recvmsg failed (I/O error)
E/NetlinkListener( 696): recvmsg failed (I/O error)
E/NetlinkListener( 1620): recvmsg failed (I/O error)
E/NetlinkListener( 696): recvmsg failed (I/O error)
E/NetlinkListener( 696): recvmsg failed (I/O error)
E/NetlinkListener( 1620): recvmsg failed (I/O error)
E/NetlinkListener( 1620): recvmsg failed (I/O error)
E/NetlinkListener( 1620): recvmsg failed (I/O error)
E/NetlinkListener( 696): recvmsg failed (I/O error)
E/NetlinkListener( 696): recvmsg failed (I/O error)
E/NetlinkListener( 1620): recvmsg failed (I/O error)
E/NetlinkListener( 696): recvmsg failed (I/O error)
E/NetlinkListener( 1620): recvmsg failed (I/O error)
E/NetlinkListener( 696): recvmsg failed (I/O error)
E/NetlinkListener( 1620): recvmsg failed (I/O error)
E/NetlinkListener( 696): recvmsg failed (I/O error)
E/NetlinkListener( 1620): recvmsg failed (I/O error)
E/NetlinkListener( 696): recvmsg failed (I/O error)
E/NetlinkListener( 1620): recvmsg failed (I/O error)
E/NetlinkListener( 696): recvmsg failed (I/O error)
E/NetlinkListener( 1620): recvmsg failed (I/O error)
E/NetlinkListener( 696): recvmsg failed (I/O error)
E/NetlinkListener( 1620): recvmsg failed (I/O error)
E/NetlinkListener( 696): recvmsg failed (I/O error)
E/NetlinkListener( 1620): recvmsg failed (I/O error)
E/NetlinkListener( 696): recvmsg failed (I/O error) --------- beginning of main
E/QC-QMI ( 796): qmi_qmux_tx_msg: failed to open inactive connd_id=48
E/QC-QMI ( 796): qmi_qmux: TX failed, connection inactive or in reset, conn_id=48, status_flags=4
E/QC-QMI ( 796): qmi_ctl_tx_msg: qmi_qmux_tx_msg failed
E/QC-QMI ( 796): qmi_ctl_handle_request: qmi_ctl_tx_msg call failed
E/QC-QMI ( 796): qmi_qmux_open_connection: connection is disabled for conn_id=57
E/QC-QMI ( 796): qmi_qmux_tx_msg: failed to open inactive connd_id=57
E/QC-QMI ( 796): qmi_qmux: TX failed, connection inactive or in reset, conn_id=57, status_flags=4
E/QC-QMI ( 796): qmi_ctl_tx_msg: qmi_qmux_tx_msg failed
E/QC-QMI ( 796): qmi_ctl_handle_request: qmi_ctl_tx_msg call failed
E/QC-QMI ( 796): qmi_qmux_open_connection: connection is disabled for conn_id=57
E/QC-QMI ( 796): qmi_qmux_tx_msg: failed to open inactive connd_id=57
E/QC-QMI ( 796): qmi_qmux: TX failed, connection inactive or in reset, conn_id=57, status_flags=4
E/QC-QMI ( 796): qmi_ctl_tx_msg: qmi_qmux_tx_msg failed
E/QC-QMI ( 796): qmi_ctl_handle_request: qmi_ctl_tx_msg call failed
E/QC-QMI ( 796): qmi_qmux_open_connection: connection is disabled for conn_id=29
E/QC-QMI ( 796): qmi_qmux_tx_msg: failed to open inactive connd_id=29
E/QC-QMI ( 796): qmi_qmux: TX failed, connection inactive or in reset, conn_id=29, status_flags=4
E/QC-QMI ( 796): qmi_ctl_tx_msg: qmi_qmux_tx_msg failed
E/QC-QMI ( 796): qmi_ctl_handle_request: qmi_ctl_tx_msg call failed
V/WLAN_PSA( 682): NL MSG, len[3986], NL type[0x1C] WNI type[0x5900] len[31247]
V/WLAN_PSA( 682): NL MSG, PID: 682
E/QC-QMI ( 796): qmi_qmux_open_connection: connection is disabled for conn_id=29
E/QC-QMI ( 796): qmi_qmux_tx_msg: failed to open inactive connd_id=29
E/QC-QMI ( 796): qmi_qmux: TX failed, connection inactive or in reset, conn_id=29, status_flags=4
E/QC-QMI ( 796): qmi_ctl_tx_msg: qmi_qmux_tx_msg failed
E/QC-QMI ( 796): qmi_ctl_handle_request: qmi_ctl_tx_msg call failed
E/QC-QMI ( 796): qmi_qmux_open_connection: connection is disabled for conn_id=48
E/QC-QMI ( 796): qmi_qmux_tx_msg: failed to open inactive connd_id=48
E/QC-QMI ( 796): qmi_qmux: TX failed, connection inactive or in reset, conn_id=48, status_flags=4
E/QC-QMI ( 796): qmi_ctl_tx_msg: qmi_qmux_tx_msg failed
E/QC-QMI ( 796): qmi_ctl_handle_request: qmi_ctl_tx_msg call failed
E/QC-QMI ( 796): qmi_qmux_open_connection: connection is disabled for conn_id=48
E/QC-QMI ( 796): qmi_qmux_tx_msg: failed to open inactive connd_id=48
