I/dex2oat ( 4018): /system/bin/dex2oat --image=/data/dalvik-cache/arm/system@framework@boot.art --dex-file=/system/framework/core-libart.jar --dex-file=/system/framework/conscrypt.jar --dex-file=/system/framework/okhttp.jar --dex-file=/system/framework/core-junit.jar --dex-file=/system/framework/bouncycastle.jar --dex-file=/usr/libexec/sfdroid/system/framework/ext.jar --dex-file=/usr/libexec/sfdroid/system/framework/framework.jar --dex-file=/system/framework/telephony-common.jar --dex-file=/system/framework/voip-common.jar --dex-file=/system/framework/ims-common.jar --dex-file=/system/framework/mms-common.jar --dex-file=/system/framework/android.policy.jar --dex-file=/system/framework/apache-xml.jar --dex-file=/system/framework/qcmediaplayer.jar --dex-file=/system/framework/org.codeaurora.Performance.jar --dex-file=/system/framework/vcard.jar --dex-file=/system/framework/tcmiface.jar --dex-file=/system/framework/WfdCommon.jar --dex-file=/system/framework/qcom.fmradio.jar --dex-file=/system/framework/security-bridge.jar --dex-f
V/MediaUtils( 3984): physMem: 1961054208
V/MediaUtils( 3984): requested limit: 1274685230
V/MediaUtils( 3984): actual limit: 1274685230
V/MediaUtils( 3984): original limits: 4294967295/4294967295
V/MediaUtils( 3984): new limits: 1274685230/4294967295
I/mediaserver( 3984): ServiceManager: 0xb58700c0
I/AudioFlinger( 3984): Using default 3000 mSec as standby time.
E/ServiceManager( 3977): add_service('media.audio_flinger',6) uid=1013 - ALREADY REGISTERED, OVERRIDE
I/ServiceManager( 3977): service 'media.audio_flinger' died
I/AudioPolicyService( 3984): AudioPolicyService CSTOR in new mode
I/AudioPolicyManager( 3984): loadAudioPolicyConfig() loaded /system/etc/audio_policy.conf
D/audio_hw_primary( 3984): adev_open: enter
D/SurfaceFlinger( 3980): shader cache generated - 24 shaders in 185.793076 ms
W/sharebuffer( 3980): connecting to renderer
W/sharebuffer( 3980): adding buffer
I/DEBUG ( 674): *** *** *** *** *** *** *** *** *** *** *** *** *** *** *** ***
I/DEBUG ( 674): Build fingerprint: 'Fairphone/FP2/FP2:5.1/FP2/fp2-sibon-16.09.0:userdebug/release-keys'
I/DEBUG ( 674): Revision: '0'
I/DEBUG ( 674): ABI: 'arm'
I/DEBUG ( 674): pid: 4014, tid: 4019, name: BootAnimation >>> /system/bin/bootanimation <<<
I/DEBUG ( 674): signal 11 (SIGSEGV), code 1 (SEGV_MAPERR), fault addr 0xc
I/DEBUG ( 674): r0 00000000 r1 40000000 r2 00000001 r3 00000000
I/DEBUG ( 674): r4 00000000 r5 40000000 r6 b5a01bf0 r7 b5a01bf8
I/DEBUG ( 674): r8 b5a01c08 r9 00000000 sl b5c37130 fp b5a01c1c
I/DEBUG ( 674): ip b6f81f20 sp b5a01bb8 lr b6e04afb pc b6e04aa2 cpsr 60070030
I/DEBUG ( 674):
I/DEBUG ( 674): backtrace:
I/DEBUG ( 674): #00 pc 00037aa2 /system/lib/libgui.so (_ZNK7android14SurfaceControl8validateEv+1)
I/DEBUG ( 674): #01 pc 00037af7 /system/lib/libgui.so (_ZN7android14SurfaceControl8setLayerEi+6)
I/DEBUG ( 674): #02 pc 0000501d /system/bin/bootanimation
I/DEBUG ( 674): #03 pc 0000ef41 /system/lib/libutils.so (_ZN7android6Thread11_threadLoopEPv+84)
I/DEBUG ( 674): #04 pc 0000eacd /system/lib/libutils.so
I/DEBUG ( 674): #05 pc 00013fc3 /system/lib/libc.so (_ZL15__pthread_startPv+30)
I/DEBUG ( 674): #06 pc 00011f0b /system/lib/libc.so (__start_thread+6)
E/audio_route( 3984): Control 'SLIMBUS_0_RX Port Mixer INT_BT_SCO_TX' doesn't exist - skipping
E/audio_route( 3984): Control 'INTERNAL_BT_SCO_RX Audio Mixer Multimedia6' doesn't exist - skipping
E/audio_route( 3984): Control 'MultiMedia4 Mixer MI2S_TX' doesn't exist - skipping
E/audio_route( 3984): Control 'RX4 DSM MUX' doesn't exist - skipping
E/audio_route( 3984): Control 'RX6 DSM MUX' doesn't exist - skipping
E/audio_route( 3984): Control 'RX4 DSM MUX' doesn't exist - skipping
E/audio_route( 3984): Control 'RX6 DSM MUX' doesn't exist - skipping
D/msm8974_platform( 3984): platform_init: Opened sound card:0
D/ACDB-LOADER( 3984): ACDB -> Load file: /etc/acdbdata/MTP/MTP_Bluetooth_cal.acdb
D/ACDB-LOADER( 3984): ACDB -> Load file: /etc/acdbdata/MTP/MTP_General_cal.acdb
D/ACDB-LOADER( 3984): ACDB -> Load file: /etc/acdbdata/MTP/MTP_Global_cal.acdb
D/ACDB-LOADER( 3984): ACDB -> Load file: /etc/acdbdata/MTP/MTP_Handset_cal.acdb
D/ACDB-LOADER( 3984): ACDB -> Load file: /etc/acdbdata/MTP/MTP_Hdmi_cal.acdb
D/ACDB-LOADER( 3984): ACDB -> Load file: /etc/acdbdata/MTP/MTP_Headset_cal.acdb
D/ACDB-LOADER( 3984): ACDB -> Load file: /etc/acdbdata/MTP/MTP_Speaker_cal.acdb
D/ACDB-LOADER( 3984): ACDB -> ACDB_CMD_INITIALIZE_V2
D/ ( 3984): [ACDB Command]->SW Minor/Major/Revision version mismatch warning /etc/acdbdata/MTP/MTP_Bluetooth_cal.acdb
D/ ( 3984): [ACDB Command]->ACDB Sw Major = 3, ACDB Sw Minor = 0, ACDB Sw Revision = 0
D/ ( 3984): [ACDB Command]->ACDB File Major = 3, ACDB File Minor = 0, ACDB File Revision = 2
D/ ( 3984): [ACDB Command]->SW Minor/Major/Revision version mismatch warning /etc/acdbdata/MTP/MTP_General_cal.acdb
D/ ( 3984): [ACDB Command]->ACDB Sw Major = 3, ACDB Sw Minor = 0, ACDB Sw Revision = 0
D/ ( 3984): [ACDB Command]->ACDB File Major = 3, ACDB File Minor = 0, ACDB File Revision = 2
D/ ( 3984): [ACDB Command]->SW Minor/Major/Revision version mismatch warning /etc/acdbdata/MTP/MTP_Global_cal.acdb
D/ ( 3984): [ACDB Command]->ACDB Sw Major = 3, ACDB Sw Minor = 0, ACDB Sw Revision = 0
D/ ( 3984): [ACDB Command]->ACDB File Major = 3, ACDB File Minor = 0, ACDB File Revision = 2
D/ ( 3984): [ACDB Command]->SW Minor/Major/Revision version mismatch warning /etc/acdbdata/MTP/MTP_Handset_cal.acdb
D/ ( 3984): [ACDB Command]->ACDB Sw Major = 3, ACDB Sw Minor = 0, ACDB Sw Revision = 0
D/ ( 3984): [ACDB Command]->ACDB File Major = 3, ACDB File Minor = 0, ACDB File Revision = 2
D/ ( 3984): [ACDB Command]->SW Minor/Major/Revision version mismatch warning /etc/acdbdata/MTP/MTP_Hdmi_cal.acdb
D/ ( 3984): [ACDB Command]->ACDB Sw Major = 3, ACDB Sw Minor = 0, ACDB Sw Revision = 0
D/ ( 3984): [ACDB Command]->ACDB File Major = 3, ACDB File Minor = 0, ACDB File Revision = 2
D/ ( 3984): [ACDB Command]->SW Minor/Major/Revision version mismatch warning /etc/acdbdata/MTP/MTP_Headset_cal.acdb
D/ ( 3984): [ACDB Command]->ACDB Sw Major = 3, ACDB Sw Minor = 0, ACDB Sw Revision = 0
D/ ( 3984): [ACDB Command]->ACDB File Major = 3, ACDB File Minor = 0, ACDB File Revision = 2
D/ ( 3984): [ACDB Command]->SW Minor/Major/Revision version mismatch warning /etc/acdbdata/MTP/MTP_Speaker_cal.acdb
D/ ( 3984): [ACDB Command]->ACDB Sw Major = 3, ACDB Sw Minor = 0, ACDB Sw Revision = 0
D/ ( 3984): [ACDB Command]->ACDB File Major = 3, ACDB File Minor = 0, ACDB File Revision = 2
D/ACDB-LOADER( 3984): ACDB -> ACPH INIT
D/ ( 3984): [ACPH]->Online service registered with ACPH
D/ ( 3984): [ACPH]->ACPH init success
D/ACDB-LOADER( 3984): ACDB -> RTAC INIT
D/ ( 3984): [ACPH]->DSP RTC service registered with ACPH
D/ACDB-LOADER( 3984): ACDB -> ADIE RTAC INIT
D/ ( 3984): [ACPH]->ADIE RTC service registered with ACPH
D/ACDB-LOADER( 3984): No existing ION info in ACDB driver
D/ACDB-LOADER( 3984): ACDB -> ION_IOC_ALLOC
D/ACDB-LOADER( 3984): ACDB -> ION_IOC_SHARE
D/ACDB-LOADER( 3984): ACDB -> MMAP ADDR
D/ACDB-LOADER( 3984): ACDB -> register MEM to ACDB driver: 0xb539c000
D/ACDB-LOADER( 3984): ACDB -> send_asm_topology
D/ACDB-LOADER( 3984): ACDB -> ACDB_CMD_GET_AUDPROC_STREAM_TOPOLOGY_ID
D/ACDB-LOADER( 3984): ACDB -> send_adm_custom_topology
D/ACDB-LOADER( 3984): ACDB -> ACDB_CMD_GET_AUDIO_COPP_TOPOLOGIES
D/ ( 3984): ACDBFILE_MGR: Property for the pid 00012E47 not found
D/ ( 3984): ACDB_COMMAND: Failed to fetch the property info for pid 00012E47
E/ACDB-LOADER( 3984): Error: ACDB get adm topologies returned = -18
D/ACDB-LOADER( 3984): ACDB -> AUDIO_SET_ADM_CUSTOM_TOPOLOGY
D/ACDB-LOADER( 3984): ACDB -> send_asm_custom_topology
D/ACDB-LOADER( 3984): ACDB -> ACDB_CMD_GET_AUDIO_POPP_TOPOLOGIES
D/ACDB-LOADER( 3984): ACDB -> AUDIO_SET_ASM_CUSTOM_TOPOLOGY
D/ACDB-LOADER( 3984): ACDB -> init done!
D/platform_parser( 3984): platform_info_init: Failed to open /system/etc/platform_info.xml, using defaults.
D/audio_hw_spkr_prot( 3984): audio_extn_spkr_prot_init: Initialize speaker protection module
D/audio_hw_spkr_prot( 3984): audio_extn_spkr_prot_init: Speaker protection disabled
E/msm8974_platform( 3984): hw_util_open Opening device /dev/snd/hwC0D1000
E/msm8974_platform( 3984): hw_util_open success
D/ACDB-LOADER( 3984): ACDB -> ACDB_CMD_GET_ANC_SETTING
D/ACDB-LOADER( 3984): ACDB -> ACDB_CMD_GET_ANC_SETTING
D/ACDB-LOADER( 3984): ACDB -> ACDB_CMD_GET_ANC_SETTING
D/ACDB-LOADER( 3984): ACDB -> ACDB_CMD_GET_ANC_SETTING
D/ACDB-LOADER( 3984): ACDB -> ACDB_CMD_GET_ANC_SETTING
D/ACDB-LOADER( 3984): ACDB -> ACDB_CMD_GET_ANC_SETTING
D/ACDB-LOADER( 3984): ACDB -> ACDB_CMD_GET_ANC_SETTING
E/msm8974_platform( 3984): send_codec_cal cal sent for anc_cal
E/ACDB-LOADER( 3984): ACDB -> send_codec_cal
D/ACDB-LOADER( 3984): ACDB -> ACDB_CMD_GET_CODEC_CAL_DATA
E/msm8974_platform( 3984): send_codec_cal cal sent for mad_cal
D/ACDB-LOADER( 3984): send mbhc data
D/ACDB-LOADER( 3984): ACDB -> MBHC ACDB_PID_GENERAL_CONFIG
D/ACDB-LOADER( 3984): ACDB -> MBHC ACDB_PID_PLUG_REMOVAL_DETECTION
D/ACDB-LOADER( 3984): ACDB -> MBHC ACDB_PID_PLUG_TYPE_DETECTION
D/ACDB-LOADER( 3984): ACDB -> MBHC ACDB_PID_BUTTON_PRESS_DETECTION
D/ACDB-LOADER( 3984): ACDB -> MBHC ACDB_PID_IMPEDANCE_DETECTION
E/msm8974_platform( 3984): send_codec_cal cal sent for mbhc_cal
I/AudioFlinger( 3984): loadHwModule() Loaded primary audio interface from QCOM Audio HAL (audio) handle 1
D/audio_hw_primary( 3984): adev_open_output_stream: enter: sample_rate(48000) channel_mask(0x3) devices(0x2) flags(0x2) stream_handle(0xb58809c0)
D/audio_hw_primary( 3984): adev_open_output_stream: Stream (0xb58809c0) picks up usecase (deep-buffer-playback)
I/AudioFlinger( 3984): HAL output buffer size 960 frames, normal sink buffer size 960 frames
I/AudioMixer( 3984): found effect "Multichannel Downmix To Stereo" from The Android Open Source Project
I/AudioFlinger( 3984): Using module 1 has the primary audio interface
E/AudioPolicyManager( 3984): unknown stream type 13
I/AudioFlinger( 3984): AudioFlinger's thread 0xb59e5000 ready to run
W/AudioFlinger( 3984): Thread AudioOut_2 cannot connect to the power manager service
D/audio_hw_primary( 3984): out_standby: enter: stream (0xb58809c0) usecase(0: deep-buffer-playback)
E/AudioPolicyManager( 3984): unknown stream type 13
E/AudioPolicyManager( 3984): unknown stream type 13
W/AudioFlinger( 3984): Thread AudioOut_2 cannot connect to the power manager service
D/audio_hw_primary( 3984): out_set_parameters: enter: usecase(0: deep-buffer-playback) kvpairs: routing=2
D/audio_hw_extn( 3984): audio_extn_set_anc_parameters: anc_enabled:0
W/AudioFlinger( 3984): Thread AudioOut_2 cannot connect to the power manager service
E/AudioFlinger( 3984): no wake lock to update!
I/DEBUG ( 674):
I/DEBUG ( 674): Tombstone written to: /data/tombstones/tombstone_03
D/audio_hw_primary( 3984): out_set_parameters: enter: usecase(0: deep-buffer-playback) kvpairs: fm_volume=0.0000000000
D/audio_hw_extn( 3984): audio_extn_set_anc_parameters: anc_enabled:0
D/audio_hw_fm( 3984): audio_extn_fm_set_parameters: set_fm_volume usecase
D/audio_hw_fm( 3984): fm_set_volume: (0.000000)
E/AudioPolicyManager( 3984): unknown stream type 13
D/audio_hw_primary( 3984): adev_open_output_stream: enter: sample_rate(48000) channel_mask(0x3) devices(0x2) flags(0x4) stream_handle(0xb5880b00)
D/audio_hw_primary( 3984): adev_open_output_stream: Stream (0xb5880b00) picks up usecase (low-latency-playback)
I/AudioFlinger( 3984): HAL output buffer size 240 frames, normal sink buffer size 960 frames
E/MonoPipe( 3984): Failed to fetch local time frequency when constructing a MonoPipe (res = -32). getNextWriteTimestamp calls will be non-functional
I/ThermalEngine( 685): Sensor:pm8941_tz:43745 mC
E/qdhwcomposer( 1212): isValidDimension: layer handle is NULL
E/qdhwcomposer( 1212): isValidDimension: layer handle is NULL
E/qdoverlay( 1212): Bad ov dump: mdp_overlay z=0 fg=0 alpha=255 mask=-1 flags=0x220000 id=16
E/qdoverlay( 1212): src msmfb_img w=1152 h=1920 format=13 MDP_RGBA_8888
E/qdoverlay( 1212): src_rect mdp_rect x=0 y=0 w=1080 h=1920
E/qdoverlay( 1212): dst_rect mdp_rect x=0 y=0 w=1080 h=1920
E/qdhwcomposer( 1212): isValidDimension: layer handle is NULL
E/qdhwcomposer( 1212): isValidDimension: layer handle is NULL
E/qdoverlay( 1212): Bad ov dump: mdp_overlay z=0 fg=0 alpha=255 mask=-1 flags=0x220000 id=16
E/qdoverlay( 1212): src msmfb_img w=1152 h=1920 format=13 MDP_RGBA_8888
E/qdoverlay( 1212): src_rect mdp_rect x=0 y=0 w=1080 h=1920
E/qdoverlay( 1212): dst_rect mdp_rect x=0 y=0 w=1080 h=1920
E/qdhwcomposer( 1212): isValidDimension: layer handle is NULL
E/qdhwcomposer( 1212): isValidDimension: layer handle is NULL
E/qdoverlay( 1212): Bad ov dump: mdp_overlay z=0 fg=0 alpha=255 mask=-1 flags=0x220000 id=16
E/qdoverlay( 1212): src msmfb_img w=1152 h=1920 format=13 MDP_RGBA_8888
E/qdoverlay( 1212): src_rect mdp_rect x=0 y=0 w=1080 h=1920
E/qdoverlay( 1212): dst_rect mdp_rect x=0 y=0 w=1080 h=1920
E/qdhwcomposer( 1212): isValidDimension: layer handle is NULL
E/qdhwcomposer( 1212): isValidDimension: layer handle is NULL
E/qdoverlay( 1212): Bad ov dump: mdp_overlay z=0 fg=0 alpha=255 mask=-1 flags=0x220000 id=16
E/qdoverlay( 1212): src msmfb_img w=1152 h=1920 format=13 MDP_RGBA_8888
E/qdoverlay( 1212): src_rect mdp_rect x=0 y=0 w=1080 h=1920
E/qdoverlay( 1212): dst_rect mdp_rect x=0 y=0 w=1080 h=1920
E/qdhwcomposer( 1212): isValidDimension: layer handle is NULL
E/qdhwcomposer( 1212): isValidDimension: layer handle is NULL
E/qdoverlay( 1212): Bad ov dump: mdp_overlay z=0 fg=0 alpha=255 mask=-1 flags=0x220000 id=16
E/qdoverlay( 1212): src msmfb_img w=1152 h=1920 format=13 MDP_RGBA_8888
E/qdoverlay( 1212): src_rect mdp_rect x=0 y=0 w=1080 h=1920
E/qdoverlay( 1212): dst_rect mdp_rect x=0 y=0 w=1080 h=1920
E/qdhwcomposer( 1212): isValidDimension: layer handle is NULL
E/qdhwcomposer( 1212): isValidDimension: layer handle is NULL
E/qdoverlay( 1212): Bad ov dump: mdp_overlay z=0 fg=0 alpha=255 mask=-1 flags=0x220000 id=16
E/qdoverlay( 1212): src msmfb_img w=1152 h=1920 format=13 MDP_RGBA_8888
E/qdoverlay( 1212): src_rect mdp_rect x=0 y=0 w=1080 h=1920
E/qdoverlay( 1212): dst_rect mdp_rect x=0 y=0 w=1080 h=1920
E/qdhwcomposer( 1212): isValidDimension: layer handle is NULL
E/qdhwcomposer( 1212): isValidDimension: layer handle is NULL
E/qdoverlay( 1212): Bad ov dump: mdp_overlay z=0 fg=0 alpha=255 mask=-1 flags=0x220000 id=16
E/qdoverlay( 1212): src msmfb_img w=1152 h=1920 format=13 MDP_RGBA_8888
E/qdoverlay( 1212): src_rect mdp_rect x=0 y=0 w=1080 h=1920
E/qdoverlay( 1212): dst_rect mdp_rect x=0 y=0 w=1080 h=1920
E/qdhwcomposer( 1212): isValidDimension: layer handle is NULL
E/qdhwcomposer( 1212): isValidDimension: layer handle is NULL
E/qdoverlay( 1212): Bad ov dump: mdp_overlay z=0 fg=0 alpha=255 mask=-1 flags=0x220000 id=16
E/qdoverlay( 1212): src msmfb_img w=1152 h=1920 format=13 MDP_RGBA_8888
E/qdoverlay( 1212): src_rect mdp_rect x=0 y=0 w=1080 h=1920
E/qdoverlay( 1212): dst_rect mdp_rect x=0 y=0 w=1080 h=1920
E/qdhwcomposer( 1212): isValidDimension: layer handle is NULL
E/qdhwcomposer( 1212): isValidDimension: layer handle is NULL
E/qdoverlay( 1212): Bad ov dump: mdp_overlay z=0 fg=0 alpha=255 mask=-1 flags=0x220000 id=16
E/qdoverlay( 1212): src msmfb_img w=1152 h=1920 format=13 MDP_RGBA_8888
E/qdoverlay( 1212): src_rect mdp_rect x=0 y=0 w=1080 h=1920
E/qdoverlay( 1212): dst_rect mdp_rect x=0 y=0 w=1080 h=1920
E/qdhwcomposer( 1212): isValidDimension: layer handle is NULL
E/qdhwcomposer( 1212): isValidDimension: layer handle is NULL
E/qdoverlay( 1212): Bad ov dump: mdp_overlay z=0 fg=0 alpha=255 mask=-1 flags=0x220000 id=16
E/qdoverlay( 1212): src msmfb_img w=1152 h=1920 format=13 MDP_RGBA_8888
E/qdoverlay( 1212): src_rect mdp_rect x=0 y=0 w=1080 h=1920
E/qdoverlay( 1212): dst_rect mdp_rect x=0 y=0 w=1080 h=1920
E/qdhwcomposer( 1212): isValidDimension: layer handle is NULL
E/qdhwcomposer( 1212): isValidDimension: layer handle is NULL
E/qdoverlay( 1212): Bad ov dump: mdp_overlay z=0 fg=0 alpha=255 mask=-1 flags=0x220000 id=16
E/qdoverlay( 1212): src msmfb_img w=1152 h=1920 format=13 MDP_RGBA_8888
E/qdoverlay( 1212): src_rect mdp_rect x=0 y=0 w=1080 h=1920
E/qdoverlay( 1212): dst_rect mdp_rect x=0 y=0 w=1080 h=1920
E/qdhwcomposer( 1212): isValidDimension: layer handle is NULL
E/qdhwcomposer( 1212): isValidDimension: layer handle is NULL
E/qdoverlay( 1212): Bad ov dump: mdp_overlay z=0 fg=0 alpha=255 mask=-1 flags=0x220000 id=16
E/qdoverlay( 1212): src msmfb_img w=1152 h=1920 format=13 MDP_RGBA_8888
E/qdoverlay( 1212): src_rect mdp_rect x=0 y=0 w=1080 h=1920
E/qdoverlay( 1212): dst_rect mdp_rect x=0 y=0 w=1080 h=1920
E/qdhwcomposer( 1212): isValidDimension: layer handle is NULL
E/qdhwcomposer( 1212): isValidDimension: layer handle is NULL
E/qdoverlay( 1212): Bad ov dump: mdp_overlay z=0 fg=0 alpha=255 mask=-1 flags=0x220000 id=16
E/qdoverlay( 1212): src msmfb_img w=1152 h=1920 format=13 MDP_RGBA_8888
E/qdoverlay( 1212): src_rect mdp_rect x=0 y=0 w=1080 h=1920
E/qdoverlay( 1212): dst_rect mdp_rect x=0 y=0 w=1080 h=1920
E/qdhwcomposer( 1212): isValidDimension: layer handle is NULL
E/qdhwcomposer( 1212): isValidDimension: layer handle is NULL
E/qdoverlay( 1212): Bad ov dump: mdp_overlay z=0 fg=0 alpha=255 mask=-1 flags=0x220000 id=16
E/qdoverlay( 1212): src msmfb_img w=1152 h=1920 format=13 MDP_RGBA_8888
E/qdoverlay( 1212): src_rect mdp_rect x=0 y=0 w=1080 h=1920
E/qdoverlay( 1212): dst_rect mdp_rect x=0 y=0 w=1080 h=1920
E/qdhwcomposer( 1212): isValidDimension: layer handle is NULL
E/qdhwcomposer( 1212): isValidDimension: layer handle is NULL
E/qdoverlay( 1212): Bad ov dump: mdp_overlay z=0 fg=0 alpha=255 mask=-1 flags=0x220000 id=16
E/qdoverlay( 1212): src msmfb_img w=1152 h=1920 format=13 MDP_RGBA_8888
E/qdoverlay( 1212): src_rect mdp_rect x=0 y=0 w=1080 h=1920
E/qdoverlay( 1212): dst_rect mdp_rect x=0 y=0 w=1080 h=1920
E/qdhwcomposer( 1212): isValidDimension: layer handle is NULL
E/qdhwcomposer( 1212): isValidDimension: layer handle is NULL
E/qdoverlay( 1212): Bad ov dump: mdp_overlay z=0 fg=0 alpha=255 mask=-1 flags=0x220000 id=16
E/qdoverlay( 1212): src msmfb_img w=1152 h=1920 format=13 MDP_RGBA_8888
E/qdoverlay( 1212): src_rect mdp_rect x=0 y=0 w=1080 h=1920
E/qdoverlay( 1212): dst_rect mdp_rect x=0 y=0 w=1080 h=1920
E/qdhwcomposer( 1212): isValidDimension: layer handle is NULL
E/qdhwcomposer( 1212): isValidDimension: layer handle is NULL
E/qdoverlay( 1212): Bad ov dump: mdp_overlay z=0 fg=0 alpha=255 mask=-1 flags=0x220000 id=16
E/qdoverlay( 1212): src msmfb_img w=1152 h=1920 format=13 MDP_RGBA_8888
E/qdoverlay( 1212): src_rect mdp_rect x=0 y=0 w=1080 h=1920
E/qdoverlay( 1212): dst_rect mdp_rect x=0 y=0 w=1080 h=1920
E/qdhwcomposer( 1212): isValidDimension: layer handle is NULL
E/qdhwcomposer( 1212): isValidDimension: layer handle is NULL
E/qdoverlay( 1212): Bad ov dump: mdp_overlay z=0 fg=0 alpha=255 mask=-1 flags=0x220000 id=16
E/qdoverlay( 1212): src msmfb_img w=1152 h=1920 format=13 MDP_RGBA_8888
E/qdoverlay( 1212): src_rect mdp_rect x=0 y=0 w=1080 h=1920
E/qdoverlay( 1212): dst_rect mdp_rect x=0 y=0 w=1080 h=1920
E/qdhwcomposer( 1212): isValidDimension: layer handle is NULL
E/qdhwcomposer( 1212): isValidDimension: layer handle is NULL
E/qdoverlay( 1212): Bad ov dump: mdp_overlay z=0 fg=0 alpha=255 mask=-1 flags=0x220000 id=16
E/qdoverlay( 1212): src msmfb_img w=1152 h=1920 format=13 MDP_RGBA_8888
E/qdoverlay( 1212): src_rect mdp_rect x=0 y=0 w=1080 h=1920
E/qdoverlay( 1212): dst_rect mdp_rect x=0 y=0 w=1080 h=1920
E/qdhwcomposer( 1212): isValidDimension: layer handle is NULL
E/qdhwcomposer( 1212): isValidDimension: layer handle is NULL
E/qdoverlay( 1212): Bad ov dump: mdp_overlay z=0 fg=0 alpha=255 mask=-1 flags=0x220000 id=16
E/qdoverlay( 1212): src msmfb_img w=1152 h=1920 format=13 MDP_RGBA_8888
E/qdoverlay( 1212): src_rect mdp_rect x=0 y=0 w=1080 h=1920
E/qdoverlay( 1212): dst_rect mdp_rect x=0 y=0 w=1080 h=1920
E/qdhwcomposer( 1212): isValidDimension: layer handle is NULL
E/qdhwcomposer( 1212): isValidDimension: layer handle is NULL
E/NetlinkListener( 3983): recvmsg failed (I/O error)
E/NetlinkListener( 1620): recvmsg failed (I/O error)
E/qdoverlay( 1212): Bad ov dump: mdp_overlay z=0 fg=0 alpha=255 mask=-1 flags=0x220000 id=16
E/qdoverlay( 1212): src msmfb_img w=1152 h=1920 format=13 MDP_RGBA_8888
E/qdoverlay( 1212): src_rect mdp_rect x=0 y=0 w=1080 h=1920
E/qdoverlay( 1212): dst_rect mdp_rect x=0 y=0 w=1080 h=1920
E/qdhwcomposer( 1212): isValidDimension: layer handle is NULL
E/qdhwcomposer( 1212): isValidDimension: layer handle is NULL
E/qdoverlay( 1212): Bad ov dump: mdp_overlay z=0 fg=0 alpha=255 mask=-1 flags=0x220000 id=16
E/qdoverlay( 1212): src msmfb_img w=1152 h=1920 format=13 MDP_RGBA_8888
E/qdoverlay( 1212): src_rect mdp_rect x=0 y=0 w=1080 h=1920
E/qdoverlay( 1212): dst_rect mdp_rect x=0 y=0 w=1080 h=1920
E/qdhwcomposer( 1212): isValidDimension: layer handle is NULL
E/qdhwcomposer( 1212): isValidDimension: layer handle is NULL
E/qdoverlay( 1212): Bad ov dump: mdp_overlay z=0 fg=0 alpha=255 mask=-1 flags=0x220000 id=16
E/qdoverlay( 1212): src msmfb_img w=1152 h=1920 format=13 MDP_RGBA_8888
E/qdoverlay( 1212): src_rect mdp_rect x=0 y=0 w=1080 h=1920
E/qdoverlay( 1212): dst_rect mdp_rect x=0 y=0 w=1080 h=1920
E/qdhwcomposer( 1212): isValidDimension: layer handle is NULL
E/qdhwcomposer( 1212): isValidDimension: layer handle is NULL
E/qdoverlay( 1212): Bad ov dump: mdp_overlay z=0 fg=0 alpha=255 mask=-1 flags=0x220000 id=16
E/qdoverlay( 1212): src msmfb_img w=1152 h=1920 format=13 MDP_RGBA_8888
E/qdoverlay( 1212): src_rect mdp_rect x=0 y=0 w=1080 h=1920
E/qdoverlay( 1212): dst_rect mdp_rect x=0 y=0 w=1080 h=1920
E/qdhwcomposer( 1212): isValidDimension: layer handle is NULL
E/qdhwcomposer( 1212): isValidDimension: layer handle is NULL
E/qdoverlay( 1212): Bad ov dump: mdp_overlay z=0 fg=0 alpha=255 mask=-1 flags=0x220000 id=16
E/qdoverlay( 1212): src msmfb_img w=1152 h=1920 format=13 MDP_RGBA_8888
E/qdoverlay( 1212): src_rect mdp_rect x=0 y=0 w=1080 h=1920
E/qdoverlay( 1212): dst_rect mdp_rect x=0 y=0 w=1080 h=1920
E/qdhwcomposer( 1212): isValidDimension: layer handle is NULL
E/qdhwcomposer( 1212): isValidDimension: layer handle is NULL
E/qdoverlay( 1212): Bad ov dump: mdp_overlay z=0 fg=0 alpha=255 mask=-1 flags=0x220000 id=16
E/qdoverlay( 1212): src msmfb_img w=1152 h=1920 format=13 MDP_RGBA_8888
E/qdoverlay( 1212): src_rect mdp_rect x=0 y=0 w=1080 h=1920
E/qdoverlay( 1212): dst_rect mdp_rect x=0 y=0 w=1080 h=1920
E/qdhwcomposer( 1212): isValidDimension: layer handle is NULL
E/qdhwcomposer( 1212): isValidDimension: layer handle is NULL
E/qdoverlay( 1212): Bad ov dump: mdp_overlay z=0 fg=0 alpha=255 mask=-1 flags=0x220000 id=16
E/qdoverlay( 1212): src msmfb_img w=1152 h=1920 format=13 MDP_RGBA_8888
E/qdoverlay( 1212): src_rect mdp_rect x=0 y=0 w=1080 h=1920
E/qdoverlay( 1212): dst_rect mdp_rect x=0 y=0 w=1080 h=1920
E/qdhwcomposer( 1212): isValidDimension: layer handle is NULL
E/qdhwcomposer( 1212): isValidDimension: layer handle is NULL
E/qdoverlay( 1212): Bad ov dump: mdp_overlay z=0 fg=0 alpha=255 mask=-1 flags=0x220000 id=16
E/qdoverlay( 1212): src msmfb_img w=1152 h=1920 format=13 MDP_RGBA_8888
E/qdoverlay( 1212): src_rect mdp_rect x=0 y=0 w=1080 h=1920
E/qdoverlay( 1212): dst_rect mdp_rect x=0 y=0 w=1080 h=1920
E/qdhwcomposer( 1212): isValidDimension: layer handle is NULL
E/qdhwcomposer( 1212): isValidDimension: layer handle is NULL
E/qdoverlay( 1212): Bad ov dump: mdp_overlay z=0 fg=0 alpha=255 mask=-1 flags=0x220000 id=16
E/qdoverlay( 1212): src msmfb_img w=1152 h=1920 format=13 MDP_RGBA_8888
E/qdoverlay( 1212): src_rect mdp_rect x=0 y=0 w=1080 h=1920
E/qdoverlay( 1212): dst_rect mdp_rect x=0 y=0 w=1080 h=1920
E/qdhwcomposer( 1212): isValidDimension: layer handle is NULL
E/qdhwcomposer( 1212): isValidDimension: layer handle is NULL
E/qdoverlay( 1212): Bad ov dump: mdp_overlay z=0 fg=0 alpha=255 mask=-1 flags=0x220000 id=16
E/qdoverlay( 1212): src msmfb_img w=1152 h=1920 format=13 MDP_RGBA_8888
E/qdoverlay( 1212): src_rect mdp_rect x=0 y=0 w=1080 h=1920
E/qdoverlay( 1212): dst_rect mdp_rect x=0 y=0 w=1080 h=1920
E/qdhwcomposer( 1212): isValidDimension: layer handle is NULL
E/qdhwcomposer( 1212): isValidDimension: layer handle is NULL
E/qdoverlay( 1212): Bad ov dump: mdp_overlay z=0 fg=0 alpha=255 mask=-1 flags=0x220000 id=16
E/qdoverlay( 1212): src msmfb_img w=1152 h=1920 format=13 MDP_RGBA_8888
E/qdoverlay( 1212): src_rect mdp_rect x=0 y=0 w=1080 h=1920
E/qdoverlay( 1212): dst_rect mdp_rect x=0 y=0 w=1080 h=1920
E/qdhwcomposer( 1212): isValidDimension: layer handle is NULL
E/qdhwcomposer( 1212): isValidDimension: layer handle is NULL
E/qdoverlay( 1212): Bad ov dump: mdp_overlay z=0 fg=0 alpha=255 mask=-1 flags=0x220000 id=16
E/qdoverlay( 1212): src msmfb_img w=1152 h=1920 format=13 MDP_RGBA_8888
E/qdoverlay( 1212): src_rect mdp_rect x=0 y=0 w=1080 h=1920
E/qdoverlay( 1212): dst_rect mdp_rect x=0 y=0 w=1080 h=1920
E/qdhwcomposer( 1212): isValidDimension: layer handle is NULL
E/qdhwcomposer( 1212): isValidDimension: layer handle is NULL
E/qdoverlay( 1212): Bad ov dump: mdp_overlay z=0 fg=0 alpha=255 mask=-1 flags=0x220000 id=16
E/qdoverlay( 1212): src msmfb_img w=1152 h=1920 format=13 MDP_RGBA_8888
E/qdoverlay( 1212): src_rect mdp_rect x=0 y=0 w=1080 h=1920
E/qdoverlay( 1212): dst_rect mdp_rect x=0 y=0 w=1080 h=1920
E/qdhwcomposer( 1212): isValidDimension: layer handle is NULL
E/qdhwcomposer( 1212): isValidDimension: layer handle is NULL
E/qdoverlay( 1212): Bad ov dump: mdp_overlay z=0 fg=0 alpha=255 mask=-1 flags=0x220000 id=16
E/qdoverlay( 1212): src msmfb_img w=1152 h=1920 format=13 MDP_RGBA_8888
E/qdoverlay( 1212): src_rect mdp_rect x=0 y=0 w=1080 h=1920
E/qdoverlay( 1212): dst_rect mdp_rect x=0 y=0 w=1080 h=1920
E/qdhwcomposer( 1212): isValidDimension: layer handle is NULL
E/qdhwcomposer( 1212): isValidDimension: layer handle is NULL
I/ServiceManager( 3981): Waiting for service batterystats...
E/qdoverlay( 1212): Bad ov dump: mdp_overlay z=0 fg=0 alpha=255 mask=-1 flags=0x220000 id=16
E/qdoverlay( 1212): src msmfb_img w=1152 h=1920 format=13 MDP_RGBA_8888
E/qdoverlay( 1212): src_rect mdp_rect x=0 y=0 w=1080 h=1920
E/qdoverlay( 1212): dst_rect mdp_rect x=0 y=0 w=1080 h=1920
E/qdhwcomposer( 1212): isValidDimension: layer handle is NULL
E/qdhwcomposer( 1212): isValidDimension: layer handle is NULL
E/qdoverlay( 1212): Bad ov dump: mdp_overlay z=0 fg=0 alpha=255 mask=-1 flags=0x220000 id=16
E/qdoverlay( 1212): src msmfb_img w=1152 h=1920 format=13 MDP_RGBA_8888
E/qdoverlay( 1212): src_rect mdp_rect x=0 y=0 w=1080 h=1920
E/qdoverlay( 1212): dst_rect mdp_rect x=0 y=0 w=1080 h=1920
E/qdhwcomposer( 1212): isValidDimension: layer handle is NULL
E/qdhwcomposer( 1212): isValidDimension: layer handle is NULL
E/qdoverlay( 1212): Bad ov dump: mdp_overlay z=0 fg=0 alpha=255 mask=-1 flags=0x220000 id=16
E/qdoverlay( 1212): src msmfb_img w=1152 h=1920 format=13 MDP_RGBA_8888
E/qdoverlay( 1212): src_rect mdp_rect x=0 y=0 w=1080 h=1920
E/qdoverlay( 1212): dst_rect mdp_rect x=0 y=0 w=1080 h=1920
E/qdhwcomposer( 1212): isValidDimension: layer handle is NULL
E/qdhwcomposer( 1212): isValidDimension: layer handle is NULL
E/qdoverlay( 1212): Bad ov dump: mdp_overlay z=0 fg=0 alpha=255 mask=-1 flags=0x220000 id=16
E/qdoverlay( 1212): src msmfb_img w=1152 h=1920 format=13 MDP_RGBA_8888
E/qdoverlay( 1212): src_rect mdp_rect x=0 y=0 w=1080 h=1920
E/qdoverlay( 1212): dst_rect mdp_rect x=0 y=0 w=1080 h=1920
E/qdhwcomposer( 1212): isValidDimension: layer handle is NULL
E/qdhwcomposer( 1212): isValidDimension: layer handle is NULL
E/qdoverlay( 1212): Bad ov dump: mdp_overlay z=0 fg=0 alpha=255 mask=-1 flags=0x220000 id=16
E/qdoverlay( 1212): src msmfb_img w=1152 h=1920 format=13 MDP_RGBA_8888
E/qdoverlay( 1212): src_rect mdp_rect x=0 y=0 w=1080 h=1920
E/qdoverlay( 1212): dst_rect mdp_rect x=0 y=0 w=1080 h=1920
E/qdhwcomposer( 1212): isValidDimension: layer handle is NULL
E/qdhwcomposer( 1212): isValidDimension: layer handle is NULL
E/qdoverlay( 1212): Bad ov dump: mdp_overlay z=0 fg=0 alpha=255 mask=-1 flags=0x220000 id=16
E/qdoverlay( 1212): src msmfb_img w=1152 h=1920 format=13 MDP_RGBA_8888
E/qdoverlay( 1212): src_rect mdp_rect x=0 y=0 w=1080 h=1920
E/qdoverlay( 1212): dst_rect mdp_rect x=0 y=0 w=1080 h=1920
E/qdhwcomposer( 1212): isValidDimension: layer handle is NULL
E/qdhwcomposer( 1212): isValidDimension: layer handle is NULL
E/qdoverlay( 1212): Bad ov dump: mdp_overlay z=0 fg=0 alpha=255 mask=-1 flags=0x220000 id=16
E/qdoverlay( 1212): src msmfb_img w=1152 h=1920 format=13 MDP_RGBA_8888
E/qdoverlay( 1212): src_rect mdp_rect x=0 y=0 w=1080 h=1920
E/qdoverlay( 1212): dst_rect mdp_rect x=0 y=0 w=1080 h=1920
E/qdhwcomposer( 1212): isValidDimension: layer handle is NULL
E/qdhwcomposer( 1212): isValidDimension: layer handle is NULL
E/qdoverlay( 1212): Bad ov dump: mdp_overlay z=0 fg=0 alpha=255 mask=-1 flags=0x220000 id=16
E/qdoverlay( 1212): src msmfb_img w=1152 h=1920 format=13 MDP_RGBA_8888
E/qdoverlay( 1212): src_rect mdp_rect x=0 y=0 w=1080 h=1920
E/qdoverlay( 1212): dst_rect mdp_rect x=0 y=0 w=1080 h=1920
E/qdhwcomposer( 1212): isValidDimension: layer handle is NULL
E/qdhwcomposer( 1212): isValidDimension: layer handle is NULL
E/qdoverlay( 1212): Bad ov dump: mdp_overlay z=0 fg=0 alpha=255 mask=-1 flags=0x220000 id=16
E/qdoverlay( 1212): src msmfb_img w=1152 h=1920 format=13 MDP_RGBA_8888
E/qdoverlay( 1212): src_rect mdp_rect x=0 y=0 w=1080 h=1920
E/qdoverlay( 1212): dst_rect mdp_rect x=0 y=0 w=1080 h=1920
E/qdhwcomposer( 1212): isValidDimension: layer handle is NULL
E/qdhwcomposer( 1212): isValidDimension: layer handle is NULL
E/qdoverlay( 1212): Bad ov dump: mdp_overlay z=0 fg=0 alpha=255 mask=-1 flags=0x220000 id=16
E/qdoverlay( 1212): src msmfb_img w=1152 h=1920 format=13 MDP_RGBA_8888
E/qdoverlay( 1212): src_rect mdp_rect x=0 y=0 w=1080 h=1920
E/qdoverlay( 1212): dst_rect mdp_rect x=0 y=0 w=1080 h=1920
E/qdhwcomposer( 1212): isValidDimension: layer handle is NULL
E/qdhwcomposer( 1212): isValidDimension: layer handle is NULL
E/qdoverlay( 1212): Bad ov dump: mdp_overlay z=0 fg=0 alpha=255 mask=-1 flags=0x220000 id=16
E/qdoverlay( 1212): src msmfb_img w=1152 h=1920 format=13 MDP_RGBA_8888
E/qdoverlay( 1212): src_rect mdp_rect x=0 y=0 w=1080 h=1920
E/qdoverlay( 1212): dst_rect mdp_rect x=0 y=0 w=1080 h=1920
E/NetlinkListener( 1620): recvmsg failed (I/O error)
E/NetlinkListener( 3983): recvmsg failed (I/O error)
E/qdhwcomposer( 1212): isValidDimension: layer handle is NULL
E/qdhwcomposer( 1212): isValidDimension: layer handle is NULL
E/qdoverlay( 1212): Bad ov dump: mdp_overlay z=0 fg=0 alpha=255 mask=-1 flags=0x220000 id=16
E/qdoverlay( 1212): src msmfb_img w=1152 h=1920 format=13 MDP_RGBA_8888
E/qdoverlay( 1212): src_rect mdp_rect x=0 y=0 w=1080 h=1920
E/qdoverlay( 1212): dst_rect mdp_rect x=0 y=0 w=1080 h=1920
I/ServiceManager( 3981): Waiting for service batterystats...
E/NetlinkListener( 3983): recvmsg failed (I/O error)
E/NetlinkListener( 1620): recvmsg failed (I/O error)
V/WLAN_PSA( 682): NL MSG, len[4027], NL type[0x1C] WNI type[0x5900] len[41743]
V/WLAN_PSA( 682): NL MSG, PID: 682
E/NetlinkListener( 3983): recvmsg failed (I/O error)
E/NetlinkListener( 1620): recvmsg failed (I/O error)
E/qdhwcomposer( 1212): isValidDimension: layer handle is NULL
E/qdhwcomposer( 1212): isValidDimension: layer handle is NULL
E/qdoverlay( 1212): Bad ov dump: mdp_overlay z=0 fg=0 alpha=255 mask=-1 flags=0x220000 id=16
E/qdoverlay( 1212): src msmfb_img w=1152 h=1920 format=13 MDP_RGBA_8888
E/qdoverlay( 1212): src_rect mdp_rect x=0 y=0 w=1080 h=1920
E/qdoverlay( 1212): dst_rect mdp_rect x=0 y=0 w=1080 h=1920
E/qdhwcomposer( 1212): isValidDimension: layer handle is NULL
E/qdhwcomposer( 1212): isValidDimension: layer handle is NULL
E/qdoverlay( 1212): Bad ov dump: mdp_overlay z=0 fg=0 alpha=255 mask=-1 flags=0x220000 id=16
E/qdoverlay( 1212): src msmfb_img w=1152 h=1920 format=13 MDP_RGBA_8888
E/qdoverlay( 1212): src_rect mdp_rect x=0 y=0 w=1080 h=1920
E/qdoverlay( 1212): dst_rect mdp_rect x=0 y=0 w=1080 h=1920
V/WLAN_PSA( 682): NL MSG, len[048], NL type[0x11] WNI type[0x5050] len[028]
V/WLAN_PSA( 682): NL MSG, PID: 682
W/dex2oat ( 4018): Skipping class org.codeaurora.Performance from /system/framework/org.codeaurora.Performance.jar previously found in /usr/libexec/sfdroid/system/framework/framework.jar:classes2.dex
W/dex2oat ( 4018): Skipping class org.codeaurora.camera.QCFace from /system/framework/org.codeaurora.Performance.jar previously found in /usr/libexec/sfdroid/system/framework/framework.jar:classes2.dex
W/dex2oat ( 4018): Skipping class org.codeaurora.camera.ExtendedFace from /system/framework/org.codeaurora.Performance.jar previously found in /usr/libexec/sfdroid/system/framework/framework.jar:classes2.dex
E/qdhwcomposer( 1212): isValidDimension: layer handle is NULL
E/qdhwcomposer( 1212): isValidDimension: layer handle is NULL
E/qdoverlay( 1212): Bad ov dump: mdp_overlay z=0 fg=0 alpha=255 mask=-1 flags=0x220000 id=16
E/qdoverlay( 1212): src msmfb_img w=1152 h=1920 format=13 MDP_RGBA_8888
E/qdoverlay( 1212): src_rect mdp_rect x=0 y=0 w=1080 h=1920
E/qdoverlay( 1212): dst_rect mdp_rect x=0 y=0 w=1080 h=1920
I/ServiceManager( 3981): Waiting for service batterystats...
E/qdhwcomposer( 1212): isValidDimension: layer handle is NULL
E/qdhwcomposer( 1212): isValidDimension: layer handle is NULL
E/qdoverlay( 1212): Bad ov dump: mdp_overlay z=0 fg=0 alpha=255 mask=-1 flags=0x220000 id=16
E/qdoverlay( 1212): src msmfb_img w=1152 h=1920 format=13 MDP_RGBA_8888
E/qdoverlay( 1212): src_rect mdp_rect x=0 y=0 w=1080 h=1920
E/qdoverlay( 1212): dst_rect mdp_rect x=0 y=0 w=1080 h=1920
E/qdhwcomposer( 1212): isValidDimension: layer handle is NULL
E/qdhwcomposer( 1212): isValidDimension: layer handle is NULL
E/qdoverlay( 1212): Bad ov dump: mdp_overlay z=0 fg=0 alpha=255 mask=-1 flags=0x220000 id=16
E/qdoverlay( 1212): src msmfb_img w=1152 h=1920 format=13 MDP_RGBA_8888
E/qdoverlay( 1212): src_rect mdp_rect x=0 y=0 w=1080 h=1920
E/qdoverlay( 1212): dst_rect mdp_rect x=0 y=0 w=1080 h=1920
E/qdhwcomposer( 1212): isValidDimension: layer handle is NULL
E/qdhwcomposer( 1212): isValidDimension: layer handle is NULL
E/qdoverlay( 1212): Bad ov dump: mdp_overlay z=0 fg=0 alpha=255 mask=-1 flags=0x220000 id=16
E/qdoverlay( 1212): src msmfb_img w=1152 h=1920 format=13 MDP_RGBA_8888
E/qdoverlay( 1212): src_rect mdp_rect x=0 y=0 w=1080 h=1920
E/qdoverlay( 1212): dst_rect mdp_rect x=0 y=0 w=1080 h=1920
E/qdhwcomposer( 1212): isValidDimension: layer handle is NULL
E/qdhwcomposer( 1212): isValidDimension: layer handle is NULL
E/qdoverlay( 1212): Bad ov dump: mdp_overlay z=0 fg=0 alpha=255 mask=-1 flags=0x220000 id=16
E/qdoverlay( 1212): src msmfb_img w=1152 h=1920 format=13 MDP_RGBA_8888
E/qdoverlay( 1212): src_rect mdp_rect x=0 y=0 w=1080 h=1920
E/qdoverlay( 1212): dst_rect mdp_rect x=0 y=0 w=1080 h=1920
E/NetlinkListener( 1620): recvmsg failed (I/O error)
E/NetlinkListener( 3983): recvmsg failed (I/O error)
I/ServiceManager( 3981): Waiting for service batterystats...
E/NetlinkListener( 3983): recvmsg failed (I/O error)
E/NetlinkListener( 1620): recvmsg failed (I/O error)
E/qdhwcomposer( 1212): isValidDimension: layer handle is NULL
E/qdhwcomposer( 1212): isValidDimension: layer handle is NULL
E/qdoverlay( 1212): Bad ov dump: mdp_overlay z=0 fg=0 alpha=255 mask=-1 flags=0x220000 id=16
E/qdoverlay( 1212): src msmfb_img w=1152 h=1920 format=13 MDP_RGBA_8888
E/qdoverlay( 1212): src_rect mdp_rect x=0 y=0 w=1080 h=1920
E/qdoverlay( 1212): dst_rect mdp_rect x=0 y=0 w=1080 h=1920
E/qdhwcomposer( 1212): isValidDimension: layer handle is NULL
E/qdhwcomposer( 1212): isValidDimension: layer handle is NULL
E/qdoverlay( 1212): Bad ov dump: mdp_overlay z=0 fg=0 alpha=255 mask=-1 flags=0x220000 id=16
E/qdoverlay( 1212): src msmfb_img w=1152 h=1920 format=13 MDP_RGBA_8888
E/qdoverlay( 1212): src_rect mdp_rect x=0 y=0 w=1080 h=1920
E/qdoverlay( 1212): dst_rect mdp_rect x=0 y=0 w=1080 h=1920
E/qdhwcomposer( 1212): isValidDimension: layer handle is NULL
E/qdhwcomposer( 1212): isValidDimension: layer handle is NULL
E/qdoverlay( 1212): Bad ov dump: mdp_overlay z=0 fg=0 alpha=255 mask=-1 flags=0x220000 id=16
E/qdoverlay( 1212): src msmfb_img w=1152 h=1920 format=13 MDP_RGBA_8888
E/qdoverlay( 1212): src_rect mdp_rect x=0 y=0 w=1080 h=1920
E/qdoverlay( 1212): dst_rect mdp_rect x=0 y=0 w=1080 h=1920
E/MediaPlayerFactory( 3981): calling dlopen on FACTORY_LIB
E/MediaPlayerFactory( 3981): calling dlsym on pFactoryLib for FACTORY_CREATE_FN
E/MediaPlayerFactory( 3981): registering DASH Player factory...
I/CameraService( 3981): CameraService started (pid=3981)
D/mm-camera-intf( 3981): get_num_of_cameras gMmCameraIntfLogLevel=1
E/mm-camera-intf( 3981): entity id 1
E/mm-camera-intf( 3981): entity name video0 type 65537 group id 2
E/mm-camera-intf( 3981): entity id 2
E/mm-camera-intf( 3981): entity name msm_cci type 131072 group id 0
E/mm-camera-intf( 3981): entity id 3
E/mm-camera-intf( 3981): entity name v4l-subdev0 type 131072 group id 0
E/mm-camera-intf( 3981): entity id 4
E/mm-camera-intf( 3981): entity name v4l-subdev1 type 131072 group id 0
E/mm-camera-intf( 3981): entity id 5
E/mm-camera-intf( 3981): entity name v4l-subdev2 type 131072 group id 0
E/mm-camera-intf( 3981): entity id 6
E/mm-camera-intf( 3981): entity name v4l-subdev3 type 131072 group id 1
E/mm-camera-intf( 3981): entity id 7
E/mm-camera-intf( 3981): entity name v4l-subdev4 type 131072 group id 1
E/mm-camera-intf( 3981): entity id 8
E/mm-camera-intf( 3981): entity name v4l-subdev5 type 131072 group id 1
E/mm-camera-intf( 3981): entity id 9
E/mm-camera-intf( 3981): entity name v4l-subdev6 type 131072 group id 1
E/mm-camera-intf( 3981): entity id 10
E/mm-camera-intf( 3981): entity name v4l-subdev7 type 131072 group id 7
E/mm-camera-intf( 3981): entity id 11
E/mm-camera-intf( 3981): entity name v4l-subdev8 type 131072 group id 7
E/mm-camera-intf( 3981): entity id 12
E/mm-camera-intf( 3981): entity name v4l-subdev9 type 131072 group id 11
E/mm-camera-intf( 3981): entity id 13
E/mm-camera-intf( 3981): entity name v4l-subdev10 type 131072 group id 8
E/mm-camera-intf( 3981): entity id 14
E/mm-camera-intf( 3981): entity name v4l-subdev11 type 131072 group id 14
E/mm-camera-intf( 3981): entity id 1
E/mm-camera-intf( 3981): entity name video1 type 65537 group id 2
E/mm-camera-intf( 3981): entity id 2
E/mm-camera-intf( 3981): Done enumerating media entities
E/mm-camera-intf( 3981): entity id 1
E/mm-camera-intf( 3981): entity name video2 type 65537 group id 2
E/mm-camera-intf( 3981): entity id 2
E/mm-camera-intf( 3981): Done enumerating media entities
D/mm-camera-intf( 3981): index = 0 flag = 1 mount_angle = 90 facing = 0
D/mm-camera-intf( 3981): index = 1 flag = 103 mount_angle = 270 facing = 1
I/CameraService( 3981): Loaded "QCamera Module" camera module
I/AudioPolicyService( 3981): AudioPolicyService CSTOR in new mode
I/AudioPolicyManager( 3981): loadAudioPolicyConfig() loaded /system/etc/audio_policy.conf
E/qdhwcomposer( 1212): isValidDimension: layer handle is NULL
E/qdhwcomposer( 1212): isValidDimension: layer handle is NULL
E/qdoverlay( 1212): Bad ov dump: mdp_overlay z=0 fg=0 alpha=255 mask=-1 flags=0x220000 id=16
E/qdoverlay( 1212): src msmfb_img w=1152 h=1920 format=13 MDP_RGBA_8888
E/qdoverlay( 1212): src_rect mdp_rect x=0 y=0 w=1080 h=1920
E/qdoverlay( 1212): dst_rect mdp_rect x=0 y=0 w=1080 h=1920
I/ThermalEngine( 685): Sensor:pm8941_tz:44235 mC
E/qdhwcomposer( 1212): isValidDimension: layer handle is NULL
E/qdhwcomposer( 1212): isValidDimension: layer handle is NULL
E/qdoverlay( 1212): Bad ov dump: mdp_overlay z=0 fg=0 alpha=255 mask=-1 flags=0x220000 id=16
E/qdoverlay( 1212): src msmfb_img w=1152 h=1920 format=13 MDP_RGBA_8888
E/qdoverlay( 1212): src_rect mdp_rect x=0 y=0 w=1080 h=1920
E/qdoverlay( 1212): dst_rect mdp_rect x=0 y=0 w=1080 h=1920
E/qdhwcomposer( 1212): isValidDimension: layer handle is NULL
E/qdhwcomposer( 1212): isValidDimension: layer handle is NULL
E/qdoverlay( 1212): Bad ov dump: mdp_overlay z=0 fg=0 alpha=255 mask=-1 flags=0x220000 id=16
E/qdoverlay( 1212): src msmfb_img w=1152 h=1920 format=13 MDP_RGBA_8888
E/qdoverlay( 1212): src_rect mdp_rect x=0 y=0 w=1080 h=1920
E/qdoverlay( 1212): dst_rect mdp_rect x=0 y=0 w=1080 h=1920
V/WLAN_PSA( 682): NL MSG, len[048], NL type[0x11] WNI type[0x5050] len[028]
V/WLAN_PSA( 682): NL MSG, PID: 682
V/WLAN_PSA( 682): NL MSG, len[4015], NL type[0x1C] WNI type[0x5900] len[38671]
V/WLAN_PSA( 682): NL MSG, PID: 682
V/WLAN_PSA( 682): NL MSG, len[048], NL type[0x11] WNI type[0x5050] len[028]
V/WLAN_PSA( 682): NL MSG, PID: 682
E/qdhwcomposer( 1212): isValidDimension: layer handle is NULL
E/qdhwcomposer( 1212): isValidDimension: layer handle is NULL
E/qdoverlay( 1212): Bad ov dump: mdp_overlay z=0 fg=0 alpha=255 mask=-1 flags=0x220000 id=16
E/qdoverlay( 1212): src msmfb_img w=1152 h=1920 format=13 MDP_RGBA_8888
E/qdoverlay( 1212): src_rect mdp_rect x=0 y=0 w=1080 h=1920
E/qdoverlay( 1212): dst_rect mdp_rect x=0 y=0 w=1080 h=1920
E/qdhwcomposer( 1212): isValidDimension: layer handle is NULL
E/qdhwcomposer( 1212): isValidDimension: layer handle is NULL
E/qdoverlay( 1212): Bad ov dump: mdp_overlay z=0 fg=0 alpha=255 mask=-1 flags=0x220000 id=16
E/qdoverlay( 1212): src msmfb_img w=1152 h=1920 format=13 MDP_RGBA_8888
E/qdoverlay( 1212): src_rect mdp_rect x=0 y=0 w=1080 h=1920
E/qdoverlay( 1212): dst_rect mdp_rect x=0 y=0 w=1080 h=1920
E/qdhwcomposer( 1212): isValidDimension: layer handle is NULL
E/qdhwcomposer( 1212): isValidDimension: layer handle is NULL
E/qdoverlay( 1212): Bad ov dump: mdp_overlay z=0 fg=0 alpha=255 mask=-1 flags=0x220000 id=16
E/qdoverlay( 1212): src msmfb_img w=1152 h=1920 format=13 MDP_RGBA_8888
E/qdoverlay( 1212): src_rect mdp_rect x=0 y=0 w=1080 h=1920
E/qdoverlay( 1212): dst_rect mdp_rect x=0 y=0 w=1080 h=1920
W/dex2oat ( 4018): Skipping class org.codeaurora.Performance from /system/framework/org.codeaurora.Performance.jar previously found in /usr/libexec/sfdroid/system/framework/framework.jar:classes2.dex
W/dex2oat ( 4018): Skipping class org.codeaurora.camera.QCFace from /system/framework/org.codeaurora.Performance.jar previously found in /usr/libexec/sfdroid/system/framework/framework.jar:classes2.dex
W/dex2oat ( 4018): Skipping class org.codeaurora.camera.ExtendedFace from /system/framework/org.codeaurora.Performance.jar previously found in /usr/libexec/sfdroid/system/framework/framework.jar:classes2.dex
E/qdhwcomposer( 1212): isValidDimension: layer handle is NULL
E/qdhwcomposer( 1212): isValidDimension: layer handle is NULL
E/qdoverlay( 1212): Bad ov dump: mdp_overlay z=0 fg=0 alpha=255 mask=-1 flags=0x220000 id=16
E/qdoverlay( 1212): src msmfb_img w=1152 h=1920 format=13 MDP_RGBA_8888
E/qdoverlay( 1212): src_rect mdp_rect x=0 y=0 w=1080 h=1920
E/qdoverlay( 1212): dst_rect mdp_rect x=0 y=0 w=1080 h=1920
E/NetlinkListener( 3983): recvmsg failed (I/O error)
E/NetlinkListener( 1620): recvmsg failed (I/O error)
E/qdhwcomposer( 1212): isValidDimension: layer handle is NULL
E/qdhwcomposer( 1212): isValidDimension: layer handle is NULL
E/qdoverlay( 1212): Bad ov dump: mdp_overlay z=0 fg=0 alpha=255 mask=-1 flags=0x220000 id=16
E/qdoverlay( 1212): src msmfb_img w=1152 h=1920 format=13 MDP_RGBA_8888
E/qdoverlay( 1212): src_rect mdp_rect x=0 y=0 w=1080 h=1920
E/qdoverlay( 1212): dst_rect mdp_rect x=0 y=0 w=1080 h=1920
E/qdhwcomposer( 1212): isValidDimension: layer handle is NULL
E/qdhwcomposer( 1212): isValidDimension: layer handle is NULL
E/qdoverlay( 1212): Bad ov dump: mdp_overlay z=0 fg=0 alpha=255 mask=-1 flags=0x220000 id=16
E/qdoverlay( 1212): src msmfb_img w=1152 h=1920 format=13 MDP_RGBA_8888
E/qdoverlay( 1212): src_rect mdp_rect x=0 y=0 w=1080 h=1920
E/qdoverlay( 1212): dst_rect mdp_rect x=0 y=0 w=1080 h=1920
V/WLAN_PSA( 682): NL MSG, len[048], NL type[0x11] WNI type[0x5050] len[028]
V/WLAN_PSA( 682): NL MSG, PID: 682
E/NetlinkListener( 3983): recvmsg failed (I/O error)
E/NetlinkListener( 1620): recvmsg failed (I/O error)
E/qdhwcomposer( 1212): isValidDimension: layer handle is NULL
E/qdhwcomposer( 1212): isValidDimension: layer handle is NULL
E/qdoverlay( 1212): Bad ov dump: mdp_overlay z=0 fg=0 alpha=255 mask=-1 flags=0x220000 id=16
E/qdoverlay( 1212): src msmfb_img w=1152 h=1920 format=13 MDP_RGBA_8888
E/qdoverlay( 1212): src_rect mdp_rect x=0 y=0 w=1080 h=1920
E/qdoverlay( 1212): dst_rect mdp_rect x=0 y=0 w=1080 h=1920
E/qdhwcomposer( 1212): isValidDimension: layer handle is NULL
E/qdhwcomposer( 1212): isValidDimension: layer handle is NULL
E/qdoverlay( 1212): Bad ov dump: mdp_overlay z=0 fg=0 alpha=255 mask=-1 flags=0x220000 id=16
E/qdoverlay( 1212): src msmfb_img w=1152 h=1920 format=13 MDP_RGBA_8888
E/qdoverlay( 1212): src_rect mdp_rect x=0 y=0 w=1080 h=1920
E/qdoverlay( 1212): dst_rect mdp_rect x=0 y=0 w=1080 h=1920
E/NetlinkListener( 3983): recvmsg failed (I/O error)
E/NetlinkListener( 1620): recvmsg failed (I/O error)
E/qdhwcomposer( 1212): isValidDimension: layer handle is NULL
E/qdhwcomposer( 1212): isValidDimension: layer handle is NULL
E/qdoverlay( 1212): Bad ov dump: mdp_overlay z=0 fg=0 alpha=255 mask=-1 flags=0x220000 id=16
E/qdoverlay( 1212): src msmfb_img w=1152 h=1920 format=13 MDP_RGBA_8888
E/qdoverlay( 1212): src_rect mdp_rect x=0 y=0 w=1080 h=1920
E/qdoverlay( 1212): dst_rect mdp_rect x=0 y=0 w=1080 h=1920
E/qdhwcomposer( 1212): isValidDimension: layer handle is NULL
E/qdhwcomposer( 1212): isValidDimension: layer handle is NULL
E/qdoverlay( 1212): Bad ov dump: mdp_overlay z=0 fg=0 alpha=255 mask=-1 flags=0x220000 id=16
E/qdoverlay( 1212): src msmfb_img w=1152 h=1920 format=13 MDP_RGBA_8888
E/qdoverlay( 1212): src_rect mdp_rect x=0 y=0 w=1080 h=1920
E/qdoverlay( 1212): dst_rect mdp_rect x=0 y=0 w=1080 h=1920
W/dex2oat ( 4018): Skipping class org.codeaurora.Performance from /system/framework/org.codeaurora.Performance.jar previously found in /usr/libexec/sfdroid/system/framework/framework.jar:classes2.dex
W/dex2oat ( 4018): Skipping class org.codeaurora.camera.ExtendedFace from /system/framework/org.codeaurora.Performance.jar previously found in /usr/libexec/sfdroid/system/framework/framework.jar:classes2.dex
W/dex2oat ( 4018): Skipping class org.codeaurora.camera.QCFace from /system/framework/org.codeaurora.Performance.jar previously found in /usr/libexec/sfdroid/system/framework/framework.jar:classes2.dex
I/dex2oat ( 4018): Explicit concurrent mark sweep GC freed 43243(5MB) AllocSpace objects, 0(0B) LOS objects, 15% free, 21MB/25MB, paused 162us total 117.340ms
E/qdhwcomposer( 1212): isValidDimension: layer handle is NULL
E/qdhwcomposer( 1212): isValidDimension: layer handle is NULL
E/qdoverlay( 1212): Bad ov dump: mdp_overlay z=0 fg=0 alpha=255 mask=-1 flags=0x220000 id=16
E/qdoverlay( 1212): src msmfb_img w=1152 h=1920 format=13 MDP_RGBA_8888
E/qdoverlay( 1212): src_rect mdp_rect x=0 y=0 w=1080 h=1920
E/qdoverlay( 1212): dst_rect mdp_rect x=0 y=0 w=1080 h=1920
E/NetlinkListener( 1620): recvmsg failed (I/O error)
E/NetlinkListener( 3983): recvmsg failed (I/O error)
E/qdhwcomposer( 1212): isValidDimension: layer handle is NULL
E/qdhwcomposer( 1212): isValidDimension: layer handle is NULL
E/qdoverlay( 1212): Bad ov dump: mdp_overlay z=0 fg=0 alpha=255 mask=-1 flags=0x220000 id=16
E/qdoverlay( 1212): src msmfb_img w=1152 h=1920 format=13 MDP_RGBA_8888
E/qdoverlay( 1212): src_rect mdp_rect x=0 y=0 w=1080 h=1920
E/qdoverlay( 1212): dst_rect mdp_rect x=0 y=0 w=1080 h=1920
E/NetlinkListener( 1620): recvmsg failed (I/O error)
E/NetlinkListener( 3983): recvmsg failed (I/O error)
E/qdhwcomposer( 1212): isValidDimension: layer handle is NULL
E/qdhwcomposer( 1212): isValidDimension: layer handle is NULL
E/qdoverlay( 1212): Bad ov dump: mdp_overlay z=0 fg=0 alpha=255 mask=-1 flags=0x220000 id=16
E/qdoverlay( 1212): src msmfb_img w=1152 h=1920 format=13 MDP_RGBA_8888
E/qdoverlay( 1212): src_rect mdp_rect x=0 y=0 w=1080 h=1920
E/qdoverlay( 1212): dst_rect mdp_rect x=0 y=0 w=1080 h=1920
E/NetlinkListener( 1620): recvmsg failed (I/O error)
E/NetlinkListener( 3983): recvmsg failed (I/O error)
E/qdhwcomposer( 1212): isValidDimension: layer handle is NULL
E/qdhwcomposer( 1212): isValidDimension: layer handle is NULL
E/qdoverlay( 1212): Bad ov dump: mdp_overlay z=0 fg=0 alpha=255 mask=-1 flags=0x220000 id=16
E/qdoverlay( 1212): src msmfb_img w=1152 h=1920 format=13 MDP_RGBA_8888
E/qdoverlay( 1212): src_rect mdp_rect x=0 y=0 w=1080 h=1920
E/qdoverlay( 1212): dst_rect mdp_rect x=0 y=0 w=1080 h=1920
E/qdhwcomposer( 1212): isValidDimension: layer handle is NULL
E/qdhwcomposer( 1212): isValidDimension: layer handle is NULL
E/qdoverlay( 1212): Bad ov dump: mdp_overlay z=0 fg=0 alpha=255 mask=-1 flags=0x220000 id=16
E/qdoverlay( 1212): src msmfb_img w=1152 h=1920 format=13 MDP_RGBA_8888
E/qdoverlay( 1212): src_rect mdp_rect x=0 y=0 w=1080 h=1920
E/qdoverlay( 1212): dst_rect mdp_rect x=0 y=0 w=1080 h=1920
V/WLAN_PSA( 682): NL MSG, len[4080], NL type[0x1C] WNI type[0x5900] len[55311]
V/WLAN_PSA( 682): NL MSG, PID: 682
I/ThermalEngine( 685): Sensor:pm8941_tz:44871 mC
E/qdhwcomposer( 1212): isValidDimension: layer handle is NULL
E/qdhwcomposer( 1212): isValidDimension: layer handle is NULL
E/qdoverlay( 1212): Bad ov dump: mdp_overlay z=0 fg=0 alpha=255 mask=-1 flags=0x220000 id=16
E/qdoverlay( 1212): src msmfb_img w=1152 h=1920 format=13 MDP_RGBA_8888
E/qdoverlay( 1212): src_rect mdp_rect x=0 y=0 w=1080 h=1920
E/qdoverlay( 1212): dst_rect mdp_rect x=0 y=0 w=1080 h=1920
E/NetlinkListener( 3983): recvmsg failed (I/O error)
E/NetlinkListener( 1620): recvmsg failed (I/O error)
E/NetlinkListener( 3983): recvmsg failed (I/O error)
E/NetlinkListener( 1620): recvmsg failed (I/O error)
E/qdhwcomposer( 1212): isValidDimension: layer handle is NULL
E/qdhwcomposer( 1212): isValidDimension: layer handle is NULL
E/qdoverlay( 1212): Bad ov dump: mdp_overlay z=0 fg=0 alpha=255 mask=-1 flags=0x220000 id=16
E/qdoverlay( 1212): src msmfb_img w=1152 h=1920 format=13 MDP_RGBA_8888
E/qdoverlay( 1212): src_rect mdp_rect x=0 y=0 w=1080 h=1920
E/qdoverlay( 1212): dst_rect mdp_rect x=0 y=0 w=1080 h=1920
