E/SurfaceFlinger( 697): Permission Denial: can't access SurfaceFlinger pid=1389, uid=1000
E/qdhwcomposer( 1212): isValidDimension: layer handle is NULL
E/qdhwcomposer( 1212): isValidDimension: layer handle is NULL
I/Zygote ( 1389): Process: zygote socket opened, supported ABIS: armeabi-v7a,armeabi
F/WindowAnimator( 1389): Unhandled exception in Window Manager
F/WindowAnimator( 1389): java.lang.NullPointerException: Attempt to invoke virtual method 'void android.view.SurfaceControl.setLayer(int)' on a null object reference
F/WindowAnimator( 1389): at com.android.server.wm.FocusedStackFrame.setLayer(FocusedStackFrame.java:140)
F/WindowAnimator( 1389): at com.android.server.wm.WindowManagerService.setFocusedStackLayer(WindowManagerService.java:3985)
F/WindowAnimator( 1389): at com.android.server.wm.WindowAnimator.animateLocked(WindowAnimator.java:708)
F/WindowAnimator( 1389): at com.android.server.wm.WindowAnimator.access$000(WindowAnimator.java:54)
F/WindowAnimator( 1389): at com.android.server.wm.WindowAnimator$1.run(WindowAnimator.java:126)
F/WindowAnimator( 1389): at android.view.Choreographer$CallbackRecord.run(Choreographer.java:767)
F/WindowAnimator( 1389): at android.view.Choreographer.doCallbacks(Choreographer.java:580)
F/WindowAnimator( 1389): at android.view.Choreographer.doFrame(Choreographer.java:549)
F/WindowAnimator( 1389): at android.view.Choreographer$FrameDisplayEventReceiver.run(Choreographer.java:753)
F/WindowAnimator( 1389): at android.os.Handler.handleCallback(Handler.java:739)
F/WindowAnimator( 1389): at android.os.Handler.dispatchMessage(Handler.java:95)
F/WindowAnimator( 1389): at android.os.Looper.loop(Looper.java:135)
F/WindowAnimator( 1389): at android.os.HandlerThread.run(HandlerThread.java:61)
F/WindowAnimator( 1389): at com.android.server.ServiceThread.run(ServiceThread.java:46)
E/SurfaceFlinger( 697): Permission Denial: can't access SurfaceFlinger pid=1389, uid=1000
E/qdhwcomposer( 1212): isValidDimension: layer handle is NULL
E/qdhwcomposer( 1212): isValidDimension: layer handle is NULL
E/qdhwcomposer( 1212): isValidDimension: layer handle is NULL
E/qdhwcomposer( 1212): isValidDimension: layer handle is NULL
E/libprocessgroup( 3498): failed to open /acct/uid_1037/pid_3498/cgroup.procs: No such file or directory
E/Zygote ( 3498): createProcessGroup(1037, 0) failed: No such file or directory
I/ActivityManager( 1389): Start proc 3498:WebViewLoader-armeabi-v7a/1037 [android.webkit.WebViewFactory$RelroFileCreator] for
E/qdhwcomposer( 1212): isValidDimension: layer handle is NULL
E/qdhwcomposer( 1212): isValidDimension: layer handle is NULL
V/WebViewFactory( 3498): RelroFileCreator (64bit = false), 32-bit lib: /system/app/webview/lib/arm/libwebviewchromium.so, 64-bit lib:
E/qdhwcomposer( 1212): isValidDimension: layer handle is NULL
E/qdhwcomposer( 1212): isValidDimension: layer handle is NULL
I/ActivityManager( 1389): Start proc 3516:com.android.systemui/u0a18 for service com.android.systemui/.SystemUIService
W/NetworkStats( 1389): bandwidth controls disabled, unable to track stats
W/NetworkPolicy( 1389): bandwidth controls disabled, unable to enforce policy
E/libprocessgroup( 3516): failed to open /acct/uid_10018/pid_3516/cgroup.procs: No such file or directory
E/Zygote ( 3516): createProcessGroup(10018, 0) failed: No such file or directory
E/qdhwcomposer( 1212): isValidDimension: layer handle is NULL
E/qdhwcomposer( 1212): isValidDimension: layer handle is NULL
E/MountService( 1389): Boot-time mount failed (-1)
E/MountService( 1389): Boot-time mount failed (-1)
W/MountService( 1389): Duplicate state transition (mounted -> mounted) for /storage/emulated/0
D/PermissionMonitor( 1389): Monitoring
D/PermissionMonitor( 1389): Users: 1, Apps: 65
I/SystemServiceManager( 1389): Starting phase 600
I/BackupManagerService( 1389): Backup enabled => false
I/BackupManagerService( 1389): Opting out of backup
E/BluetoothAdapter( 1389): Bluetooth binder is null
E/BluetoothAdapter( 1389): Bluetooth binder is null
E/qdhwcomposer( 1212): isValidDimension: layer handle is NULL
E/qdhwcomposer( 1212): isValidDimension: layer handle is NULL
E/qdhwcomposer( 1212): isValidDimension: layer handle is NULL
E/qdhwcomposer( 1212): isValidDimension: layer handle is NULL
E/InputMethodManagerService( 1389): Ignoring setImeWindowStatus due to an invalid token. uid:1000 token:null
E/qdhwcomposer( 1212): isValidDimension: layer handle is NULL
E/qdhwcomposer( 1212): isValidDimension: layer handle is NULL
I/ActivityManager( 1389): Start proc 3538:com.android.inputmethod.latin/u0a39 for service com.android.inputmethod.latin/.LatinIME
E/qdhwcomposer( 1212): isValidDimension: layer handle is NULL
E/qdhwcomposer( 1212): isValidDimension: layer handle is NULL
V/InputMethodManagerService( 1389): Adding window token: android.os.Binder@3d39efb8
D/GpsLocationProvider( 1389): Reset GPS properties, previous size = 0
D/GpsLocationProvider( 1389): GpsParamsResource: SUPL_HOST=supl.google.com
D/GpsLocationProvider( 1389): GpsParamsResource: SUPL_PORT=7275
D/GpsLocationProvider( 1389): GpsParamsResource: NTP_SERVER=north-america.pool.ntp.org
D/GpsLocationProvider( 1389): GpsParamsResource: SUPL_VER=0x20000
D/GpsLocationProvider( 1389): GpsParamsResource: SUPL_MODE=1
D/GpsLocationProvider( 1389): GPS properties reloaded, size = 16
E/GpsLocationProvider( 1389): no AGPS interface in set_agps_server
E/GpsLocationProvider( 1389): no GPS configuration interface in configuraiton_update
D/GpsLocationProvider( 1389): final config = #Tue Dec 06 17:35:11 GMT+00:00 2016
D/GpsLocationProvider( 1389): SUPL_HOST=supl.google.com
D/GpsLocationProvider( 1389): SUPL_PORT=7275
D/GpsLocationProvider( 1389): XTRA_VERSION_CHECK=0
D/GpsLocationProvider( 1389): DEBUG_LEVEL=3
D/GpsLocationProvider( 1389): SUPL_ES=1
D/GpsLocationProvider( 1389): NMEA_PROVIDER=0
D/GpsLocationProvider( 1389): CAPABILITIES=0x37
D/GpsLocationProvider( 1389): SUPL_VER=0x10000
D/GpsLocationProvider( 1389): ERR_ESTIMATE=0
D/GpsLocationProvider( 1389): A_GLONASS_POS_PROTOCOL_SELECT=bitmap 3 set
D/GpsLocationProvider( 1389): INTERMEDIATE_POS=0
D/GpsLocationProvider( 1389): SGLTE_TARGET=0
D/GpsLocationProvider( 1389): LPP_PROFILE=3
D/GpsLocationProvider( 1389): USE_EMERGENCY_PDN_FOR_EMERGENCY_SUPL=1
D/GpsLocationProvider( 1389): NTP_SERVER=time.gpsonextra.net
D/GpsLocationProvider( 1389): SUPL_MODE=1
E/qdhwcomposer( 1212): isValidDimension: layer handle is NULL
E/qdhwcomposer( 1212): isValidDimension: layer handle is NULL
E/qdhwcomposer( 1212): isValidDimension: layer handle is NULL
E/qdhwcomposer( 1212): isValidDimension: layer handle is NULL
E/OMXMaster( 3446): A component of name 'OMX.qcom.audio.decoder.aac' already exists, ignoring this one.
D/Utils ( 3446): printFileName fd(7) -> /system/media/audio/ui/Effect_Tick.ogg
E/qdhwcomposer( 1212): isValidDimension: layer handle is NULL
E/qdhwcomposer( 1212): isValidDimension: layer handle is NULL
W/ServiceWatcher( 1389): com.google.android.gms not found
W/ServiceWatcher( 1389): com.google.android.gms not found
W/LocationManagerService( 1389): no network location provider found
W/ServiceWatcher( 1389): com.qualcomm.location not found
E/LocationManagerService( 1389): no fused location provider found
E/LocationManagerService( 1389): java.lang.IllegalStateException: Location service needs a fused location provider
E/LocationManagerService( 1389): at com.android.server.LocationManagerService.loadProvidersLocked(LocationManagerService.java:504)
E/LocationManagerService( 1389): at com.android.server.LocationManagerService.systemRunning(LocationManagerService.java:295)
E/LocationManagerService( 1389): at com.android.server.SystemServer$2.run(SystemServer.java:1208)
E/LocationManagerService( 1389): at com.android.server.am.ActivityManagerService.systemReady(ActivityManagerService.java:11334)
E/LocationManagerService( 1389): at com.android.server.SystemServer.startOtherServices(SystemServer.java:1134)
E/LocationManagerService( 1389): at com.android.server.SystemServer.run(SystemServer.java:265)
E/LocationManagerService( 1389): at com.android.server.SystemServer.main(SystemServer.java:179)
E/LocationManagerService( 1389): at java.lang.reflect.Method.invoke(Native Method)
E/LocationManagerService( 1389): at java.lang.reflect.Method.invoke(Method.java:372)
E/LocationManagerService( 1389): at com.android.internal.os.ZygoteInit$MethodAndArgsCaller.run(ZygoteInit.java:904)
E/LocationManagerService( 1389): at com.android.internal.os.ZygoteInit.main(ZygoteInit.java:699)
W/ServiceWatcher( 1389): com.google.android.gms not found
E/LocationManagerService( 1389): no geocoder provider found
E/FlpHardwareProvider( 1389): Error hw_get_module 'flp': sfdroid disabled
E/LocationManagerService( 1389): FLP HAL not supported
E/qdhwcomposer( 1212): isValidDimension: layer handle is NULL
E/qdhwcomposer( 1212): isValidDimension: layer handle is NULL
W/ServiceWatcher( 1389): com.google.android.gms not found
E/qdhwcomposer( 1212): isValidDimension: layer handle is NULL
E/qdhwcomposer( 1212): isValidDimension: layer handle is NULL
E/LocationManagerService( 1389): Unable to bind FLP Geofence proxy.
E/libprocessgroup( 3538): failed to open /acct/uid_10039/pid_3538/cgroup.procs: No such file or directory
E/Zygote ( 3538): createProcessGroup(10039, 0) failed: No such file or directory
E/Sensors ( 998): sns_acm_mr.c(432):Transport error -45
V/SystemUIService( 3516): Starting SystemUI services.
W/ServiceWatcher( 1389): com.google.android.gms not found
E/ActivityRecognitionProxy( 1389): ServiceWatcher could not start.
E/LocationManagerService( 1389): Unable to bind ActivityRecognitionProxy.
E/qdhwcomposer( 1212): isValidDimension: layer handle is NULL
E/qdhwcomposer( 1212): isValidDimension: layer handle is NULL
E/WifiStateMachine( 1389): wifi info recent enough
E/WifiStateMachine( 1389): wifi info recent enough
I/CommonTimeManagementService( 1389): No common time service detected on this platform. Common time services will be unavailable.
I/InputReader( 1389): Reconfiguring input devices. changes=0x00000020
E/qdhwcomposer( 1212): isValidDimension: layer handle is NULL
E/qdhwcomposer( 1212): isValidDimension: layer handle is NULL
I/MmsServiceBroker( 1389): systemRunning
W/VoiceInteractionManagerService( 1389): no available voice interaction services found for user 0
W/VoiceInteractionManagerService( 1389): no available voice recognition services found for user 0
I/InputReader( 1389): Reconfiguring input devices. changes=0x00000010
D/ExtendedUtils( 3446): extended extractor not needed, return default
E/WifiStateMachine( 1389): wifi info recent enough
D/AudioPolicyManager( 3446): isOffloadSupported: stream_type != MUSIC, returning false
I/art ( 3498): System.exit called, status: 0
I/AndroidRuntime( 3498): VM exiting with result code 0, cleanup skipped.
E/qdhwcomposer( 1212): isValidDimension: layer handle is NULL
E/qdhwcomposer( 1212): isValidDimension: layer handle is NULL
E/NetlinkListener( 1620): recvmsg failed (I/O error)
E/NetlinkListener( 696): recvmsg failed (I/O error)
E/qdhwcomposer( 1212): isValidDimension: layer handle is NULL
E/qdhwcomposer( 1212): isValidDimension: layer handle is NULL
I/art ( 1389): Background sticky concurrent mark sweep GC freed 38193(3MB) AllocSpace objects, 2(32KB) LOS objects, 34% free, 5MB/8MB, paused 10.970ms total 89.469ms
E/libprocessgroup( 3577): failed to open /acct/uid_1000/pid_3577/cgroup.procs: No such file or directory
E/Zygote ( 3577): createProcessGroup(1000, 0) failed: No such file or directory
I/ActivityManager( 1389): Start proc 3577:com.android.server.telecom/1000 for added application com.android.server.telecom
E/qdhwcomposer( 1212): isValidDimension: layer handle is NULL
E/qdhwcomposer( 1212): isValidDimension: layer handle is NULL
W/AlarmManager( 1389): Not setting time since no alarm driver is available.
E/qdhwcomposer( 1212): isValidDimension: layer handle is NULL
E/qdhwcomposer( 1212): isValidDimension: layer handle is NULL
E/libprocessgroup( 3613): failed to open /acct/uid_1001/pid_3613/cgroup.procs: No such file or directory
E/Zygote ( 3613): createProcessGroup(1001, 0) failed: No such file or directory
I/ActivityManager( 1389): Start proc 3613:com.android.phone/1001 for added application com.android.phone
I/ActivityManager( 1389): START u0 {act=android.intent.action.MAIN cat=[android.intent.category.HOME] flg=0x10000000 cmp=com.fairphone.setupwizard/.ui.SetupWizardActivity} from uid 0 on display 0
E/QC_EVRCENC( 3446): component init: role = OMX.qcom.audio.encoder.evrc
I/QC_EVRCENC( 3446): component init: role = OMX.qcom.audio.encoder.evrc
I/QC_EVRCENC( 3446):
I/QC_EVRCENC( 3446): component_init: Component OMX.qcom.audio.encoder.evrc LOADED
V/WindowManager( 1389): addAppToken: AppWindowToken{2f400024 token=Token{32dcc0b7 ActivityRecord{18b6abb6 u0 com.fairphone.setupwizard/.ui.SetupWizardActivity t1}}} to stack=0 task=1 at 0
E/qdhwcomposer( 1212): isValidDimension: layer handle is NULL
E/qdhwcomposer( 1212): isValidDimension: layer handle is NULL
I/QC_EVRCENC( 3446): Driver in Non Tunnel mode open
I/QC_EVRCENC( 3446): Returning the state 1
I/QC_EVRCENC( 3446): Returning the state 1
I/QC_EVRCENC( 3446): Component-deinit being processed
I/QC_EVRCENC( 3446): ********************************
I/QC_EVRCENC( 3446): STATS: in-buf-len[0]out-buf-len[0] tot-pb-time[0]
I/QC_EVRCENC( 3446): STATS: fbd-cnt[0]ftb-cnt[0]etb-cnt[0]ebd-cnt[0]
I/QC_EVRCENC( 3446): ************************************
I/QC_EVRCENC( 3446): DEINIT COMPLETED
I/QC_EVRCENC( 3446): ************************************
E/QC_EVRCENC( 3446): component_deinit:COMPONENT DEINIT...
E/QC_EVRCENC( 3446): EVRC Object getting destroyed comp-deinit=1
E/QC_EVRCENC( 3446): OMX EVRC component destroyed
E/QC_QCELP13ENC( 3446): component init: role = OMX.qcom.audio.encoder.qcelp13
I/QC_QCELP13ENC( 3446): component init: role = OMX.qcom.audio.encoder.qcelp13
I/QC_QCELP13ENC( 3446):
I/QC_QCELP13ENC( 3446): component_init: Component OMX.qcom.audio.encoder.qcelp13 LOADED
I/QC_QCELP13ENC( 3446): Driver in Non Tunnel mode open
I/QC_QCELP13ENC( 3446): Returning the state 1
I/QC_QCELP13ENC( 3446): Returning the state 1
I/QC_QCELP13ENC( 3446): Component-deinit being processed
I/QC_QCELP13ENC( 3446): ********************************
I/QC_QCELP13ENC( 3446): STATS: in-buf-len[0]out-buf-len[0] tot-pb-time[0]
I/QC_QCELP13ENC( 3446): STATS: fbd-cnt[0]ftb-cnt[0]etb-cnt[0]ebd-cnt[0]
I/QC_QCELP13ENC( 3446): ************************************
I/QC_QCELP13ENC( 3446): DEINIT COMPLETED
I/QC_QCELP13ENC( 3446): ************************************
E/QC_QCELP13ENC( 3446): component_deinit:COMPONENT DEINIT...
E/QC_QCELP13ENC( 3446): QCELP13 Object getting destroyed comp-deinit=1
E/QC_QCELP13ENC( 3446): OMX QCELP13 component destroyed
E/qdhwcomposer( 1212): isValidDimension: layer handle is NULL
E/qdhwcomposer( 1212): isValidDimension: layer handle is NULL
E/NetlinkListener( 1620): recvmsg failed (I/O error)
E/NetlinkListener( 696): recvmsg failed (I/O error)
E/libprocessgroup( 3644): failed to open /acct/uid_1000/pid_3644/cgroup.procs: No such file or directory
E/Zygote ( 3644): createProcessGroup(1000, 0) failed: No such file or directory
E/NetlinkListener( 1620): recvmsg failed (I/O error)
E/NetlinkListener( 696): recvmsg failed (I/O error)
I/ActivityManager( 1389): Start proc 3644:com.fairphone.setupwizard/1000 for activity com.fairphone.setupwizard/.ui.SetupWizardActivity
I/SystemServer( 1389): Enabled StrictMode for system server main thread.
V/ActivityManager( 1389): Display changed displayId=0
V/ActivityManager( 1389): Display changed displayId=0
D/Tethering( 1389): MasterInitialState.processMessage what=3
E/WifiStateMachine( 1389): wifi info recent enough
E/WifiStateMachine( 1389): wifi info recent enough
E/WifiStateMachine( 1389): wifi info recent enough
E/WifiStateMachine( 1389): wifi info recent enough
E/WifiStateMachine( 1389): wifi info recent enough
E/WifiStateMachine( 1389): wifi info recent enough
D/WifiScanningService( 1389): SCAN_AVAILABLE : 1
D/RttService( 1389): SCAN_AVAILABLE : 1
E/qdhwcomposer( 1212): isValidDimension: layer handle is NULL
E/qdhwcomposer( 1212): isValidDimension: layer handle is NULL
D/WifiScanningService( 1389): DefaultState got{ when=0 what=160007 target=com.android.internal.util.StateMachine$SmHandler }
D/RttService( 1389): DefaultState got{ when=-1ms what=160513 target=com.android.internal.util.StateMachine$SmHandler }
E/SurfaceFlinger( 697): Permission Denial: can't access SurfaceFlinger pid=1389, uid=1000
E/SurfaceFlinger( 697): Permission Denial: can't access SurfaceFlinger pid=1389, uid=1000
E/qdhwcomposer( 1212): isValidDimension: layer handle is NULL
E/qdhwcomposer( 1212): isValidDimension: layer handle is NULL
E/NetlinkListener( 1620): recvmsg failed (I/O error)
E/NetlinkListener( 696): recvmsg failed (I/O error)
E/qdhwcomposer( 1212): isValidDimension: layer handle is NULL
E/qdhwcomposer( 1212): isValidDimension: layer handle is NULL
F/WindowAnimator( 1389): Unhandled exception in Window Manager
F/WindowAnimator( 1389): java.lang.NullPointerException: Attempt to invoke virtual method 'void android.view.SurfaceControl.setLayer(int)' on a null object reference
F/WindowAnimator( 1389): at com.android.server.wm.FocusedStackFrame.setLayer(FocusedStackFrame.java:140)
F/WindowAnimator( 1389): at com.android.server.wm.WindowManagerService.setFocusedStackLayer(WindowManagerService.java:3985)
F/WindowAnimator( 1389): at com.android.server.wm.WindowAnimator.animateLocked(WindowAnimator.java:708)
F/WindowAnimator( 1389): at com.android.server.wm.WindowAnimator.access$000(WindowAnimator.java:54)
F/WindowAnimator( 1389): at com.android.server.wm.WindowAnimator$1.run(WindowAnimator.java:126)
F/WindowAnimator( 1389): at android.view.Choreographer$CallbackRecord.run(Choreographer.java:767)
F/WindowAnimator( 1389): at android.view.Choreographer.doCallbacks(Choreographer.java:580)
F/WindowAnimator( 1389): at android.view.Choreographer.doFrame(Choreographer.java:549)
F/WindowAnimator( 1389): at android.view.Choreographer$FrameDisplayEventReceiver.run(Choreographer.java:753)
F/WindowAnimator( 1389): at android.os.Handler.handleCallback(Handler.java:739)
F/WindowAnimator( 1389): at android.os.Handler.dispatchMessage(Handler.java:95)
F/WindowAnimator( 1389): at android.os.Looper.loop(Looper.java:135)
F/WindowAnimator( 1389): at android.os.HandlerThread.run(HandlerThread.java:61)
F/WindowAnimator( 1389): at com.android.server.ServiceThread.run(ServiceThread.java:46)
E/NetlinkListener( 1620): recvmsg failed (I/O error)
E/NetlinkListener( 696): recvmsg failed (I/O error)
E/SurfaceFlinger( 697): Permission Denial: can't access SurfaceFlinger pid=1389, uid=1000
E/NetlinkListener( 1620): recvmsg failed (I/O error)
E/NetlinkListener( 696): recvmsg failed (I/O error)
E/NetlinkListener( 1620): recvmsg failed (I/O error)
E/NetlinkListener( 696): recvmsg failed (I/O error)
E/NetlinkListener( 1620): recvmsg failed (I/O error)
E/qdhwcomposer( 1212): isValidDimension: layer handle is NULL
E/qdhwcomposer( 1212): isValidDimension: layer handle is NULL
E/NetlinkListener( 696): recvmsg failed (I/O error)
E/NetlinkListener( 1620): recvmsg failed (I/O error)
E/NetlinkListener( 696): recvmsg failed (I/O error)
E/libprocessgroup( 3663): failed to open /acct/uid_10050/pid_3663/cgroup.procs: No such file or directory
E/Zygote ( 3663): createProcessGroup(10050, 0) failed: No such file or directory
E/qdhwcomposer( 1212): isValidDimension: layer handle is NULL
E/qdhwcomposer( 1212): isValidDimension: layer handle is NULL
I/ActivityManager( 1389): Start proc 3663:com.android.printspooler/u0a50 for service com.android.printspooler/.model.PrintSpoolerService
F/WindowManager( 1389): Unhandled exception in Window Manager
F/WindowManager( 1389): java.lang.IllegalArgumentException: displayToken must not be null
F/WindowManager( 1389): at android.view.SurfaceControl.setDisplayProjection(SurfaceControl.java:573)
F/WindowManager( 1389): at com.android.server.display.DisplayDevice.setProjectionInTransactionLocked(DisplayDevice.java:173)
F/WindowManager( 1389): at com.android.server.display.LogicalDisplay.configureDisplayInTransactionLocked(LogicalDisplay.java:316)
F/WindowManager( 1389): at com.android.server.display.DisplayManagerService.configureDisplayInTransactionLocked(DisplayManagerService.java:884)
F/WindowManager( 1389): at com.android.server.display.DisplayManagerService.performTraversalInTransactionLocked(DisplayManagerService.java:806)
F/WindowManager( 1389): at com.android.server.display.DisplayManagerService.performTraversalInTransactionFromWindowManagerInternal(DisplayManagerService.java:317)
F/WindowManager( 1389): at com.android.server.display.DisplayManagerService.access$4200(DisplayManagerService.java:112)
F/WindowManager( 1389): at com.android.server.display.DisplayManagerService$LocalService.performTraversalInTransactionFromWindowManager(DisplayManagerService.java:1539)
F/WindowManager( 1389): at com.android.server.wm.WindowManagerService.performLayoutAndPlaceSurfacesLockedInner(WindowManagerService.java:9960)
F/WindowManager( 1389): at com.android.server.wm.WindowManagerService.performLayoutAndPlaceSurfacesLockedLoop(WindowManagerService.java:8828)
F/WindowManager( 1389): at com.android.server.wm.WindowManagerService.performLayoutAndPlaceSurfacesLocked(WindowManagerService.java:8770)
F/WindowManager( 1389): at com.android.server.wm.WindowManagerService.access$400(WindowManagerService.java:163)
F/WindowManager( 1389): at com.android.server.wm.WindowManagerService$H.handleMessage(WindowManagerService.java:7736)
F/WindowManager( 1389): at android.os.Handler.dispatchMessage(Handler.java:102)
F/WindowManager( 1389): at android.os.Looper.loop(Looper.java:135)
F/WindowManager( 1389): at android.os.HandlerThread.run(HandlerThread.java:61)
F/WindowManager( 1389): at com.android.server.ServiceThread.run(ServiceThread.java:46)
E/SurfaceFlinger( 697): Permission Denial: can't access SurfaceFlinger pid=1389, uid=1000
E/SurfaceFlinger( 697): Permission Denial: can't access SurfaceFlinger pid=1389, uid=1000
E/SurfaceFlinger( 697): Permission Denial: can't access SurfaceFlinger pid=1389, uid=1000
E/SurfaceFlinger( 697): Permission Denial: can't access SurfaceFlinger pid=1389, uid=1000
E/SurfaceFlinger( 697): Permission Denial: can't access SurfaceFlinger pid=1389, uid=1000
E/SurfaceFlinger( 697): Permission Denial: can't access SurfaceFlinger pid=1389, uid=1000
E/qdhwcomposer( 1212): isValidDimension: layer handle is NULL
E/qdhwcomposer( 1212): isValidDimension: layer handle is NULL
V/ActivityManager( 1389): Display changed displayId=0
W/WindowStateAnimator( 1389): OutOfResourcesException creating surface
I/WindowManager( 1389): Out of memory for surface! Looking for leaks...
W/WindowManager( 1389): No leaked surfaces; killing applicatons!
W/WindowManager( 1389): Due to memory failure, waiting a bit for next layout
V/FingerprintService( 1389): startListening(android.service.fingerprint.IFingerprintServiceReceiver$Stub$Proxy@30339cf9)
E/OMX-VENC-720p( 3446): Invalid entry returned from get_supported_profile_level 2130706433, 65536
W/ACodec ( 3446): do not know color format 0x7fa30c04 = 2141391876
W/ACodec ( 3446): do not know color format 0x7f000789 = 2130708361
E/qdhwcomposer( 1212): isValidDimension: layer handle is NULL
E/qdhwcomposer( 1212): isValidDimension: layer handle is NULL
E/OMX-VENC-720p( 3446): get_parameter: OMX_IndexParamVideoProfileLevelQuerySupported nProfileIndex ret NoMore 2
E/OMX-VENC-720p( 3446): Invalid entry returned from get_supported_profile_level 32768, 128
W/ACodec ( 3446): do not know color format 0x7fa30c04 = 2141391876
W/ACodec ( 3446): do not know color format 0x7f000789 = 2130708361
E/OMX-VENC-720p( 3446): get_parameter: OMX_IndexParamVideoProfileLevelQuerySupported nProfileIndex ret NoMore 1
E/OMX-VENC-720p( 3446): Invalid entry returned from get_supported_profile_level 1, 128
W/ACodec ( 3446): do not know color format 0x7fa30c04 = 2141391876
W/ACodec ( 3446): do not know color format 0x7f000789 = 2130708361
E/qdhwcomposer( 1212): isValidDimension: layer handle is NULL
E/qdhwcomposer( 1212): isValidDimension: layer handle is NULL
D/Utils ( 3446): printFileName fd(14) -> /system/media/audio/ui/Lock.ogg
E/OMX-VENC-720p( 3446): Invalid entry returned from get_supported_profile_level 1, 2
W/ACodec ( 3446): do not know color format 0x7fa30c04 = 2141391876
W/ACodec ( 3446): do not know color format 0x7f000789 = 2130708361
I/LatinIME( 3538): Hardware accelerated drawing: true
E/QC_WMADEC( 3446): component init: role = OMX.qcom.audio.decoder.wma
D/ExtendedUtils( 3446): extended extractor not needed, return default
D/AudioPolicyManager( 3446): isOffloadSupported: stream_type != MUSIC, returning false
E/qdhwcomposer( 1212): isValidDimension: layer handle is NULL
E/qdhwcomposer( 1212): isValidDimension: layer handle is NULL
E/QC_WMADEC( 3446): INPUT_THREAD:message pipe read n=0xffffffff err=0x 9
E/QC_WMADEC( 3446): COMPONENT DEINIT...
E/QC_WMADEC( 3446): OMX WMA component destroyed
E/QC_WMADEC( 3446): component init: role = OMX.qcom.audio.decoder.wmaLossLess
I/PrintSpoolerService( 3663): No existing print spooler state.
E/QC_WMADEC( 3446): INPUT_THREAD:message pipe read n=0xffffffff err=0x 9
E/QC_WMADEC( 3446): COMPONENT DEINIT...
E/QC_WMADEC( 3446): OMX WMA component destroyed
E/QC_WMADEC( 3446): component init: role = OMX.qcom.audio.decoder.wma10Pro
E/qdhwcomposer( 1212): isValidDimension: layer handle is NULL
E/qdhwcomposer( 1212): isValidDimension: layer handle is NULL
E/QC_WMADEC( 3446): COMPONENT DEINIT...
E/QC_WMADEC( 3446): OMX WMA component destroyed
E/qdhwcomposer( 1212): isValidDimension: layer handle is NULL
E/qdhwcomposer( 1212): isValidDimension: layer handle is NULL
E/WifiStateMachine( 1389): handleMessage: E msg.what=131223
E/WifiStateMachine( 1389): processMsg: ConnectedState
I/OMX_QCELP13_DEC( 3446): Enabling Non-Tunnel mode
I/OMX_QCELP13_DEC( 3446): MIME type: aud
I/OMX_QCELP13_DEC( 3446): component init: role = OMX.qcom.audio.decoder.Qcelp13
I/OMX_QCELP13_DEC( 3446):
I/OMX_QCELP13_DEC( 3446): component_init: Component OMX.qcom.audio.decoder.Qcelp13 LOADED
I/OMX_QCELP13_DEC( 3446): Created thread for INP
I/OMX_QCELP13_DEC( 3446): Created thread for CMD
I/OMX_QCELP13_DEC( 3446): omx_Qcelp13_thread_stop stop server
I/OMX_QCELP13_DEC( 3446): omx_Qcelp13_thread_stop stop server
V/PhoneApp( 3613): onCreate()...
E/dbus_Helpers( 1389): unhandled: name: MaxRate type: u
E/dbus_Helpers( 1389): unhandled: name: Frequency type: q
E/OMX_EVRC_DEC( 3446): COMPONENT INIT OMX.qcom.audio.decoder.evrc
E/OMX_EVRC_DEC( 3446): COMPONENT DEINIT
E/WifiStateMachine( 1389): setDetailed state, old =IDLE and new state=CONNECTED hidden=false
E/WifiStateMachine( 1389): wifi info recent enough
E/WifiStateMachine( 1389): handleMessage: X
E/qdhwcomposer( 1212): isValidDimension: layer handle is NULL
E/qdhwcomposer( 1212): isValidDimension: layer handle is NULL
E/OMXNodeInstance( 3446): getParameter(1b:qcom.decoder.avc, ??(0x7f000044)) ERROR: UnsupportedSetting(0x80001019)
E/OMXNodeInstance( 3446): getParameter(1b:qcom.decoder.avc, ??(0x7f000044)) ERROR: UnsupportedSetting(0x80001019)
E/ ( 3446): Destroy C2D instance
E/ ( 3446): Destroy C2D instance
E/OMXNodeInstance( 3446): getParameter(1c:qcom.decoder.avc.secure, ??(0x7f000044)) ERROR: UnsupportedSetting(0x80001019)
E/OMXNodeInstance( 3446): getParameter(1c:qcom.decoder.avc.secure, ??(0x7f000044)) ERROR: UnsupportedSetting(0x80001019)
E/ ( 3446): Destroy C2D instance
E/ ( 3446): Destroy C2D instance
E/qdhwcomposer( 1212): isValidDimension: layer handle is NULL
E/qdhwcomposer( 1212): isValidDimension: layer handle is NULL
E/OMXNodeInstance( 3446): getParameter(1d:qcom.decoder.mpeg2, ??(0x7f000044)) ERROR: UnsupportedSetting(0x80001019)
E/OMXNodeInstance( 3446): getParameter(1d:qcom.decoder.mpeg2, ??(0x7f000044)) ERROR: UnsupportedSetting(0x80001019)
E/ ( 3446): Destroy C2D instance
E/ ( 3446): Destroy C2D instance
E/OMXNodeInstance( 3446): getParameter(1e:qcom.decoder.mpeg2.secure, ??(0x7f000044)) ERROR: UnsupportedSetting(0x80001019)
E/OMXNodeInstance( 3446): getParameter(1e:qcom.decoder.mpeg2.secure, ??(0x7f000044)) ERROR: UnsupportedSetting(0x80001019)
E/ ( 3446): Destroy C2D instance
E/ ( 3446): Destroy C2D instance
E/OMXNodeInstance( 3446): getParameter(1f:qcom.decoder.mpeg4, ??(0x7f000044)) ERROR: UnsupportedSetting(0x80001019)
E/OMXNodeInstance( 3446): getParameter(1f:qcom.decoder.mpeg4, ??(0x7f000044)) ERROR: UnsupportedSetting(0x80001019)
E/qdhwcomposer( 1212): isValidDimension: layer handle is NULL
E/qdhwcomposer( 1212): isValidDimension: layer handle is NULL
E/ ( 3446): Destroy C2D instance
E/ ( 3446): Destroy C2D instance
E/OMXNodeInstance( 3446): getParameter(20:qcom.decoder.h263, ??(0x7f000044)) ERROR: UnsupportedSetting(0x80001019)
E/OMXNodeInstance( 3446): getParameter(20:qcom.decoder.h263, ??(0x7f000044)) ERROR: UnsupportedSetting(0x80001019)
E/ ( 3446): Destroy C2D instance
E/ ( 3446): Destroy C2D instance
E/OMX-VDEC-1080P( 3446): get_parameter: OMX_IndexParamVideoProfileLevelQuerySupported ret NoMore for codec: OMX.qcom.video.decoder.vc1
E/OMXNodeInstance( 3446): getParameter(21:qcom.decoder.vc1, ??(0x7f000044)) ERROR: UnsupportedSetting(0x80001019)
E/OMXNodeInstance( 3446): getParameter(21:qcom.decoder.vc1, ??(0x7f000044)) ERROR: UnsupportedSetting(0x80001019)
E/ ( 3446): Destroy C2D instance
E/ ( 3446): Destroy C2D instance
E/OMX-VDEC-1080P( 3446): DIVX 5/6 Decoder selected
E/qdhwcomposer( 1212): isValidDimension: layer handle is NULL
E/qdhwcomposer( 1212): isValidDimension: layer handle is NULL
E/OMX-VDEC-1080P( 3446): get_parameter: OMX_IndexParamVideoProfileLevelQuerySupported ret NoMore for codec: OMX.qcom.video.decoder.divx
E/OMXNodeInstance( 3446): getParameter(22:qcom.decoder.divx, ??(0x7f000044)) ERROR: UnsupportedSetting(0x80001019)
E/OMXNodeInstance( 3446): getParameter(22:qcom.decoder.divx, ??(0x7f000044)) ERROR: UnsupportedSetting(0x80001019)
E/ ( 3446): Destroy C2D instance
E/ ( 3446): Destroy C2D instance
E/OMX-VDEC-1080P( 3446): get_parameter: OMX_IndexParamVideoProfileLevelQuerySupported ret NoMore for codec: OMX.qcom.video.decoder.divx311
E/OMXNodeInstance( 3446): getParameter(23:qcom.decoder.divx311, ??(0x7f000044)) ERROR: UnsupportedSetting(0x80001019)
E/OMXNodeInstance( 3446): getParameter(23:qcom.decoder.divx311, ??(0x7f000044)) ERROR: UnsupportedSetting(0x80001019)
E/ ( 3446): Destroy C2D instance
E/ ( 3446): Destroy C2D instance
E/qdhwcomposer( 1212): isValidDimension: layer handle is NULL
E/qdhwcomposer( 1212): isValidDimension: layer handle is NULL
E/OMX-VDEC-1080P( 3446): DIVX 4 Decoder selected
E/OMX-VDEC-1080P( 3446): get_parameter: OMX_IndexParamVideoProfileLevelQuerySupported ret NoMore for codec: OMX.qcom.video.decoder.divx4
E/OMXNodeInstance( 3446): getParameter(24:qcom.decoder.divx4, ??(0x7f000044)) ERROR: UnsupportedSetting(0x80001019)
E/OMXNodeInstance( 3446): getParameter(24:qcom.decoder.divx4, ??(0x7f000044)) ERROR: UnsupportedSetting(0x80001019)
E/ ( 3446): Destroy C2D instance
E/ ( 3446): Destroy C2D instance
E/OMXNodeInstance( 3446): getParameter(25:qcom.decoder.vp8, ??(0x7f000044)) ERROR: UnsupportedSetting(0x80001019)
E/OMXNodeInstance( 3446): getParameter(25:qcom.decoder.vp8, ??(0x7f000044)) ERROR: UnsupportedSetting(0x80001019)
E/ ( 3446): Destroy C2D instance
E/ ( 3446): Destroy C2D instance
E/qdhwcomposer( 1212): isValidDimension: layer handle is NULL
E/qdhwcomposer( 1212): isValidDimension: layer handle is NULL
E/OMX-VDEC-1080P( 3446): Full DSP mode
E/OMX-VDEC-1080P( 3446): NOTE: enable_extradata: actual[0] requested[20000] enable[1], is_internal: 1 swvdec mode -1
E/OMXNodeInstance( 3446): getParameter(26:qcom.decoder.hevc, ??(0x7f000044)) ERROR: UnsupportedSetting(0x80001019)
E/OMXNodeInstance( 3446): setParameter(26:qcom.decoder.hevc, OMX.google.android.index.storeMetaDataInBuffers(0x7f00001c): Output:1 en=1 GB=0) ERROR: UnsupportedSetting(0x80001019)
E/OMXNodeInstance( 3446): setParameter(26:qcom.decoder.hevc, OMX.google.android.index.prepareForAdaptivePlayback(0x7f00002e): Output:1 en=1 max=1280x720) ERROR: UnsupportedSetting(0x80001019)
E/ ( 3446): Destroy C2D instance
E/ ( 3446): Destroy C2D instance
E/qdhwcomposer( 1212): isValidDimension: layer handle is NULL
E/qdhwcomposer( 1212): isValidDimension: layer handle is NULL
E/MM_OSAL ( 3446): CSwVdecComponent::Creating Thread
E/MM_OSAL ( 3446): MM_Thread_CreateEx::set thread Prio to 2
E/MM_OSAL ( 3446): MM_Thread_CreateEx::thread 0xb50aaa80 created with stack 1040384 bytes
E/MM_OSAL ( 3446): CSwVdecComponent::Creating Thread
E/MM_OSAL ( 3446): MM_Thread_CreateEx::set thread Prio to 3
E/MM_OSAL ( 3446): MM_Thread_CreateEx::thread 0xb50aa580 created with stack 1040384 bytes
E/MM_OSAL ( 3446): HEVC::Codec Creation Done ...
E/MM_OSAL ( 3446): CSwVdecHevcComponent:: STATE CHANGE -> LOADED
E/MM_OSAL ( 3446): MM_Thread_CreateEx::set thread Prio to 1
E/MM_OSAL ( 3446): MM_Thread_CreateEx::thread 0xb50ab480 created with stack 1040384 bytes
E/MM_OSAL ( 3446): Helper thread 0 created...
E/MM_OSAL ( 3446): MM_Thread_CreateEx::set thread Prio to 1
E/MM_OSAL ( 3446): MM_Thread_CreateEx::thread 0xb50ab700 created with stack 1040384 bytes
E/MM_OSAL ( 3446): Helper thread 1 created...
E/MM_OSAL ( 3446): MM_Thread_CreateEx::set thread Prio to 1
E/MM_OSAL ( 3446): MM_Thread_CreateEx::thread 0xb50aaf80 created with stack 1040384 bytes
E/MM_OSAL ( 3446): Helper thread 2 created...
E/MM_OSAL ( 3446): CSwVdecHevcComponent:: STATE CHANGE -> LOADED
E/MM_OSAL ( 3446): SwVdec_Init - Initializing H.265 Decoder
E/MM_OSAL ( 3446): CSwVdecComponent::SetFormatPlane - Error Unsupported color format
E/MM_OSAL ( 3446): HEVCD_SetResolution: nCurrSeqMaxDecPicBuffering 0
E/MM_OSAL ( 3446): HEVCD_SetResolution: Setting the Max Buf count to 9
E/MM_OSAL ( 3446): Color Format: 3
E/MM_OSAL ( 3446): Color Format Requested: 3 Has: 3
E/MM_OSAL ( 3446): FRAME ATTRIBUTE:: Width: 320
E/MM_OSAL ( 3446): FRAME ATTRIBUTE:: Height: 240
E/MM_OSAL ( 3446): FRAME ATTRIBUTE:: Luma Stride: 384
E/MM_OSAL ( 3446): FRAME ATTRIBUTE:: Chroma Offset: 98304
E/MM_OSAL ( 3446): FRAME ATTRIBUTE:: Chroma Stride: 384
E/OMX-VDEC-1080P( 3446): NOTE: enable_extradata: actual[0] requested[20000] enable[1], is_internal: 1 swvdec mode 2
E/MM_OSAL ( 3446): HEVCD_GetOutputBufParam pDecCtx->sCurrentCfg.nPicBufCount = 10
E/OMXNodeInstance( 3446): getParameter(27:qcom.decoder.hevchybrid, ??(0x7f000044)) ERROR: UnsupportedSetting(0x80001019)
E/OMXNodeInstance( 3446): setParameter(27:qcom.decoder.hevchybrid, OMX.google.android.index.storeMetaDataInBuffers(0x7f00001c): Output:1 en=1 GB=0) ERROR: UnsupportedSetting(0x80001019)
E/OMXNodeInstance( 3446): setParameter(27:qcom.decoder.hevchybrid, OMX.google.android.index.prepareForAdaptivePlayback(0x7f00002e): Output:1 en=1 max=1280x720) ERROR: UnsupportedSetting(0x80001019)
E/MM_OSAL ( 3446): HEVCD Release done
E/MM_OSAL ( 3446): =================================
E/MM_OSAL ( 3446): Codec Destroy Done!!! Good Bye...
E/MM_OSAL ( 3446): =================================
E/MM_OSAL ( 3446): HEVCD Destroy done
E/MM_OSAL ( 3446): ============================================================
E/MM_OSAL ( 3446): Number of Helper Threads Used = 3
E/MM_OSAL ( 3446): Number of Helper Job Size = 1
E/MM_OSAL ( 3446): Number of Helper Priority = 1
E/MM_OSAL ( 3446): ============================================================
E/MM_OSAL ( 3446): Batch Server Release done
E/MM_OSAL ( 3446): CSwVdecComponent::Destroying Thread
E/MM_OSAL ( 3446): Exit the worker thread
E/MM_OSAL ( 3446): CSwVdecComponent::Destroying Thread
E/MM_OSAL ( 3446): Exit the Event Dispatcher thread
E/ ( 3446): Destroy C2D instance
E/ ( 3446): Destroy C2D instance
E/qdhwcomposer( 1212): isValidDimension: layer handle is NULL
E/qdhwcomposer( 1212): isValidDimension: layer handle is NULL
W/OMXNodeInstance( 3446): [28:google.mpeg4.decoder] component does not support metadata mode; using fallback
W/OMXNodeInstance( 3446): [29:google.mpeg4.decoder] component does not support metadata mode; using fallback
W/MediaCodecList( 3446): ignoring Limit specified outside of a Type
W/MediaCodecList( 3446): ignoring Limit specified outside of a Type
W/MediaCodecList( 3446): ignoring Limit specified outside of a Type
W/MediaCodecList( 3446): ignoring Limit specified outside of a Type
W/MediaCodecList( 3446): ignoring Limit specified outside of a Type
W/MediaCodecList( 3446): ignoring Feature specified outside of a Type
W/OMXNodeInstance( 3446): [2a:google.h263.decoder] component does not support metadata mode; using fallback
D/TelephonyProvider( 3613): dbh.onCreate:+ db=SQLiteDatabase: /data/data/com.android.providers.telephony/databases/telephony.db
D/TelephonyProvider( 3613): dbh.createSimInfoTable:+
W/OMXNodeInstance( 3446): [2b:google.h264.decoder] component does not support metadata mode; using fallback
D/TelephonyProvider( 3613): dbh.createSimInfoTable:-
D/TelephonyProvider( 3613): dbh.createCarriersTable:+
D/TelephonyProvider( 3613): dbh.createCarriersTable:-
D/VolumeUI( 3516): Registering volume controller
D/TelephonyProvider( 3613): No APNs in OEM image = /oem/telephony/apns-conf.xml Load APNs from system image
D/TelephonyProvider( 3613): confFile = /system/etc/apns-conf.xml
D/SoftHEVC( 3446): Number of CPU cores: 4
D/SoftHEVC( 3446): Initializing decoder
E/qdhwcomposer( 1212): isValidDimension: layer handle is NULL
E/qdhwcomposer( 1212): isValidDimension: layer handle is NULL
D/SoftHEVC( 3446): Set number of cores to 4
D/SoftHEVC( 3446): Ittiam decoder version number: @(#)Id:HEVCDEC_production Ver:04.01 Released by ITTIAM Build: Sep 29 2016 @ 19:56:51
W/OMXNodeInstance( 3446): [2c:google.hevc.decoder] component does not support metadata mode; using fallback
D/SoftHEVC( 3446): Freeing codec memory
D/SoftHEVC( 3446): Number of CPU cores: 4
D/SoftHEVC( 3446): Initializing decoder
D/SoftHEVC( 3446): Set number of cores to 4
D/SoftHEVC( 3446): Ittiam decoder version number: @(#)Id:HEVCDEC_production Ver:04.01 Released by ITTIAM Build: Sep 29 2016 @ 19:56:51
D/SoftHEVC( 3446): In SoftHEVC::~SoftHEVC
D/SoftHEVC( 3446): Freeing codec memory
W/OMXNodeInstance( 3446): [2d:google.vp8.decoder] component does not support metadata mode; using fallback
W/OMXNodeInstance( 3446): [2e:google.vp9.decoder] component does not support metadata mode; using fallback
E/qdhwcomposer( 1212): isValidDimension: layer handle is NULL
E/qdhwcomposer( 1212): isValidDimension: layer handle is NULL
E/SurfaceFlinger( 697): Permission Denial: can't access SurfaceFlinger pid=1389, uid=1000
E/SurfaceFlinger( 697): Permission Denial: can't access SurfaceFlinger pid=1389, uid=1000
W/art ( 1389): Long monitor contention event with owner method=int com.android.server.wm.WindowManagerService.relayoutWindow(com.android.server.wm.Session, android.view.IWindow, int, android.view.WindowManager$LayoutParams, int, int, int, int, android.graphics.Rect, android.graphics.Rect, android.graphics.Rect, android.graphics.Rect, android.graphics.Rect, android.content.res.Configuration, android.view.Surface) from WindowManagerService.java:3013 waiters=0 for 252ms
W/art ( 1389): Long monitor contention event with owner method=int com.android.server.wm.WindowManagerService.relayoutWindow(com.android.server.wm.Session, android.view.IWindow, int, android.view.WindowManager$LayoutParams, int, int, int, int, android.graphics.Rect, android.graphics.Rect, android.graphics.Rect, android.graphics.Rect, android.graphics.Rect, android.content.res.Configuration, android.view.Surface) from WindowManagerService.java:3013 waiters=2 for 147ms
I/SoftMPEG4Encoder( 3446): Construct SoftMPEG4Encoder
W/art ( 1389): Long monitor contention event with owner method=int com.android.server.wm.WindowManagerService.relayoutWindow(com.android.server.wm.Session, android.view.IWindow, int, android.view.WindowManager$LayoutParams, int, int, int, int, android.graphics.Rect, android.graphics.Rect, android.graphics.Rect, android.graphics.Rect, android.graphics.Rect, android.content.res.Configuration, android.view.Surface) from WindowManagerService.java:3013 waiters=1 for 217ms
W/ACodec ( 3446): do not know color format 0x7f000789 = 2130708361
F/WindowAnimator( 1389): Unhandled exception in Window Manager
F/WindowAnimator( 1389): java.lang.NullPointerException: Attempt to invoke virtual method 'void android.view.SurfaceControl.setLayer(int)' on a null object reference
F/WindowAnimator( 1389): at com.android.server.wm.FocusedStackFrame.setLayer(FocusedStackFrame.java:140)
F/WindowAnimator( 1389): at com.android.server.wm.WindowManagerService.setFocusedStackLayer(WindowManagerService.java:3985)
F/WindowAnimator( 1389): at com.android.server.wm.WindowAnimator.animateLocked(WindowAnimator.java:708)
F/WindowAnimator( 1389): at com.android.server.wm.WindowAnimator.access$000(WindowAnimator.java:54)
F/WindowAnimator( 1389): at com.android.server.wm.WindowAnimator$1.run(WindowAnimator.java:126)
F/WindowAnimator( 1389): at android.view.Choreographer$CallbackRecord.run(Choreographer.java:767)
F/WindowAnimator( 1389): at android.view.Choreographer.doCallbacks(Choreographer.java:580)
F/WindowAnimator( 1389): at android.view.Choreographer.doFrame(Choreographer.java:549)
F/WindowAnimator( 1389): at android.view.Choreographer$FrameDisplayEventReceiver.run(Choreographer.java:753)
F/WindowAnimator( 1389): at android.os.Handler.handleCallback(Handler.java:739)
F/WindowAnimator( 1389): at android.os.Handler.dispatchMessage(Handler.java:95)
F/WindowAnimator( 1389): at android.os.Looper.loop(Looper.java:135)
F/WindowAnimator( 1389): at android.os.HandlerThread.run(HandlerThread.java:61)
F/WindowAnimator( 1389): at com.android.server.ServiceThread.run(ServiceThread.java:46)
E/SurfaceFlinger( 697): Permission Denial: can't access SurfaceFlinger pid=1389, uid=1000
W/InputMethodManagerService( 1389): Focus gain on non-focused client android.view.inputmethod.InputMethodManager$1@6a18ffd (uid=1000 pid=1389)
E/SurfaceFlinger( 697): Permission Denial: can't access SurfaceFlinger pid=1389, uid=1000
E/SurfaceFlinger( 697): Permission Denial: can't access SurfaceFlinger pid=1389, uid=1000
I/SoftAVCEncoder( 3446): Construct SoftAVCEncoder
W/ACodec ( 3446): do not know color format 0x7f000789 = 2130708361
I/SoftMPEG4Encoder( 3446): Construct SoftMPEG4Encoder
W/ACodec ( 3446): do not know color format 0x7f000789 = 2130708361
E/qdhwcomposer( 1212): isValidDimension: layer handle is NULL
E/qdhwcomposer( 1212): isValidDimension: layer handle is NULL
W/ACodec ( 3446): do not know color format 0x7f000789 = 2130708361
D/Telecom ( 1389): TelecomService: onCreate
F/WindowAnimator( 1389): Unhandled exception in Window Manager
F/WindowAnimator( 1389): java.lang.NullPointerException: Attempt to invoke virtual method 'void android.view.SurfaceControl.setLayer(int)' on a null object reference
F/WindowAnimator( 1389): at com.android.server.wm.FocusedStackFrame.setLayer(FocusedStackFrame.java:140)
F/WindowAnimator( 1389): at com.android.server.wm.WindowManagerService.setFocusedStackLayer(WindowManagerService.java:3985)
F/WindowAnimator( 1389): at com.android.server.wm.WindowAnimator.animateLocked(WindowAnimator.java:708)
F/WindowAnimator( 1389): at com.android.server.wm.WindowAnimator.access$000(WindowAnimator.java:54)
F/WindowAnimator( 1389): at com.android.server.wm.WindowAnimator$1.run(WindowAnimator.java:126)
F/WindowAnimator( 1389): at android.view.Choreographer$CallbackRecord.run(Choreographer.java:767)
F/WindowAnimator( 1389): at android.view.Choreographer.doCallbacks(Choreographer.java:580)
F/WindowAnimator( 1389): at android.view.Choreographer.doFrame(Choreographer.java:549)
F/WindowAnimator( 1389): at android.view.Choreographer$FrameDisplayEventReceiver.run(Choreographer.java:753)
F/WindowAnimator( 1389): at android.os.Handler.handleCallback(Handler.java:739)
F/WindowAnimator( 1389): at android.os.Handler.dispatchMessage(Handler.java:95)
F/WindowAnimator( 1389): at android.os.Looper.loop(Looper.java:135)
F/WindowAnimator( 1389): at android.os.HandlerThread.run(HandlerThread.java:61)
F/WindowAnimator( 1389): at com.android.server.ServiceThread.run(ServiceThread.java:46)
I/Telecom ( 1389): TelecomGlobals: TelecomGlobals initializing
E/SurfaceFlinger( 697): Permission Denial: can't access SurfaceFlinger pid=1389, uid=1000
D/Telecom ( 1389): MissedCallNotifier: updateOnStartup()...
D/OMXCodec( 3446): Successfully allocated OMX node 'OMX.google.vorbis.decoder'
I/ExtendedUtils( 3446): decision 1 mime 
W/InputAttributes( 3538): No editor info for this field. Bug?
I/StatusBarManagerService( 1389): registerStatusBar bar=com.android.internal.statusbar.IStatusBar$Stub$Proxy@3ea08fbd
D/OMXCodec( 3446): Successfully allocated OMX node 'OMX.google.vorbis.decoder'
I/ExtendedUtils( 3446): decision 1 mime 
I/AudioPlayer( 3446): start of Playback, useOffload 0
I/AudioPlayer( 3446): start of Playback, useOffload 0
E/qdhwcomposer( 1212): isValidDimension: layer handle is NULL
E/qdhwcomposer( 1212): isValidDimension: layer handle is NULL
I/AudioPlayer( 3446): Pause Playback at 78666
E/qdhwcomposer( 1212): isValidDimension: layer handle is NULL
E/qdhwcomposer( 1212): isValidDimension: layer handle is NULL
I/AudioPlayer( 3446): reset: mPlaying=0 mReachedEOS=1 useOffload=0
D/Utils ( 3446): printFileName fd(7) -> /system/media/audio/ui/KeypressStandard.ogg
I/AudioPlayer( 3446): Pause Playback at 213333
I/AudioPlayer( 3446): reset: mPlaying=0 mReachedEOS=1 useOffload=0
D/Utils ( 3446): printFileName fd(13) -> /system/media/audio/ui/Unlock.ogg
E/qdhwcomposer( 1212): isValidDimension: layer handle is NULL
E/qdhwcomposer( 1212): isValidDimension: layer handle is NULL
I/ActivityManager( 1389): Start proc 3807:android.process.acore/u0a4 for content provider com.android.providers.contacts/.CallLogProvider
E/libprocessgroup( 3807): failed to open /acct/uid_10004/pid_3807/cgroup.procs: No such file or directory
E/Zygote ( 3807): createProcessGroup(10004, 0) failed: No such file or directory
E/BluetoothAdapter( 1389): Bluetooth binder is null
D/ExtendedUtils( 3446): extended extractor not needed, return default
E/qdhwcomposer( 1212): isValidDimension: layer handle is NULL
E/qdhwcomposer( 1212): isValidDimension: layer handle is NULL
D/AudioPolicyManager( 3446): isOffloadSupported: stream_type != MUSIC, returning false
I/LatinIME:LogUtils( 3538): Dictionary info: dictionary = PersonalizationDictionary.en_US ; version = 1481045711 ; date = ?
W/ContextImpl( 3644): Calling a method in the system process without a qualified user: android.app.ContextImpl.bindService:1759 android.content.ContextWrapper.bindService:539 android.speech.tts.TextToSpeech.connectToEngine:800 android.speech.tts.TextToSpeech.initTts:770 android.speech.tts.TextToSpeech.:723
I/LatinIME:LogUtils( 3538): Dictionary info: dictionary = UserHistoryDictionary.en_US ; version = 1480285013 ; date = 1480777267
D/OMXCodec( 3446): Successfully allocated OMX node 'OMX.google.vorbis.decoder'
I/ExtendedUtils( 3446): decision 1 mime 
I/AudioPlayer( 3446): start of Playback, useOffload 0
I/LatinIME:LogUtils( 3538): Dictionary info: dictionary = userunigram.en_US ; version = 1481045711 ; date = ?
D/Telecom ( 1389): ProximitySensorManager: onCreate: mProximityWakeLock:
I/art ( 695): Explicit concurrent mark sweep GC freed 704(30KB) AllocSpace objects, 0(0B) LOS objects, 97% free, 96KB/4MB, paused 133us total 18.033ms
E/qdhwcomposer( 1212): isValidDimension: layer handle is NULL
E/qdhwcomposer( 1212): isValidDimension: layer handle is NULL
D/ExtendedUtils( 3446): extended extractor not needed, return default
D/AudioPolicyManager( 3446): isOffloadSupported: stream_type != MUSIC, returning false
D/OMXCodec( 3446): Successfully allocated OMX node 'OMX.google.vorbis.decoder'
I/ExtendedUtils( 3446): decision 1 mime 
I/LatinIME:LogUtils( 3538): Dictionary info: dictionary = ContextualDictionary.en_US ; version = 1481045711 ; date = ?
I/art ( 695): Explicit concurrent mark sweep GC freed 7(240B) AllocSpace objects, 0(0B) LOS objects, 97% free, 96KB/4MB, paused 148us total 12.343ms
I/LatinIME:LogUtils( 3538): Dictionary info: dictionary = contacts.en_US ; version = 1481045711 ; date = ?
E/qdhwcomposer( 1212): isValidDimension: layer handle is NULL
E/qdhwcomposer( 1212): isValidDimension: layer handle is NULL
I/Telecom ( 1389): TelecomGlobals: CallsManager initialized
E/BluetoothAdapter( 1389): Bluetooth binder is null
I/AudioPlayer( 3446): Pause Playback at 175600
I/AudioPlayer( 3446): start of Playback, useOffload 0
I/AudioPlayer( 3446): reset: mPlaying=0 mReachedEOS=1 useOffload=0
D/Utils ( 3446): printFileName fd(16) -> /system/media/audio/ui/Trusted.ogg
I/art ( 695): Explicit concurrent mark sweep GC freed 5(160B) AllocSpace objects, 0(0B) LOS objects, 97% free, 96KB/4MB, paused 132us total 17.557ms
E/qdhwcomposer( 1212): isValidDimension: layer handle is NULL
E/qdhwcomposer( 1212): isValidDimension: layer handle is NULL
I/AudioPlayer( 3446): Pause Playback at 105333
I/AudioPlayer( 3446): reset: mPlaying=0 mReachedEOS=1 useOffload=0
E/qdhwcomposer( 1212): isValidDimension: layer handle is NULL
E/qdhwcomposer( 1212): isValidDimension: layer handle is NULL
D/Utils ( 3446): printFileName fd(7) -> /system/media/audio/ui/KeypressSpacebar.ogg
E/qdhwcomposer( 1212): isValidDimension: layer handle is NULL
E/qdhwcomposer( 1212): isValidDimension: layer handle is NULL
D/ExtendedUtils( 3446): extended extractor not needed, return default
I/ActivityManager( 1389): Start proc 3839:com.svox.pico/u0a49 for service com.svox.pico/.PicoService
D/ExtendedUtils( 3446): extended extractor not needed, return default
I/TextToSpeech( 3644): Sucessfully bound to com.svox.pico
D/Telecom ( 1389): TelecomService: onBind
V/ActivityManager( 1389): Display added displayId=1
E/libprocessgroup( 3839): failed to open /acct/uid_10049/pid_3839/cgroup.procs: No such file or directory
E/Zygote ( 3839): createProcessGroup(10049, 0) failed: No such file or directory
D/AudioPolicyManager( 3446): isOffloadSupported: stream_type != MUSIC, returning false
