E/NetlinkListener( 696): recvmsg failed (I/O error)
E/qdhwcomposer( 1212): isValidDimension: layer handle is NULL
E/qdhwcomposer( 1212): isValidDimension: layer handle is NULL
E/qdhwcomposer( 1212): isValidDimension: layer handle is NULL
E/qdhwcomposer( 1212): isValidDimension: layer handle is NULL
E/qdhwcomposer( 1212): isValidDimension: layer handle is NULL
E/qdhwcomposer( 1212): isValidDimension: layer handle is NULL
E/qdhwcomposer( 1212): isValidDimension: layer handle is NULL
E/qdhwcomposer( 1212): isValidDimension: layer handle is NULL
E/USB_UICC( 683): Timeout! No signal received. Retry num = 21
I/dex2oat ( 2294): dex2oat took 1.642s (threads: 4) arena alloc=1271KB java alloc=2MB native alloc=6MB free=9MB
E/QC-QMI ( 796): qmi_qmux_open_connection: connection is disabled for conn_id=29
E/QC-QMI ( 796): qmi_qmux_tx_msg: failed to open inactive connd_id=29
E/QC-QMI ( 796): qmi_qmux: TX failed, connection inactive or in reset, conn_id=29, status_flags=4
E/QC-QMI ( 796): qmi_ctl_tx_msg: qmi_qmux_tx_msg failed
E/QC-QMI ( 796): qmi_ctl_handle_request: qmi_ctl_tx_msg call failed
E/QC-QMI ( 796): qmi_qmux_open_connection: connection is disabled for conn_id=29
E/QC-QMI ( 796): qmi_qmux_tx_msg: failed to open inactive connd_id=29
E/QC-QMI ( 796): qmi_qmux: TX failed, connection inactive or in reset, conn_id=29, status_flags=4
E/QC-QMI ( 796): qmi_ctl_tx_msg: qmi_qmux_tx_msg failed
E/QC-QMI ( 796): qmi_ctl_handle_request: qmi_ctl_tx_msg call failed
E/QC-QMI ( 796): qmi_qmux_open_connection: connection is disabled for conn_id=48
E/QC-QMI ( 796): qmi_qmux_tx_msg: failed to open inactive connd_id=48
E/QC-QMI ( 796): qmi_qmux: TX failed, connection inactive or in reset, conn_id=48, status_flags=4
E/QC-QMI ( 796): qmi_ctl_tx_msg: qmi_qmux_tx_msg failed
E/QC-QMI ( 796): qmi_ctl_handle_request: qmi_ctl_tx_msg call failed
E/QC-QMI ( 796): qmi_qmux_open_connection: connection is disabled for conn_id=48
E/QC-QMI ( 796): qmi_qmux_tx_msg: failed to open inactive connd_id=48
E/QC-QMI ( 796): qmi_qmux: TX failed, connection inactive or in reset, conn_id=48, status_flags=4
E/QC-QMI ( 796): qmi_ctl_tx_msg: qmi_qmux_tx_msg failed
E/QC-QMI ( 796): qmi_ctl_handle_request: qmi_ctl_tx_msg call failed
E/QC-QMI ( 796): qmi_qmux_open_connection: connection is disabled for conn_id=57
E/QC-QMI ( 796): qmi_qmux_tx_msg: failed to open inactive connd_id=57
E/QC-QMI ( 796): qmi_qmux: TX failed, connection inactive or in reset, conn_id=57, status_flags=4
E/QC-QMI ( 796): qmi_ctl_tx_msg: qmi_qmux_tx_msg failed
E/QC-QMI ( 796): qmi_ctl_handle_request: qmi_ctl_tx_msg call failed
E/QC-QMI ( 796): qmi_qmux_open_connection: connection is disabled for conn_id=57
E/QC-QMI ( 796): qmi_qmux_tx_msg: failed to open inactive connd_id=57
E/QC-QMI ( 796): qmi_qmux: TX failed, connection inactive or in reset, conn_id=57, status_flags=4
E/QC-QMI ( 796): qmi_ctl_tx_msg: qmi_qmux_tx_msg failed
E/QC-QMI ( 796): qmi_ctl_handle_request: qmi_ctl_tx_msg call failed
E/QC-QMI ( 796): qmi_qmux_open_connection: connection is disabled for conn_id=29
E/QC-QMI ( 796): qmi_qmux_tx_msg: failed to open inactive connd_id=29
E/QC-QMI ( 796): qmi_qmux: TX failed, connection inactive or in reset, conn_id=29, status_flags=4
E/QC-QMI ( 796): qmi_ctl_tx_msg: qmi_qmux_tx_msg failed
E/QC-QMI ( 796): qmi_ctl_handle_request: qmi_ctl_tx_msg call failed
E/QC-QMI ( 796): qmi_qmux_open_connection: connection is disabled for conn_id=29
E/QC-QMI ( 796): qmi_qmux_tx_msg: failed to open inactive connd_id=29
E/QC-QMI ( 796): qmi_qmux: TX failed, connection inactive or in reset, conn_id=29, status_flags=4
E/QC-QMI ( 796): qmi_ctl_tx_msg: qmi_qmux_tx_msg failed
E/QC-QMI ( 796): qmi_ctl_handle_request: qmi_ctl_tx_msg call failed
E/QC-QMI ( 796): qmi_qmux_open_connection: connection is disabled for conn_id=48
E/QC-QMI ( 796): qmi_qmux_tx_msg: failed to open inactive connd_id=48
E/QC-QMI ( 796): qmi_qmux: TX failed, connection inactive or in reset, conn_id=48, status_flags=4
E/QC-QMI ( 796): qmi_ctl_tx_msg: qmi_qmux_tx_msg failed
E/QC-QMI ( 796): qmi_ctl_handle_request: qmi_ctl_tx_msg call failed
E/QC-QMI ( 796): qmi_qmux_open_connection: connection is disabled for conn_id=48
E/QC-QMI ( 796): qmi_qmux_tx_msg: failed to open inactive connd_id=48
E/QC-QMI ( 796): qmi_qmux: TX failed, connection inactive or in reset, conn_id=48, status_flags=4
E/QC-QMI ( 796): qmi_ctl_tx_msg: qmi_qmux_tx_msg failed
E/QC-QMI ( 796): qmi_ctl_handle_request: qmi_ctl_tx_msg call failed
E/QC-QMI ( 796): qmi_qmux_open_connection: connection is disabled for conn_id=57
E/QC-QMI ( 796): qmi_qmux_tx_msg: failed to open inactive connd_id=57
E/QC-QMI ( 796): qmi_qmux: TX failed, connection inactive or in reset, conn_id=57, status_flags=4
E/QC-QMI ( 796): qmi_ctl_tx_msg: qmi_qmux_tx_msg failed
E/QC-QMI ( 796): qmi_ctl_handle_request: qmi_ctl_tx_msg call failed
E/QC-QMI ( 796): qmi_qmux_open_connection: connection is disabled for conn_id=57
E/QC-QMI ( 796): qmi_qmux_tx_msg: failed to open inactive connd_id=57
E/QC-QMI ( 796): qmi_qmux: TX failed, connection inactive or in reset, conn_id=57, status_flags=4
E/QC-QMI ( 796): qmi_ctl_tx_msg: qmi_qmux_tx_msg failed
E/QC-QMI ( 796): qmi_ctl_handle_request: qmi_ctl_tx_msg call failed
E/QC-QMI ( 796): qmi_qmux_open_connection: connection is disabled for conn_id=29
E/QC-QMI ( 796): qmi_qmux_tx_msg: failed to open inactive connd_id=29
E/QC-QMI ( 796): qmi_qmux: TX failed, connection inactive or in reset, conn_id=29, status_flags=4
E/QC-QMI ( 796): qmi_ctl_tx_msg: qmi_qmux_tx_msg failed
E/QC-QMI ( 796): qmi_ctl_handle_request: qmi_ctl_tx_msg call failed
E/QC-QMI ( 796): qmi_qmux_open_connection: connection is disabled for conn_id=29
E/QC-QMI ( 796): qmi_qmux_tx_msg: failed to open inactive connd_id=29
E/QC-QMI ( 796): qmi_qmux: TX failed, connection inactive or in reset, conn_id=29, status_flags=4
E/QC-QMI ( 796): qmi_ctl_tx_msg: qmi_qmux_tx_msg failed
E/QC-QMI ( 796): qmi_ctl_handle_request: qmi_ctl_tx_msg call failed
E/QC-QMI ( 796): qmi_qmux_open_connection: connection is disabled for conn_id=29
E/QC-QMI ( 796): qmi_qmux_tx_msg: failed to open inactive connd_id=29
E/QC-QMI ( 796): qmi_qmux: TX failed, connection inactive or in reset, conn_id=29, status_flags=4
E/QC-QMI ( 796): qmi_ctl_tx_msg: qmi_qmux_tx_msg failed
E/QC-QMI ( 796): qmi_ctl_handle_request: qmi_ctl_tx_msg call failed
E/QC-QMI ( 796): qmi_qmux_open_connection: connection is disabled for conn_id=48
E/QC-QMI ( 796): qmi_qmux_tx_msg: failed to open inactive connd_id=48
E/QC-QMI ( 796): qmi_qmux: TX failed, connection inactive or in reset, conn_id=48, status_flags=4
E/QC-QMI ( 796): qmi_ctl_tx_msg: qmi_qmux_tx_msg failed
E/QC-QMI ( 796): qmi_ctl_handle_request: qmi_ctl_tx_msg call failed
E/QC-QMI ( 796): qmi_qmux_open_connection: connection is disabled for conn_id=29
E/QC-QMI ( 796): qmi_qmux_tx_msg: failed to open inactive connd_id=29
E/QC-QMI ( 796): qmi_qmux: TX failed, connection inactive or in reset, conn_id=29, status_flags=4
E/QC-QMI ( 796): qmi_ctl_tx_msg: qmi_qmux_tx_msg failed
E/QC-QMI ( 796): qmi_ctl_handle_request: qmi_ctl_tx_msg call failed
E/QC-QMI ( 796): qmi_qmux_open_connection: connection is disabled for conn_id=48
E/QC-QMI ( 796): qmi_qmux_tx_msg: failed to open inactive connd_id=48
E/QC-QMI ( 796): qmi_qmux: TX failed, connection inactive or in reset, conn_id=48, status_flags=4
E/QC-QMI ( 796): qmi_ctl_tx_msg: qmi_qmux_tx_msg failed
E/QC-QMI ( 796): qmi_ctl_handle_request: qmi_ctl_tx_msg call failed
E/QC-QMI ( 796): qmi_qmux_open_connection: connection is disabled for conn_id=48
E/QC-QMI ( 796): qmi_qmux_tx_msg: failed to open inactive connd_id=48
E/QC-QMI ( 796): qmi_qmux: TX failed, connection inactive or in reset, conn_id=48, status_flags=4
E/QC-QMI ( 796): qmi_ctl_tx_msg: qmi_qmux_tx_msg failed
E/QC-QMI ( 796): qmi_ctl_handle_request: qmi_ctl_tx_msg call failed
E/QC-QMI ( 796): qmi_qmux_open_connection: connection is disabled for conn_id=57
E/QC-QMI ( 796): qmi_qmux_tx_msg: failed to open inactive connd_id=57
E/QC-QMI ( 796): qmi_qmux: TX failed, connection inactive or in reset, conn_id=57, status_flags=4
E/QC-QMI ( 796): qmi_ctl_tx_msg: qmi_qmux_tx_msg failed
E/QC-QMI ( 796): qmi_ctl_handle_request: qmi_ctl_tx_msg call failed
E/QC-QMI ( 796): qmi_qmux_open_connection: connection is disabled for conn_id=48
E/QC-QMI ( 796): qmi_qmux_tx_msg: failed to open inactive connd_id=48
E/QC-QMI ( 796): qmi_qmux: TX failed, connection inactive or in reset, conn_id=48, status_flags=4
E/QC-QMI ( 796): qmi_ctl_tx_msg: qmi_qmux_tx_msg failed
E/QC-QMI ( 796): qmi_ctl_handle_request: qmi_ctl_tx_msg call failed
E/QC-QMI ( 796): qmi_qmux_open_connection: connection is disabled for conn_id=57
E/QC-QMI ( 796): qmi_qmux_tx_msg: failed to open inactive connd_id=57
E/QC-QMI ( 796): qmi_qmux: TX failed, connection inactive or in reset, conn_id=57, status_flags=4
E/QC-QMI ( 796): qmi_ctl_tx_msg: qmi_qmux_tx_msg failed
E/QC-QMI ( 796): qmi_ctl_handle_request: qmi_ctl_tx_msg call failed
E/QC-QMI ( 796): qmi_qmux_open_connection: connection is disabled for conn_id=57
E/QC-QMI ( 796): qmi_qmux_tx_msg: failed to open inactive connd_id=57
E/QC-QMI ( 796): qmi_qmux: TX failed, connection inactive or in reset, conn_id=57, status_flags=4
E/QC-QMI ( 796): qmi_ctl_tx_msg: qmi_qmux_tx_msg failed
E/QC-QMI ( 796): qmi_ctl_handle_request: qmi_ctl_tx_msg call failed
E/QC-QMI ( 796): qmi_qmux_open_connection: connection is disabled for conn_id=57
E/QC-QMI ( 796): qmi_qmux_tx_msg: failed to open inactive connd_id=57
E/QC-QMI ( 796): qmi_qmux: TX failed, connection inactive or in reset, conn_id=57, status_flags=4
E/QC-QMI ( 796): qmi_ctl_tx_msg: qmi_qmux_tx_msg failed
E/QC-QMI ( 796): qmi_ctl_handle_request: qmi_ctl_tx_msg call failed
E/QC-QMI ( 796): qmi_qmux_open_connection: connection is disabled for conn_id=29
E/QC-QMI ( 796): qmi_qmux_tx_msg: failed to open inactive connd_id=29
E/QC-QMI ( 796): qmi_qmux: TX failed, connection inactive or in reset, conn_id=29, status_flags=4
E/QC-QMI ( 796): qmi_ctl_tx_msg: qmi_qmux_tx_msg failed
E/QC-QMI ( 796): qmi_ctl_handle_request: qmi_ctl_tx_msg call failed
I/PackageManager( 1389): Running dexopt on: /system/app/Provision/Provision.apk pkg=com.android.provision isa=arm vmSafeMode=false
E/QC-QMI ( 796): qmi_qmux_open_connection: connection is disabled for conn_id=29
E/QC-QMI ( 796): qmi_qmux_tx_msg: failed to open inactive connd_id=29
E/QC-QMI ( 796): qmi_qmux: TX failed, connection inactive or in reset, conn_id=29, status_flags=4
E/QC-QMI ( 796): qmi_ctl_tx_msg: qmi_qmux_tx_msg failed
E/QC-QMI ( 796): qmi_ctl_handle_request: qmi_ctl_tx_msg call failed
E/QC-QMI ( 796): qmi_qmux_open_connection: connection is disabled for conn_id=48
E/QC-QMI ( 796): qmi_qmux_tx_msg: failed to open inactive connd_id=48
E/QC-QMI ( 796): qmi_qmux: TX failed, connection inactive or in reset, conn_id=48, status_flags=4
E/QC-QMI ( 796): qmi_ctl_tx_msg: qmi_qmux_tx_msg failed
E/QC-QMI ( 796): qmi_ctl_handle_request: qmi_ctl_tx_msg call failed
E/QC-QMI ( 796): qmi_qmux_open_connection: connection is disabled for conn_id=48
E/QC-QMI ( 796): qmi_qmux_tx_msg: failed to open inactive connd_id=48
E/QC-QMI ( 796): qmi_qmux: TX failed, connection inactive or in reset, conn_id=48, status_flags=4
E/QC-QMI ( 796): qmi_ctl_tx_msg: qmi_qmux_tx_msg failed
E/QC-QMI ( 796): qmi_ctl_handle_request: qmi_ctl_tx_msg call failed
E/QC-QMI ( 796): qmi_qmux_open_connection: connection is disabled for conn_id=57
E/QC-QMI ( 796): qmi_qmux_tx_msg: failed to open inactive connd_id=57
E/QC-QMI ( 796): qmi_qmux: TX failed, connection inactive or in reset, conn_id=57, status_flags=4
E/QC-QMI ( 796): qmi_ctl_tx_msg: qmi_qmux_tx_msg failed
E/QC-QMI ( 796): qmi_ctl_handle_request: qmi_ctl_tx_msg call failed
E/QC-QMI ( 796): qmi_qmux_open_connection: connection is disabled for conn_id=57
E/QC-QMI ( 796): qmi_qmux_tx_msg: failed to open inactive connd_id=57
E/QC-QMI ( 796): qmi_qmux: TX failed, connection inactive or in reset, conn_id=57, status_flags=4
E/QC-QMI ( 796): qmi_ctl_tx_msg: qmi_qmux_tx_msg failed
E/QC-QMI ( 796): qmi_ctl_handle_request: qmi_ctl_tx_msg call failed
E/QC-QMI ( 796): qmi_qmux_open_connection: connection is disabled for conn_id=29
E/QC-QMI ( 796): qmi_qmux_tx_msg: failed to open inactive connd_id=29
E/QC-QMI ( 796): qmi_qmux: TX failed, connection inactive or in reset, conn_id=29, status_flags=4
E/QC-QMI ( 796): qmi_ctl_tx_msg: qmi_qmux_tx_msg failed
E/QC-QMI ( 796): qmi_ctl_handle_request: qmi_ctl_tx_msg call failed
E/QC-QMI ( 796): qmi_qmux_open_connection: connection is disabled for conn_id=29
E/QC-QMI ( 796): qmi_qmux_tx_msg: failed to open inactive connd_id=29
E/QC-QMI ( 796): qmi_qmux: TX failed, connection inactive or in reset, conn_id=29, status_flags=4
E/QC-QMI ( 796): qmi_ctl_tx_msg: qmi_qmux_tx_msg failed
E/QC-QMI ( 796): qmi_ctl_handle_request: qmi_ctl_tx_msg call failed
E/QC-QMI ( 796): qmi_qmux_open_connection: connection is disabled for conn_id=48
E/QC-QMI ( 796): qmi_qmux_tx_msg: failed to open inactive connd_id=48
E/QC-QMI ( 796): qmi_qmux: TX failed, connection inactive or in reset, conn_id=48, status_flags=4
E/QC-QMI ( 796): qmi_ctl_tx_msg: qmi_qmux_tx_msg failed
E/QC-QMI ( 796): qmi_ctl_handle_request: qmi_ctl_tx_msg call failed
E/QC-QMI ( 796): qmi_qmux_open_connection: connection is disabled for conn_id=48
E/QC-QMI ( 796): qmi_qmux_tx_msg: failed to open inactive connd_id=48
E/QC-QMI ( 796): qmi_qmux: TX failed, connection inactive or in reset, conn_id=48, status_flags=4
E/QC-QMI ( 796): qmi_ctl_tx_msg: qmi_qmux_tx_msg failed
E/QC-QMI ( 796): qmi_ctl_handle_request: qmi_ctl_tx_msg call failed
E/QC-QMI ( 796): qmi_qmux_open_connection: connection is disabled for conn_id=57
E/QC-QMI ( 796): qmi_qmux_tx_msg: failed to open inactive connd_id=57
E/QC-QMI ( 796): qmi_qmux: TX failed, connection inactive or in reset, conn_id=57, status_flags=4
E/QC-QMI ( 796): qmi_ctl_tx_msg: qmi_qmux_tx_msg failed
E/QC-QMI ( 796): qmi_ctl_handle_request: qmi_ctl_tx_msg call failed
E/QC-QMI ( 796): qmi_qmux_open_connection: connection is disabled for conn_id=57
E/QC-QMI ( 796): qmi_qmux_tx_msg: failed to open inactive connd_id=57
E/QC-QMI ( 796): qmi_qmux: TX failed, connection inactive or in reset, conn_id=57, status_flags=4
E/QC-QMI ( 796): qmi_ctl_tx_msg: qmi_qmux_tx_msg failed
E/QC-QMI ( 796): qmi_ctl_handle_request: qmi_ctl_tx_msg call failed
I/dex2oat ( 2316): /system/bin/dex2oat --zip-fd=5 --zip-location=/system/app/Provision/Provision.apk --oat-fd=6 --oat-location=/data/dalvik-cache/arm/system@app@Provision@Provision.apk@classes.dex --instruction-set=arm --instruction-set-features=div --runtime-arg -Xms64m --runtime-arg -Xmx512m --swap-fd=7
E/NetlinkListener( 1620): recvmsg failed (I/O error)
E/NetlinkListener( 696): recvmsg failed (I/O error)
I/dex2oat ( 2316): Decided to run without swap.
I/dex2oat ( 2316): dex2oat took 46.811ms (threads: 4) arena alloc=35KB java alloc=7KB native alloc=586KB free=7MB
I/PackageManager( 1389): Running dexopt on: /system/app/Email/Email.apk pkg=com.android.email isa=arm vmSafeMode=false
E/NetlinkListener( 1620): recvmsg failed (I/O error)
E/NetlinkListener( 696): recvmsg failed (I/O error)
I/dex2oat ( 2324): /system/bin/dex2oat --zip-fd=5 --zip-location=/system/app/Email/Email.apk --oat-fd=6 --oat-location=/data/dalvik-cache/arm/system@app@Email@Email.apk@classes.dex --instruction-set=arm --instruction-set-features=div --runtime-arg -Xms64m --runtime-arg -Xmx512m --swap-fd=7
D/audio_hw_primary( 1358): start_output_stream: enter: stream(0x775ef0)usecase(0: deep-buffer-playback) devices(0x2)
D/audio_hw_primary( 1358): HIP test selected HIP_NONE_MIC
D/audio_hw_primary( 1358): select_devices: out_snd_device(2: speaker) in_snd_device(0: )
D/hardware_info( 1358): hw_info_append_hw_type : device_name = speaker
D/ACDB-LOADER( 1358): ACDB -> send_audio_cal, acdb_id = 14, path = 0
D/ACDB-LOADER( 1358): ACDB -> send_adm_topology
D/ACDB-LOADER( 1358): ACDB -> ACDB_CMD_GET_AUDPROC_COMMON_TOPOLOGY_ID
D/ACDB-LOADER( 1358): ACDB -> send_asm_topology
D/ACDB-LOADER( 1358): ACDB -> ACDB_CMD_GET_AUDPROC_STREAM_TOPOLOGY_ID
D/ACDB-LOADER( 1358): ACDB -> send_audtable
D/ACDB-LOADER( 1358): ACDB -> ACDB_CMD_GET_AUDPROC_COMMON_TABLE
D/ACDB-LOADER( 1358): ACDB -> AUDIO_SET_AUDPROC_CAL
D/ACDB-LOADER( 1358): ACDB -> send_audvoltable
D/ACDB-LOADER( 1358): ACDB -> ACDB_CMD_GET_AUDPROC_GAIN_DEP_STEP_TABLE
D/ACDB-LOADER( 1358): ACDB -> AUDIO_SET_AUDPROC_VOL_CAL
D/ACDB-LOADER( 1358): ACDB -> send_afe_cal
D/ACDB-LOADER( 1358): ACDB -> ACDB_CMD_GET_AFE_COMMON_TABLE
D/ACDB-LOADER( 1358): ACDB -> AUDIO_SET_AFE_CAL
D/audio_hw_primary( 1358): select_devices: done
I/dex2oat ( 2324): Decided to run without swap.
E/NetlinkListener( 696): recvmsg failed (I/O error)
E/NetlinkListener( 1620): recvmsg failed (I/O error)
E/NetlinkListener( 1620): recvmsg failed (I/O error)
E/NetlinkListener( 696): recvmsg failed (I/O error)
E/qdhwcomposer( 1212): isValidDimension: layer handle is NULL
E/qdhwcomposer( 1212): isValidDimension: layer handle is NULL
E/qdhwcomposer( 1212): isValidDimension: layer handle is NULL
E/qdhwcomposer( 1212): isValidDimension: layer handle is NULL
E/qdhwcomposer( 1212): isValidDimension: layer handle is NULL
E/qdhwcomposer( 1212): isValidDimension: layer handle is NULL
E/qdhwcomposer( 1212): isValidDimension: layer handle is NULL
E/qdhwcomposer( 1212): isValidDimension: layer handle is NULL
E/qdhwcomposer( 1212): isValidDimension: layer handle is NULL
E/qdhwcomposer( 1212): isValidDimension: layer handle is NULL
E/qdhwcomposer( 1212): isValidDimension: layer handle is NULL
E/qdhwcomposer( 1212): isValidDimension: layer handle is NULL
E/qdhwcomposer( 1212): isValidDimension: layer handle is NULL
E/qdhwcomposer( 1212): isValidDimension: layer handle is NULL
E/qdhwcomposer( 1212): isValidDimension: layer handle is NULL
E/qdhwcomposer( 1212): isValidDimension: layer handle is NULL
E/qdhwcomposer( 1212): isValidDimension: layer handle is NULL
E/qdhwcomposer( 1212): isValidDimension: layer handle is NULL
E/qdhwcomposer( 1212): isValidDimension: layer handle is NULL
E/qdhwcomposer( 1212): isValidDimension: layer handle is NULL
E/qdhwcomposer( 1212): isValidDimension: layer handle is NULL
E/qdhwcomposer( 1212): isValidDimension: layer handle is NULL
E/qdhwcomposer( 1212): isValidDimension: layer handle is NULL
E/qdhwcomposer( 1212): isValidDimension: layer handle is NULL
E/qdhwcomposer( 1212): isValidDimension: layer handle is NULL
E/qdhwcomposer( 1212): isValidDimension: layer handle is NULL
E/qdhwcomposer( 1212): isValidDimension: layer handle is NULL
E/qdhwcomposer( 1212): isValidDimension: layer handle is NULL
E/qdhwcomposer( 1212): isValidDimension: layer handle is NULL
E/qdhwcomposer( 1212): isValidDimension: layer handle is NULL
E/qdhwcomposer( 1212): isValidDimension: layer handle is NULL
E/qdhwcomposer( 1212): isValidDimension: layer handle is NULL
E/NetlinkListener( 1620): recvmsg failed (I/O error)
E/NetlinkListener( 696): recvmsg failed (I/O error)
E/qdhwcomposer( 1212): isValidDimension: layer handle is NULL
E/qdhwcomposer( 1212): isValidDimension: layer handle is NULL
E/qdhwcomposer( 1212): isValidDimension: layer handle is NULL
E/qdhwcomposer( 1212): isValidDimension: layer handle is NULL
E/qdhwcomposer( 1212): isValidDimension: layer handle is NULL
E/qdhwcomposer( 1212): isValidDimension: layer handle is NULL
E/qdhwcomposer( 1212): isValidDimension: layer handle is NULL
E/qdhwcomposer( 1212): isValidDimension: layer handle is NULL
E/qdhwcomposer( 1212): isValidDimension: layer handle is NULL
E/qdhwcomposer( 1212): isValidDimension: layer handle is NULL
E/qdhwcomposer( 1212): isValidDimension: layer handle is NULL
E/qdhwcomposer( 1212): isValidDimension: layer handle is NULL
E/NetlinkListener( 1620): recvmsg failed (I/O error)
E/NetlinkListener( 696): recvmsg failed (I/O error)
E/qdhwcomposer( 1212): isValidDimension: layer handle is NULL
E/qdhwcomposer( 1212): isValidDimension: layer handle is NULL
E/qdhwcomposer( 1212): isValidDimension: layer handle is NULL
E/qdhwcomposer( 1212): isValidDimension: layer handle is NULL
E/qdhwcomposer( 1212): isValidDimension: layer handle is NULL
E/qdhwcomposer( 1212): isValidDimension: layer handle is NULL
E/qdhwcomposer( 1212): isValidDimension: layer handle is NULL
E/qdhwcomposer( 1212): isValidDimension: layer handle is NULL
E/qdhwcomposer( 1212): isValidDimension: layer handle is NULL
E/qdhwcomposer( 1212): isValidDimension: layer handle is NULL
E/qdhwcomposer( 1212): isValidDimension: layer handle is NULL
E/qdhwcomposer( 1212): isValidDimension: layer handle is NULL
E/qdhwcomposer( 1212): isValidDimension: layer handle is NULL
E/qdhwcomposer( 1212): isValidDimension: layer handle is NULL
E/qdhwcomposer( 1212): isValidDimension: layer handle is NULL
E/qdhwcomposer( 1212): isValidDimension: layer handle is NULL
E/USB_UICC( 683): Timeout! No signal received. Retry num = 22
E/qdhwcomposer( 1212): isValidDimension: layer handle is NULL
E/qdhwcomposer( 1212): isValidDimension: layer handle is NULL
E/qdhwcomposer( 1212): isValidDimension: layer handle is NULL
E/qdhwcomposer( 1212): isValidDimension: layer handle is NULL
E/qdhwcomposer( 1212): isValidDimension: layer handle is NULL
E/qdhwcomposer( 1212): isValidDimension: layer handle is NULL
E/NetlinkListener( 1620): recvmsg failed (I/O error)
E/NetlinkListener( 696): recvmsg failed (I/O error)
E/qdhwcomposer( 1212): isValidDimension: layer handle is NULL
E/qdhwcomposer( 1212): isValidDimension: layer handle is NULL
E/qdhwcomposer( 1212): isValidDimension: layer handle is NULL
E/qdhwcomposer( 1212): isValidDimension: layer handle is NULL
E/qdhwcomposer( 1212): isValidDimension: layer handle is NULL
E/qdhwcomposer( 1212): isValidDimension: layer handle is NULL
E/qdhwcomposer( 1212): isValidDimension: layer handle is NULL
E/qdhwcomposer( 1212): isValidDimension: layer handle is NULL
E/qdhwcomposer( 1212): isValidDimension: layer handle is NULL
E/qdhwcomposer( 1212): isValidDimension: layer handle is NULL
E/NetlinkListener( 1620): recvmsg failed (I/O error)
E/NetlinkListener( 696): recvmsg failed (I/O error)
E/QC-QMI ( 796): qmi_qmux_open_connection: connection is disabled for conn_id=29
E/QC-QMI ( 796): qmi_qmux_tx_msg: failed to open inactive connd_id=29
E/QC-QMI ( 796): qmi_qmux: TX failed, connection inactive or in reset, conn_id=29, status_flags=4
E/QC-QMI ( 796): qmi_ctl_tx_msg: qmi_qmux_tx_msg failed
E/QC-QMI ( 796): qmi_ctl_handle_request: qmi_ctl_tx_msg call failed
E/QC-QMI ( 796): qmi_qmux_open_connection: connection is disabled for conn_id=29
E/QC-QMI ( 796): qmi_qmux_tx_msg: failed to open inactive connd_id=29
E/QC-QMI ( 796): qmi_qmux: TX failed, connection inactive or in reset, conn_id=29, status_flags=4
E/QC-QMI ( 796): qmi_ctl_tx_msg: qmi_qmux_tx_msg failed
E/QC-QMI ( 796): qmi_ctl_handle_request: qmi_ctl_tx_msg call failed
E/QC-QMI ( 796): qmi_qmux_open_connection: connection is disabled for conn_id=48
E/QC-QMI ( 796): qmi_qmux_tx_msg: failed to open inactive connd_id=48
E/QC-QMI ( 796): qmi_qmux: TX failed, connection inactive or in reset, conn_id=48, status_flags=4
E/QC-QMI ( 796): qmi_ctl_tx_msg: qmi_qmux_tx_msg failed
E/QC-QMI ( 796): qmi_ctl_handle_request: qmi_ctl_tx_msg call failed
E/QC-QMI ( 796): qmi_qmux_open_connection: connection is disabled for conn_id=48
E/QC-QMI ( 796): qmi_qmux_tx_msg: failed to open inactive connd_id=48
E/QC-QMI ( 796): qmi_qmux: TX failed, connection inactive or in reset, conn_id=48, status_flags=4
E/QC-QMI ( 796): qmi_ctl_tx_msg: qmi_qmux_tx_msg failed
E/QC-QMI ( 796): qmi_ctl_handle_request: qmi_ctl_tx_msg call failed
E/QC-QMI ( 796): qmi_qmux_open_connection: connection is disabled for conn_id=57
E/QC-QMI ( 796): qmi_qmux_tx_msg: failed to open inactive connd_id=57
E/QC-QMI ( 796): qmi_qmux: TX failed, connection inactive or in reset, conn_id=57, status_flags=4
E/QC-QMI ( 796): qmi_ctl_tx_msg: qmi_qmux_tx_msg failed
E/QC-QMI ( 796): qmi_ctl_handle_request: qmi_ctl_tx_msg call failed
E/QC-QMI ( 796): qmi_qmux_open_connection: connection is disabled for conn_id=57
E/QC-QMI ( 796): qmi_qmux_tx_msg: failed to open inactive connd_id=57
E/QC-QMI ( 796): qmi_qmux: TX failed, connection inactive or in reset, conn_id=57, status_flags=4
E/QC-QMI ( 796): qmi_ctl_tx_msg: qmi_qmux_tx_msg failed
E/QC-QMI ( 796): qmi_ctl_handle_request: qmi_ctl_tx_msg call failed
E/QC-QMI ( 796): qmi_qmux_open_connection: connection is disabled for conn_id=29
E/QC-QMI ( 796): qmi_qmux_tx_msg: failed to open inactive connd_id=29
E/QC-QMI ( 796): qmi_qmux: TX failed, connection inactive or in reset, conn_id=29, status_flags=4
E/QC-QMI ( 796): qmi_ctl_tx_msg: qmi_qmux_tx_msg failed
E/QC-QMI ( 796): qmi_ctl_handle_request: qmi_ctl_tx_msg call failed
E/QC-QMI ( 796): qmi_qmux_open_connection: connection is disabled for conn_id=29
E/QC-QMI ( 796): qmi_qmux_tx_msg: failed to open inactive connd_id=29
E/QC-QMI ( 796): qmi_qmux: TX failed, connection inactive or in reset, conn_id=29, status_flags=4
E/QC-QMI ( 796): qmi_ctl_tx_msg: qmi_qmux_tx_msg failed
E/QC-QMI ( 796): qmi_ctl_handle_request: qmi_ctl_tx_msg call failed
E/QC-QMI ( 796): qmi_qmux_open_connection: connection is disabled for conn_id=48
E/QC-QMI ( 796): qmi_qmux_tx_msg: failed to open inactive connd_id=48
E/QC-QMI ( 796): qmi_qmux: TX failed, connection inactive or in reset, conn_id=48, status_flags=4
E/QC-QMI ( 796): qmi_ctl_tx_msg: qmi_qmux_tx_msg failed
E/QC-QMI ( 796): qmi_ctl_handle_request: qmi_ctl_tx_msg call failed
E/QC-QMI ( 796): qmi_qmux_open_connection: connection is disabled for conn_id=48
E/QC-QMI ( 796): qmi_qmux_tx_msg: failed to open inactive connd_id=48
E/QC-QMI ( 796): qmi_qmux: TX failed, connection inactive or in reset, conn_id=48, status_flags=4
E/QC-QMI ( 796): qmi_ctl_tx_msg: qmi_qmux_tx_msg failed
E/QC-QMI ( 796): qmi_ctl_handle_request: qmi_ctl_tx_msg call failed
E/QC-QMI ( 796): qmi_qmux_open_connection: connection is disabled for conn_id=57
E/QC-QMI ( 796): qmi_qmux_tx_msg: failed to open inactive connd_id=57
E/QC-QMI ( 796): qmi_qmux: TX failed, connection inactive or in reset, conn_id=57, status_flags=4
E/QC-QMI ( 796): qmi_ctl_tx_msg: qmi_qmux_tx_msg failed
E/QC-QMI ( 796): qmi_ctl_handle_request: qmi_ctl_tx_msg call failed
E/QC-QMI ( 796): qmi_qmux_open_connection: connection is disabled for conn_id=57
E/QC-QMI ( 796): qmi_qmux_tx_msg: failed to open inactive connd_id=57
E/QC-QMI ( 796): qmi_qmux: TX failed, connection inactive or in reset, conn_id=57, status_flags=4
E/QC-QMI ( 796): qmi_ctl_tx_msg: qmi_qmux_tx_msg failed
E/QC-QMI ( 796): qmi_ctl_handle_request: qmi_ctl_tx_msg call failed
E/QC-QMI ( 796): qmi_qmux_open_connection: connection is disabled for conn_id=29
E/QC-QMI ( 796): qmi_qmux_tx_msg: failed to open inactive connd_id=29
E/QC-QMI ( 796): qmi_qmux: TX failed, connection inactive or in reset, conn_id=29, status_flags=4
E/QC-QMI ( 796): qmi_ctl_tx_msg: qmi_qmux_tx_msg failed
E/QC-QMI ( 796): qmi_ctl_handle_request: qmi_ctl_tx_msg call failed
E/QC-QMI ( 796): qmi_qmux_open_connection: connection is disabled for conn_id=29
E/QC-QMI ( 796): qmi_qmux_tx_msg: failed to open inactive connd_id=29
E/QC-QMI ( 796): qmi_qmux: TX failed, connection inactive or in reset, conn_id=29, status_flags=4
E/QC-QMI ( 796): qmi_ctl_tx_msg: qmi_qmux_tx_msg failed
E/QC-QMI ( 796): qmi_ctl_handle_request: qmi_ctl_tx_msg call failed
E/QC-QMI ( 796): qmi_qmux_open_connection: connection is disabled for conn_id=48
E/QC-QMI ( 796): qmi_qmux_tx_msg: failed to open inactive connd_id=48
E/QC-QMI ( 796): qmi_qmux: TX failed, connection inactive or in reset, conn_id=48, status_flags=4
E/QC-QMI ( 796): qmi_ctl_tx_msg: qmi_qmux_tx_msg failed
E/QC-QMI ( 796): qmi_ctl_handle_request: qmi_ctl_tx_msg call failed
E/QC-QMI ( 796): qmi_qmux_open_connection: connection is disabled for conn_id=29
E/QC-QMI ( 796): qmi_qmux_tx_msg: failed to open inactive connd_id=29
E/QC-QMI ( 796): qmi_qmux: TX failed, connection inactive or in reset, conn_id=29, status_flags=4
E/QC-QMI ( 796): qmi_ctl_tx_msg: qmi_qmux_tx_msg failed
E/QC-QMI ( 796): qmi_ctl_handle_request: qmi_ctl_tx_msg call failed
E/QC-QMI ( 796): qmi_qmux_open_connection: connection is disabled for conn_id=48
E/QC-QMI ( 796): qmi_qmux_tx_msg: failed to open inactive connd_id=48
E/QC-QMI ( 796): qmi_qmux: TX failed, connection inactive or in reset, conn_id=48, status_flags=4
E/QC-QMI ( 796): qmi_ctl_tx_msg: qmi_qmux_tx_msg failed
E/QC-QMI ( 796): qmi_ctl_handle_request: qmi_ctl_tx_msg call failed
E/QC-QMI ( 796): qmi_qmux_open_connection: connection is disabled for conn_id=57
E/QC-QMI ( 796): qmi_qmux_tx_msg: failed to open inactive connd_id=57
E/QC-QMI ( 796): qmi_qmux: TX failed, connection inactive or in reset, conn_id=57, status_flags=4
E/QC-QMI ( 796): qmi_ctl_tx_msg: qmi_qmux_tx_msg failed
E/QC-QMI ( 796): qmi_ctl_handle_request: qmi_ctl_tx_msg call failed
E/QC-QMI ( 796): qmi_qmux_open_connection: connection is disabled for conn_id=57
E/QC-QMI ( 796): qmi_qmux_tx_msg: failed to open inactive connd_id=57
E/QC-QMI ( 796): qmi_qmux: TX failed, connection inactive or in reset, conn_id=57, status_flags=4
E/QC-QMI ( 796): qmi_ctl_tx_msg: qmi_qmux_tx_msg failed
E/QC-QMI ( 796): qmi_ctl_handle_request: qmi_ctl_tx_msg call failed
E/QC-QMI ( 796): qmi_qmux_open_connection: connection is disabled for conn_id=29
E/QC-QMI ( 796): qmi_qmux_tx_msg: failed to open inactive connd_id=29
E/QC-QMI ( 796): qmi_qmux: TX failed, connection inactive or in reset, conn_id=29, status_flags=4
E/QC-QMI ( 796): qmi_ctl_tx_msg: qmi_qmux_tx_msg failed
E/QC-QMI ( 796): qmi_ctl_handle_request: qmi_ctl_tx_msg call failed
E/QC-QMI ( 796): qmi_qmux_open_connection: connection is disabled for conn_id=48
E/QC-QMI ( 796): qmi_qmux_tx_msg: failed to open inactive connd_id=48
E/QC-QMI ( 796): qmi_qmux: TX failed, connection inactive or in reset, conn_id=48, status_flags=4
E/QC-QMI ( 796): qmi_ctl_tx_msg: qmi_qmux_tx_msg failed
E/QC-QMI ( 796): qmi_ctl_handle_request: qmi_ctl_tx_msg call failed
E/QC-QMI ( 796): qmi_qmux_open_connection: connection is disabled for conn_id=48
E/QC-QMI ( 796): qmi_qmux_tx_msg: failed to open inactive connd_id=48
E/QC-QMI ( 796): qmi_qmux: TX failed, connection inactive or in reset, conn_id=48, status_flags=4
E/QC-QMI ( 796): qmi_ctl_tx_msg: qmi_qmux_tx_msg failed
E/QC-QMI ( 796): qmi_ctl_handle_request: qmi_ctl_tx_msg call failed
E/QC-QMI ( 796): qmi_qmux_open_connection: connection is disabled for conn_id=57
E/QC-QMI ( 796): qmi_qmux_tx_msg: failed to open inactive connd_id=57
E/QC-QMI ( 796): qmi_qmux: TX failed, connection inactive or in reset, conn_id=57, status_flags=4
E/QC-QMI ( 796): qmi_ctl_tx_msg: qmi_qmux_tx_msg failed
E/QC-QMI ( 796): qmi_ctl_handle_request: qmi_ctl_tx_msg call failed
E/QC-QMI ( 796): qmi_qmux_open_connection: connection is disabled for conn_id=57
E/QC-QMI ( 796): qmi_qmux_tx_msg: failed to open inactive connd_id=57
E/QC-QMI ( 796): qmi_qmux: TX failed, connection inactive or in reset, conn_id=57, status_flags=4
E/QC-QMI ( 796): qmi_ctl_tx_msg: qmi_qmux_tx_msg failed
E/QC-QMI ( 796): qmi_ctl_handle_request: qmi_ctl_tx_msg call failed
E/QC-QMI ( 796): qmi_qmux_open_connection: connection is disabled for conn_id=29
E/QC-QMI ( 796): qmi_qmux_tx_msg: failed to open inactive connd_id=29
E/QC-QMI ( 796): qmi_qmux: TX failed, connection inactive or in reset, conn_id=29, status_flags=4
E/QC-QMI ( 796): qmi_ctl_tx_msg: qmi_qmux_tx_msg failed
E/QC-QMI ( 796): qmi_ctl_handle_request: qmi_ctl_tx_msg call failed
E/QC-QMI ( 796): qmi_qmux_open_connection: connection is disabled for conn_id=29
E/QC-QMI ( 796): qmi_qmux_tx_msg: failed to open inactive connd_id=29
E/QC-QMI ( 796): qmi_qmux: TX failed, connection inactive or in reset, conn_id=29, status_flags=4
E/QC-QMI ( 796): qmi_ctl_tx_msg: qmi_qmux_tx_msg failed
E/QC-QMI ( 796): qmi_ctl_handle_request: qmi_ctl_tx_msg call failed
E/QC-QMI ( 796): qmi_qmux_open_connection: connection is disabled for conn_id=48
E/QC-QMI ( 796): qmi_qmux_tx_msg: failed to open inactive connd_id=48
E/QC-QMI ( 796): qmi_qmux: TX failed, connection inactive or in reset, conn_id=48, status_flags=4
E/QC-QMI ( 796): qmi_ctl_tx_msg: qmi_qmux_tx_msg failed
E/QC-QMI ( 796): qmi_ctl_handle_request: qmi_ctl_tx_msg call failed
E/QC-QMI ( 796): qmi_qmux_open_connection: connection is disabled for conn_id=48
E/QC-QMI ( 796): qmi_qmux_tx_msg: failed to open inactive connd_id=48
E/QC-QMI ( 796): qmi_qmux: TX failed, connection inactive or in reset, conn_id=48, status_flags=4
E/QC-QMI ( 796): qmi_ctl_tx_msg: qmi_qmux_tx_msg failed
E/QC-QMI ( 796): qmi_ctl_handle_request: qmi_ctl_tx_msg call failed
E/QC-QMI ( 796): qmi_qmux_open_connection: connection is disabled for conn_id=57
E/QC-QMI ( 796): qmi_qmux_tx_msg: failed to open inactive connd_id=57
E/QC-QMI ( 796): qmi_qmux: TX failed, connection inactive or in reset, conn_id=57, status_flags=4
E/QC-QMI ( 796): qmi_ctl_tx_msg: qmi_qmux_tx_msg failed
E/QC-QMI ( 796): qmi_ctl_handle_request: qmi_ctl_tx_msg call failed
E/QC-QMI ( 796): qmi_qmux_open_connection: connection is disabled for conn_id=57
E/QC-QMI ( 796): qmi_qmux_tx_msg: failed to open inactive connd_id=57
E/QC-QMI ( 796): qmi_qmux: TX failed, connection inactive or in reset, conn_id=57, status_flags=4
E/QC-QMI ( 796): qmi_ctl_tx_msg: qmi_qmux_tx_msg failed
E/QC-QMI ( 796): qmi_ctl_handle_request: qmi_ctl_tx_msg call failed
E/QC-QMI ( 796): qmi_qmux_open_connection: connection is disabled for conn_id=29
E/QC-QMI ( 796): qmi_qmux_tx_msg: failed to open inactive connd_id=29
E/QC-QMI ( 796): qmi_qmux: TX failed, connection inactive or in reset, conn_id=29, status_flags=4
E/QC-QMI ( 796): qmi_ctl_tx_msg: qmi_qmux_tx_msg failed
E/QC-QMI ( 796): qmi_ctl_handle_request: qmi_ctl_tx_msg call failed
E/QC-QMI ( 796): qmi_qmux_open_connection: connection is disabled for conn_id=29
E/QC-QMI ( 796): qmi_qmux_tx_msg: failed to open inactive connd_id=29
E/QC-QMI ( 796): qmi_qmux: TX failed, connection inactive or in reset, conn_id=29, status_flags=4
E/QC-QMI ( 796): qmi_ctl_tx_msg: qmi_qmux_tx_msg failed
E/QC-QMI ( 796): qmi_ctl_handle_request: qmi_ctl_tx_msg call failed
E/QC-QMI ( 796): qmi_qmux_open_connection: connection is disabled for conn_id=48
E/QC-QMI ( 796): qmi_qmux_tx_msg: failed to open inactive connd_id=48
E/QC-QMI ( 796): qmi_qmux: TX failed, connection inactive or in reset, conn_id=48, status_flags=4
E/QC-QMI ( 796): qmi_ctl_tx_msg: qmi_qmux_tx_msg failed
E/QC-QMI ( 796): qmi_ctl_handle_request: qmi_ctl_tx_msg call failed
E/QC-QMI ( 796): qmi_qmux_open_connection: connection is disabled for conn_id=48
E/QC-QMI ( 796): qmi_qmux_tx_msg: failed to open inactive connd_id=48
E/QC-QMI ( 796): qmi_qmux: TX failed, connection inactive or in reset, conn_id=48, status_flags=4
E/QC-QMI ( 796): qmi_ctl_tx_msg: qmi_qmux_tx_msg failed
E/QC-QMI ( 796): qmi_ctl_handle_request: qmi_ctl_tx_msg call failed
E/QC-QMI ( 796): qmi_qmux_open_connection: connection is disabled for conn_id=57
E/QC-QMI ( 796): qmi_qmux_tx_msg: failed to open inactive connd_id=57
E/QC-QMI ( 796): qmi_qmux: TX failed, connection inactive or in reset, conn_id=57, status_flags=4
E/QC-QMI ( 796): qmi_ctl_tx_msg: qmi_qmux_tx_msg failed
E/QC-QMI ( 796): qmi_ctl_handle_request: qmi_ctl_tx_msg call failed
E/QC-QMI ( 796): qmi_qmux_open_connection: connection is disabled for conn_id=57
E/QC-QMI ( 796): qmi_qmux_tx_msg: failed to open inactive connd_id=57
E/QC-QMI ( 796): qmi_qmux: TX failed, connection inactive or in reset, conn_id=57, status_flags=4
E/QC-QMI ( 796): qmi_ctl_tx_msg: qmi_qmux_tx_msg failed
E/QC-QMI ( 796): qmi_ctl_handle_request: qmi_ctl_tx_msg call failed
E/qdhwcomposer( 1212): isValidDimension: layer handle is NULL
E/qdhwcomposer( 1212): isValidDimension: layer handle is NULL
E/qdhwcomposer( 1212): isValidDimension: layer handle is NULL
E/qdhwcomposer( 1212): isValidDimension: layer handle is NULL
E/qdhwcomposer( 1212): isValidDimension: layer handle is NULL
E/qdhwcomposer( 1212): isValidDimension: layer handle is NULL
E/qdhwcomposer( 1212): isValidDimension: layer handle is NULL
E/qdhwcomposer( 1212): isValidDimension: layer handle is NULL
E/qdhwcomposer( 1212): isValidDimension: layer handle is NULL
E/qdhwcomposer( 1212): isValidDimension: layer handle is NULL
E/qdhwcomposer( 1212): isValidDimension: layer handle is NULL
E/qdhwcomposer( 1212): isValidDimension: layer handle is NULL
E/qdhwcomposer( 1212): isValidDimension: layer handle is NULL
E/qdhwcomposer( 1212): isValidDimension: layer handle is NULL
E/qdhwcomposer( 1212): isValidDimension: layer handle is NULL
E/qdhwcomposer( 1212): isValidDimension: layer handle is NULL
E/qdhwcomposer( 1212): isValidDimension: layer handle is NULL
E/qdhwcomposer( 1212): isValidDimension: layer handle is NULL
E/qdhwcomposer( 1212): isValidDimension: layer handle is NULL
E/qdhwcomposer( 1212): isValidDimension: layer handle is NULL
E/qdhwcomposer( 1212): isValidDimension: layer handle is NULL
E/qdhwcomposer( 1212): isValidDimension: layer handle is NULL
E/qdhwcomposer( 1212): isValidDimension: layer handle is NULL
E/qdhwcomposer( 1212): isValidDimension: layer handle is NULL
E/qdhwcomposer( 1212): isValidDimension: layer handle is NULL
E/qdhwcomposer( 1212): isValidDimension: layer handle is NULL
E/qdhwcomposer( 1212): isValidDimension: layer handle is NULL
E/qdhwcomposer( 1212): isValidDimension: layer handle is NULL
E/qdhwcomposer( 1212): isValidDimension: layer handle is NULL
E/qdhwcomposer( 1212): isValidDimension: layer handle is NULL
E/qdhwcomposer( 1212): isValidDimension: layer handle is NULL
E/qdhwcomposer( 1212): isValidDimension: layer handle is NULL
V/WLAN_PSA( 682): NL MSG, len[4076], NL type[0x1C] WNI type[0x5900] len[54287]
V/WLAN_PSA( 682): NL MSG, PID: 682
I/ThermalEngine( 685): Sensor:pm8941_tz:42521 mC
E/USB_UICC( 683): Timeout! No signal received. Retry num = 23
E/NetlinkListener( 1620): recvmsg failed (I/O error)
E/NetlinkListener( 696): recvmsg failed (I/O error)
E/qdhwcomposer( 1212): isValidDimension: layer handle is NULL
E/qdhwcomposer( 1212): isValidDimension: layer handle is NULL
E/qdhwcomposer( 1212): isValidDimension: layer handle is NULL
E/qdhwcomposer( 1212): isValidDimension: layer handle is NULL
E/qdhwcomposer( 1212): isValidDimension: layer handle is NULL
E/qdhwcomposer( 1212): isValidDimension: layer handle is NULL
E/qdhwcomposer( 1212): isValidDimension: layer handle is NULL
E/qdhwcomposer( 1212): isValidDimension: layer handle is NULL
E/QC-QMI ( 796): qmi_qmux_open_connection: connection is disabled for conn_id=29
E/QC-QMI ( 796): qmi_qmux_tx_msg: failed to open inactive connd_id=29
E/QC-QMI ( 796): qmi_qmux: TX failed, connection inactive or in reset, conn_id=29, status_flags=4
E/QC-QMI ( 796): qmi_ctl_tx_msg: qmi_qmux_tx_msg failed
E/QC-QMI ( 796): qmi_ctl_handle_request: qmi_ctl_tx_msg call failed
E/QC-QMI ( 796): qmi_qmux_open_connection: connection is disabled for conn_id=29
E/QC-QMI ( 796): qmi_qmux_tx_msg: failed to open inactive connd_id=29
E/QC-QMI ( 796): qmi_qmux: TX failed, connection inactive or in reset, conn_id=29, status_flags=4
E/QC-QMI ( 796): qmi_ctl_tx_msg: qmi_qmux_tx_msg failed
E/QC-QMI ( 796): qmi_ctl_handle_request: qmi_ctl_tx_msg call failed
E/QC-QMI ( 796): qmi_qmux_open_connection: connection is disabled for conn_id=48
E/QC-QMI ( 796): qmi_qmux_tx_msg: failed to open inactive connd_id=48
E/QC-QMI ( 796): qmi_qmux: TX failed, connection inactive or in reset, conn_id=48, status_flags=4
E/QC-QMI ( 796): qmi_ctl_tx_msg: qmi_qmux_tx_msg failed
E/QC-QMI ( 796): qmi_ctl_handle_request: qmi_ctl_tx_msg call failed
E/QC-QMI ( 796): qmi_qmux_open_connection: connection is disabled for conn_id=48
E/QC-QMI ( 796): qmi_qmux_tx_msg: failed to open inactive connd_id=48
E/QC-QMI ( 796): qmi_qmux: TX failed, connection inactive or in reset, conn_id=48, status_flags=4
E/QC-QMI ( 796): qmi_ctl_tx_msg: qmi_qmux_tx_msg failed
E/QC-QMI ( 796): qmi_ctl_handle_request: qmi_ctl_tx_msg call failed
E/QC-QMI ( 796): qmi_qmux_open_connection: connection is disabled for conn_id=57
E/QC-QMI ( 796): qmi_qmux_tx_msg: failed to open inactive connd_id=57
E/QC-QMI ( 796): qmi_qmux: TX failed, connection inactive or in reset, conn_id=57, status_flags=4
E/QC-QMI ( 796): qmi_ctl_tx_msg: qmi_qmux_tx_msg failed
E/QC-QMI ( 796): qmi_ctl_handle_request: qmi_ctl_tx_msg call failed
E/QC-QMI ( 796): qmi_qmux_open_connection: connection is disabled for conn_id=57
E/QC-QMI ( 796): qmi_qmux_tx_msg: failed to open inactive connd_id=57
E/QC-QMI ( 796): qmi_qmux: TX failed, connection inactive or in reset, conn_id=57, status_flags=4
E/QC-QMI ( 796): qmi_ctl_tx_msg: qmi_qmux_tx_msg failed
E/QC-QMI ( 796): qmi_ctl_handle_request: qmi_ctl_tx_msg call failed
E/QC-QMI ( 796): qmi_qmux_open_connection: connection is disabled for conn_id=29
E/QC-QMI ( 796): qmi_qmux_tx_msg: failed to open inactive connd_id=29
E/QC-QMI ( 796): qmi_qmux: TX failed, connection inactive or in reset, conn_id=29, status_flags=4
E/QC-QMI ( 796): qmi_ctl_tx_msg: qmi_qmux_tx_msg failed
E/QC-QMI ( 796): qmi_ctl_handle_request: qmi_ctl_tx_msg call failed
E/QC-QMI ( 796): qmi_qmux_open_connection: connection is disabled for conn_id=29
E/QC-QMI ( 796): qmi_qmux_tx_msg: failed to open inactive connd_id=29
E/QC-QMI ( 796): qmi_qmux: TX failed, connection inactive or in reset, conn_id=29, status_flags=4
E/QC-QMI ( 796): qmi_ctl_tx_msg: qmi_qmux_tx_msg failed
E/QC-QMI ( 796): qmi_ctl_handle_request: qmi_ctl_tx_msg call failed
E/QC-QMI ( 796): qmi_qmux_open_connection: connection is disabled for conn_id=48
E/QC-QMI ( 796): qmi_qmux_tx_msg: failed to open inactive connd_id=48
E/QC-QMI ( 796): qmi_qmux: TX failed, connection inactive or in reset, conn_id=48, status_flags=4
E/QC-QMI ( 796): qmi_ctl_tx_msg: qmi_qmux_tx_msg failed
E/QC-QMI ( 796): qmi_ctl_handle_request: qmi_ctl_tx_msg call failed
E/QC-QMI ( 796): qmi_qmux_open_connection: connection is disabled for conn_id=48
E/QC-QMI ( 796): qmi_qmux_tx_msg: failed to open inactive connd_id=48
E/QC-QMI ( 796): qmi_qmux: TX failed, connection inactive or in reset, conn_id=48, status_flags=4
E/QC-QMI ( 796): qmi_ctl_tx_msg: qmi_qmux_tx_msg failed
E/QC-QMI ( 796): qmi_ctl_handle_request: qmi_ctl_tx_msg call failed
E/QC-QMI ( 796): qmi_qmux_open_connection: connection is disabled for conn_id=57
E/QC-QMI ( 796): qmi_qmux_tx_msg: failed to open inactive connd_id=57
E/QC-QMI ( 796): qmi_qmux: TX failed, connection inactive or in reset, conn_id=57, status_flags=4
E/QC-QMI ( 796): qmi_ctl_tx_msg: qmi_qmux_tx_msg failed
E/QC-QMI ( 796): qmi_ctl_handle_request: qmi_ctl_tx_msg call failed
E/QC-QMI ( 796): qmi_qmux_open_connection: connection is disabled for conn_id=57
E/QC-QMI ( 796): qmi_qmux_tx_msg: failed to open inactive connd_id=57
E/QC-QMI ( 796): qmi_qmux: TX failed, connection inactive or in reset, conn_id=57, status_flags=4
E/QC-QMI ( 796): qmi_ctl_tx_msg: qmi_qmux_tx_msg failed
E/QC-QMI ( 796): qmi_ctl_handle_request: qmi_ctl_tx_msg call failed
E/QC-QMI ( 796): qmi_qmux_open_connection: connection is disabled for conn_id=29
E/QC-QMI ( 796): qmi_qmux_tx_msg: failed to open inactive connd_id=29
E/QC-QMI ( 796): qmi_qmux: TX failed, connection inactive or in reset, conn_id=29, status_flags=4
E/QC-QMI ( 796): qmi_ctl_tx_msg: qmi_qmux_tx_msg failed
E/QC-QMI ( 796): qmi_ctl_handle_request: qmi_ctl_tx_msg call failed
E/qdhwcomposer( 1212): isValidDimension: layer handle is NULL
E/qdhwcomposer( 1212): isValidDimension: layer handle is NULL
E/QC-QMI ( 796): qmi_qmux_open_connection: connection is disabled for conn_id=29
E/QC-QMI ( 796): qmi_qmux_tx_msg: failed to open inactive connd_id=29
E/QC-QMI ( 796): qmi_qmux: TX failed, connection inactive or in reset, conn_id=29, status_flags=4
E/QC-QMI ( 796): qmi_ctl_tx_msg: qmi_qmux_tx_msg failed
E/QC-QMI ( 796): qmi_ctl_handle_request: qmi_ctl_tx_msg call failed
E/QC-QMI ( 796): qmi_qmux_open_connection: connection is disabled for conn_id=48
E/QC-QMI ( 796): qmi_qmux_tx_msg: failed to open inactive connd_id=48
E/QC-QMI ( 796): qmi_qmux: TX failed, connection inactive or in reset, conn_id=48, status_flags=4
E/QC-QMI ( 796): qmi_ctl_tx_msg: qmi_qmux_tx_msg failed
E/QC-QMI ( 796): qmi_ctl_handle_request: qmi_ctl_tx_msg call failed
E/QC-QMI ( 796): qmi_qmux_open_connection: connection is disabled for conn_id=48
E/QC-QMI ( 796): qmi_qmux_tx_msg: failed to open inactive connd_id=48
E/QC-QMI ( 796): qmi_qmux: TX failed, connection inactive or in reset, conn_id=48, status_flags=4
E/QC-QMI ( 796): qmi_ctl_tx_msg: qmi_qmux_tx_msg failed
E/QC-QMI ( 796): qmi_ctl_handle_request: qmi_ctl_tx_msg call failed
E/QC-QMI ( 796): qmi_qmux_open_connection: connection is disabled for conn_id=57
E/QC-QMI ( 796): qmi_qmux_tx_msg: failed to open inactive connd_id=57
E/QC-QMI ( 796): qmi_qmux: TX failed, connection inactive or in reset, conn_id=57, status_flags=4
E/QC-QMI ( 796): qmi_ctl_tx_msg: qmi_qmux_tx_msg failed
E/QC-QMI ( 796): qmi_ctl_handle_request: qmi_ctl_tx_msg call failed
E/QC-QMI ( 796): qmi_qmux_open_connection: connection is disabled for conn_id=57
E/QC-QMI ( 796): qmi_qmux_tx_msg: failed to open inactive connd_id=57
E/QC-QMI ( 796): qmi_qmux: TX failed, connection inactive or in reset, conn_id=57, status_flags=4
E/QC-QMI ( 796): qmi_ctl_tx_msg: qmi_qmux_tx_msg failed
E/QC-QMI ( 796): qmi_ctl_handle_request: qmi_ctl_tx_msg call failed
E/QC-QMI ( 796): qmi_qmux_open_connection: connection is disabled for conn_id=29
E/QC-QMI ( 796): qmi_qmux_tx_msg: failed to open inactive connd_id=29
E/QC-QMI ( 796): qmi_qmux: TX failed, connection inactive or in reset, conn_id=29, status_flags=4
E/QC-QMI ( 796): qmi_ctl_tx_msg: qmi_qmux_tx_msg failed
E/QC-QMI ( 796): qmi_ctl_handle_request: qmi_ctl_tx_msg call failed
E/QC-QMI ( 796): qmi_qmux_open_connection: connection is disabled for conn_id=29
E/QC-QMI ( 796): qmi_qmux_tx_msg: failed to open inactive connd_id=29
E/QC-QMI ( 796): qmi_qmux: TX failed, connection inactive or in reset, conn_id=29, status_flags=4
E/QC-QMI ( 796): qmi_ctl_tx_msg: qmi_qmux_tx_msg failed
E/QC-QMI ( 796): qmi_ctl_handle_request: qmi_ctl_tx_msg call failed
E/QC-QMI ( 796): qmi_qmux_open_connection: connection is disabled for conn_id=48
E/QC-QMI ( 796): qmi_qmux_tx_msg: failed to open inactive connd_id=48
E/QC-QMI ( 796): qmi_qmux: TX failed, connection inactive or in reset, conn_id=48, status_flags=4
E/QC-QMI ( 796): qmi_ctl_tx_msg: qmi_qmux_tx_msg failed
E/QC-QMI ( 796): qmi_ctl_handle_request: qmi_ctl_tx_msg call failed
E/QC-QMI ( 796): qmi_qmux_open_connection: connection is disabled for conn_id=48
E/QC-QMI ( 796): qmi_qmux_tx_msg: failed to open inactive connd_id=48
E/QC-QMI ( 796): qmi_qmux: TX failed, connection inactive or in reset, conn_id=48, status_flags=4
E/QC-QMI ( 796): qmi_ctl_tx_msg: qmi_qmux_tx_msg failed
E/QC-QMI ( 796): qmi_ctl_handle_request: qmi_ctl_tx_msg call failed
E/QC-QMI ( 796): qmi_qmux_open_connection: connection is disabled for conn_id=57
E/QC-QMI ( 796): qmi_qmux_tx_msg: failed to open inactive connd_id=57
E/QC-QMI ( 796): qmi_qmux: TX failed, connection inactive or in reset, conn_id=57, status_flags=4
E/QC-QMI ( 796): qmi_ctl_tx_msg: qmi_qmux_tx_msg failed
E/QC-QMI ( 796): qmi_ctl_handle_request: qmi_ctl_tx_msg call failed
E/QC-QMI ( 796): qmi_qmux_open_connection: connection is disabled for conn_id=57
E/QC-QMI ( 796): qmi_qmux_tx_msg: failed to open inactive connd_id=57
E/QC-QMI ( 796): qmi_qmux: TX failed, connection inactive or in reset, conn_id=57, status_flags=4
E/QC-QMI ( 796): qmi_ctl_tx_msg: qmi_qmux_tx_msg failed
E/QC-QMI ( 796): qmi_ctl_handle_request: qmi_ctl_tx_msg call failed
E/QC-QMI ( 796): qmi_qmux_open_connection: connection is disabled for conn_id=29
E/QC-QMI ( 796): qmi_qmux_tx_msg: failed to open inactive connd_id=29
E/QC-QMI ( 796): qmi_qmux: TX failed, connection inactive or in reset, conn_id=29, status_flags=4
E/QC-QMI ( 796): qmi_ctl_tx_msg: qmi_qmux_tx_msg failed
E/QC-QMI ( 796): qmi_ctl_handle_request: qmi_ctl_tx_msg call failed
E/QC-QMI ( 796): qmi_qmux_open_connection: connection is disabled for conn_id=29
E/QC-QMI ( 796): qmi_qmux_tx_msg: failed to open inactive connd_id=29
E/QC-QMI ( 796): qmi_qmux: TX failed, connection inactive or in reset, conn_id=29, status_flags=4
E/QC-QMI ( 796): qmi_ctl_tx_msg: qmi_qmux_tx_msg failed
E/QC-QMI ( 796): qmi_ctl_handle_request: qmi_ctl_tx_msg call failed
E/qdhwcomposer( 1212): isValidDimension: layer handle is NULL
E/qdhwcomposer( 1212): isValidDimension: layer handle is NULL
E/QC-QMI ( 796): qmi_qmux_open_connection: connection is disabled for conn_id=48
E/QC-QMI ( 796): qmi_qmux_tx_msg: failed to open inactive connd_id=48
E/QC-QMI ( 796): qmi_qmux: TX failed, connection inactive or in reset, conn_id=48, status_flags=4
E/QC-QMI ( 796): qmi_ctl_tx_msg: qmi_qmux_tx_msg failed
E/QC-QMI ( 796): qmi_ctl_handle_request: qmi_ctl_tx_msg call failed
E/QC-QMI ( 796): qmi_qmux_open_connection: connection is disabled for conn_id=48
E/QC-QMI ( 796): qmi_qmux_tx_msg: failed to open inactive connd_id=48
E/QC-QMI ( 796): qmi_qmux: TX failed, connection inactive or in reset, conn_id=48, status_flags=4
E/QC-QMI ( 796): qmi_ctl_tx_msg: qmi_qmux_tx_msg failed
E/QC-QMI ( 796): qmi_ctl_handle_request: qmi_ctl_tx_msg call failed
E/QC-QMI ( 796): qmi_qmux_open_connection: connection is disabled for conn_id=57
E/QC-QMI ( 796): qmi_qmux_tx_msg: failed to open inactive connd_id=57
E/QC-QMI ( 796): qmi_qmux: TX failed, connection inactive or in reset, conn_id=57, status_flags=4
E/QC-QMI ( 796): qmi_ctl_tx_msg: qmi_qmux_tx_msg failed
E/QC-QMI ( 796): qmi_ctl_handle_request: qmi_ctl_tx_msg call failed
E/QC-QMI ( 796): qmi_qmux_open_connection: connection is disabled for conn_id=57
E/QC-QMI ( 796): qmi_qmux_tx_msg: failed to open inactive connd_id=57
E/QC-QMI ( 796): qmi_qmux: TX failed, connection inactive or in reset, conn_id=57, status_flags=4
E/QC-QMI ( 796): qmi_ctl_tx_msg: qmi_qmux_tx_msg failed
E/QC-QMI ( 796): qmi_ctl_handle_request: qmi_ctl_tx_msg call failed
E/QC-QMI ( 796): qmi_qmux_open_connection: connection is disabled for conn_id=29
E/QC-QMI ( 796): qmi_qmux_tx_msg: failed to open inactive connd_id=29
E/QC-QMI ( 796): qmi_qmux: TX failed, connection inactive or in reset, conn_id=29, status_flags=4
E/QC-QMI ( 796): qmi_ctl_tx_msg: qmi_qmux_tx_msg failed
