I/dex2oat ( 2545): Decided to run without swap.
I/dex2oat ( 2545): dex2oat took 44.331ms (threads: 4) arena alloc=240KB java alloc=5KB native alloc=744KB free=7MB
I/dex2oat ( 2550): /system/bin/dex2oat --zip-fd=5 --zip-location=/system/framework/svc.jar --oat-fd=6 --oat-location=/data/dalvik-cache/arm/system@framework@svc.jar@classes.dex --instruction-set=arm --instruction-set-features=div --runtime-arg -Xms64m --runtime-arg -Xmx512m --swap-fd=7
I/ThermalEngine( 672): Sensor:tsens_tz_sensor8:70000 mC
I/ThermalEngine( 672): Sensor:tsens_tz_sensor7:63000 mC
I/ThermalEngine( 672): Sensor:tsens_tz_sensor6:63000 mC
I/ThermalEngine( 672): Sensor:tsens_tz_sensor5:71000 mC
I/ThermalEngine( 672): ACTION: CPU - Setting CPU[0] to 1958400
I/ThermalEngine( 672): ACTION: CPU - Setting CPU[1] to 1958400
I/ThermalEngine( 672): ACTION: CPU - Setting CPU[2] to 1958400
I/ThermalEngine( 672): ACTION: CPU - Setting CPU[3] to 1958400
I/dex2oat ( 2550): Decided to run without swap.
I/dex2oat ( 2550): dex2oat took 48.124ms (threads: 4) arena alloc=50KB java alloc=13KB native alloc=865KB free=7MB
I/dex2oat ( 2555): /system/bin/dex2oat --zip-fd=5 --zip-location=/system/framework/uiautomator.jar --oat-fd=6 --oat-location=/data/dalvik-cache/arm/system@framework@uiautomator.jar@classes.dex --instruction-set=arm --instruction-set-features=div --runtime-arg -Xms64m --runtime-arg -Xmx512m --swap-fd=7
I/ThermalEngine( 672): Sensor:tsens_tz_sensor8:67000 mC
I/ThermalEngine( 672): Sensor:tsens_tz_sensor7:63000 mC
I/ThermalEngine( 672): Sensor:tsens_tz_sensor6:64000 mC
I/ThermalEngine( 672): Sensor:tsens_tz_sensor5:69000 mC
I/ThermalEngine( 672): ACTION: CPU - Setting CPU[0] to 2265600
I/ThermalEngine( 672): ACTION: CPU - Setting CPU[1] to 2265600
I/ThermalEngine( 672): ACTION: CPU - Setting CPU[2] to 2265600
I/ThermalEngine( 672): ACTION: CPU - Setting CPU[3] to 2265600
I/dex2oat ( 2555): Decided to run without swap.
I/ThermalEngine( 672): Sensor:tsens_tz_sensor8:65000 mC
I/ThermalEngine( 672): Sensor:tsens_tz_sensor7:63000 mC
I/ThermalEngine( 672): Sensor:tsens_tz_sensor6:64000 mC
I/ThermalEngine( 672): Sensor:tsens_tz_sensor5:68000 mC
I/ThermalEngine( 672): Sensor:pm8941_tz:57166 mC
I/ThermalEngine( 672): Sensor:tsens_tz_sensor8:66000 mC
I/ThermalEngine( 672): Sensor:tsens_tz_sensor7:63000 mC
I/ThermalEngine( 672): Sensor:tsens_tz_sensor6:63000 mC
I/ThermalEngine( 672): Sensor:tsens_tz_sensor5:67000 mC
I/ThermalEngine( 672): Sensor:tsens_tz_sensor8:68000 mC
I/ThermalEngine( 672): Sensor:tsens_tz_sensor7:63000 mC
I/ThermalEngine( 672): Sensor:tsens_tz_sensor6:63000 mC
I/ThermalEngine( 672): Sensor:tsens_tz_sensor5:71000 mC
I/ThermalEngine( 672): ACTION: CPU - Setting CPU[0] to 1958400
I/ThermalEngine( 672): ACTION: CPU - Setting CPU[1] to 1958400
I/ThermalEngine( 672): ACTION: CPU - Setting CPU[2] to 1958400
I/ThermalEngine( 672): ACTION: CPU - Setting CPU[3] to 1958400
I/dex2oat ( 2555): dex2oat took 238.666ms (threads: 4) arena alloc=73KB java alloc=134KB native alloc=1415KB free=6MB
I/ThermalEngine( 672): Sensor:tsens_tz_sensor8:65000 mC
I/ThermalEngine( 672): Sensor:tsens_tz_sensor7:63000 mC
I/ThermalEngine( 672): Sensor:tsens_tz_sensor6:63000 mC
I/ThermalEngine( 672): Sensor:tsens_tz_sensor5:68000 mC
I/ThermalEngine( 672): ACTION: CPU - Setting CPU[0] to 2265600
I/ThermalEngine( 672): ACTION: CPU - Setting CPU[1] to 2265600
I/ThermalEngine( 672): ACTION: CPU - Setting CPU[2] to 2265600
I/ThermalEngine( 672): ACTION: CPU - Setting CPU[3] to 2265600
I/dex2oat ( 2560): /system/bin/dex2oat --zip-fd=5 --zip-location=/system/framework/wifi-service.jar --oat-fd=6 --oat-location=/data/dalvik-cache/arm/system@framework@wifi-service.jar@classes.dex --instruction-set=arm --instruction-set-features=div --runtime-arg -Xms64m --runtime-arg -Xmx512m --swap-fd=7
I/dex2oat ( 2560): Decided to run without swap.
I/ThermalEngine( 672): Sensor:tsens_tz_sensor8:72000 mC
I/ThermalEngine( 672): ACTION: CPU - Setting CPU[0] to 1958400
I/ThermalEngine( 672): ACTION: CPU - Setting CPU[1] to 1958400
I/ThermalEngine( 672): ACTION: CPU - Setting CPU[2] to 1958400
I/ThermalEngine( 672): ACTION: CPU - Setting CPU[3] to 1958400
I/ThermalEngine( 672): Sensor:tsens_tz_sensor7:63000 mC
I/ThermalEngine( 672): Sensor:tsens_tz_sensor6:63000 mC
I/ThermalEngine( 672): Sensor:tsens_tz_sensor5:65000 mC
I/ThermalEngine( 672): Sensor:tsens_tz_sensor8:68000 mC
I/ThermalEngine( 672): ACTION: CPU - Setting CPU[0] to 2265600
I/ThermalEngine( 672): ACTION: CPU - Setting CPU[1] to 2265600
I/ThermalEngine( 672): ACTION: CPU - Setting CPU[2] to 2265600
I/ThermalEngine( 672): ACTION: CPU - Setting CPU[3] to 2265600
I/ThermalEngine( 672): Sensor:tsens_tz_sensor7:63000 mC
I/ThermalEngine( 672): Sensor:tsens_tz_sensor6:63000 mC
I/ThermalEngine( 672): Sensor:tsens_tz_sensor5:65000 mC
E/NetlinkListener( 683): recvmsg failed (I/O error)
E/NetlinkListener( 681): recvmsg failed (I/O error)
I/ThermalEngine( 672): Sensor:tsens_tz_sensor8:71000 mC
I/ThermalEngine( 672): ACTION: CPU - Setting CPU[0] to 1958400
I/ThermalEngine( 672): ACTION: CPU - Setting CPU[1] to 1958400
I/ThermalEngine( 672): ACTION: CPU - Setting CPU[2] to 1958400
I/ThermalEngine( 672): ACTION: CPU - Setting CPU[3] to 1958400
I/ThermalEngine( 672): Sensor:tsens_tz_sensor7:69000 mC
I/ThermalEngine( 672): Sensor:tsens_tz_sensor6:63000 mC
I/ThermalEngine( 672): Sensor:tsens_tz_sensor5:64000 mC
E/NetlinkListener( 681): recvmsg failed (I/O error)
E/NetlinkListener( 683): recvmsg failed (I/O error)
I/ThermalEngine( 672): Sensor:tsens_tz_sensor8:70000 mC
I/ThermalEngine( 672): ACTION: CPU - Setting CPU[0] to 2265600
I/ThermalEngine( 672): ACTION: CPU - Setting CPU[1] to 2265600
I/ThermalEngine( 672): ACTION: CPU - Setting CPU[2] to 2265600
I/ThermalEngine( 672): ACTION: CPU - Setting CPU[3] to 2265600
I/ThermalEngine( 672): Sensor:tsens_tz_sensor7:69000 mC
I/ThermalEngine( 672): Sensor:tsens_tz_sensor6:64000 mC
I/ThermalEngine( 672): Sensor:tsens_tz_sensor5:67000 mC
I/ThermalEngine( 672): Sensor:tsens_tz_sensor8:65000 mC
I/ThermalEngine( 672): Sensor:tsens_tz_sensor7:66000 mC
I/ThermalEngine( 672): Sensor:tsens_tz_sensor6:68000 mC
I/ThermalEngine( 672): Sensor:tsens_tz_sensor5:65000 mC
I/ThermalEngine( 672): Sensor:tsens_tz_sensor8:65000 mC
I/ThermalEngine( 672): Sensor:tsens_tz_sensor7:66000 mC
I/ThermalEngine( 672): Sensor:tsens_tz_sensor6:71000 mC
I/ThermalEngine( 672): ACTION: CPU - Setting CPU[0] to 1958400
I/ThermalEngine( 672): ACTION: CPU - Setting CPU[1] to 1958400
I/ThermalEngine( 672): ACTION: CPU - Setting CPU[2] to 1958400
I/ThermalEngine( 672): ACTION: CPU - Setting CPU[3] to 1958400
I/ThermalEngine( 672): Sensor:tsens_tz_sensor5:66000 mC
I/ThermalEngine( 672): Sensor:tsens_tz_sensor8:68000 mC
I/ThermalEngine( 672): Sensor:tsens_tz_sensor7:68000 mC
I/ThermalEngine( 672): Sensor:tsens_tz_sensor6:71000 mC
I/ThermalEngine( 672): Sensor:tsens_tz_sensor5:69000 mC
I/ThermalEngine( 672): Sensor:tsens_tz_sensor8:71000 mC
I/ThermalEngine( 672): Sensor:tsens_tz_sensor7:70000 mC
I/ThermalEngine( 672): Sensor:tsens_tz_sensor6:72000 mC
I/ThermalEngine( 672): ACTION: CPU - Setting CPU[0] to 1728000
I/ThermalEngine( 672): ACTION: CPU - Setting CPU[1] to 1728000
I/ThermalEngine( 672): ACTION: CPU - Setting CPU[2] to 1728000
I/ThermalEngine( 672): ACTION: CPU - Setting CPU[3] to 1728000
I/ThermalEngine( 672): Sensor:tsens_tz_sensor5:71000 mC
I/ThermalEngine( 672): Sensor:tsens_tz_sensor8:70000 mC
I/ThermalEngine( 672): Sensor:tsens_tz_sensor7:70000 mC
I/ThermalEngine( 672): Sensor:tsens_tz_sensor6:72000 mC
I/ThermalEngine( 672): Sensor:tsens_tz_sensor5:72000 mC
I/ThermalEngine( 672): Sensor:tsens_tz_sensor8:71000 mC
I/ThermalEngine( 672): Sensor:tsens_tz_sensor7:66000 mC
I/ThermalEngine( 672): Sensor:tsens_tz_sensor6:67000 mC
I/ThermalEngine( 672): Sensor:tsens_tz_sensor5:68000 mC
I/ThermalEngine( 672): ACTION: CPU - Setting CPU[0] to 1958400
I/ThermalEngine( 672): ACTION: CPU - Setting CPU[1] to 1958400
I/ThermalEngine( 672): ACTION: CPU - Setting CPU[2] to 1958400
I/ThermalEngine( 672): ACTION: CPU - Setting CPU[3] to 1958400
I/ThermalEngine( 672): Sensor:tsens_tz_sensor8:67000 mC
I/ThermalEngine( 672): Sensor:tsens_tz_sensor7:65000 mC
I/ThermalEngine( 672): Sensor:tsens_tz_sensor6:66000 mC
I/ThermalEngine( 672): Sensor:tsens_tz_sensor5:66000 mC
I/ThermalEngine( 672): ACTION: CPU - Setting CPU[0] to 2265600
I/ThermalEngine( 672): ACTION: CPU - Setting CPU[1] to 2265600
I/ThermalEngine( 672): ACTION: CPU - Setting CPU[2] to 2265600
I/ThermalEngine( 672): ACTION: CPU - Setting CPU[3] to 2265600
I/ThermalEngine( 672): Sensor:tsens_tz_sensor8:65000 mC
I/ThermalEngine( 672): Sensor:tsens_tz_sensor7:64000 mC
I/ThermalEngine( 672): Sensor:tsens_tz_sensor6:65000 mC
I/ThermalEngine( 672): Sensor:tsens_tz_sensor5:66000 mC
E/NetlinkListener( 683): recvmsg failed (I/O error)
E/NetlinkListener( 681): recvmsg failed (I/O error)
I/dex2oat ( 2560): dex2oat took 791.896ms (threads: 4) arena alloc=2MB java alloc=916KB native alloc=4MB free=3MB
E/NetlinkListener( 681): recvmsg failed (I/O error)
E/NetlinkListener( 683): recvmsg failed (I/O error)
I/ThermalEngine( 672): Sensor:tsens_tz_sensor8:64000 mC
I/ThermalEngine( 672): Sensor:tsens_tz_sensor7:63000 mC
I/ThermalEngine( 672): Sensor:tsens_tz_sensor6:64000 mC
I/ThermalEngine( 672): Sensor:tsens_tz_sensor5:68000 mC
I/dex2oat ( 2581): /system/bin/dex2oat --zip-fd=5 --zip-location=/system/framework/wm.jar --oat-fd=6 --oat-location=/data/dalvik-cache/arm/system@framework@wm.jar@classes.dex --instruction-set=arm --instruction-set-features=div --runtime-arg -Xms64m --runtime-arg -Xmx512m --swap-fd=7
I/dex2oat ( 2581): Decided to run without swap.
I/ThermalEngine( 672): Sensor:tsens_tz_sensor8:65000 mC
I/ThermalEngine( 672): Sensor:tsens_tz_sensor7:63000 mC
I/ThermalEngine( 672): Sensor:tsens_tz_sensor6:64000 mC
I/ThermalEngine( 672): Sensor:tsens_tz_sensor5:66000 mC
I/dex2oat ( 2581): dex2oat took 59.611ms (threads: 4) arena alloc=26KB java alloc=3KB native alloc=624KB free=7MB
D/PackageManager( 2068): No files in app dir /vendor/overlay
I/ThermalEngine( 672): Sensor:tsens_tz_sensor8:65000 mC
I/ThermalEngine( 672): Sensor:tsens_tz_sensor7:63000 mC
I/ThermalEngine( 672): Sensor:tsens_tz_sensor6:63000 mC
I/ThermalEngine( 672): Sensor:tsens_tz_sensor5:66000 mC
I/ThermalEngine( 672): Sensor:tsens_tz_sensor8:65000 mC
I/ThermalEngine( 672): Sensor:tsens_tz_sensor7:63000 mC
I/ThermalEngine( 672): Sensor:tsens_tz_sensor6:63000 mC
I/ThermalEngine( 672): Sensor:tsens_tz_sensor5:64000 mC
I/PackageManager( 2068): /usr/libexec/sfdroid/system/priv-app/Settings changed; collecting certs
I/ThermalEngine( 672): Sensor:tsens_tz_sensor8:67000 mC
I/ThermalEngine( 672): Sensor:tsens_tz_sensor7:63000 mC
I/ThermalEngine( 672): Sensor:tsens_tz_sensor6:63000 mC
I/ThermalEngine( 672): Sensor:tsens_tz_sensor5:66000 mC
I/ThermalEngine( 672): Sensor:tsens_tz_sensor8:69000 mC
I/ThermalEngine( 672): Sensor:tsens_tz_sensor7:63000 mC
I/ThermalEngine( 672): Sensor:tsens_tz_sensor6:63000 mC
I/ThermalEngine( 672): Sensor:tsens_tz_sensor5:69000 mC
I/ThermalEngine( 672): Sensor:tsens_tz_sensor8:70000 mC
I/ThermalEngine( 672): Sensor:tsens_tz_sensor7:63000 mC
I/ThermalEngine( 672): Sensor:tsens_tz_sensor6:63000 mC
I/ThermalEngine( 672): Sensor:tsens_tz_sensor5:65000 mC
I/ThermalEngine( 672): Sensor:tsens_tz_sensor8:66000 mC
I/ThermalEngine( 672): Sensor:tsens_tz_sensor7:63000 mC
I/ThermalEngine( 672): Sensor:tsens_tz_sensor6:63000 mC
I/ThermalEngine( 672): Sensor:tsens_tz_sensor5:68000 mC
W/PackageManager( 2068): Trying to update system app code path from /system/priv-app/Settings to /usr/libexec/sfdroid/system/priv-app/Settings
W/PackageManager( 2068): Failed to parse /usr/libexec/sfdroid/system/priv-app/Settings: Signature mismatch for shared user : SharedUserSetting{9837d1d android.uid.system/1000}
I/PackageManager( 2068): /system/priv-app/CNEService changed; collecting certs
W/PackageManager( 2068): Failed to parse /system/priv-app/CNEService: Signature mismatch for shared user : SharedUserSetting{9837d1d android.uid.system/1000}
I/ThermalEngine( 672): Sensor:tsens_tz_sensor8:64000 mC
I/ThermalEngine( 672): Sensor:tsens_tz_sensor7:63000 mC
I/ThermalEngine( 672): Sensor:tsens_tz_sensor6:63000 mC
I/ThermalEngine( 672): Sensor:tsens_tz_sensor5:70000 mC
I/ThermalEngine( 672): Sensor:tsens_tz_sensor8:63000 mC
I/ThermalEngine( 672): Sensor:tsens_tz_sensor7:62000 mC
I/ThermalEngine( 672): Sensor:tsens_tz_sensor6:63000 mC
I/ThermalEngine( 672): Sensor:tsens_tz_sensor5:68000 mC
W/ResourceType( 2068): Failure getting entry for 0x7f0b0232 (t=10 e=562) (error -75)
W/PackageParser( 2068): No actions in intent filter at /system/priv-app/Contacts/Contacts.apk Binary XML file line #364
I/ThermalEngine( 672): Sensor:tsens_tz_sensor8:62000 mC
I/ThermalEngine( 672): Sensor:tsens_tz_sensor7:62000 mC
I/ThermalEngine( 672): Sensor:tsens_tz_sensor6:63000 mC
I/ThermalEngine( 672): Sensor:tsens_tz_sensor5:68000 mC
W/PackageParser( 2068): No actions in intent filter at /system/priv-app/Dialer/Dialer.apk Binary XML file line #168
I/ThermalEngine( 672): Sensor:tsens_tz_sensor8:62000 mC
I/ThermalEngine( 672): Sensor:tsens_tz_sensor7:62000 mC
I/ThermalEngine( 672): Sensor:tsens_tz_sensor6:63000 mC
I/ThermalEngine( 672): Sensor:tsens_tz_sensor5:69000 mC
I/ThermalEngine( 672): Sensor:tsens_tz_sensor8:63000 mC
I/ThermalEngine( 672): Sensor:tsens_tz_sensor7:62000 mC
I/ThermalEngine( 672): Sensor:tsens_tz_sensor6:62000 mC
I/ThermalEngine( 672): Sensor:tsens_tz_sensor5:66000 mC
I/ThermalEngine( 672): Sensor:tsens_tz_sensor8:64000 mC
I/ThermalEngine( 672): Sensor:tsens_tz_sensor7:62000 mC
I/ThermalEngine( 672): Sensor:tsens_tz_sensor6:62000 mC
I/ThermalEngine( 672): Sensor:tsens_tz_sensor5:68000 mC
W/PackageParser( 2068): No actions in intent filter at /system/priv-app/ProximitySensorTools/ProximitySensorTools.apk Binary XML file line #54
I/ThermalEngine( 672): Sensor:tsens_tz_sensor8:62000 mC
I/ThermalEngine( 672): Sensor:tsens_tz_sensor7:62000 mC
I/ThermalEngine( 672): Sensor:tsens_tz_sensor6:63000 mC
I/ThermalEngine( 672): Sensor:tsens_tz_sensor5:69000 mC
W/PackageManager( 2068): Failed to parse /system/priv-app/Settings: Signature mismatch for shared user : SharedUserSetting{9837d1d android.uid.system/1000}
I/ThermalEngine( 672): Sensor:tsens_tz_sensor8:62000 mC
I/ThermalEngine( 672): Sensor:tsens_tz_sensor7:62000 mC
I/ThermalEngine( 672): Sensor:tsens_tz_sensor6:63000 mC
I/ThermalEngine( 672): Sensor:tsens_tz_sensor5:67000 mC
I/ThermalEngine( 672): Sensor:tsens_tz_sensor8:67000 mC
I/ThermalEngine( 672): Sensor:tsens_tz_sensor7:62000 mC
I/ThermalEngine( 672): Sensor:tsens_tz_sensor6:62000 mC
I/ThermalEngine( 672): Sensor:tsens_tz_sensor5:65000 mC
W/ResourceType( 2068): Failure getting entry for 0x7f08031d (t=7 e=797) (error -75)
W/PackageParser( 2068): Unknown element under : android at /system/priv-app/Telecom/Telecom.apk Binary XML file line #233
I/PackageManager( 2068): /system/priv-app/com.qualcomm.location changed; collecting certs
I/ThermalEngine( 672): Sensor:tsens_tz_sensor8:66000 mC
I/ThermalEngine( 672): Sensor:tsens_tz_sensor7:62000 mC
I/ThermalEngine( 672): Sensor:tsens_tz_sensor6:62000 mC
I/ThermalEngine( 672): Sensor:tsens_tz_sensor5:65000 mC
W/PackageManager( 2068): Failed to parse /system/priv-app/com.qualcomm.location: Signature mismatch for shared user : SharedUserSetting{9837d1d android.uid.system/1000}
I/PackageManager( 2068): /system/priv-app/com.qualcomm.msapm changed; collecting certs
W/PackageManager( 2068): Failed to parse /system/priv-app/com.qualcomm.msapm: Signature mismatch for shared user : SharedUserSetting{9837d1d android.uid.system/1000}
W/PackageParser( 2068): No actions in intent filter at /system/app/Bluetooth/Bluetooth.apk Binary XML file line #229
I/ThermalEngine( 672): Sensor:tsens_tz_sensor8:68000 mC
I/ThermalEngine( 672): Sensor:tsens_tz_sensor7:62000 mC
I/ThermalEngine( 672): Sensor:tsens_tz_sensor6:62000 mC
I/ThermalEngine( 672): Sensor:tsens_tz_sensor5:64000 mC
W/PackageParser( 2068): Unknown element under : uses-feature at /system/app/BluetoothExt/BluetoothExt.apk Binary XML file line #57
W/PackageParser( 2068): No actions in intent filter at /system/app/BluetoothExt/BluetoothExt.apk Binary XML file line #110
W/PackageParser( 2068): No actions in intent filter at /system/app/BluetoothExt/BluetoothExt.apk Binary XML file line #134
W/PackageParser( 2068): No actions in intent filter at /system/app/BluetoothExt/BluetoothExt.apk Binary XML file line #161
I/PackageManager( 2068): /system/app/CABLService changed; collecting certs
W/PackageManager( 2068): Failed to parse /system/app/CABLService: Signature mismatch for shared user : SharedUserSetting{9837d1d android.uid.system/1000}
I/ThermalEngine( 672): Sensor:tsens_tz_sensor8:67000 mC
I/ThermalEngine( 672): Sensor:tsens_tz_sensor7:62000 mC
I/ThermalEngine( 672): Sensor:tsens_tz_sensor6:62000 mC
I/ThermalEngine( 672): Sensor:tsens_tz_sensor5:63000 mC
V/WLAN_PSA( 669): NL MSG, len[4011], NL type[0x1C] WNI type[0x5900] len[37647]
V/WLAN_PSA( 669): NL MSG, PID: 669
I/ThermalEngine( 672): Sensor:tsens_tz_sensor8:68000 mC
I/ThermalEngine( 672): Sensor:tsens_tz_sensor7:62000 mC
I/ThermalEngine( 672): Sensor:tsens_tz_sensor6:62000 mC
I/ThermalEngine( 672): Sensor:tsens_tz_sensor5:63000 mC
I/ThermalEngine( 672): Sensor:tsens_tz_sensor8:67000 mC
I/ThermalEngine( 672): Sensor:tsens_tz_sensor7:62000 mC
I/ThermalEngine( 672): Sensor:tsens_tz_sensor6:62000 mC
I/ThermalEngine( 672): Sensor:tsens_tz_sensor5:65000 mC
W/PackageParser( 2068): Unknown element under : permission at /system/app/Gallery2/Gallery2.apk Binary XML file line #254
W/PackageParser( 2068): Unknown element under : permission at /system/app/Gallery2/Gallery2.apk Binary XML file line #257
I/PackageManager( 2068): /system/app/GsmTuneAway changed; collecting certs
I/ThermalEngine( 672): Sensor:tsens_tz_sensor8:68000 mC
I/ThermalEngine( 672): Sensor:tsens_tz_sensor7:62000 mC
I/ThermalEngine( 672): Sensor:tsens_tz_sensor6:62000 mC
I/ThermalEngine( 672): Sensor:tsens_tz_sensor5:63000 mC
W/PackageManager( 2068): Failed to parse /system/app/GsmTuneAway: Signature mismatch for shared user : SharedUserSetting{26826c51 android.uid.phone/1001}
V/WLAN_PSA( 669): NL MSG, len[048], NL type[0x11] WNI type[0x5050] len[028]
V/WLAN_PSA( 669): NL MSG, PID: 669
I/PackageParser( 2068): com.qualcomm.interfacepermissions: compat added android.permission.WRITE_EXTERNAL_STORAGE android.permission.READ_PHONE_STATE
I/ThermalEngine( 672): Sensor:tsens_tz_sensor8:66000 mC
I/ThermalEngine( 672): Sensor:tsens_tz_sensor7:62000 mC
I/ThermalEngine( 672): Sensor:tsens_tz_sensor6:62000 mC
I/ThermalEngine( 672): Sensor:tsens_tz_sensor5:63000 mC
I/ThermalEngine( 672): Sensor:tsens_tz_sensor8:67000 mC
I/ThermalEngine( 672): Sensor:tsens_tz_sensor7:62000 mC
I/ThermalEngine( 672): Sensor:tsens_tz_sensor6:62000 mC
I/ThermalEngine( 672): Sensor:tsens_tz_sensor5:63000 mC
I/PackageManager( 2068): /system/app/NetworkSetting changed; collecting certs
W/PackageManager( 2068): Failed to parse /system/app/NetworkSetting: Signature mismatch for shared user : SharedUserSetting{26826c51 android.uid.phone/1001}
E/NetlinkListener( 681): recvmsg failed (I/O error)
E/NetlinkListener( 683): recvmsg failed (I/O error)
I/ThermalEngine( 672): Sensor:tsens_tz_sensor8:67000 mC
I/ThermalEngine( 672): Sensor:tsens_tz_sensor7:62000 mC
I/ThermalEngine( 672): Sensor:tsens_tz_sensor6:62000 mC
I/ThermalEngine( 672): Sensor:tsens_tz_sensor5:63000 mC
E/NetlinkListener( 681): recvmsg failed (I/O error)
E/NetlinkListener( 683): recvmsg failed (I/O error)
I/PackageParser( 2068): com.qualcomm.qcom_qmi: compat added android.permission.WRITE_EXTERNAL_STORAGE android.permission.READ_PHONE_STATE
I/ThermalEngine( 672): Sensor:tsens_tz_sensor8:64000 mC
I/ThermalEngine( 672): Sensor:tsens_tz_sensor7:62000 mC
I/ThermalEngine( 672): Sensor:tsens_tz_sensor6:62000 mC
I/ThermalEngine( 672): Sensor:tsens_tz_sensor5:66000 mC
I/PackageManager( 2068): /system/app/SVIService changed; collecting certs
W/PackageManager( 2068): Failed to parse /system/app/SVIService: Signature mismatch for shared user : SharedUserSetting{9837d1d android.uid.system/1000}
I/PackageManager( 2068): /system/app/TimeService changed; collecting certs
W/PackageManager( 2068): Failed to parse /system/app/TimeService: Signature mismatch for shared user : SharedUserSetting{9837d1d android.uid.system/1000}
I/ThermalEngine( 672): Sensor:tsens_tz_sensor8:68000 mC
I/ThermalEngine( 672): Sensor:tsens_tz_sensor7:62000 mC
I/ThermalEngine( 672): Sensor:tsens_tz_sensor6:62000 mC
I/ThermalEngine( 672): Sensor:tsens_tz_sensor5:68000 mC
I/PackageManager( 2068): /system/app/WfdService changed; collecting certs
W/PackageManager( 2068): Failed to parse /system/app/WfdService: Signature mismatch for shared user : SharedUserSetting{9837d1d android.uid.system/1000}
I/PackageManager( 2068): /system/app/btmultisim changed; collecting certs
W/PackageManager( 2068): Failed to parse /system/app/btmultisim: Signature mismatch for shared user : SharedUserSetting{26826c51 android.uid.phone/1001}
I/PackageManager( 2068): /system/app/com.qualcomm.qti.services.secureui changed; collecting certs
W/PackageManager( 2068): Failed to parse /system/app/com.qualcomm.qti.services.secureui: Signature mismatch for shared user : SharedUserSetting{9837d1d android.uid.system/1000}
I/PackageManager( 2068): /system/app/fastdormancy changed; collecting certs
I/ThermalEngine( 672): Sensor:tsens_tz_sensor8:69000 mC
I/ThermalEngine( 672): Sensor:tsens_tz_sensor7:62000 mC
I/ThermalEngine( 672): Sensor:tsens_tz_sensor6:62000 mC
I/ThermalEngine( 672): Sensor:tsens_tz_sensor5:71000 mC
I/ThermalEngine( 672): ACTION: CPU - Setting CPU[0] to 1958400
I/ThermalEngine( 672): ACTION: CPU - Setting CPU[1] to 1958400
I/ThermalEngine( 672): ACTION: CPU - Setting CPU[2] to 1958400
I/ThermalEngine( 672): ACTION: CPU - Setting CPU[3] to 1958400
W/PackageManager( 2068): Failed to parse /system/app/fastdormancy: Signature mismatch for shared user : SharedUserSetting{9837d1d android.uid.system/1000}
I/PackageManager( 2068): /system/app/qcrilmsgtunnel changed; collecting certs
W/PackageManager( 2068): Failed to parse /system/app/qcrilmsgtunnel: Signature mismatch for shared user : SharedUserSetting{26826c51 android.uid.phone/1001}
I/ThermalEngine( 672): Sensor:tsens_tz_sensor8:68000 mC
I/ThermalEngine( 672): Sensor:tsens_tz_sensor7:63000 mC
I/ThermalEngine( 672): Sensor:tsens_tz_sensor6:63000 mC
I/ThermalEngine( 672): Sensor:tsens_tz_sensor5:69000 mC
I/ThermalEngine( 672): ACTION: CPU - Setting CPU[0] to 2265600
I/ThermalEngine( 672): ACTION: CPU - Setting CPU[1] to 2265600
I/ThermalEngine( 672): ACTION: CPU - Setting CPU[2] to 2265600
I/ThermalEngine( 672): ACTION: CPU - Setting CPU[3] to 2265600
E/NetlinkListener( 683): recvmsg failed (I/O error)
E/NetlinkListener( 681): recvmsg failed (I/O error)
E/NetlinkListener( 681): recvmsg failed (I/O error)
E/NetlinkListener( 683): recvmsg failed (I/O error)
I/PackageManager( 2068): /system/vendor/app/ims changed; collecting certs
W/PackageManager( 2068): Failed to parse /system/vendor/app/ims: Signature mismatch for shared user : SharedUserSetting{26826c51 android.uid.phone/1001}
D/PackageManager( 2068): No files in app dir /oem/app
W/PackageManager( 2068): System package com.android.settings no longer exists; wiping its data
D/PackageManager( 2068): No files in app dir /data/app
D/PackageManager( 2068): No files in app dir /data/app-private
W/PackageManager( 2068): Package org.codeaurora.bluetooth desires unavailable shared library com.quicinc.wbc; ignoring!
W/PackageManager( 2068): Package com.android.email desires unavailable shared library org.apache.http.legacy; ignoring!
I/PackageManager( 2068): Adjusting ABI for : com.android.dialer to armeabi-v7a
I/PackageManager( 2068): Running dexopt on: /system/priv-app/Dialer/Dialer.apk pkg=com.android.dialer isa=arm vmSafeMode=false
I/dex2oat ( 2605): /system/bin/dex2oat --zip-fd=5 --zip-location=/system/priv-app/Dialer/Dialer.apk --oat-fd=6 --oat-location=/data/dalvik-cache/arm/system@priv-app@Dialer@Dialer.apk@classes.dex --instruction-set=arm --instruction-set-features=div --runtime-arg -Xms64m --runtime-arg -Xmx512m --swap-fd=7
I/ThermalEngine( 672): Sensor:tsens_tz_sensor8:64000 mC
I/ThermalEngine( 672): Sensor:tsens_tz_sensor7:65000 mC
I/ThermalEngine( 672): Sensor:tsens_tz_sensor6:66000 mC
I/ThermalEngine( 672): Sensor:tsens_tz_sensor5:65000 mC
I/ThermalEngine( 672): Sensor:tsens_tz_sensor8:64000 mC
I/ThermalEngine( 672): Sensor:tsens_tz_sensor7:70000 mC
I/ThermalEngine( 672): Sensor:tsens_tz_sensor6:65000 mC
I/ThermalEngine( 672): Sensor:tsens_tz_sensor5:65000 mC
I/dex2oat ( 2605): Decided to run without swap.
I/ThermalEngine( 672): Sensor:tsens_tz_sensor8:64000 mC
I/ThermalEngine( 672): Sensor:tsens_tz_sensor7:70000 mC
I/ThermalEngine( 672): Sensor:tsens_tz_sensor6:64000 mC
I/ThermalEngine( 672): Sensor:tsens_tz_sensor5:65000 mC
I/ThermalEngine( 672): Sensor:tsens_tz_sensor8:65000 mC
I/ThermalEngine( 672): Sensor:tsens_tz_sensor7:69000 mC
I/ThermalEngine( 672): Sensor:tsens_tz_sensor6:65000 mC
I/ThermalEngine( 672): Sensor:tsens_tz_sensor5:65000 mC
I/ThermalEngine( 672): Sensor:tsens_tz_sensor8:66000 mC
I/ThermalEngine( 672): Sensor:tsens_tz_sensor7:70000 mC
I/ThermalEngine( 672): Sensor:tsens_tz_sensor6:65000 mC
I/ThermalEngine( 672): Sensor:tsens_tz_sensor5:65000 mC
I/ThermalEngine( 672): Sensor:tsens_tz_sensor8:65000 mC
I/ThermalEngine( 672): Sensor:tsens_tz_sensor7:69000 mC
I/ThermalEngine( 672): Sensor:tsens_tz_sensor6:65000 mC
I/ThermalEngine( 672): Sensor:tsens_tz_sensor5:65000 mC
I/ThermalEngine( 672): Sensor:tsens_tz_sensor8:68000 mC
I/ThermalEngine( 672): Sensor:tsens_tz_sensor7:66000 mC
I/ThermalEngine( 672): Sensor:tsens_tz_sensor6:65000 mC
I/ThermalEngine( 672): Sensor:tsens_tz_sensor5:65000 mC
I/ThermalEngine( 672): Sensor:tsens_tz_sensor8:65000 mC
I/ThermalEngine( 672): Sensor:tsens_tz_sensor7:70000 mC
I/ThermalEngine( 672): Sensor:tsens_tz_sensor6:65000 mC
I/ThermalEngine( 672): Sensor:tsens_tz_sensor5:65000 mC
I/ThermalEngine( 672): Sensor:tsens_tz_sensor8:65000 mC
I/ThermalEngine( 672): Sensor:tsens_tz_sensor7:68000 mC
I/ThermalEngine( 672): Sensor:tsens_tz_sensor6:65000 mC
I/ThermalEngine( 672): Sensor:tsens_tz_sensor5:65000 mC
I/ThermalEngine( 672): Sensor:tsens_tz_sensor8:66000 mC
I/ThermalEngine( 672): Sensor:tsens_tz_sensor7:69000 mC
I/ThermalEngine( 672): Sensor:tsens_tz_sensor6:65000 mC
I/ThermalEngine( 672): Sensor:tsens_tz_sensor5:68000 mC
E/NetlinkListener( 683): recvmsg failed (I/O error)
E/NetlinkListener( 681): recvmsg failed (I/O error)
I/ThermalEngine( 672): Sensor:tsens_tz_sensor8:64000 mC
I/ThermalEngine( 672): Sensor:tsens_tz_sensor7:65000 mC
I/ThermalEngine( 672): Sensor:tsens_tz_sensor6:63000 mC
I/ThermalEngine( 672): Sensor:tsens_tz_sensor5:66000 mC
I/ThermalEngine( 672): Sensor:tsens_tz_sensor8:65000 mC
I/ThermalEngine( 672): Sensor:tsens_tz_sensor7:66000 mC
I/ThermalEngine( 672): Sensor:tsens_tz_sensor6:63000 mC
I/ThermalEngine( 672): Sensor:tsens_tz_sensor5:65000 mC
I/ThermalEngine( 672): Sensor:tsens_tz_sensor8:66000 mC
I/ThermalEngine( 672): Sensor:tsens_tz_sensor7:64000 mC
I/ThermalEngine( 672): Sensor:tsens_tz_sensor6:62000 mC
I/ThermalEngine( 672): Sensor:tsens_tz_sensor5:64000 mC
I/ThermalEngine( 672): Sensor:tsens_tz_sensor8:70000 mC
I/ThermalEngine( 672): Sensor:tsens_tz_sensor7:67000 mC
I/ThermalEngine( 672): Sensor:tsens_tz_sensor6:62000 mC
I/ThermalEngine( 672): Sensor:tsens_tz_sensor5:64000 mC
I/ThermalEngine( 672): Sensor:tsens_tz_sensor8:71000 mC
I/ThermalEngine( 672): ACTION: CPU - Setting CPU[0] to 1958400
I/ThermalEngine( 672): ACTION: CPU - Setting CPU[1] to 1958400
I/ThermalEngine( 672): ACTION: CPU - Setting CPU[2] to 1958400
I/ThermalEngine( 672): ACTION: CPU - Setting CPU[3] to 1958400
I/ThermalEngine( 672): Sensor:tsens_tz_sensor7:70000 mC
I/ThermalEngine( 672): Sensor:tsens_tz_sensor6:62000 mC
I/ThermalEngine( 672): Sensor:tsens_tz_sensor5:67000 mC
I/ThermalEngine( 672): Sensor:tsens_tz_sensor8:67000 mC
I/ThermalEngine( 672): ACTION: CPU - Setting CPU[0] to 2265600
I/ThermalEngine( 672): ACTION: CPU - Setting CPU[1] to 2265600
I/ThermalEngine( 672): ACTION: CPU - Setting CPU[2] to 2265600
I/ThermalEngine( 672): ACTION: CPU - Setting CPU[3] to 2265600
I/ThermalEngine( 672): Sensor:tsens_tz_sensor7:66000 mC
I/ThermalEngine( 672): Sensor:tsens_tz_sensor6:63000 mC
I/ThermalEngine( 672): Sensor:tsens_tz_sensor5:67000 mC
I/ThermalEngine( 672): Sensor:tsens_tz_sensor8:65000 mC
I/ThermalEngine( 672): Sensor:tsens_tz_sensor7:65000 mC
I/ThermalEngine( 672): Sensor:tsens_tz_sensor6:62000 mC
I/ThermalEngine( 672): Sensor:tsens_tz_sensor5:64000 mC
I/ThermalEngine( 672): Sensor:tsens_tz_sensor8:65000 mC
I/ThermalEngine( 672): Sensor:tsens_tz_sensor7:66000 mC
I/ThermalEngine( 672): Sensor:tsens_tz_sensor6:62000 mC
I/ThermalEngine( 672): Sensor:tsens_tz_sensor5:64000 mC
I/ThermalEngine( 672): Sensor:tsens_tz_sensor8:65000 mC
I/ThermalEngine( 672): Sensor:tsens_tz_sensor7:69000 mC
I/ThermalEngine( 672): Sensor:tsens_tz_sensor6:62000 mC
I/ThermalEngine( 672): Sensor:tsens_tz_sensor5:65000 mC
I/ThermalEngine( 672): Sensor:tsens_tz_sensor8:70000 mC
I/ThermalEngine( 672): Sensor:tsens_tz_sensor7:70000 mC
I/ThermalEngine( 672): Sensor:tsens_tz_sensor6:62000 mC
I/ThermalEngine( 672): Sensor:tsens_tz_sensor5:70000 mC
E/NetlinkListener( 681): recvmsg failed (I/O error)
E/NetlinkListener( 683): recvmsg failed (I/O error)
I/ThermalEngine( 672): Sensor:tsens_tz_sensor8:72000 mC
I/ThermalEngine( 672): ACTION: CPU - Setting CPU[0] to 1958400
I/ThermalEngine( 672): ACTION: CPU - Setting CPU[1] to 1958400
I/ThermalEngine( 672): ACTION: CPU - Setting CPU[2] to 1958400
I/ThermalEngine( 672): ACTION: CPU - Setting CPU[3] to 1958400
I/ThermalEngine( 672): Sensor:tsens_tz_sensor7:72000 mC
I/ThermalEngine( 672): Sensor:tsens_tz_sensor6:66000 mC
I/ThermalEngine( 672): Sensor:tsens_tz_sensor5:70000 mC
I/ThermalEngine( 672): Sensor:tsens_tz_sensor8:72000 mC
I/ThermalEngine( 672): Sensor:tsens_tz_sensor7:71000 mC
I/ThermalEngine( 672): ACTION: CPU - Setting CPU[0] to 1728000
I/ThermalEngine( 672): ACTION: CPU - Setting CPU[1] to 1728000
I/ThermalEngine( 672): ACTION: CPU - Setting CPU[2] to 1728000
I/ThermalEngine( 672): ACTION: CPU - Setting CPU[3] to 1728000
I/ThermalEngine( 672): Sensor:tsens_tz_sensor6:70000 mC
I/ThermalEngine( 672): Sensor:tsens_tz_sensor5:72000 mC
I/ThermalEngine( 672): Sensor:tsens_tz_sensor8:71000 mC
I/ThermalEngine( 672): Sensor:tsens_tz_sensor7:70000 mC
I/ThermalEngine( 672): Sensor:tsens_tz_sensor6:71000 mC
I/ThermalEngine( 672): Sensor:tsens_tz_sensor5:72000 mC
I/ThermalEngine( 672): Sensor:tsens_tz_sensor8:70000 mC
I/ThermalEngine( 672): ACTION: CPU - Setting CPU[0] to 1958400
I/ThermalEngine( 672): ACTION: CPU - Setting CPU[1] to 1958400
I/ThermalEngine( 672): ACTION: CPU - Setting CPU[2] to 1958400
I/ThermalEngine( 672): ACTION: CPU - Setting CPU[3] to 1958400
I/ThermalEngine( 672): Sensor:tsens_tz_sensor7:70000 mC
I/ThermalEngine( 672): Sensor:tsens_tz_sensor6:71000 mC
I/ThermalEngine( 672): Sensor:tsens_tz_sensor5:71000 mC
I/ThermalEngine( 672): ACTION: CPU - Setting CPU[0] to 1728000
I/ThermalEngine( 672): ACTION: CPU - Setting CPU[1] to 1728000
I/ThermalEngine( 672): ACTION: CPU - Setting CPU[2] to 1728000
I/ThermalEngine( 672): ACTION: CPU - Setting CPU[3] to 1728000
I/ThermalEngine( 672): Sensor:tsens_tz_sensor8:71000 mC
I/ThermalEngine( 672): Sensor:tsens_tz_sensor7:70000 mC
I/ThermalEngine( 672): Sensor:tsens_tz_sensor6:72000 mC
I/ThermalEngine( 672): Sensor:tsens_tz_sensor5:72000 mC
I/ThermalEngine( 672): ACTION: CPU - Setting CPU[0] to 1574400
I/ThermalEngine( 672): ACTION: CPU - Setting CPU[1] to 1574400
I/ThermalEngine( 672): ACTION: CPU - Setting CPU[2] to 1574400
I/ThermalEngine( 672): ACTION: CPU - Setting CPU[3] to 1574400
I/ThermalEngine( 672): Sensor:tsens_tz_sensor8:70000 mC
I/ThermalEngine( 672): Sensor:tsens_tz_sensor7:70000 mC
I/ThermalEngine( 672): Sensor:tsens_tz_sensor6:71000 mC
I/ThermalEngine( 672): Sensor:tsens_tz_sensor5:71000 mC
I/ThermalEngine( 672): ACTION: CPU - Setting CPU[0] to 1497600
I/ThermalEngine( 672): ACTION: CPU - Setting CPU[1] to 1497600
I/ThermalEngine( 672): ACTION: CPU - Setting CPU[2] to 1497600
I/ThermalEngine( 672): ACTION: CPU - Setting CPU[3] to 1497600
I/ThermalEngine( 672): Sensor:tsens_tz_sensor8:69000 mC
I/ThermalEngine( 672): Sensor:tsens_tz_sensor7:69000 mC
I/ThermalEngine( 672): Sensor:tsens_tz_sensor6:71000 mC
I/ThermalEngine( 672): Sensor:tsens_tz_sensor5:71000 mC
I/ThermalEngine( 672): Sensor:tsens_tz_sensor8:66000 mC
I/ThermalEngine( 672): Sensor:tsens_tz_sensor7:68000 mC
I/ThermalEngine( 672): Sensor:tsens_tz_sensor6:68000 mC
I/ThermalEngine( 672): Sensor:tsens_tz_sensor5:69000 mC
I/ThermalEngine( 672): ACTION: CPU - Setting CPU[0] to 1574400
I/ThermalEngine( 672): ACTION: CPU - Setting CPU[1] to 1574400
I/ThermalEngine( 672): ACTION: CPU - Setting CPU[2] to 1574400
I/ThermalEngine( 672): ACTION: CPU - Setting CPU[3] to 1574400
I/ThermalEngine( 672): Sensor:tsens_tz_sensor8:65000 mC
I/ThermalEngine( 672): Sensor:tsens_tz_sensor7:67000 mC
I/ThermalEngine( 672): Sensor:tsens_tz_sensor6:66000 mC
I/ThermalEngine( 672): Sensor:tsens_tz_sensor5:67000 mC
I/ThermalEngine( 672): ACTION: CPU - Setting CPU[0] to 1728000
I/ThermalEngine( 672): ACTION: CPU - Setting CPU[1] to 1728000
I/ThermalEngine( 672): ACTION: CPU - Setting CPU[2] to 1728000
I/ThermalEngine( 672): ACTION: CPU - Setting CPU[3] to 1728000
I/ThermalEngine( 672): Sensor:tsens_tz_sensor8:65000 mC
I/ThermalEngine( 672): Sensor:tsens_tz_sensor7:66000 mC
I/ThermalEngine( 672): Sensor:tsens_tz_sensor6:65000 mC
I/ThermalEngine( 672): Sensor:tsens_tz_sensor5:65000 mC
I/ThermalEngine( 672): ACTION: CPU - Setting CPU[0] to 1958400
I/ThermalEngine( 672): ACTION: CPU - Setting CPU[1] to 1958400
I/ThermalEngine( 672): ACTION: CPU - Setting CPU[2] to 1958400
I/ThermalEngine( 672): ACTION: CPU - Setting CPU[3] to 1958400
E/NetlinkListener( 681): recvmsg failed (I/O error)
E/NetlinkListener( 683): recvmsg failed (I/O error)
I/dex2oat ( 2605): dex2oat took 1.968s (threads: 4) arena alloc=65KB java alloc=2MB native alloc=5MB free=6MB
I/ThermalEngine( 672): Sensor:tsens_tz_sensor8:64000 mC
I/ThermalEngine( 672): Sensor:tsens_tz_sensor7:64000 mC
I/ThermalEngine( 672): Sensor:tsens_tz_sensor6:64000 mC
I/ThermalEngine( 672): Sensor:tsens_tz_sensor5:65000 mC
I/PackageManager( 2068): Adjusting ABI for : com.codeaurora.fmrecording to armeabi-v7a
I/PackageManager( 2068): Running dexopt on: /system/app/FMRecord/FMRecord.apk pkg=com.codeaurora.fmrecording isa=arm vmSafeMode=false
I/dex2oat ( 2767): /system/bin/dex2oat --zip-fd=5 --zip-location=/system/app/FMRecord/FMRecord.apk --oat-fd=6 --oat-location=/data/dalvik-cache/arm/system@app@FMRecord@FMRecord.apk@classes.dex --instruction-set=arm --instruction-set-features=div --runtime-arg -Xms64m --runtime-arg -Xmx512m --swap-fd=7
I/dex2oat ( 2767): Decided to run without swap.
I/ThermalEngine( 672): Sensor:tsens_tz_sensor8:65000 mC
I/ThermalEngine( 672): Sensor:tsens_tz_sensor7:64000 mC
I/ThermalEngine( 672): Sensor:tsens_tz_sensor6:63000 mC
I/ThermalEngine( 672): Sensor:tsens_tz_sensor5:65000 mC
I/ThermalEngine( 672): Sensor:pm8941_tz:57019 mC
I/dex2oat ( 2767): dex2oat took 76.864ms (threads: 4) arena alloc=88KB java alloc=30KB native alloc=1421KB free=6MB
I/PackageManager( 2068): Adjusting ABI for : com.android.soundrecorder to armeabi-v7a
I/PackageManager( 2068): Running dexopt on: /system/app/SoundRecorder/SoundRecorder.apk pkg=com.android.soundrecorder isa=arm vmSafeMode=false
I/ThermalEngine( 672): Sensor:tsens_tz_sensor8:64000 mC
I/ThermalEngine( 672): Sensor:tsens_tz_sensor7:64000 mC
I/ThermalEngine( 672): Sensor:tsens_tz_sensor6:63000 mC
I/ThermalEngine( 672): Sensor:tsens_tz_sensor5:66000 mC
I/ThermalEngine( 672): ACTION: CPU - Setting CPU[0] to 2265600
I/ThermalEngine( 672): ACTION: CPU - Setting CPU[1] to 2265600
I/ThermalEngine( 672): ACTION: CPU - Setting CPU[2] to 2265600
I/ThermalEngine( 672): ACTION: CPU - Setting CPU[3] to 2265600
I/dex2oat ( 2772): /system/bin/dex2oat --zip-fd=5 --zip-location=/system/app/SoundRecorder/SoundRecorder.apk --oat-fd=6 --oat-location=/data/dalvik-cache/arm/system@app@SoundRecorder@SoundRecorder.apk@classes.dex --instruction-set=arm --instruction-set-features=div --runtime-arg -Xms64m --runtime-arg -Xmx512m --swap-fd=7
I/dex2oat ( 2772): Decided to run without swap.
I/ThermalEngine( 672): Sensor:tsens_tz_sensor8:63000 mC
I/ThermalEngine( 672): Sensor:tsens_tz_sensor7:64000 mC
I/ThermalEngine( 672): Sensor:tsens_tz_sensor6:63000 mC
I/ThermalEngine( 672): Sensor:tsens_tz_sensor5:66000 mC
I/ThermalEngine( 672): Sensor:tsens_tz_sensor8:63000 mC
I/ThermalEngine( 672): Sensor:tsens_tz_sensor7:63000 mC
I/ThermalEngine( 672): Sensor:tsens_tz_sensor6:62000 mC
I/ThermalEngine( 672): Sensor:tsens_tz_sensor5:65000 mC
I/dex2oat ( 2772): dex2oat took 146.810ms (threads: 4) arena alloc=84KB java alloc=68KB native alloc=1459KB free=6MB
I/PackageManager( 2068): Adjusting ABI for : com.android.inputdevices to armeabi-v7a
I/PackageManager( 2068): Running dexopt on: /system/priv-app/InputDevices/InputDevices.apk pkg=com.android.inputdevices isa=arm vmSafeMode=false
I/ThermalEngine( 672): Sensor:tsens_tz_sensor8:63000 mC
I/ThermalEngine( 672): Sensor:tsens_tz_sensor7:63000 mC
I/ThermalEngine( 672): Sensor:tsens_tz_sensor6:62000 mC
I/ThermalEngine( 672): Sensor:tsens_tz_sensor5:67000 mC
I/dex2oat ( 2777): /system/bin/dex2oat --zip-fd=5 --zip-location=/system/priv-app/InputDevices/InputDevices.apk --oat-fd=6 --oat-location=/data/dalvik-cache/arm/system@priv-app@InputDevices@InputDevices.apk@classes.dex --instruction-set=arm --instruction-set-features=div --runtime-arg -Xms64m --runtime-arg -Xmx512m --swap-fd=7
I/dex2oat ( 2777): Decided to run without swap.
I/ThermalEngine( 672): Sensor:tsens_tz_sensor8:62000 mC
I/ThermalEngine( 672): Sensor:tsens_tz_sensor7:63000 mC
I/ThermalEngine( 672): Sensor:tsens_tz_sensor6:62000 mC
I/ThermalEngine( 672): Sensor:tsens_tz_sensor5:66000 mC
I/dex2oat ( 2777): dex2oat took 55.501ms (threads: 4) arena alloc=23KB java alloc=1984B native alloc=585KB free=7MB
I/PackageManager( 2068): Adjusting ABI for : com.android.server.telecom to armeabi-v7a
I/PackageManager( 2068): Running dexopt on: /system/priv-app/Telecom/Telecom.apk pkg=com.android.server.telecom isa=arm vmSafeMode=false
I/dex2oat ( 2782): /system/bin/dex2oat --zip-fd=5 --zip-location=/system/priv-app/Telecom/Telecom.apk --oat-fd=6 --oat-location=/data/dalvik-cache/arm/system@priv-app@Telecom@Telecom.apk@classes.dex --instruction-set=arm --instruction-set-features=div --runtime-arg -Xms64m --runtime-arg -Xmx512m --swap-fd=7
I/ThermalEngine( 672): Sensor:tsens_tz_sensor8:62000 mC
I/ThermalEngine( 672): Sensor:tsens_tz_sensor7:63000 mC
I/ThermalEngine( 672): Sensor:tsens_tz_sensor6:62000 mC
I/ThermalEngine( 672): Sensor:tsens_tz_sensor5:65000 mC
I/dex2oat ( 2782): Decided to run without swap.
E/NetlinkListener( 681): recvmsg failed (I/O error)
E/NetlinkListener( 683): recvmsg failed (I/O error)
I/ThermalEngine( 672): Sensor:tsens_tz_sensor8:62000 mC
I/ThermalEngine( 672): Sensor:tsens_tz_sensor7:63000 mC
I/ThermalEngine( 672): Sensor:tsens_tz_sensor6:62000 mC
I/ThermalEngine( 672): Sensor:tsens_tz_sensor5:69000 mC
I/ThermalEngine( 672): Sensor:tsens_tz_sensor8:63000 mC
I/ThermalEngine( 672): Sensor:tsens_tz_sensor7:62000 mC
I/ThermalEngine( 672): Sensor:tsens_tz_sensor6:62000 mC
I/ThermalEngine( 672): Sensor:tsens_tz_sensor5:66000 mC
I/ThermalEngine( 672): Sensor:tsens_tz_sensor8:66000 mC
I/ThermalEngine( 672): Sensor:tsens_tz_sensor7:62000 mC
I/ThermalEngine( 672): Sensor:tsens_tz_sensor6:62000 mC
I/ThermalEngine( 672): Sensor:tsens_tz_sensor5:70000 mC
I/ThermalEngine( 672): Sensor:tsens_tz_sensor8:64000 mC
I/ThermalEngine( 672): Sensor:tsens_tz_sensor7:62000 mC
I/ThermalEngine( 672): Sensor:tsens_tz_sensor6:63000 mC
I/ThermalEngine( 672): Sensor:tsens_tz_sensor5:71000 mC
I/ThermalEngine( 672): ACTION: CPU - Setting CPU[0] to 1958400
I/ThermalEngine( 672): ACTION: CPU - Setting CPU[1] to 1958400
I/ThermalEngine( 672): ACTION: CPU - Setting CPU[2] to 1958400
I/ThermalEngine( 672): ACTION: CPU - Setting CPU[3] to 1958400
E/QCALOG ( 926): [MessageQ] ProcessNewMessage: [LOWI-SERVER] unknown deliver target [OS-Agent]
I/ThermalEngine( 672): Sensor:tsens_tz_sensor8:68000 mC
I/ThermalEngine( 672): Sensor:tsens_tz_sensor7:62000 mC
I/ThermalEngine( 672): Sensor:tsens_tz_sensor6:63000 mC
I/ThermalEngine( 672): Sensor:tsens_tz_sensor5:70000 mC
I/ThermalEngine( 672): ACTION: CPU - Setting CPU[0] to 2265600
I/ThermalEngine( 672): ACTION: CPU - Setting CPU[1] to 2265600
I/ThermalEngine( 672): ACTION: CPU - Setting CPU[2] to 2265600
I/ThermalEngine( 672): ACTION: CPU - Setting CPU[3] to 2265600
E/NetlinkListener( 681): recvmsg failed (I/O error)
E/NetlinkListener( 683): recvmsg failed (I/O error)
E/NetlinkListener( 681): recvmsg failed (I/O error)
E/NetlinkListener( 683): recvmsg failed (I/O error)
I/ThermalEngine( 672): Sensor:tsens_tz_sensor8:69000 mC
I/ThermalEngine( 672): Sensor:tsens_tz_sensor7:63000 mC
I/ThermalEngine( 672): Sensor:tsens_tz_sensor6:64000 mC
I/ThermalEngine( 672): Sensor:tsens_tz_sensor5:70000 mC
I/ThermalEngine( 672): Sensor:tsens_tz_sensor8:71000 mC
I/ThermalEngine( 672): ACTION: CPU - Setting CPU[0] to 1958400
I/ThermalEngine( 672): ACTION: CPU - Setting CPU[1] to 1958400
I/ThermalEngine( 672): ACTION: CPU - Setting CPU[2] to 1958400
I/ThermalEngine( 672): ACTION: CPU - Setting CPU[3] to 1958400
I/ThermalEngine( 672): Sensor:tsens_tz_sensor7:68000 mC
I/ThermalEngine( 672): Sensor:tsens_tz_sensor6:69000 mC
I/ThermalEngine( 672): Sensor:tsens_tz_sensor5:73000 mC
I/ThermalEngine( 672): Sensor:tsens_tz_sensor8:66000 mC
I/ThermalEngine( 672): Sensor:tsens_tz_sensor7:65000 mC
I/ThermalEngine( 672): Sensor:tsens_tz_sensor6:69000 mC
I/ThermalEngine( 672): Sensor:tsens_tz_sensor5:68000 mC
I/ThermalEngine( 672): ACTION: CPU - Setting CPU[0] to 2265600
I/ThermalEngine( 672): ACTION: CPU - Setting CPU[1] to 2265600
I/ThermalEngine( 672): ACTION: CPU - Setting CPU[2] to 2265600
I/ThermalEngine( 672): ACTION: CPU - Setting CPU[3] to 2265600
I/dex2oat ( 2782): dex2oat took 592.673ms (threads: 4) arena alloc=309KB java alloc=695KB native alloc=2MB free=5MB
I/ThermalEngine( 672): Sensor:tsens_tz_sensor8:64000 mC
I/ThermalEngine( 672): Sensor:tsens_tz_sensor7:64000 mC
I/ThermalEngine( 672): Sensor:tsens_tz_sensor6:67000 mC
I/ThermalEngine( 672): Sensor:tsens_tz_sensor5:66000 mC
I/PackageManager( 2068): Adjusting ABI for : com.fairphone.privacyimpact to armeabi-v7a
I/PackageManager( 2068): Running dexopt on: /system/priv-app/FairphonePrivacyImpact/FairphonePrivacyImpact.apk pkg=com.fairphone.privacyimpact isa=arm vmSafeMode=false
I/dex2oat ( 2804): /system/bin/dex2oat --zip-fd=5 --zip-location=/system/priv-app/FairphonePrivacyImpact/FairphonePrivacyImpact.apk --oat-fd=6 --oat-location=/data/dalvik-cache/arm/system@priv-app@FairphonePrivacyImpact@FairphonePrivacyImpact.apk@classes.dex --instruction-set=arm --instruction-set-features=div --runtime-arg -Xms64m --runtime-arg -Xmx512m --swap-fd=7
I/ThermalEngine( 672): Sensor:tsens_tz_sensor8:63000 mC
I/ThermalEngine( 672): Sensor:tsens_tz_sensor7:63000 mC
I/ThermalEngine( 672): Sensor:tsens_tz_sensor6:65000 mC
I/ThermalEngine( 672): Sensor:tsens_tz_sensor5:69000 mC
I/dex2oat ( 2804): Decided to run without swap.
I/ThermalEngine( 672): Sensor:tsens_tz_sensor8:63000 mC
I/ThermalEngine( 672): Sensor:tsens_tz_sensor7:63000 mC
I/ThermalEngine( 672): Sensor:tsens_tz_sensor6:65000 mC
I/ThermalEngine( 672): Sensor:tsens_tz_sensor5:71000 mC
I/ThermalEngine( 672): ACTION: CPU - Setting CPU[0] to 1958400
I/ThermalEngine( 672): ACTION: CPU - Setting CPU[1] to 1958400
I/ThermalEngine( 672): ACTION: CPU - Setting CPU[2] to 1958400
I/ThermalEngine( 672): ACTION: CPU - Setting CPU[3] to 1958400
I/ThermalEngine( 672): Sensor:tsens_tz_sensor8:62000 mC
I/ThermalEngine( 672): Sensor:tsens_tz_sensor7:63000 mC
I/ThermalEngine( 672): Sensor:tsens_tz_sensor6:64000 mC
I/ThermalEngine( 672): Sensor:tsens_tz_sensor5:66000 mC
I/ThermalEngine( 672): ACTION: CPU - Setting CPU[0] to 2265600
I/ThermalEngine( 672): ACTION: CPU - Setting CPU[1] to 2265600
I/ThermalEngine( 672): ACTION: CPU - Setting CPU[2] to 2265600
I/ThermalEngine( 672): ACTION: CPU - Setting CPU[3] to 2265600
W/dex2oat ( 2804): Before Android 4.1, method int android.support.v7.internal.widget.ListViewCompat.lookForSelectablePosition(int, boolean) would have incorrectly overridden the package-private method in android.widget.ListView
I/ThermalEngine( 672): Sensor:tsens_tz_sensor8:62000 mC
I/ThermalEngine( 672): Sensor:tsens_tz_sensor7:63000 mC
I/ThermalEngine( 672): Sensor:tsens_tz_sensor6:65000 mC
I/ThermalEngine( 672): Sensor:tsens_tz_sensor5:65000 mC
I/ThermalEngine( 672): Sensor:tsens_tz_sensor8:62000 mC
I/ThermalEngine( 672): Sensor:tsens_tz_sensor7:64000 mC
I/ThermalEngine( 672): Sensor:tsens_tz_sensor6:65000 mC
I/ThermalEngine( 672): Sensor:tsens_tz_sensor5:64000 mC
I/ThermalEngine( 672): Sensor:tsens_tz_sensor8:63000 mC
I/ThermalEngine( 672): Sensor:tsens_tz_sensor7:63000 mC
I/ThermalEngine( 672): Sensor:tsens_tz_sensor6:64000 mC
I/ThermalEngine( 672): Sensor:tsens_tz_sensor5:64000 mC
E/NetlinkListener( 683): recvmsg failed (I/O error)
E/NetlinkListener( 681): recvmsg failed (I/O error)
I/ThermalEngine( 672): Sensor:tsens_tz_sensor8:62000 mC
I/ThermalEngine( 672): Sensor:tsens_tz_sensor7:62000 mC
I/ThermalEngine( 672): Sensor:tsens_tz_sensor6:62000 mC
I/ThermalEngine( 672): Sensor:tsens_tz_sensor5:63000 mC
E/NetlinkListener( 681): recvmsg failed (I/O error)
E/NetlinkListener( 683): recvmsg failed (I/O error)
I/ThermalEngine( 672): Sensor:tsens_tz_sensor8:61000 mC
I/ThermalEngine( 672): Sensor:tsens_tz_sensor7:61000 mC
I/ThermalEngine( 672): Sensor:tsens_tz_sensor6:62000 mC
I/ThermalEngine( 672): Sensor:tsens_tz_sensor5:62000 mC
I/ThermalEngine( 672): Sensor:tsens_tz_sensor8:61000 mC
I/ThermalEngine( 672): Sensor:tsens_tz_sensor7:61000 mC
I/ThermalEngine( 672): Sensor:tsens_tz_sensor6:61000 mC
I/ThermalEngine( 672): Sensor:tsens_tz_sensor5:62000 mC
I/ThermalEngine( 672): Sensor:tsens_tz_sensor8:64000 mC
I/ThermalEngine( 672): Sensor:tsens_tz_sensor7:61000 mC
I/ThermalEngine( 672): Sensor:tsens_tz_sensor6:61000 mC
I/ThermalEngine( 672): Sensor:tsens_tz_sensor5:63000 mC
I/ThermalEngine( 672): Sensor:tsens_tz_sensor8:68000 mC
I/ThermalEngine( 672): Sensor:tsens_tz_sensor7:61000 mC
I/ThermalEngine( 672): Sensor:tsens_tz_sensor6:61000 mC
I/ThermalEngine( 672): Sensor:tsens_tz_sensor5:62000 mC
V/WLAN_PSA( 669): NL MSG, len[4025], NL type[0x1C] WNI type[0x5900] len[41231]
V/WLAN_PSA( 669): NL MSG, PID: 669
I/ThermalEngine( 672): Sensor:tsens_tz_sensor8:66000 mC
I/ThermalEngine( 672): Sensor:tsens_tz_sensor7:61000 mC
I/ThermalEngine( 672): Sensor:tsens_tz_sensor6:61000 mC
I/ThermalEngine( 672): Sensor:tsens_tz_sensor5:62000 mC
I/ThermalEngine( 672): Sensor:tsens_tz_sensor8:66000 mC
I/ThermalEngine( 672): Sensor:tsens_tz_sensor7:61000 mC
I/ThermalEngine( 672): Sensor:tsens_tz_sensor6:61000 mC
I/ThermalEngine( 672): Sensor:tsens_tz_sensor5:63000 mC
I/ThermalEngine( 672): Sensor:tsens_tz_sensor8:70000 mC
I/ThermalEngine( 672): Sensor:tsens_tz_sensor7:62000 mC
I/ThermalEngine( 672): Sensor:tsens_tz_sensor6:62000 mC
I/ThermalEngine( 672): Sensor:tsens_tz_sensor5:68000 mC
E/NetlinkListener( 681): recvmsg failed (I/O error)
E/NetlinkListener( 683): recvmsg failed (I/O error)
E/NetlinkListener( 683): recvmsg failed (I/O error)
E/NetlinkListener( 681): recvmsg failed (I/O error)
I/ThermalEngine( 672): Sensor:tsens_tz_sensor8:69000 mC
I/ThermalEngine( 672): Sensor:tsens_tz_sensor7:63000 mC
I/ThermalEngine( 672): Sensor:tsens_tz_sensor6:63000 mC
I/ThermalEngine( 672): Sensor:tsens_tz_sensor5:69000 mC
I/ThermalEngine( 672): Sensor:tsens_tz_sensor8:71000 mC
I/ThermalEngine( 672): ACTION: CPU - Setting CPU[0] to 1958400
I/ThermalEngine( 672): ACTION: CPU - Setting CPU[1] to 1958400
I/ThermalEngine( 672): ACTION: CPU - Setting CPU[2] to 1958400
I/ThermalEngine( 672): ACTION: CPU - Setting CPU[3] to 1958400
I/ThermalEngine( 672): Sensor:tsens_tz_sensor7:67000 mC
I/ThermalEngine( 672): Sensor:tsens_tz_sensor6:69000 mC
I/ThermalEngine( 672): Sensor:tsens_tz_sensor5:72000 mC
I/ThermalEngine( 672): Sensor:tsens_tz_sensor8:70000 mC
I/ThermalEngine( 672): Sensor:tsens_tz_sensor7:69000 mC
I/ThermalEngine( 672): Sensor:tsens_tz_sensor6:71000 mC
I/ThermalEngine( 672): Sensor:tsens_tz_sensor5:72000 mC
I/ThermalEngine( 672): Sensor:tsens_tz_sensor8:66000 mC
I/ThermalEngine( 672): Sensor:tsens_tz_sensor7:65000 mC
I/ThermalEngine( 672): Sensor:tsens_tz_sensor6:67000 mC
I/ThermalEngine( 672): Sensor:tsens_tz_sensor5:71000 mC
I/ThermalEngine( 672): ACTION: CPU - Setting CPU[0] to 1728000
I/ThermalEngine( 672): ACTION: CPU - Setting CPU[1] to 1728000
I/ThermalEngine( 672): ACTION: CPU - Setting CPU[2] to 1728000
I/ThermalEngine( 672): ACTION: CPU - Setting CPU[3] to 1728000
I/dex2oat ( 2804): dex2oat took 1.199s (threads: 4) arena alloc=233KB java alloc=1397KB native alloc=3MB free=4MB
I/ThermalEngine( 672): Sensor:tsens_tz_sensor8:64000 mC
I/ThermalEngine( 672): Sensor:tsens_tz_sensor7:63000 mC
I/ThermalEngine( 672): Sensor:tsens_tz_sensor6:65000 mC
I/ThermalEngine( 672): Sensor:tsens_tz_sensor5:66000 mC
I/ThermalEngine( 672): ACTION: CPU - Setting CPU[0] to 1958400
I/ThermalEngine( 672): ACTION: CPU - Setting CPU[1] to 1958400
I/ThermalEngine( 672): ACTION: CPU - Setting CPU[2] to 1958400
I/ThermalEngine( 672): ACTION: CPU - Setting CPU[3] to 1958400
I/PackageManager( 2068): Adjusting ABI for : com.android.keychain to armeabi-v7a
I/PackageManager( 2068): Running dexopt on: /system/app/KeyChain/KeyChain.apk pkg=com.android.keychain isa=arm vmSafeMode=false
