E/qdhwcomposer( 1270): isValidDimension: layer handle is NULL
E/qdhwcomposer( 1270): isValidDimension: layer handle is NULL
I/ThermalEngine( 672): Sensor:tsens_tz_sensor8:62000 mC
I/ThermalEngine( 672): Sensor:tsens_tz_sensor7:61000 mC
I/ThermalEngine( 672): Sensor:tsens_tz_sensor6:61000 mC
I/ThermalEngine( 672): Sensor:tsens_tz_sensor5:64000 mC
E/NetlinkListener( 681): recvmsg failed (I/O error)
E/NetlinkListener( 683): recvmsg failed (I/O error)
E/qdhwcomposer( 1270): isValidDimension: layer handle is NULL
E/qdhwcomposer( 1270): isValidDimension: layer handle is NULL
I/dex2oat ( 2137): /system/bin/dex2oat --zip-fd=5 --zip-location=/usr/libexec/sfdroid/system/framework/wifi-service.jar --oat-fd=6 --oat-location=/data/dalvik-cache/arm/usr@libexec@sfdroid@system@framework@wifi-service.jar@classes.dex --instruction-set=arm --instruction-set-features=div --runtime-arg -Xms64m --runtime-arg -Xmx512m --swap-fd=7
E/qdhwcomposer( 1270): isValidDimension: layer handle is NULL
E/qdhwcomposer( 1270): isValidDimension: layer handle is NULL
E/qdhwcomposer( 1270): isValidDimension: layer handle is NULL
E/qdhwcomposer( 1270): isValidDimension: layer handle is NULL
E/NetlinkListener( 683): recvmsg failed (I/O error)
E/NetlinkListener( 681): recvmsg failed (I/O error)
E/qdhwcomposer( 1270): isValidDimension: layer handle is NULL
E/qdhwcomposer( 1270): isValidDimension: layer handle is NULL
I/ThermalEngine( 672): Sensor:tsens_tz_sensor8:64000 mC
I/ThermalEngine( 672): Sensor:tsens_tz_sensor7:61000 mC
I/ThermalEngine( 672): Sensor:tsens_tz_sensor6:61000 mC
I/ThermalEngine( 672): Sensor:tsens_tz_sensor5:68000 mC
I/dex2oat ( 2137): Decided to run without swap.
E/qdhwcomposer( 1270): isValidDimension: layer handle is NULL
E/qdhwcomposer( 1270): isValidDimension: layer handle is NULL
I/ThermalEngine( 672): Sensor:tsens_tz_sensor8:65000 mC
I/ThermalEngine( 672): Sensor:tsens_tz_sensor7:63000 mC
I/ThermalEngine( 672): Sensor:tsens_tz_sensor6:62000 mC
I/ThermalEngine( 672): Sensor:tsens_tz_sensor5:65000 mC
I/ThermalEngine( 672): Sensor:tsens_tz_sensor8:62000 mC
I/ThermalEngine( 672): Sensor:tsens_tz_sensor7:63000 mC
I/ThermalEngine( 672): Sensor:tsens_tz_sensor6:62000 mC
I/ThermalEngine( 672): Sensor:tsens_tz_sensor5:67000 mC
E/NetlinkListener( 683): recvmsg failed (I/O error)
E/NetlinkListener( 681): recvmsg failed (I/O error)
I/ThermalEngine( 672): Sensor:tsens_tz_sensor8:66000 mC
I/ThermalEngine( 672): Sensor:tsens_tz_sensor7:67000 mC
I/ThermalEngine( 672): Sensor:tsens_tz_sensor6:62000 mC
I/ThermalEngine( 672): Sensor:tsens_tz_sensor5:70000 mC
I/ThermalEngine( 672): Sensor:tsens_tz_sensor8:65000 mC
I/ThermalEngine( 672): Sensor:tsens_tz_sensor7:69000 mC
I/ThermalEngine( 672): Sensor:tsens_tz_sensor6:64000 mC
I/ThermalEngine( 672): Sensor:tsens_tz_sensor5:71000 mC
I/ThermalEngine( 672): ACTION: CPU - Setting CPU[0] to 1958400
I/ThermalEngine( 672): ACTION: CPU - Setting CPU[1] to 1958400
I/ThermalEngine( 672): ACTION: CPU - Setting CPU[2] to 1958400
I/ThermalEngine( 672): ACTION: CPU - Setting CPU[3] to 1958400
I/ThermalEngine( 672): Sensor:tsens_tz_sensor8:68000 mC
I/ThermalEngine( 672): Sensor:tsens_tz_sensor7:69000 mC
I/ThermalEngine( 672): Sensor:tsens_tz_sensor6:65000 mC
I/ThermalEngine( 672): Sensor:tsens_tz_sensor5:70000 mC
I/ThermalEngine( 672): ACTION: CPU - Setting CPU[0] to 2265600
I/ThermalEngine( 672): ACTION: CPU - Setting CPU[1] to 2265600
I/ThermalEngine( 672): ACTION: CPU - Setting CPU[2] to 2265600
I/ThermalEngine( 672): ACTION: CPU - Setting CPU[3] to 2265600
I/ThermalEngine( 672): Sensor:tsens_tz_sensor8:71000 mC
I/ThermalEngine( 672): ACTION: CPU - Setting CPU[0] to 1958400
I/ThermalEngine( 672): ACTION: CPU - Setting CPU[1] to 1958400
I/ThermalEngine( 672): ACTION: CPU - Setting CPU[2] to 1958400
I/ThermalEngine( 672): ACTION: CPU - Setting CPU[3] to 1958400
I/ThermalEngine( 672): Sensor:tsens_tz_sensor7:71000 mC
I/ThermalEngine( 672): Sensor:tsens_tz_sensor6:71000 mC
I/ThermalEngine( 672): Sensor:tsens_tz_sensor5:73000 mC
I/ThermalEngine( 672): Sensor:pm8941_tz:57019 mC
I/ThermalEngine( 672): Sensor:tsens_tz_sensor8:70000 mC
I/ThermalEngine( 672): Sensor:tsens_tz_sensor7:70000 mC
I/ThermalEngine( 672): Sensor:tsens_tz_sensor6:72000 mC
I/ThermalEngine( 672): ACTION: CPU - Setting CPU[0] to 1728000
I/ThermalEngine( 672): ACTION: CPU - Setting CPU[1] to 1728000
I/ThermalEngine( 672): ACTION: CPU - Setting CPU[2] to 1728000
I/ThermalEngine( 672): ACTION: CPU - Setting CPU[3] to 1728000
I/ThermalEngine( 672): Sensor:tsens_tz_sensor5:73000 mC
I/ThermalEngine( 672): Sensor:tsens_tz_sensor8:70000 mC
I/ThermalEngine( 672): Sensor:tsens_tz_sensor7:66000 mC
I/ThermalEngine( 672): Sensor:tsens_tz_sensor6:68000 mC
I/ThermalEngine( 672): ACTION: CPU - Setting CPU[0] to 1958400
I/ThermalEngine( 672): ACTION: CPU - Setting CPU[1] to 1958400
I/ThermalEngine( 672): ACTION: CPU - Setting CPU[2] to 1958400
I/ThermalEngine( 672): ACTION: CPU - Setting CPU[3] to 1958400
I/ThermalEngine( 672): Sensor:tsens_tz_sensor5:69000 mC
I/ThermalEngine( 672): Sensor:tsens_tz_sensor8:68000 mC
I/ThermalEngine( 672): Sensor:tsens_tz_sensor7:65000 mC
I/ThermalEngine( 672): Sensor:tsens_tz_sensor6:66000 mC
I/ThermalEngine( 672): ACTION: CPU - Setting CPU[0] to 2265600
I/ThermalEngine( 672): ACTION: CPU - Setting CPU[1] to 2265600
I/ThermalEngine( 672): ACTION: CPU - Setting CPU[2] to 2265600
I/ThermalEngine( 672): ACTION: CPU - Setting CPU[3] to 2265600
I/ThermalEngine( 672): Sensor:tsens_tz_sensor5:67000 mC
I/dex2oat ( 2137): dex2oat took 700.664ms (threads: 4) arena alloc=2MB java alloc=903KB native alloc=4MB free=3MB
I/ThermalEngine( 672): Sensor:tsens_tz_sensor8:64000 mC
I/ThermalEngine( 672): Sensor:tsens_tz_sensor7:64000 mC
I/ThermalEngine( 672): Sensor:tsens_tz_sensor6:65000 mC
I/ThermalEngine( 672): Sensor:tsens_tz_sensor5:66000 mC
I/InstallerConnection( 2068): disconnecting...
E/installd( 664): eof
E/installd( 664): failed to read size
I/installd( 664): closing connection
E/NetlinkListener( 681): recvmsg failed (I/O error)
E/NetlinkListener( 683): recvmsg failed (I/O error)
I/SystemServer( 2068): Entered the Android system server!
I/ThermalEngine( 672): Sensor:tsens_tz_sensor8:64000 mC
I/ThermalEngine( 672): Sensor:tsens_tz_sensor7:63000 mC
I/ThermalEngine( 672): Sensor:tsens_tz_sensor6:64000 mC
I/ThermalEngine( 672): Sensor:tsens_tz_sensor5:66000 mC
E/NetlinkListener( 681): recvmsg failed (I/O error)
E/NetlinkListener( 683): recvmsg failed (I/O error)
V/Fingerprint-JNI( 2068): FingerprintManager JNI ready.
I/ ( 2068): System server: starting sensor init.
D/SensorService( 2068): nuSensorService starting...
I/SystemServiceManager( 2068): Starting com.android.server.pm.Installer
I/Installer( 2068): Waiting for installd to be ready.
I/InstallerConnection( 2068): connecting...
I/installd( 664): new connection
I/SystemServiceManager( 2068): Starting com.android.server.am.ActivityManagerService$Lifecycle
I/ThermalEngine( 672): Sensor:tsens_tz_sensor8:63000 mC
I/ThermalEngine( 672): Sensor:tsens_tz_sensor7:63000 mC
I/ThermalEngine( 672): Sensor:tsens_tz_sensor6:63000 mC
I/ThermalEngine( 672): Sensor:tsens_tz_sensor5:68000 mC
E/qti_sensors_hal( 2068): SensorsContext: Hal opened lib /system/lib/hw/sensors.oem.so failed!
E/Sensors ( 1005): sns_acm_mr.c(432):Transport error -45
I/XXXXXX ( 2068): choosing minFree values for 32 Bit
I/XXXXXX ( 2068): choosing minFree values for 32 Bit
I/XXXXXX ( 2068): choosing minFree values for 32 Bit
I/XXXXXX ( 2068): choosing minFree values for 32 Bit
I/XXXXXX ( 2068): choosing minFree values for 32 Bit
I/XXXXXX ( 2068): choosing minFree values for 32 Bit
E/Sensors ( 1005): sns_acm_mr.c(432):Transport error -45
E/Sensors ( 1005): sns_acm_mr.c(432):Transport error -45
E/Sensors ( 1005): sns_acm_mr.c(432):Transport error -45
I/ActivityManager( 2068): Memory class: 128
E/Sensors ( 1005): sns_acm_mr.c(432):Transport error -45
E/Sensors ( 1005): sns_acm_mr.c(432):Transport error -45
I/ServiceThread( 2068): Enabled StrictMode logging for ActivityManager looper.
E/Sensors ( 1005): sns_acm_mr.c(432):Transport error -45
E/Sensors ( 1005): sns_acm_mr.c(432):Transport error -45
E/Sensors ( 1005): sns_acm_mr.c(432):Transport error -45
E/Sensors ( 1005): sns_acm_mr.c(734):Request made to disabled service
E/Sensors ( 1005): sns_main.c(1331):Error writing request. sns_err 3 error 0 qmi_err 0
E/qti_sensors_hal( 2068): SAMSensor_sensor1_cb: attributes request failed for handle 55
E/qti_sensors_hal( 2068): processResp: Msg 36; Result: 1, Error: 3
W/qti_sensors_hal( 2068): addSensor : Not supported sensor with handle 31!
W/qti_sensors_hal( 2068): addSensor : Not supported sensor with handle 32!
E/Sensors ( 1005): sns_acm_mr.c(432):Transport error -45
E/Sensors ( 1005): sns_acm_mr.c(432):Transport error -45
E/qdhwcomposer( 1270): isValidDimension: layer handle is NULL
E/qdhwcomposer( 1270): isValidDimension: layer handle is NULL
E/Sensors ( 1005): sns_acm_mr.c(432):Transport error -45
E/Sensors ( 1005): sns_acm_mr.c(432):Transport error -45
I/ThermalEngine( 672): Sensor:tsens_tz_sensor8:63000 mC
I/ThermalEngine( 672): Sensor:tsens_tz_sensor7:62000 mC
I/ThermalEngine( 672): Sensor:tsens_tz_sensor6:63000 mC
I/ThermalEngine( 672): Sensor:tsens_tz_sensor5:69000 mC
E/Sensors ( 1005): sns_acm_mr.c(432):Transport error -45
E/qdhwcomposer( 1270): isValidDimension: layer handle is NULL
E/qdhwcomposer( 1270): isValidDimension: layer handle is NULL
E/Sensors ( 1005): sns_acm_mr.c(432):Transport error -45
E/Sensors ( 1005): sns_acm_mr.c(432):Transport error -45
E/Sensors ( 1005): sns_acm_mr.c(432):Transport error -45
E/Sensors ( 1005): sns_acm_mr.c(734):Request made to disabled service
E/Sensors ( 1005): sns_main.c(1331):Error writing request. sns_err 3 error 0 qmi_err 0
E/qti_sensors_hal( 2068): SAMSensor_sensor1_cb: attributes request failed for handle 46
E/qti_sensors_hal( 2068): processResp: Msg 36; Result: 1, Error: 3
E/qti_sensors_hal( 2068): processSingleSensorInfoResp: either handle_wakeup is -1 or error is true or mSensors[handle_wakeup] is NULL!
E/qti_sensors_hal( 2068): processSingleSensorInfoResp: either handle_wakeup is -1 or error is true or mSensors[handle_wakeup] is NULL!
E/qti_sensors_hal( 2068): processSingleSensorInfoResp: either handle_wakeup is -1 or error is true or mSensors[handle_wakeup] is NULL!
E/qti_sensors_hal( 2068): processSingleSensorInfoResp: either handle is -1 or error is true or mSensors[handle] is NULL!
E/qti_sensors_hal( 2068): processSingleSensorInfoResp: either handle_wakeup is -1 or error is true or mSensors[handle_wakeup] is NULL!
E/qti_sensors_hal( 2068): OEMAddSensors : The OEM_module is NULL!
I/AppOps ( 2068): No existing app ops /data/system/appops.xml; starting empty
E/NetlinkListener( 683): recvmsg failed (I/O error)
E/NetlinkListener( 681): recvmsg failed (I/O error)
E/NetlinkListener( 681): recvmsg failed (I/O error)
E/NetlinkListener( 683): recvmsg failed (I/O error)
I/ThermalEngine( 672): Sensor:tsens_tz_sensor8:67000 mC
I/ThermalEngine( 672): Sensor:tsens_tz_sensor7:62000 mC
I/ThermalEngine( 672): Sensor:tsens_tz_sensor6:63000 mC
I/ThermalEngine( 672): Sensor:tsens_tz_sensor5:69000 mC
W/qti_sensors_hal( 2068): sensors_get_sensors_list: handle 51 is not registered!
W/qti_sensors_hal( 2068): sensors_get_sensors_list: handle 52 is not registered!
W/qti_sensors_hal( 2068): sensors_get_sensors_list: handle 17 is not registered!
W/qti_sensors_hal( 2068): sensors_get_sensors_list: handle 26 is not registered!
W/qti_sensors_hal( 2068): sensors_get_sensors_list: handle 27 is not registered!
W/qti_sensors_hal( 2068): sensors_get_sensors_list: handle 65 is not registered!
W/qti_sensors_hal( 2068): sensors_get_sensors_list: handle 66 is not registered!
W/qti_sensors_hal( 2068): sensors_get_sensors_list: handle 19 is not registered!
W/qti_sensors_hal( 2068): sensors_get_sensors_list: handle 24 is not registered!
W/qti_sensors_hal( 2068): sensors_get_sensors_list: handle 64 is not registered!
W/qti_sensors_hal( 2068): sensors_get_sensors_list: handle 18 is not registered!
W/qti_sensors_hal( 2068): sensors_get_sensors_list: handle 20 is not registered!
W/qti_sensors_hal( 2068): sensors_get_sensors_list: handle 25 is not registered!
W/qti_sensors_hal( 2068): sensors_get_sensors_list: handle 28 is not registered!
W/qti_sensors_hal( 2068): sensors_get_sensors_list: handle 57 is not registered!
W/qti_sensors_hal( 2068): sensors_get_sensors_list: handle 58 is not registered!
W/qti_sensors_hal( 2068): sensors_get_sensors_list: handle 59 is not registered!
W/qti_sensors_hal( 2068): sensors_get_sensors_list: handle 62 is not registered!
W/qti_sensors_hal( 2068): sensors_get_sensors_list: handle 63 is not registered!
W/qti_sensors_hal( 2068): sensors_get_sensors_list: handle 60 is not registered!
W/qti_sensors_hal( 2068): sensors_get_sensors_list: handle 61 is not registered!
W/qti_sensors_hal( 2068): sensors_get_sensors_list: handle 56 is not registered!
W/qti_sensors_hal( 2068): sensors_get_sensors_list: handle 21 is not registered!
W/qti_sensors_hal( 2068): sensors_get_sensors_list: handle 22 is not registered!
W/qti_sensors_hal( 2068): sensors_get_sensors_list: handle 23 is not registered!
W/qti_sensors_hal( 2068): sensors_get_sensors_list: handle 31 is not registered!
W/qti_sensors_hal( 2068): sensors_get_sensors_list: handle 32 is not registered!
W/qti_sensors_hal( 2068): sensors_get_sensors_list: handle 35 is not registered!
W/qti_sensors_hal( 2068): sensors_get_sensors_list: handle 41 is not registered!
W/qti_sensors_hal( 2068): sensors_get_sensors_list: handle 54 is not registered!
I/ ( 2068): System server: sensor init done.
D/SensorService( 2068): nuSensorService thread starting...
D/SensorService( 2068): new thread SensorEventAckReceiver
I/ThermalEngine( 672): Sensor:tsens_tz_sensor8:69000 mC
I/ThermalEngine( 672): Sensor:tsens_tz_sensor7:64000 mC
I/ThermalEngine( 672): Sensor:tsens_tz_sensor6:63000 mC
I/ThermalEngine( 672): Sensor:tsens_tz_sensor5:66000 mC
I/IntentFirewall( 2068): Read new rules (A:0 B:0 S:0)
I/ServiceThread( 2068): Enabled StrictMode logging for android.ui looper.
I/ServiceThread( 2068): Enabled StrictMode logging for android.display looper.
D/AppOps ( 2068): AppOpsService published
I/SystemServiceManager( 2068): Starting com.android.server.power.PowerManagerService
I/ServiceThread( 2068): Enabled StrictMode logging for PowerManagerService looper.
E/PowerManagerService-JNI( 2068): Couldn't load power module (Operation not permitted)
W/libsuspend( 2068): Error writing 'on' to /sys/power/state: Invalid argument
I/libsuspend( 2068): Selected wakeup count
I/SystemServiceManager( 2068): Starting com.android.server.display.DisplayManagerService
E/BatteryStatsService( 2068): Failed to open /sys/kernel/wakeup_reasons/last_resume_reason
I/SystemServiceManager( 2068): Starting phase 100
I/DisplayManagerService( 2068): Display device added: DisplayDeviceInfo{"Built-in Screen": uniqueId="local:0", 1080 x 1920, 0.466 fps, supportedRefreshRates [0.466], density 480, 160.42105 x 159.89508 dpi, appVsyncOff 0, presDeadline 2146922789, touch INTERNAL, rotation 0, type BUILT_IN, state UNKNOWN, FLAG_DEFAULT_DISPLAY, FLAG_ROTATES_WITH_CONTENT, FLAG_SECURE, FLAG_SUPPORTS_PROTECTED_BUFFERS}
I/SystemServer( 2068): Package Manager
E/SELinuxMMAC( 2068): Error with hashing seapp_contexts.
E/SELinuxMMAC( 2068): java.io.FileNotFoundException: /seapp_contexts: open failed: ENOENT (No such file or directory)
E/SELinuxMMAC( 2068): at libcore.io.IoBridge.open(IoBridge.java:456)
E/SELinuxMMAC( 2068): at libcore.io.IoUtils$FileReader.(IoUtils.java:209)
E/SELinuxMMAC( 2068): at libcore.io.IoUtils.readFileAsByteArray(IoUtils.java:109)
E/SELinuxMMAC( 2068): at com.android.server.pm.SELinuxMMAC.returnHash(SELinuxMMAC.java:456)
E/SELinuxMMAC( 2068): at com.android.server.pm.SELinuxMMAC.shouldRestorecon(SELinuxMMAC.java:389)
E/SELinuxMMAC( 2068): at com.android.server.pm.PackageManagerService.(PackageManagerService.java:419)
E/SELinuxMMAC( 2068): at com.android.server.pm.PackageManagerService.main(PackageManagerService.java:1261)
E/SELinuxMMAC( 2068): at com.android.server.SystemServer.startBootstrapServices(SystemServer.java:358)
E/SELinuxMMAC( 2068): at com.android.server.SystemServer.run(SystemServer.java:263)
E/SELinuxMMAC( 2068): at com.android.server.SystemServer.main(SystemServer.java:179)
E/SELinuxMMAC( 2068): at java.lang.reflect.Method.invoke(Native Method)
E/SELinuxMMAC( 2068): at java.lang.reflect.Method.invoke(Method.java:372)
E/SELinuxMMAC( 2068): at com.android.internal.os.ZygoteInit$MethodAndArgsCaller.run(ZygoteInit.java:904)
E/SELinuxMMAC( 2068): at com.android.internal.os.ZygoteInit.main(ZygoteInit.java:699)
E/SELinuxMMAC( 2068): Caused by: android.system.ErrnoException: open failed: ENOENT (No such file or directory)
E/SELinuxMMAC( 2068): at libcore.io.Posix.open(Native Method)
E/SELinuxMMAC( 2068): at libcore.io.BlockGuardOs.open(BlockGuardOs.java:186)
E/SELinuxMMAC( 2068): at libcore.io.IoBridge.open(IoBridge.java:442)
E/SELinuxMMAC( 2068): ... 13 more
I/ThermalEngine( 672): Sensor:tsens_tz_sensor8:69000 mC
I/ThermalEngine( 672): Sensor:tsens_tz_sensor7:68000 mC
I/ThermalEngine( 672): Sensor:tsens_tz_sensor6:64000 mC
I/ThermalEngine( 672): Sensor:tsens_tz_sensor5:66000 mC
E/qdhwcomposer( 1270): isValidDimension: layer handle is NULL
E/qdhwcomposer( 1270): isValidDimension: layer handle is NULL
D/EntSec ( 2068): [QSB ] [QSB_CLIENT ] QualcommSecurityBridge: PackageManager
I/EntSec ( 2068): [QSB ] [PORT_SWITCH] QSB Client Thread created
I/EntSec ( 2068): [QSB ] [PORT_SWITCH] QSB Port Switching Thread start running...
D/EntSec ( 2068): [QSB ] [PORT_SWITCH] Creating NQS Communicator instance
D/EntSec ( 2068): [QSB ] [NQS_CONECTOR] Trying to open a local socket
E/EntSec ( 2068): [QSB ] [NQS_CONECTOR] Failed to create and connect a local socket. [Error Description: No such file or directory ]
E/EntSec ( 2068): [QSB ] [NQS_CONECTOR] Failed to connect to the NQS [Error Description: No such file or directory ]
D/EntSec ( 2068): [QSB ] [PORT_SWITCH] NQS Communicator is disconnected
E/EntSec ( 2068): [QSB ] [PORT_SWITCH] No connection with the NQS; QSB initializes with the default port
I/EntSec ( 2068): [QSB ] [QSB_CLIENT ] Revert Loading port completed successfully
E/EntSec ( 2068): [QSB ] [PORT_SWITCH] QSB Port Switching Thread stop running.
W/SystemConfig( 2068): No directory /system/etc/sysconfig, skipping
E/qdhwcomposer( 1270): isValidDimension: layer handle is NULL
E/qdhwcomposer( 1270): isValidDimension: layer handle is NULL
E/qdhwcomposer( 1270): isValidDimension: layer handle is NULL
E/qdhwcomposer( 1270): isValidDimension: layer handle is NULL
E/qdhwcomposer( 1270): isValidDimension: layer handle is NULL
E/qdhwcomposer( 1270): isValidDimension: layer handle is NULL
E/qdhwcomposer( 1270): isValidDimension: layer handle is NULL
E/qdhwcomposer( 1270): isValidDimension: layer handle is NULL
I/ThermalEngine( 672): Sensor:tsens_tz_sensor8:67000 mC
I/ThermalEngine( 672): Sensor:tsens_tz_sensor7:68000 mC
I/ThermalEngine( 672): Sensor:tsens_tz_sensor6:64000 mC
I/ThermalEngine( 672): Sensor:tsens_tz_sensor5:69000 mC
E/qdhwcomposer( 1270): isValidDimension: layer handle is NULL
E/qdhwcomposer( 1270): isValidDimension: layer handle is NULL
D/SELinuxMMAC( 2068): Using policy file /system/etc/security/mac_permissions.xml
E/qdhwcomposer( 1270): isValidDimension: layer handle is NULL
E/qdhwcomposer( 1270): isValidDimension: layer handle is NULL
E/NetlinkListener( 683): recvmsg failed (I/O error)
E/NetlinkListener( 681): recvmsg failed (I/O error)
E/qdhwcomposer( 1270): isValidDimension: layer handle is NULL
E/qdhwcomposer( 1270): isValidDimension: layer handle is NULL
E/qdhwcomposer( 1270): isValidDimension: layer handle is NULL
E/qdhwcomposer( 1270): isValidDimension: layer handle is NULL
I/ThermalEngine( 672): Sensor:tsens_tz_sensor8:65000 mC
I/ThermalEngine( 672): Sensor:tsens_tz_sensor7:67000 mC
I/ThermalEngine( 672): Sensor:tsens_tz_sensor6:64000 mC
I/ThermalEngine( 672): Sensor:tsens_tz_sensor5:66000 mC
E/qdhwcomposer( 1270): isValidDimension: layer handle is NULL
E/qdhwcomposer( 1270): isValidDimension: layer handle is NULL
I/dex2oat ( 2239): /system/bin/dex2oat --zip-fd=5 --zip-location=/system/framework/qcnvitems.jar --oat-fd=6 --oat-location=/data/dalvik-cache/arm/system@framework@qcnvitems.jar@classes.dex --instruction-set=arm --instruction-set-features=div --runtime-arg -Xms64m --runtime-arg -Xmx512m --swap-fd=7
E/qdhwcomposer( 1270): isValidDimension: layer handle is NULL
E/qdhwcomposer( 1270): isValidDimension: layer handle is NULL
I/dex2oat ( 2239): Decided to run without swap.
E/qdhwcomposer( 1270): isValidDimension: layer handle is NULL
E/qdhwcomposer( 1270): isValidDimension: layer handle is NULL
E/qdhwcomposer( 1270): isValidDimension: layer handle is NULL
E/qdhwcomposer( 1270): isValidDimension: layer handle is NULL
I/ThermalEngine( 672): Sensor:tsens_tz_sensor8:65000 mC
I/ThermalEngine( 672): Sensor:tsens_tz_sensor7:66000 mC
I/ThermalEngine( 672): Sensor:tsens_tz_sensor6:63000 mC
I/ThermalEngine( 672): Sensor:tsens_tz_sensor5:68000 mC
E/qdhwcomposer( 1270): isValidDimension: layer handle is NULL
E/qdhwcomposer( 1270): isValidDimension: layer handle is NULL
E/qdhwcomposer( 1270): isValidDimension: layer handle is NULL
E/qdhwcomposer( 1270): isValidDimension: layer handle is NULL
E/qdhwcomposer( 1270): isValidDimension: layer handle is NULL
E/qdhwcomposer( 1270): isValidDimension: layer handle is NULL
E/qdhwcomposer( 1270): isValidDimension: layer handle is NULL
E/qdhwcomposer( 1270): isValidDimension: layer handle is NULL
I/ThermalEngine( 672): Sensor:tsens_tz_sensor8:64000 mC
I/ThermalEngine( 672): Sensor:tsens_tz_sensor7:68000 mC
I/ThermalEngine( 672): Sensor:tsens_tz_sensor6:63000 mC
I/ThermalEngine( 672): Sensor:tsens_tz_sensor5:71000 mC
I/ThermalEngine( 672): ACTION: CPU - Setting CPU[0] to 1958400
I/ThermalEngine( 672): ACTION: CPU - Setting CPU[1] to 1958400
I/ThermalEngine( 672): ACTION: CPU - Setting CPU[2] to 1958400
I/ThermalEngine( 672): ACTION: CPU - Setting CPU[3] to 1958400
E/qdhwcomposer( 1270): isValidDimension: layer handle is NULL
E/qdhwcomposer( 1270): isValidDimension: layer handle is NULL
E/qdhwcomposer( 1270): isValidDimension: layer handle is NULL
E/qdhwcomposer( 1270): isValidDimension: layer handle is NULL
E/qdhwcomposer( 1270): isValidDimension: layer handle is NULL
E/qdhwcomposer( 1270): isValidDimension: layer handle is NULL
E/NetlinkListener( 681): recvmsg failed (I/O error)
E/NetlinkListener( 683): recvmsg failed (I/O error)
E/qdhwcomposer( 1270): isValidDimension: layer handle is NULL
E/qdhwcomposer( 1270): isValidDimension: layer handle is NULL
I/ThermalEngine( 672): Sensor:tsens_tz_sensor8:65000 mC
I/ThermalEngine( 672): Sensor:tsens_tz_sensor7:70000 mC
I/ThermalEngine( 672): Sensor:tsens_tz_sensor6:63000 mC
I/ThermalEngine( 672): Sensor:tsens_tz_sensor5:70000 mC
I/ThermalEngine( 672): ACTION: CPU - Setting CPU[0] to 2265600
I/ThermalEngine( 672): ACTION: CPU - Setting CPU[1] to 2265600
I/ThermalEngine( 672): ACTION: CPU - Setting CPU[2] to 2265600
I/ThermalEngine( 672): ACTION: CPU - Setting CPU[3] to 2265600
E/qdhwcomposer( 1270): isValidDimension: layer handle is NULL
E/qdhwcomposer( 1270): isValidDimension: layer handle is NULL
E/qdhwcomposer( 1270): isValidDimension: layer handle is NULL
E/qdhwcomposer( 1270): isValidDimension: layer handle is NULL
I/dex2oat ( 2239): dex2oat took 220.769ms (threads: 4) arena alloc=75KB java alloc=472KB native alloc=1901KB free=6MB
E/art ( 2068): DexFile_isDexOptNeeded file '/system/framework/com.google.widevine.software.drm.jar' does not exist
W/PackageManager( 2068): Library not found: /system/framework/com.google.widevine.software.drm.jar
E/qdhwcomposer( 1270): isValidDimension: layer handle is NULL
E/qdhwcomposer( 1270): isValidDimension: layer handle is NULL
I/ThermalEngine( 672): Sensor:tsens_tz_sensor8:66000 mC
I/ThermalEngine( 672): Sensor:tsens_tz_sensor7:68000 mC
I/ThermalEngine( 672): Sensor:tsens_tz_sensor6:64000 mC
I/ThermalEngine( 672): Sensor:tsens_tz_sensor5:69000 mC
E/qdhwcomposer( 1270): isValidDimension: layer handle is NULL
E/qdhwcomposer( 1270): isValidDimension: layer handle is NULL
I/dex2oat ( 2250): /system/bin/dex2oat --zip-fd=5 --zip-location=/system/framework/dpmapi.jar --oat-fd=6 --oat-location=/data/dalvik-cache/arm/system@framework@dpmapi.jar@classes.dex --instruction-set=arm --instruction-set-features=div --runtime-arg -Xms64m --runtime-arg -Xmx512m --swap-fd=7
I/dex2oat ( 2250): Decided to run without swap.
I/ThermalEngine( 672): Sensor:tsens_tz_sensor8:65000 mC
I/ThermalEngine( 672): Sensor:tsens_tz_sensor7:64000 mC
I/ThermalEngine( 672): Sensor:tsens_tz_sensor6:64000 mC
I/ThermalEngine( 672): Sensor:tsens_tz_sensor5:67000 mC
I/dex2oat ( 2250): dex2oat took 94.957ms (threads: 4) arena alloc=127KB java alloc=15KB native alloc=1384KB free=6MB
I/ThermalEngine( 672): Sensor:tsens_tz_sensor8:65000 mC
I/ThermalEngine( 672): Sensor:tsens_tz_sensor7:64000 mC
I/ThermalEngine( 672): Sensor:tsens_tz_sensor6:64000 mC
I/ThermalEngine( 672): Sensor:tsens_tz_sensor5:67000 mC
I/dex2oat ( 2255): /system/bin/dex2oat --zip-fd=5 --zip-location=/system/framework/btmultisimlibrary.jar --oat-fd=6 --oat-location=/data/dalvik-cache/arm/system@framework@btmultisimlibrary.jar@classes.dex --instruction-set=arm --instruction-set-features=div --runtime-arg -Xms64m --runtime-arg -Xmx512m --swap-fd=7
E/NetlinkListener( 681): recvmsg failed (I/O error)
E/NetlinkListener( 683): recvmsg failed (I/O error)
I/ThermalEngine( 672): Sensor:tsens_tz_sensor8:63000 mC
I/ThermalEngine( 672): Sensor:tsens_tz_sensor7:63000 mC
I/ThermalEngine( 672): Sensor:tsens_tz_sensor6:64000 mC
I/ThermalEngine( 672): Sensor:tsens_tz_sensor5:65000 mC
I/dex2oat ( 2255): Decided to run without swap.
E/NetlinkListener( 681): recvmsg failed (I/O error)
E/NetlinkListener( 683): recvmsg failed (I/O error)
I/dex2oat ( 2255): dex2oat took 77.562ms (threads: 4) arena alloc=131KB java alloc=6KB native alloc=877KB free=7MB
E/art ( 2068): DexFile_isDexOptNeeded file '/system/framework/com.google.android.media.effects.jar' does not exist
W/PackageManager( 2068): Library not found: /system/framework/com.google.android.media.effects.jar
I/ThermalEngine( 672): Sensor:tsens_tz_sensor8:63000 mC
I/ThermalEngine( 672): Sensor:tsens_tz_sensor7:65000 mC
I/ThermalEngine( 672): Sensor:tsens_tz_sensor6:62000 mC
I/ThermalEngine( 672): Sensor:tsens_tz_sensor5:64000 mC
V/WLAN_PSA( 669): NL MSG, len[4076], NL type[0x1C] WNI type[0x5900] len[54287]
V/WLAN_PSA( 669): NL MSG, PID: 669
I/dex2oat ( 2266): /system/bin/dex2oat --zip-fd=5 --zip-location=/system/framework/com.android.location.provider.jar --oat-fd=6 --oat-location=/data/dalvik-cache/arm/system@framework@com.android.location.provider.jar@classes.dex --instruction-set=arm --instruction-set-features=div --runtime-arg -Xms64m --runtime-arg -Xmx512m --swap-fd=7
I/dex2oat ( 2266): Decided to run without swap.
I/ThermalEngine( 672): Sensor:tsens_tz_sensor8:63000 mC
I/ThermalEngine( 672): Sensor:tsens_tz_sensor7:62000 mC
I/ThermalEngine( 672): Sensor:tsens_tz_sensor6:62000 mC
I/ThermalEngine( 672): Sensor:tsens_tz_sensor5:65000 mC
I/dex2oat ( 2266): dex2oat took 88.016ms (threads: 4) arena alloc=144KB java alloc=73KB native alloc=1021KB free=7MB
I/ThermalEngine( 672): Sensor:tsens_tz_sensor8:62000 mC
I/ThermalEngine( 672): Sensor:tsens_tz_sensor7:62000 mC
I/ThermalEngine( 672): Sensor:tsens_tz_sensor6:62000 mC
I/ThermalEngine( 672): Sensor:tsens_tz_sensor5:69000 mC
I/dex2oat ( 2271): /system/bin/dex2oat --zip-fd=5 --zip-location=/system/framework/cneapiclient.jar --oat-fd=6 --oat-location=/data/dalvik-cache/arm/system@framework@cneapiclient.jar@classes.dex --instruction-set=arm --instruction-set-features=div --runtime-arg -Xms64m --runtime-arg -Xmx512m --swap-fd=7
I/dex2oat ( 2271): Decided to run without swap.
I/ThermalEngine( 672): Sensor:tsens_tz_sensor8:62000 mC
I/ThermalEngine( 672): Sensor:tsens_tz_sensor7:62000 mC
I/ThermalEngine( 672): Sensor:tsens_tz_sensor6:62000 mC
I/ThermalEngine( 672): Sensor:tsens_tz_sensor5:66000 mC
I/dex2oat ( 2271): dex2oat took 81.227ms (threads: 4) arena alloc=127KB java alloc=24KB native alloc=1382KB free=6MB
I/dex2oat ( 2276): /system/bin/dex2oat --zip-fd=5 --zip-location=/system/framework/DigitalPenService.jar --oat-fd=6 --oat-location=/data/dalvik-cache/arm/system@framework@DigitalPenService.jar@classes.dex --instruction-set=arm --instruction-set-features=div --runtime-arg -Xms64m --runtime-arg -Xmx512m --swap-fd=7
I/ThermalEngine( 672): Sensor:tsens_tz_sensor8:62000 mC
I/ThermalEngine( 672): Sensor:tsens_tz_sensor7:61000 mC
I/ThermalEngine( 672): Sensor:tsens_tz_sensor6:62000 mC
I/ThermalEngine( 672): Sensor:tsens_tz_sensor5:69000 mC
I/dex2oat ( 2276): Decided to run without swap.
I/ThermalEngine( 672): Sensor:tsens_tz_sensor8:62000 mC
I/ThermalEngine( 672): Sensor:tsens_tz_sensor7:61000 mC
I/ThermalEngine( 672): Sensor:tsens_tz_sensor6:62000 mC
I/ThermalEngine( 672): Sensor:tsens_tz_sensor5:71000 mC
I/ThermalEngine( 672): ACTION: CPU - Setting CPU[0] to 1958400
I/ThermalEngine( 672): ACTION: CPU - Setting CPU[1] to 1958400
I/ThermalEngine( 672): ACTION: CPU - Setting CPU[2] to 1958400
I/ThermalEngine( 672): ACTION: CPU - Setting CPU[3] to 1958400
I/ThermalEngine( 672): Sensor:tsens_tz_sensor8:64000 mC
I/ThermalEngine( 672): Sensor:tsens_tz_sensor7:61000 mC
I/ThermalEngine( 672): Sensor:tsens_tz_sensor6:62000 mC
I/ThermalEngine( 672): Sensor:tsens_tz_sensor5:69000 mC
I/ThermalEngine( 672): ACTION: CPU - Setting CPU[0] to 2265600
I/ThermalEngine( 672): ACTION: CPU - Setting CPU[1] to 2265600
I/ThermalEngine( 672): ACTION: CPU - Setting CPU[2] to 2265600
I/ThermalEngine( 672): ACTION: CPU - Setting CPU[3] to 2265600
E/NetlinkListener( 681): recvmsg failed (I/O error)
E/NetlinkListener( 683): recvmsg failed (I/O error)
E/NetlinkListener( 681): recvmsg failed (I/O error)
E/NetlinkListener( 683): recvmsg failed (I/O error)
I/ThermalEngine( 672): Sensor:tsens_tz_sensor8:65000 mC
I/ThermalEngine( 672): Sensor:tsens_tz_sensor7:63000 mC
I/ThermalEngine( 672): Sensor:tsens_tz_sensor6:63000 mC
I/ThermalEngine( 672): Sensor:tsens_tz_sensor5:65000 mC
I/ThermalEngine( 672): Sensor:tsens_tz_sensor8:64000 mC
I/ThermalEngine( 672): Sensor:tsens_tz_sensor7:63000 mC
I/ThermalEngine( 672): Sensor:tsens_tz_sensor6:65000 mC
I/ThermalEngine( 672): Sensor:tsens_tz_sensor5:66000 mC
I/ThermalEngine( 672): Sensor:tsens_tz_sensor8:62000 mC
I/ThermalEngine( 672): Sensor:tsens_tz_sensor7:63000 mC
I/ThermalEngine( 672): Sensor:tsens_tz_sensor6:63000 mC
I/ThermalEngine( 672): Sensor:tsens_tz_sensor5:64000 mC
I/ThermalEngine( 672): Sensor:tsens_tz_sensor8:65000 mC
I/ThermalEngine( 672): Sensor:tsens_tz_sensor7:65000 mC
I/ThermalEngine( 672): Sensor:tsens_tz_sensor6:65000 mC
I/ThermalEngine( 672): Sensor:tsens_tz_sensor5:66000 mC
I/ThermalEngine( 672): Sensor:tsens_tz_sensor8:69000 mC
I/ThermalEngine( 672): Sensor:tsens_tz_sensor7:69000 mC
I/ThermalEngine( 672): Sensor:tsens_tz_sensor6:71000 mC
I/ThermalEngine( 672): ACTION: CPU - Setting CPU[0] to 1958400
I/ThermalEngine( 672): ACTION: CPU - Setting CPU[1] to 1958400
I/ThermalEngine( 672): ACTION: CPU - Setting CPU[2] to 1958400
I/ThermalEngine( 672): ACTION: CPU - Setting CPU[3] to 1958400
I/ThermalEngine( 672): Sensor:tsens_tz_sensor5:71000 mC
I/ThermalEngine( 672): Sensor:tsens_tz_sensor8:66000 mC
I/ThermalEngine( 672): Sensor:tsens_tz_sensor7:69000 mC
I/ThermalEngine( 672): Sensor:tsens_tz_sensor6:68000 mC
I/ThermalEngine( 672): Sensor:tsens_tz_sensor5:69000 mC
I/ThermalEngine( 672): ACTION: CPU - Setting CPU[0] to 2265600
I/ThermalEngine( 672): ACTION: CPU - Setting CPU[1] to 2265600
I/ThermalEngine( 672): ACTION: CPU - Setting CPU[2] to 2265600
I/ThermalEngine( 672): ACTION: CPU - Setting CPU[3] to 2265600
I/dex2oat ( 2276): dex2oat took 609.168ms (threads: 4) arena alloc=90KB java alloc=690KB native alloc=2MB free=5MB
I/ThermalEngine( 672): Sensor:tsens_tz_sensor8:65000 mC
I/ThermalEngine( 672): Sensor:tsens_tz_sensor7:65000 mC
I/ThermalEngine( 672): Sensor:tsens_tz_sensor6:65000 mC
I/ThermalEngine( 672): Sensor:tsens_tz_sensor5:65000 mC
I/dex2oat ( 2294): /system/bin/dex2oat --zip-fd=5 --zip-location=/system/framework/com.android.future.usb.accessory.jar --oat-fd=6 --oat-location=/data/dalvik-cache/arm/system@framework@com.android.future.usb.accessory.jar@classes.dex --instruction-set=arm --instruction-set-features=div --runtime-arg -Xms64m --runtime-arg -Xmx512m --swap-fd=7
I/ThermalEngine( 672): Sensor:tsens_tz_sensor8:64000 mC
I/ThermalEngine( 672): Sensor:tsens_tz_sensor7:68000 mC
I/ThermalEngine( 672): Sensor:tsens_tz_sensor6:65000 mC
I/ThermalEngine( 672): Sensor:tsens_tz_sensor5:66000 mC
I/dex2oat ( 2294): Decided to run without swap.
E/qdhwcomposer( 1270): isValidDimension: layer handle is NULL
E/qdhwcomposer( 1270): isValidDimension: layer handle is NULL
I/dex2oat ( 2294): dex2oat took 80.725ms (threads: 4) arena alloc=93KB java alloc=11KB native alloc=858KB free=7MB
I/ThermalEngine( 672): Sensor:tsens_tz_sensor8:65000 mC
I/ThermalEngine( 672): Sensor:tsens_tz_sensor7:65000 mC
I/ThermalEngine( 672): Sensor:tsens_tz_sensor6:65000 mC
I/ThermalEngine( 672): Sensor:tsens_tz_sensor5:65000 mC
I/dex2oat ( 2299): /system/bin/dex2oat --zip-fd=5 --zip-location=/system/framework/javax.obex.jar --oat-fd=6 --oat-location=/data/dalvik-cache/arm/system@framework@javax.obex.jar@classes.dex --instruction-set=arm --instruction-set-features=div --runtime-arg -Xms64m --runtime-arg -Xmx512m --swap-fd=7
I/dex2oat ( 2299): Decided to run without swap.
I/ThermalEngine( 672): Sensor:tsens_tz_sensor8:65000 mC
I/ThermalEngine( 672): Sensor:tsens_tz_sensor7:69000 mC
I/ThermalEngine( 672): Sensor:tsens_tz_sensor6:64000 mC
I/ThermalEngine( 672): Sensor:tsens_tz_sensor5:67000 mC
I/ThermalEngine( 672): Sensor:tsens_tz_sensor8:67000 mC
I/ThermalEngine( 672): Sensor:tsens_tz_sensor7:69000 mC
I/ThermalEngine( 672): Sensor:tsens_tz_sensor6:68000 mC
I/ThermalEngine( 672): Sensor:tsens_tz_sensor5:69000 mC
I/dex2oat ( 2299): dex2oat took 130.605ms (threads: 4) arena alloc=553KB java alloc=38KB native alloc=1751KB free=6MB
I/dex2oat ( 2310): /system/bin/dex2oat --zip-fd=5 --zip-location=/system/framework/javax.btobex.jar --oat-fd=6 --oat-location=/data/dalvik-cache/arm/system@framework@javax.btobex.jar@classes.dex --instruction-set=arm --instruction-set-features=div --runtime-arg -Xms64m --runtime-arg -Xmx512m --swap-fd=7
V/WLAN_PSA( 669): NL MSG, len[048], NL type[0x11] WNI type[0x5050] len[028]
V/WLAN_PSA( 669): NL MSG, PID: 669
E/qdhwcomposer( 1270): isValidDimension: layer handle is NULL
E/qdhwcomposer( 1270): isValidDimension: layer handle is NULL
I/ThermalEngine( 672): Sensor:tsens_tz_sensor8:68000 mC
I/ThermalEngine( 672): Sensor:tsens_tz_sensor7:70000 mC
I/ThermalEngine( 672): Sensor:tsens_tz_sensor6:72000 mC
I/ThermalEngine( 672): ACTION: CPU - Setting CPU[0] to 1958400
I/ThermalEngine( 672): ACTION: CPU - Setting CPU[1] to 1958400
I/ThermalEngine( 672): ACTION: CPU - Setting CPU[2] to 1958400
I/ThermalEngine( 672): ACTION: CPU - Setting CPU[3] to 1958400
I/ThermalEngine( 672): Sensor:tsens_tz_sensor5:67000 mC
E/qdhwcomposer( 1270): isValidDimension: layer handle is NULL
E/qdhwcomposer( 1270): isValidDimension: layer handle is NULL
E/qdhwcomposer( 1270): isValidDimension: layer handle is NULL
E/qdhwcomposer( 1270): isValidDimension: layer handle is NULL
I/dex2oat ( 2310): Decided to run without swap.
E/qdhwcomposer( 1270): isValidDimension: layer handle is NULL
E/qdhwcomposer( 1270): isValidDimension: layer handle is NULL
E/qdhwcomposer( 1270): isValidDimension: layer handle is NULL
E/qdhwcomposer( 1270): isValidDimension: layer handle is NULL
E/qdhwcomposer( 1270): isValidDimension: layer handle is NULL
E/qdhwcomposer( 1270): isValidDimension: layer handle is NULL
I/ThermalEngine( 672): Sensor:tsens_tz_sensor8:69000 mC
I/ThermalEngine( 672): Sensor:tsens_tz_sensor7:69000 mC
I/ThermalEngine( 672): Sensor:tsens_tz_sensor6:70000 mC
I/ThermalEngine( 672): ACTION: CPU - Setting CPU[0] to 2265600
I/ThermalEngine( 672): ACTION: CPU - Setting CPU[1] to 2265600
I/ThermalEngine( 672): ACTION: CPU - Setting CPU[2] to 2265600
I/ThermalEngine( 672): ACTION: CPU - Setting CPU[3] to 2265600
I/ThermalEngine( 672): Sensor:tsens_tz_sensor5:69000 mC
E/qdhwcomposer( 1270): isValidDimension: layer handle is NULL
E/qdhwcomposer( 1270): isValidDimension: layer handle is NULL
E/qdhwcomposer( 1270): isValidDimension: layer handle is NULL
E/qdhwcomposer( 1270): isValidDimension: layer handle is NULL
E/qdhwcomposer( 1270): isValidDimension: layer handle is NULL
E/qdhwcomposer( 1270): isValidDimension: layer handle is NULL
I/dex2oat ( 2310): dex2oat took 153.268ms (threads: 4) arena alloc=718KB java alloc=48KB native alloc=2MB free=5MB
E/qdhwcomposer( 1270): isValidDimension: layer handle is NULL
E/qdhwcomposer( 1270): isValidDimension: layer handle is NULL
I/ThermalEngine( 672): Sensor:tsens_tz_sensor8:69000 mC
I/ThermalEngine( 672): Sensor:tsens_tz_sensor7:71000 mC
I/ThermalEngine( 672): ACTION: CPU - Setting CPU[0] to 1958400
I/ThermalEngine( 672): ACTION: CPU - Setting CPU[1] to 1958400
I/ThermalEngine( 672): ACTION: CPU - Setting CPU[2] to 1958400
I/ThermalEngine( 672): ACTION: CPU - Setting CPU[3] to 1958400
I/ThermalEngine( 672): Sensor:tsens_tz_sensor6:69000 mC
I/ThermalEngine( 672): Sensor:tsens_tz_sensor5:70000 mC
E/qdhwcomposer( 1270): isValidDimension: layer handle is NULL
E/qdhwcomposer( 1270): isValidDimension: layer handle is NULL
I/dex2oat ( 2317): /system/bin/dex2oat --zip-fd=5 --zip-location=/system/framework/imscmlibrary.jar --oat-fd=6 --oat-location=/data/dalvik-cache/arm/system@framework@imscmlibrary.jar@classes.dex --instruction-set=arm --instruction-set-features=div --runtime-arg -Xms64m --runtime-arg -Xmx512m --swap-fd=7
E/qdhwcomposer( 1270): isValidDimension: layer handle is NULL
E/qdhwcomposer( 1270): isValidDimension: layer handle is NULL
I/dex2oat ( 2317): Decided to run without swap.
E/NetlinkListener( 681): recvmsg failed (I/O error)
E/NetlinkListener( 683): recvmsg failed (I/O error)
E/qdhwcomposer( 1270): isValidDimension: layer handle is NULL
E/qdhwcomposer( 1270): isValidDimension: layer handle is NULL
I/dex2oat ( 2317): dex2oat took 44.928ms (threads: 4) arena alloc=79KB java alloc=7KB native alloc=1367KB free=6MB
E/qdhwcomposer( 1270): isValidDimension: layer handle is NULL
E/qdhwcomposer( 1270): isValidDimension: layer handle is NULL
I/ThermalEngine( 672): Sensor:tsens_tz_sensor8:69000 mC
I/ThermalEngine( 672): Sensor:tsens_tz_sensor7:69000 mC
I/ThermalEngine( 672): ACTION: CPU - Setting CPU[0] to 2265600
I/ThermalEngine( 672): ACTION: CPU - Setting CPU[1] to 2265600
I/ThermalEngine( 672): ACTION: CPU - Setting CPU[2] to 2265600
I/ThermalEngine( 672): ACTION: CPU - Setting CPU[3] to 2265600
I/ThermalEngine( 672): Sensor:tsens_tz_sensor6:67000 mC
I/ThermalEngine( 672): Sensor:tsens_tz_sensor5:69000 mC
E/qdhwcomposer( 1270): isValidDimension: layer handle is NULL
E/qdhwcomposer( 1270): isValidDimension: layer handle is NULL
E/qdhwcomposer( 1270): isValidDimension: layer handle is NULL
E/qdhwcomposer( 1270): isValidDimension: layer handle is NULL
I/dex2oat ( 2325): /system/bin/dex2oat --zip-fd=5 --zip-location=/system/framework/qcrilhook.jar --oat-fd=6 --oat-location=/data/dalvik-cache/arm/system@framework@qcrilhook.jar@classes.dex --instruction-set=arm --instruction-set-features=div --runtime-arg -Xms64m --runtime-arg -Xmx512m --swap-fd=7
E/NetlinkListener( 681): recvmsg failed (I/O error)
E/NetlinkListener( 683): recvmsg failed (I/O error)
E/qdhwcomposer( 1270): isValidDimension: layer handle is NULL
E/qdhwcomposer( 1270): isValidDimension: layer handle is NULL
I/dex2oat ( 2325): Decided to run without swap.
I/ThermalEngine( 672): Sensor:tsens_tz_sensor8:66000 mC
I/ThermalEngine( 672): Sensor:tsens_tz_sensor7:66000 mC
I/ThermalEngine( 672): Sensor:tsens_tz_sensor6:67000 mC
I/ThermalEngine( 672): Sensor:tsens_tz_sensor5:69000 mC
E/qdhwcomposer( 1270): isValidDimension: layer handle is NULL
E/qdhwcomposer( 1270): isValidDimension: layer handle is NULL
E/qdhwcomposer( 1270): isValidDimension: layer handle is NULL
E/qdhwcomposer( 1270): isValidDimension: layer handle is NULL
E/qdhwcomposer( 1270): isValidDimension: layer handle is NULL
E/qdhwcomposer( 1270): isValidDimension: layer handle is NULL
E/qdhwcomposer( 1270): isValidDimension: layer handle is NULL
E/qdhwcomposer( 1270): isValidDimension: layer handle is NULL
I/ThermalEngine( 672): Sensor:tsens_tz_sensor8:65000 mC
I/ThermalEngine( 672): Sensor:tsens_tz_sensor7:65000 mC
I/ThermalEngine( 672): Sensor:tsens_tz_sensor6:67000 mC
I/ThermalEngine( 672): Sensor:tsens_tz_sensor5:72000 mC
I/ThermalEngine( 672): ACTION: CPU - Setting CPU[0] to 1958400
I/ThermalEngine( 672): ACTION: CPU - Setting CPU[1] to 1958400
I/ThermalEngine( 672): ACTION: CPU - Setting CPU[2] to 1958400
I/ThermalEngine( 672): ACTION: CPU - Setting CPU[3] to 1958400
E/qdhwcomposer( 1270): isValidDimension: layer handle is NULL
E/qdhwcomposer( 1270): isValidDimension: layer handle is NULL
E/qdhwcomposer( 1270): isValidDimension: layer handle is NULL
E/qdhwcomposer( 1270): isValidDimension: layer handle is NULL
E/qdhwcomposer( 1270): isValidDimension: layer handle is NULL
E/qdhwcomposer( 1270): isValidDimension: layer handle is NULL
E/qdhwcomposer( 1270): isValidDimension: layer handle is NULL
E/qdhwcomposer( 1270): isValidDimension: layer handle is NULL
I/ThermalEngine( 672): Sensor:tsens_tz_sensor8:64000 mC
I/ThermalEngine( 672): Sensor:tsens_tz_sensor7:64000 mC
I/ThermalEngine( 672): Sensor:tsens_tz_sensor6:66000 mC
I/ThermalEngine( 672): Sensor:tsens_tz_sensor5:70000 mC
I/ThermalEngine( 672): ACTION: CPU - Setting CPU[0] to 2265600
I/ThermalEngine( 672): ACTION: CPU - Setting CPU[1] to 2265600
I/ThermalEngine( 672): ACTION: CPU - Setting CPU[2] to 2265600
I/ThermalEngine( 672): ACTION: CPU - Setting CPU[3] to 2265600
E/qdhwcomposer( 1270): isValidDimension: layer handle is NULL
E/qdhwcomposer( 1270): isValidDimension: layer handle is NULL
E/qdhwcomposer( 1270): isValidDimension: layer handle is NULL
E/qdhwcomposer( 1270): isValidDimension: layer handle is NULL
E/qdhwcomposer( 1270): isValidDimension: layer handle is NULL
E/qdhwcomposer( 1270): isValidDimension: layer handle is NULL
E/qdhwcomposer( 1270): isValidDimension: layer handle is NULL
E/qdhwcomposer( 1270): isValidDimension: layer handle is NULL
I/ThermalEngine( 672): Sensor:tsens_tz_sensor8:65000 mC
I/ThermalEngine( 672): Sensor:tsens_tz_sensor7:64000 mC
I/ThermalEngine( 672): Sensor:tsens_tz_sensor6:67000 mC
I/ThermalEngine( 672): Sensor:tsens_tz_sensor5:71000 mC
I/ThermalEngine( 672): ACTION: CPU - Setting CPU[0] to 1958400
I/ThermalEngine( 672): ACTION: CPU - Setting CPU[1] to 1958400
I/ThermalEngine( 672): ACTION: CPU - Setting CPU[2] to 1958400
I/ThermalEngine( 672): ACTION: CPU - Setting CPU[3] to 1958400
E/qdhwcomposer( 1270): isValidDimension: layer handle is NULL
E/qdhwcomposer( 1270): isValidDimension: layer handle is NULL
E/qdhwcomposer( 1270): isValidDimension: layer handle is NULL
E/qdhwcomposer( 1270): isValidDimension: layer handle is NULL
E/qdhwcomposer( 1270): isValidDimension: layer handle is NULL
E/qdhwcomposer( 1270): isValidDimension: layer handle is NULL
I/dex2oat ( 2325): dex2oat took 269.832ms (threads: 4) arena alloc=87KB java alloc=147KB native alloc=2032KB free=6MB
E/qdhwcomposer( 1270): isValidDimension: layer handle is NULL
E/qdhwcomposer( 1270): isValidDimension: layer handle is NULL
I/ThermalEngine( 672): Sensor:tsens_tz_sensor8:65000 mC
I/ThermalEngine( 672): Sensor:tsens_tz_sensor7:66000 mC
I/ThermalEngine( 672): Sensor:tsens_tz_sensor6:67000 mC
I/ThermalEngine( 672): Sensor:tsens_tz_sensor5:68000 mC
I/ThermalEngine( 672): ACTION: CPU - Setting CPU[0] to 2265600
I/ThermalEngine( 672): ACTION: CPU - Setting CPU[1] to 2265600
I/ThermalEngine( 672): ACTION: CPU - Setting CPU[2] to 2265600
I/ThermalEngine( 672): ACTION: CPU - Setting CPU[3] to 2265600
E/qdhwcomposer( 1270): isValidDimension: layer handle is NULL
E/qdhwcomposer( 1270): isValidDimension: layer handle is NULL
E/qdhwcomposer( 1270): isValidDimension: layer handle is NULL
E/qdhwcomposer( 1270): isValidDimension: layer handle is NULL
I/dex2oat ( 2332): /system/bin/dex2oat --zip-fd=5 --zip-location=/system/framework/android.test.runner.jar --oat-fd=6 --oat-location=/data/dalvik-cache/arm/system@framework@android.test.runner.jar@classes.dex --instruction-set=arm --instruction-set-features=div --runtime-arg -Xms64m --runtime-arg -Xmx512m --swap-fd=7
E/qdhwcomposer( 1270): isValidDimension: layer handle is NULL
E/qdhwcomposer( 1270): isValidDimension: layer handle is NULL
E/qdhwcomposer( 1270): isValidDimension: layer handle is NULL
E/qdhwcomposer( 1270): isValidDimension: layer handle is NULL
I/ThermalEngine( 672): Sensor:tsens_tz_sensor8:65000 mC
I/ThermalEngine( 672): Sensor:tsens_tz_sensor7:65000 mC
I/ThermalEngine( 672): Sensor:tsens_tz_sensor6:67000 mC
I/ThermalEngine( 672): Sensor:tsens_tz_sensor5:67000 mC
E/qdhwcomposer( 1270): isValidDimension: layer handle is NULL
E/qdhwcomposer( 1270): isValidDimension: layer handle is NULL
I/dex2oat ( 2332): Decided to run without swap.
E/qdhwcomposer( 1270): isValidDimension: layer handle is NULL
E/qdhwcomposer( 1270): isValidDimension: layer handle is NULL
E/qdhwcomposer( 1270): isValidDimension: layer handle is NULL
E/qdhwcomposer( 1270): isValidDimension: layer handle is NULL
E/qdhwcomposer( 1270): isValidDimension: layer handle is NULL
E/qdhwcomposer( 1270): isValidDimension: layer handle is NULL
I/ThermalEngine( 672): Sensor:tsens_tz_sensor8:64000 mC
I/ThermalEngine( 672): Sensor:tsens_tz_sensor7:66000 mC
I/ThermalEngine( 672): Sensor:tsens_tz_sensor6:67000 mC
I/ThermalEngine( 672): Sensor:tsens_tz_sensor5:67000 mC
E/qdhwcomposer( 1270): isValidDimension: layer handle is NULL
E/qdhwcomposer( 1270): isValidDimension: layer handle is NULL
E/qdhwcomposer( 1270): isValidDimension: layer handle is NULL
E/qdhwcomposer( 1270): isValidDimension: layer handle is NULL
E/qdhwcomposer( 1270): isValidDimension: layer handle is NULL
E/qdhwcomposer( 1270): isValidDimension: layer handle is NULL
E/qdhwcomposer( 1270): isValidDimension: layer handle is NULL
E/qdhwcomposer( 1270): isValidDimension: layer handle is NULL
I/ThermalEngine( 672): Sensor:tsens_tz_sensor8:64000 mC
I/ThermalEngine( 672): Sensor:tsens_tz_sensor7:66000 mC
I/ThermalEngine( 672): Sensor:tsens_tz_sensor6:65000 mC
I/ThermalEngine( 672): Sensor:tsens_tz_sensor5:66000 mC
E/qdhwcomposer( 1270): isValidDimension: layer handle is NULL
E/qdhwcomposer( 1270): isValidDimension: layer handle is NULL
E/qdhwcomposer( 1270): isValidDimension: layer handle is NULL
E/qdhwcomposer( 1270): isValidDimension: layer handle is NULL
I/ThermalEngine( 672): Sensor:tsens_tz_sensor8:65000 mC
I/ThermalEngine( 672): Sensor:tsens_tz_sensor7:66000 mC
I/ThermalEngine( 672): Sensor:tsens_tz_sensor6:65000 mC
I/ThermalEngine( 672): Sensor:tsens_tz_sensor5:67000 mC
E/qdhwcomposer( 1270): isValidDimension: layer handle is NULL
E/qdhwcomposer( 1270): isValidDimension: layer handle is NULL
I/ThermalEngine( 672): Sensor:tsens_tz_sensor8:66000 mC
I/ThermalEngine( 672): Sensor:tsens_tz_sensor7:65000 mC
I/ThermalEngine( 672): Sensor:tsens_tz_sensor6:65000 mC
I/ThermalEngine( 672): Sensor:tsens_tz_sensor5:66000 mC
E/qdhwcomposer( 1270): isValidDimension: layer handle is NULL
E/qdhwcomposer( 1270): isValidDimension: layer handle is NULL
E/qdhwcomposer( 1270): isValidDimension: layer handle is NULL
E/qdhwcomposer( 1270): isValidDimension: layer handle is NULL
E/qdhwcomposer( 1270): isValidDimension: layer handle is NULL
E/qdhwcomposer( 1270): isValidDimension: layer handle is NULL
E/qdhwcomposer( 1270): isValidDimension: layer handle is NULL
E/qdhwcomposer( 1270): isValidDimension: layer handle is NULL
E/qdhwcomposer( 1270): isValidDimension: layer handle is NULL
E/qdhwcomposer( 1270): isValidDimension: layer handle is NULL
I/ThermalEngine( 672): Sensor:tsens_tz_sensor8:67000 mC
I/ThermalEngine( 672): Sensor:tsens_tz_sensor7:65000 mC
I/ThermalEngine( 672): Sensor:tsens_tz_sensor6:68000 mC
I/ThermalEngine( 672): Sensor:tsens_tz_sensor5:67000 mC
E/qdhwcomposer( 1270): isValidDimension: layer handle is NULL
E/qdhwcomposer( 1270): isValidDimension: layer handle is NULL
E/qdhwcomposer( 1270): isValidDimension: layer handle is NULL
E/qdhwcomposer( 1270): isValidDimension: layer handle is NULL
E/qdhwcomposer( 1270): isValidDimension: layer handle is NULL
E/qdhwcomposer( 1270): isValidDimension: layer handle is NULL
I/dex2oat ( 2332): dex2oat took 411.832ms (threads: 4) arena alloc=55KB java alloc=234KB native alloc=1835KB free=6MB
E/art ( 2068): DexFile_isDexOptNeeded file '/system/framework/com.google.android.maps.jar' does not exist
W/PackageManager( 2068): Library not found: /system/framework/com.google.android.maps.jar
I/ThermalEngine( 672): Sensor:tsens_tz_sensor8:72000 mC
I/ThermalEngine( 672): ACTION: CPU - Setting CPU[0] to 1958400
I/ThermalEngine( 672): ACTION: CPU - Setting CPU[1] to 1958400
I/ThermalEngine( 672): ACTION: CPU - Setting CPU[2] to 1958400
I/ThermalEngine( 672): ACTION: CPU - Setting CPU[3] to 1958400
I/ThermalEngine( 672): Sensor:tsens_tz_sensor7:67000 mC
I/ThermalEngine( 672): Sensor:tsens_tz_sensor6:71000 mC
I/ThermalEngine( 672): Sensor:tsens_tz_sensor5:70000 mC
E/qdhwcomposer( 1270): isValidDimension: layer handle is NULL
E/qdhwcomposer( 1270): isValidDimension: layer handle is NULL
E/qdhwcomposer( 1270): isValidDimension: layer handle is NULL
E/qdhwcomposer( 1270): isValidDimension: layer handle is NULL
I/dex2oat ( 2339): /system/bin/dex2oat --zip-fd=5 --zip-location=/system/framework/com.android.media.remotedisplay.jar --oat-fd=6 --oat-location=/data/dalvik-cache/arm/system@framework@com.android.media.remotedisplay.jar@classes.dex --instruction-set=arm --instruction-set-features=div --runtime-arg -Xms64m --runtime-arg -Xmx512m --swap-fd=7
D/libEGL ( 2308): loaded /vendor/lib/egl/libEGL_adreno.so
