I/dex2oat ( 2827): /system/bin/dex2oat --zip-fd=5 --zip-location=/system/app/KeyChain/KeyChain.apk --oat-fd=6 --oat-location=/data/dalvik-cache/arm/system@app@KeyChain@KeyChain.apk@classes.dex --instruction-set=arm --instruction-set-features=div --runtime-arg -Xms64m --runtime-arg -Xmx512m --swap-fd=7
I/ThermalEngine( 672): Sensor:tsens_tz_sensor8:64000 mC
I/ThermalEngine( 672): Sensor:tsens_tz_sensor7:63000 mC
I/ThermalEngine( 672): Sensor:tsens_tz_sensor6:65000 mC
I/ThermalEngine( 672): Sensor:tsens_tz_sensor5:65000 mC
I/ThermalEngine( 672): ACTION: CPU - Setting CPU[0] to 2265600
I/ThermalEngine( 672): ACTION: CPU - Setting CPU[1] to 2265600
I/ThermalEngine( 672): ACTION: CPU - Setting CPU[2] to 2265600
I/ThermalEngine( 672): ACTION: CPU - Setting CPU[3] to 2265600
I/dex2oat ( 2827): Decided to run without swap.
E/NetlinkListener( 681): recvmsg failed (I/O error)
E/NetlinkListener( 683): recvmsg failed (I/O error)
I/ThermalEngine( 672): Sensor:tsens_tz_sensor8:66000 mC
I/ThermalEngine( 672): Sensor:tsens_tz_sensor7:65000 mC
I/ThermalEngine( 672): Sensor:tsens_tz_sensor6:64000 mC
I/ThermalEngine( 672): Sensor:tsens_tz_sensor5:64000 mC
I/dex2oat ( 2827): dex2oat took 119.886ms (threads: 4) arena alloc=75KB java alloc=80KB native alloc=1472KB free=6MB
I/PackageManager( 2068): Adjusting ABI for : com.dsi.ant.server to armeabi-v7a
I/PackageManager( 2068): Running dexopt on: /system/app/AntHalService/AntHalService.apk pkg=com.dsi.ant.server isa=arm vmSafeMode=false
I/ThermalEngine( 672): Sensor:tsens_tz_sensor8:66000 mC
I/ThermalEngine( 672): Sensor:tsens_tz_sensor7:65000 mC
I/ThermalEngine( 672): Sensor:tsens_tz_sensor6:63000 mC
I/ThermalEngine( 672): Sensor:tsens_tz_sensor5:66000 mC
I/dex2oat ( 2847): /system/bin/dex2oat --zip-fd=5 --zip-location=/system/app/AntHalService/AntHalService.apk --oat-fd=6 --oat-location=/data/dalvik-cache/arm/system@app@AntHalService@AntHalService.apk@classes.dex --instruction-set=arm --instruction-set-features=div --runtime-arg -Xms64m --runtime-arg -Xmx512m --swap-fd=7
V/WLAN_PSA( 669): NL MSG, len[048], NL type[0x11] WNI type[0x5050] len[028]
V/WLAN_PSA( 669): NL MSG, PID: 669
I/dex2oat ( 2847): Decided to run without swap.
I/ThermalEngine( 672): Sensor:tsens_tz_sensor8:65000 mC
I/ThermalEngine( 672): Sensor:tsens_tz_sensor7:63000 mC
I/ThermalEngine( 672): Sensor:tsens_tz_sensor6:62000 mC
I/ThermalEngine( 672): Sensor:tsens_tz_sensor5:64000 mC
I/ThermalEngine( 672): Sensor:tsens_tz_sensor8:63000 mC
I/ThermalEngine( 672): Sensor:tsens_tz_sensor7:63000 mC
I/ThermalEngine( 672): Sensor:tsens_tz_sensor6:62000 mC
I/ThermalEngine( 672): Sensor:tsens_tz_sensor5:63000 mC
I/dex2oat ( 2847): dex2oat took 138.565ms (threads: 4) arena alloc=59KB java alloc=34KB native alloc=1438KB free=6MB
I/PackageManager( 2068): Adjusting ABI for : com.fairphone.setupwizard to armeabi-v7a
I/PackageManager( 2068): Running dexopt on: /system/priv-app/FairphoneSetupWizard/FairphoneSetupWizard.apk pkg=com.fairphone.setupwizard isa=arm vmSafeMode=false
I/ThermalEngine( 672): Sensor:tsens_tz_sensor8:64000 mC
I/ThermalEngine( 672): Sensor:tsens_tz_sensor7:63000 mC
I/ThermalEngine( 672): Sensor:tsens_tz_sensor6:62000 mC
I/ThermalEngine( 672): Sensor:tsens_tz_sensor5:63000 mC
I/dex2oat ( 2852): /system/bin/dex2oat --zip-fd=5 --zip-location=/system/priv-app/FairphoneSetupWizard/FairphoneSetupWizard.apk --oat-fd=6 --oat-location=/data/dalvik-cache/arm/system@priv-app@FairphoneSetupWizard@FairphoneSetupWizard.apk@classes.dex --instruction-set=arm --instruction-set-features=div --runtime-arg -Xms64m --runtime-arg -Xmx512m --swap-fd=7
I/dex2oat ( 2852): Decided to run without swap.
I/ThermalEngine( 672): Sensor:tsens_tz_sensor8:62000 mC
I/ThermalEngine( 672): Sensor:tsens_tz_sensor7:64000 mC
I/ThermalEngine( 672): Sensor:tsens_tz_sensor6:62000 mC
I/ThermalEngine( 672): Sensor:tsens_tz_sensor5:63000 mC
I/ThermalEngine( 672): Sensor:tsens_tz_sensor8:63000 mC
I/ThermalEngine( 672): Sensor:tsens_tz_sensor7:65000 mC
I/ThermalEngine( 672): Sensor:tsens_tz_sensor6:61000 mC
I/ThermalEngine( 672): Sensor:tsens_tz_sensor5:63000 mC
I/ThermalEngine( 672): Sensor:tsens_tz_sensor8:62000 mC
I/ThermalEngine( 672): Sensor:tsens_tz_sensor7:66000 mC
I/ThermalEngine( 672): Sensor:tsens_tz_sensor6:61000 mC
I/ThermalEngine( 672): Sensor:tsens_tz_sensor5:63000 mC
I/ThermalEngine( 672): Sensor:tsens_tz_sensor8:63000 mC
I/ThermalEngine( 672): Sensor:tsens_tz_sensor7:64000 mC
I/ThermalEngine( 672): Sensor:tsens_tz_sensor6:61000 mC
I/ThermalEngine( 672): Sensor:tsens_tz_sensor5:63000 mC
I/ThermalEngine( 672): Sensor:tsens_tz_sensor8:62000 mC
I/ThermalEngine( 672): Sensor:tsens_tz_sensor7:63000 mC
I/ThermalEngine( 672): Sensor:tsens_tz_sensor6:61000 mC
I/ThermalEngine( 672): Sensor:tsens_tz_sensor5:62000 mC
I/ThermalEngine( 672): Sensor:tsens_tz_sensor8:61000 mC
I/ThermalEngine( 672): Sensor:tsens_tz_sensor7:62000 mC
I/ThermalEngine( 672): Sensor:tsens_tz_sensor6:61000 mC
I/ThermalEngine( 672): Sensor:tsens_tz_sensor5:62000 mC
I/ThermalEngine( 672): Sensor:tsens_tz_sensor8:61000 mC
I/ThermalEngine( 672): Sensor:tsens_tz_sensor7:61000 mC
I/ThermalEngine( 672): Sensor:tsens_tz_sensor6:60000 mC
I/ThermalEngine( 672): Sensor:tsens_tz_sensor5:62000 mC
I/ThermalEngine( 672): Sensor:tsens_tz_sensor8:64000 mC
I/ThermalEngine( 672): Sensor:tsens_tz_sensor7:64000 mC
I/ThermalEngine( 672): Sensor:tsens_tz_sensor6:60000 mC
I/ThermalEngine( 672): Sensor:tsens_tz_sensor5:62000 mC
E/NetlinkListener( 683): recvmsg failed (I/O error)
E/NetlinkListener( 681): recvmsg failed (I/O error)
I/ThermalEngine( 672): Sensor:tsens_tz_sensor8:69000 mC
I/ThermalEngine( 672): Sensor:tsens_tz_sensor7:67000 mC
I/ThermalEngine( 672): Sensor:tsens_tz_sensor6:61000 mC
I/ThermalEngine( 672): Sensor:tsens_tz_sensor5:64000 mC
I/ThermalEngine( 672): Sensor:tsens_tz_sensor8:70000 mC
I/ThermalEngine( 672): Sensor:tsens_tz_sensor7:70000 mC
I/ThermalEngine( 672): Sensor:tsens_tz_sensor6:64000 mC
I/ThermalEngine( 672): Sensor:tsens_tz_sensor5:69000 mC
I/dex2oat ( 2852): dex2oat took 665.080ms (threads: 4) arena alloc=61KB java alloc=570KB native alloc=2MB free=5MB
I/PackageManager( 2068): Adjusting ABI for : com.android.providers.settings to armeabi-v7a
I/PackageManager( 2068): Running dexopt on: /system/priv-app/SettingsProvider/SettingsProvider.apk pkg=com.android.providers.settings isa=arm vmSafeMode=false
I/ThermalEngine( 672): Sensor:tsens_tz_sensor8:65000 mC
I/ThermalEngine( 672): Sensor:tsens_tz_sensor7:65000 mC
I/ThermalEngine( 672): Sensor:tsens_tz_sensor6:65000 mC
I/ThermalEngine( 672): Sensor:tsens_tz_sensor5:66000 mC
I/dex2oat ( 2863): /system/bin/dex2oat --zip-fd=5 --zip-location=/system/priv-app/SettingsProvider/SettingsProvider.apk --oat-fd=6 --oat-location=/data/dalvik-cache/arm/system@priv-app@SettingsProvider@SettingsProvider.apk@classes.dex --instruction-set=arm --instruction-set-features=div --runtime-arg -Xms64m --runtime-arg -Xmx512m --swap-fd=7
I/dex2oat ( 2863): Decided to run without swap.
I/ThermalEngine( 672): Sensor:tsens_tz_sensor8:63000 mC
I/ThermalEngine( 672): Sensor:tsens_tz_sensor7:66000 mC
I/ThermalEngine( 672): Sensor:tsens_tz_sensor6:63000 mC
I/ThermalEngine( 672): Sensor:tsens_tz_sensor5:64000 mC
I/ThermalEngine( 672): Sensor:tsens_tz_sensor8:62000 mC
I/ThermalEngine( 672): Sensor:tsens_tz_sensor7:65000 mC
I/ThermalEngine( 672): Sensor:tsens_tz_sensor6:66000 mC
I/ThermalEngine( 672): Sensor:tsens_tz_sensor5:65000 mC
E/NetlinkListener( 683): recvmsg failed (I/O error)
E/NetlinkListener( 681): recvmsg failed (I/O error)
I/ThermalEngine( 672): Sensor:tsens_tz_sensor8:66000 mC
I/ThermalEngine( 672): Sensor:tsens_tz_sensor7:64000 mC
I/ThermalEngine( 672): Sensor:tsens_tz_sensor6:63000 mC
I/ThermalEngine( 672): Sensor:tsens_tz_sensor5:65000 mC
I/ThermalEngine( 672): Sensor:tsens_tz_sensor8:64000 mC
I/ThermalEngine( 672): Sensor:tsens_tz_sensor7:63000 mC
I/ThermalEngine( 672): Sensor:tsens_tz_sensor6:62000 mC
I/ThermalEngine( 672): Sensor:tsens_tz_sensor5:63000 mC
I/dex2oat ( 2863): dex2oat took 235.560ms (threads: 4) arena alloc=2MB java alloc=108KB native alloc=3MB free=4MB
I/PackageManager( 2068): Adjusting ABI for : com.android.location.fused to armeabi-v7a
I/PackageManager( 2068): Running dexopt on: /system/priv-app/FusedLocation/FusedLocation.apk pkg=com.android.location.fused isa=arm vmSafeMode=false
I/dex2oat ( 2871): /system/bin/dex2oat --zip-fd=5 --zip-location=/system/priv-app/FusedLocation/FusedLocation.apk --oat-fd=6 --oat-location=/data/dalvik-cache/arm/system@priv-app@FusedLocation@FusedLocation.apk@classes.dex --instruction-set=arm --instruction-set-features=div --runtime-arg -Xms64m --runtime-arg -Xmx512m --swap-fd=7
I/ThermalEngine( 672): Sensor:tsens_tz_sensor8:64000 mC
I/ThermalEngine( 672): Sensor:tsens_tz_sensor7:62000 mC
I/ThermalEngine( 672): Sensor:tsens_tz_sensor6:62000 mC
I/ThermalEngine( 672): Sensor:tsens_tz_sensor5:63000 mC
I/dex2oat ( 2871): Decided to run without swap.
I/ThermalEngine( 672): Sensor:tsens_tz_sensor8:63000 mC
I/ThermalEngine( 672): Sensor:tsens_tz_sensor7:62000 mC
I/ThermalEngine( 672): Sensor:tsens_tz_sensor6:61000 mC
I/ThermalEngine( 672): Sensor:tsens_tz_sensor5:63000 mC
E/NetlinkListener( 681): recvmsg failed (I/O error)
E/NetlinkListener( 683): recvmsg failed (I/O error)
I/dex2oat ( 2871): dex2oat took 93.706ms (threads: 4) arena alloc=97KB java alloc=47KB native alloc=1383KB free=6MB
I/PackageManager( 2068): Adjusting ABI for : com.fairphone.psensor to armeabi-v7a
I/PackageManager( 2068): Running dexopt on: /system/priv-app/ProximitySensorTools/ProximitySensorTools.apk pkg=com.fairphone.psensor isa=arm vmSafeMode=false
I/dex2oat ( 2879): /system/bin/dex2oat --zip-fd=5 --zip-location=/system/priv-app/ProximitySensorTools/ProximitySensorTools.apk --oat-fd=6 --oat-location=/data/dalvik-cache/arm/system@priv-app@ProximitySensorTools@ProximitySensorTools.apk@classes.dex --instruction-set=arm --instruction-set-features=div --runtime-arg -Xms64m --runtime-arg -Xmx512m --swap-fd=7
I/ThermalEngine( 672): Sensor:tsens_tz_sensor8:62000 mC
I/ThermalEngine( 672): Sensor:tsens_tz_sensor7:61000 mC
I/ThermalEngine( 672): Sensor:tsens_tz_sensor6:61000 mC
I/ThermalEngine( 672): Sensor:tsens_tz_sensor5:65000 mC
I/dex2oat ( 2879): Decided to run without swap.
I/ThermalEngine( 672): Sensor:tsens_tz_sensor8:61000 mC
I/ThermalEngine( 672): Sensor:tsens_tz_sensor7:61000 mC
I/ThermalEngine( 672): Sensor:tsens_tz_sensor6:61000 mC
I/ThermalEngine( 672): Sensor:tsens_tz_sensor5:70000 mC
I/ThermalEngine( 672): Sensor:tsens_tz_sensor8:63000 mC
I/ThermalEngine( 672): Sensor:tsens_tz_sensor7:61000 mC
I/ThermalEngine( 672): Sensor:tsens_tz_sensor6:62000 mC
I/ThermalEngine( 672): Sensor:tsens_tz_sensor5:67000 mC
I/ThermalEngine( 672): Sensor:tsens_tz_sensor8:62000 mC
I/ThermalEngine( 672): Sensor:tsens_tz_sensor7:61000 mC
I/ThermalEngine( 672): Sensor:tsens_tz_sensor6:62000 mC
I/ThermalEngine( 672): Sensor:tsens_tz_sensor5:67000 mC
I/ThermalEngine( 672): Sensor:tsens_tz_sensor8:62000 mC
I/ThermalEngine( 672): Sensor:tsens_tz_sensor7:61000 mC
I/ThermalEngine( 672): Sensor:tsens_tz_sensor6:61000 mC
I/ThermalEngine( 672): Sensor:tsens_tz_sensor5:68000 mC
I/ThermalEngine( 672): Sensor:tsens_tz_sensor8:62000 mC
I/ThermalEngine( 672): Sensor:tsens_tz_sensor7:61000 mC
I/ThermalEngine( 672): Sensor:tsens_tz_sensor6:62000 mC
I/ThermalEngine( 672): Sensor:tsens_tz_sensor5:65000 mC
I/ThermalEngine( 672): Sensor:tsens_tz_sensor8:63000 mC
I/ThermalEngine( 672): Sensor:tsens_tz_sensor7:61000 mC
I/ThermalEngine( 672): Sensor:tsens_tz_sensor6:61000 mC
I/ThermalEngine( 672): Sensor:tsens_tz_sensor5:63000 mC
I/ThermalEngine( 672): Sensor:tsens_tz_sensor8:61000 mC
I/ThermalEngine( 672): Sensor:tsens_tz_sensor7:60000 mC
I/ThermalEngine( 672): Sensor:tsens_tz_sensor6:61000 mC
I/ThermalEngine( 672): Sensor:tsens_tz_sensor5:62000 mC
I/ThermalEngine( 672): Sensor:tsens_tz_sensor8:65000 mC
I/ThermalEngine( 672): Sensor:tsens_tz_sensor7:60000 mC
I/ThermalEngine( 672): Sensor:tsens_tz_sensor6:61000 mC
I/ThermalEngine( 672): Sensor:tsens_tz_sensor5:63000 mC
I/ThermalEngine( 672): Sensor:tsens_tz_sensor8:63000 mC
I/ThermalEngine( 672): Sensor:tsens_tz_sensor7:61000 mC
I/ThermalEngine( 672): Sensor:tsens_tz_sensor6:61000 mC
I/ThermalEngine( 672): Sensor:tsens_tz_sensor5:66000 mC
I/ThermalEngine( 672): Sensor:tsens_tz_sensor8:64000 mC
I/ThermalEngine( 672): Sensor:tsens_tz_sensor7:61000 mC
I/ThermalEngine( 672): Sensor:tsens_tz_sensor6:61000 mC
I/ThermalEngine( 672): Sensor:tsens_tz_sensor5:66000 mC
I/ThermalEngine( 672): Sensor:tsens_tz_sensor8:63000 mC
I/ThermalEngine( 672): Sensor:tsens_tz_sensor7:61000 mC
I/ThermalEngine( 672): Sensor:tsens_tz_sensor6:61000 mC
I/ThermalEngine( 672): Sensor:tsens_tz_sensor5:69000 mC
E/NetlinkListener( 681): recvmsg failed (I/O error)
E/NetlinkListener( 683): recvmsg failed (I/O error)
E/NetlinkListener( 683): recvmsg failed (I/O error)
E/NetlinkListener( 681): recvmsg failed (I/O error)
I/ThermalEngine( 672): Sensor:tsens_tz_sensor8:68000 mC
I/ThermalEngine( 672): Sensor:tsens_tz_sensor7:63000 mC
I/ThermalEngine( 672): Sensor:tsens_tz_sensor6:68000 mC
I/ThermalEngine( 672): Sensor:tsens_tz_sensor5:70000 mC
I/ThermalEngine( 672): Sensor:tsens_tz_sensor8:70000 mC
I/ThermalEngine( 672): Sensor:tsens_tz_sensor7:69000 mC
I/ThermalEngine( 672): Sensor:tsens_tz_sensor6:71000 mC
I/ThermalEngine( 672): ACTION: CPU - Setting CPU[0] to 1958400
I/ThermalEngine( 672): ACTION: CPU - Setting CPU[1] to 1958400
I/ThermalEngine( 672): ACTION: CPU - Setting CPU[2] to 1958400
I/ThermalEngine( 672): ACTION: CPU - Setting CPU[3] to 1958400
I/ThermalEngine( 672): Sensor:tsens_tz_sensor5:71000 mC
I/ThermalEngine( 672): Sensor:tsens_tz_sensor8:70000 mC
I/ThermalEngine( 672): Sensor:tsens_tz_sensor7:69000 mC
I/ThermalEngine( 672): Sensor:tsens_tz_sensor6:72000 mC
I/ThermalEngine( 672): ACTION: CPU - Setting CPU[0] to 1728000
I/ThermalEngine( 672): ACTION: CPU - Setting CPU[1] to 1728000
I/ThermalEngine( 672): ACTION: CPU - Setting CPU[2] to 1728000
I/ThermalEngine( 672): ACTION: CPU - Setting CPU[3] to 1728000
I/ThermalEngine( 672): Sensor:tsens_tz_sensor5:72000 mC
I/ThermalEngine( 672): Sensor:tsens_tz_sensor8:65000 mC
I/ThermalEngine( 672): Sensor:tsens_tz_sensor7:65000 mC
I/ThermalEngine( 672): Sensor:tsens_tz_sensor6:70000 mC
I/ThermalEngine( 672): Sensor:tsens_tz_sensor5:68000 mC
I/ThermalEngine( 672): ACTION: CPU - Setting CPU[0] to 1958400
I/ThermalEngine( 672): ACTION: CPU - Setting CPU[1] to 1958400
I/ThermalEngine( 672): ACTION: CPU - Setting CPU[2] to 1958400
I/ThermalEngine( 672): ACTION: CPU - Setting CPU[3] to 1958400
I/ThermalEngine( 672): Sensor:tsens_tz_sensor8:64000 mC
I/ThermalEngine( 672): Sensor:tsens_tz_sensor7:63000 mC
I/ThermalEngine( 672): Sensor:tsens_tz_sensor6:66000 mC
I/ThermalEngine( 672): Sensor:tsens_tz_sensor5:65000 mC
I/ThermalEngine( 672): ACTION: CPU - Setting CPU[0] to 2265600
I/ThermalEngine( 672): ACTION: CPU - Setting CPU[1] to 2265600
I/ThermalEngine( 672): ACTION: CPU - Setting CPU[2] to 2265600
I/ThermalEngine( 672): ACTION: CPU - Setting CPU[3] to 2265600
I/dex2oat ( 2879): dex2oat took 1.062s (threads: 4) arena alloc=211KB java alloc=1411KB native alloc=3MB free=4MB
I/PackageManager( 2068): Time to scan packages: 24.166 seconds
W/PackageManager( 2068): Unknown permission com.google.android.googleapps.permission.GOOGLE_AUTH in package com.android.providers.calendar
W/PackageManager( 2068): Unknown permission com.google.android.googleapps.permission.GOOGLE_AUTH.cl in package com.android.providers.calendar
W/PackageManager( 2068): Unknown permission com.qualcomm.permission.USE_QCRIL_MSG_TUNNEL in package com.qualcomm.shutdownlistner
W/PackageManager( 2068): Not granting permission android.permission.GLOBAL_SEARCH to package com.android.quicksearchbox (protectionLevel=18 flags=0x48be45)
W/PackageManager( 2068): Not granting permission android.permission.ACCESS_DOWNLOAD_MANAGER to package com.android.browser (protectionLevel=18 flags=0x9be45)
W/PackageManager( 2068): Not granting permission android.permission.SEND_DOWNLOAD_COMPLETED_INTENTS to package com.android.browser (protectionLevel=2 flags=0x9be45)
W/PackageManager( 2068): Unknown permission android.permission.MMS_PUSH in package org.codeaurora.bluetooth
W/PackageManager( 2068): Not granting permission android.permission.BIND_WALLPAPER to package com.android.camera2 (protectionLevel=18 flags=0x58bc45)
W/PackageManager( 2068): Unknown permission android.permission.INSTALL_DRM in package com.android.mms
W/PackageManager( 2068): Unknown permission com.google.android.googleapps.permission.GOOGLE_AUTH.mail in package com.android.calendar
W/PackageManager( 2068): Unknown permission com.android.launcher.permission.READ_SETTINGS in package com.android.onetimeinitializer
W/PackageManager( 2068): Unknown permission com.android.launcher.permission.WRITE_SETTINGS in package com.android.onetimeinitializer
W/PackageManager( 2068): Not granting permission android.permission.DELETE_PACKAGES to package com.svox.pico (protectionLevel=18 flags=0x8be45)
W/PackageManager( 2068): Unknown permission android.permission.ACCESS_THEME_MANAGER in package com.fairphone.setupwizard
W/PackageManager( 2068): Unknown permission com.google.android.gallery3d.permission.PICASA_STORE in package com.android.dreams.phototable
W/PackageManager( 2068): Unknown permission android.permission.ACCESS_SUPERUSER in package com.amaze.filemanager
W/PackageManager( 2068): Unknown permission com.android.launcher.permission.READ_SETTINGS in package com.fairphone.fplauncher3
W/PackageManager( 2068): Unknown permission com.android.launcher.permission.WRITE_SETTINGS in package com.fairphone.fplauncher3
W/PackageManager( 2068): Unknown permission android.permission.ACCESS_SUPERUSER in package com.fairphone.updater
W/PackageManager( 2068): Not granting permission android.permission.DEVICE_POWER to package com.android.deskclock (protectionLevel=2 flags=0x48be45)
W/PackageManager( 2068): Unknown permission com.google.android.gallery3d.permission.GALLERY_PROVIDER in package com.android.bluetooth
I/ThermalEngine( 672): Sensor:tsens_tz_sensor8:63000 mC
I/ThermalEngine( 672): Sensor:tsens_tz_sensor7:63000 mC
I/ThermalEngine( 672): Sensor:tsens_tz_sensor6:65000 mC
I/ThermalEngine( 672): Sensor:tsens_tz_sensor5:65000 mC
E/NetlinkListener( 681): recvmsg failed (I/O error)
E/NetlinkListener( 683): recvmsg failed (I/O error)
I/ThermalEngine( 672): Sensor:tsens_tz_sensor8:62000 mC
I/ThermalEngine( 672): Sensor:tsens_tz_sensor7:62000 mC
I/ThermalEngine( 672): Sensor:tsens_tz_sensor6:63000 mC
I/ThermalEngine( 672): Sensor:tsens_tz_sensor5:65000 mC
E/NetlinkListener( 681): recvmsg failed (I/O error)
E/NetlinkListener( 683): recvmsg failed (I/O error)
I/ThermalEngine( 672): Sensor:pm8941_tz:56725 mC
I/art ( 2068): Explicit concurrent mark sweep GC freed 28894(1729KB) AllocSpace objects, 11(176KB) LOS objects, 59% free, 2MB/6MB, paused 1.268ms total 22.490ms
I/SystemServer( 2068): User Service
I/lowmemorykiller( 685): ActivityManager connected
I/SystemServiceManager( 2068): Starting com.android.server.lights.LightsService
I/ThermalEngine( 672): Sensor:tsens_tz_sensor8:62000 mC
I/ThermalEngine( 672): Sensor:tsens_tz_sensor7:61000 mC
I/ThermalEngine( 672): Sensor:tsens_tz_sensor6:62000 mC
I/ThermalEngine( 672): Sensor:tsens_tz_sensor5:70000 mC
I/SystemServiceManager( 2068): Starting com.android.server.BatteryService
I/SystemServiceManager( 2068): Starting com.android.server.usage.UsageStatsService
I/UsageStatsService( 2068): User[0] Rollover scheduled @ 2016-12-07 00:00:00(1481068800000)
I/SystemServiceManager( 2068): Starting com.android.server.webkit.WebViewUpdateService
I/SystemServer( 2068): Reading configuration...
I/SystemServer( 2068): Scheduling Policy
I/SystemServiceManager( 2068): Starting com.android.server.telecom.TelecomLoaderService
I/SystemServer( 2068): Telephony Registry
I/SystemServer( 2068): Entropy Mixer
I/EntropyMixer( 2068): Writing entropy...
I/ThermalEngine( 672): Sensor:tsens_tz_sensor8:62000 mC
I/ThermalEngine( 672): Sensor:tsens_tz_sensor7:61000 mC
I/ThermalEngine( 672): Sensor:tsens_tz_sensor6:62000 mC
I/ThermalEngine( 672): Sensor:tsens_tz_sensor5:65000 mC
I/SystemServer( 2068): Account Manager
I/SystemServer( 2068): Content Manager
I/SystemServer( 2068): System Content Providers
I/SystemServer( 2068): Vibrator Service
I/SystemServer( 2068): Consumer IR Service
E/ConsumerIrService( 2068): Can't open consumer IR HW Module, error: sfdroid disabled
I/SystemServiceManager( 2068): Starting com.android.server.AlarmManagerService
I/ThermalEngine( 672): Sensor:tsens_tz_sensor8:63000 mC
I/ThermalEngine( 672): Sensor:tsens_tz_sensor7:61000 mC
I/ThermalEngine( 672): Sensor:tsens_tz_sensor6:62000 mC
I/ThermalEngine( 672): Sensor:tsens_tz_sensor5:64000 mC
W/AlarmManager( 2068): Failed to open alarm driver. Falling back to a handler.
I/SystemServer( 2068): Init Watchdog
I/SystemServer( 2068): Input Manager
I/InputManager( 2068): Initializing input manager, mUseDevInputEventForAudioJack=true
I/SystemServer( 2068): Window Manager
I/WindowManager( 2068): No existing display settings /data/system/display_settings.xml; starting empty
D/PermissionCache( 682): checking android.permission.ACCESS_SURFACE_FLINGER for uid=1000 => granted (454 us)
I/ThermalEngine( 672): Sensor:tsens_tz_sensor8:64000 mC
I/ThermalEngine( 672): Sensor:tsens_tz_sensor7:61000 mC
I/ThermalEngine( 672): Sensor:tsens_tz_sensor6:62000 mC
I/ThermalEngine( 672): Sensor:tsens_tz_sensor5:63000 mC
I/InputManager( 2068): Starting input manager
I/SystemServer( 2068): sfdroid: Bluetooth Service disabled
I/SystemServer( 2068): Input Method Service
E/EventHub( 2068): could not open /dev/input/event4, Permission denied
E/EventHub( 2068): could not open /dev/input/event3, Permission denied
E/EventHub( 2068): could not open /dev/input/by-path, Is a directory
E/EventHub( 2068): could not open /dev/input/event2, Permission denied
E/EventHub( 2068): could not open /dev/input/event1, Permission denied
E/EventHub( 2068): could not open /dev/input/event0, Permission denied
E/EventHub( 2068): could not open /dev/input/mice, Permission denied
I/InputReader( 2068): Device added: id=-1, name='Virtual', sources=0x00000301
W/InputMethodManagerService( 2068): Couldn't create dir.: /data/system/inputmethod
W/sharebuffer( 682): connecting to renderer
E/sharebuffer( 682): error connecting to renderer: No such file or directory
I/ThermalEngine( 672): Sensor:tsens_tz_sensor8:63000 mC
I/ThermalEngine( 672): Sensor:tsens_tz_sensor7:61000 mC
I/ThermalEngine( 672): Sensor:tsens_tz_sensor6:61000 mC
I/ThermalEngine( 672): Sensor:tsens_tz_sensor5:64000 mC
I/SystemServer( 2068): Accessibility Manager
I/XXXXXX ( 2068): choosing minFree values for 32 Bit
I/XXXXXX ( 2068): choosing minFree values for 32 Bit
I/XXXXXX ( 2068): choosing minFree values for 32 Bit
I/XXXXXX ( 2068): choosing minFree values for 32 Bit
I/XXXXXX ( 2068): choosing minFree values for 32 Bit
I/XXXXXX ( 2068): choosing minFree values for 32 Bit
I/ActivityManager( 2068): Config changes=1df8 {1.0 ?mcc?mnc en_US ?layoutDir sw360dp w360dp h640dp 480dpi nrml long port ?uimode ?night -touch -keyb/v/h -nav/h s.2}
I/InputReader( 2068): Reconfiguring input devices. changes=0x00000004
I/ThermalEngine( 672): Sensor:tsens_tz_sensor8:63000 mC
I/ThermalEngine( 672): Sensor:tsens_tz_sensor7:61000 mC
I/ThermalEngine( 672): Sensor:tsens_tz_sensor6:62000 mC
I/ThermalEngine( 672): Sensor:tsens_tz_sensor5:65000 mC
I/ThermalEngine( 672): Sensor:tsens_tz_sensor8:62000 mC
I/ThermalEngine( 672): Sensor:tsens_tz_sensor7:61000 mC
I/ThermalEngine( 672): Sensor:tsens_tz_sensor6:61000 mC
I/ThermalEngine( 672): Sensor:tsens_tz_sensor5:62000 mC
I/ThermalEngine( 672): Sensor:tsens_tz_sensor8:62000 mC
I/ThermalEngine( 672): Sensor:tsens_tz_sensor7:60000 mC
I/ThermalEngine( 672): Sensor:tsens_tz_sensor6:61000 mC
I/ThermalEngine( 672): Sensor:tsens_tz_sensor5:62000 mC
I/ServiceManager( 682): Check passed after 69 seconds for android.permission.ACCESS_SURFACE_FLINGER from uid=1013 pid=1009
D/PermissionCache( 682): checking android.permission.ACCESS_SURFACE_FLINGER for uid=1013 => granted (69044110 us)
I/ThermalEngine( 672): Sensor:tsens_tz_sensor8:61000 mC
I/ThermalEngine( 672): Sensor:tsens_tz_sensor7:60000 mC
I/ThermalEngine( 672): Sensor:tsens_tz_sensor6:60000 mC
I/ThermalEngine( 672): Sensor:tsens_tz_sensor5:61000 mC
E/AudioPolicyManager( 676): unknown stream type 13
E/AudioPolicyManager( 676): unknown stream type 13
I/AudioFlinger( 676): AudioFlinger's thread 0xb5a30000 ready to run
E/AudioPolicyManager( 676): unknown stream type 13
E/AudioPolicyManager( 676): unknown stream type 13
D/audio_hw_primary( 676): out_standby: enter: stream (0xb5880b00) usecase(1: low-latency-playback)
D/audio_hw_primary( 676): out_set_parameters: enter: usecase(1: low-latency-playback) kvpairs: routing=2
E/AudioPolicyManager( 676): unknown stream type 13
D/audio_hw_primary( 676): adev_open_input_stream: enter: sample_rate(48000) channel_mask(0xc) devices(0x80000004) stream_handle(0xb586da20)
I/AudioFlinger( 676): AudioFlinger's thread 0xb5ac9000 ready to run
D/audio_hw_primary( 676): adev_close_input_stream: enter:stream_handle(0xb586da20)
D/audio_hw_primary( 676): in_standby: enter: stream (0xb586da20) usecase(7: audio-record)
I/audio_a2dp_hw( 676): adev_open: adev_open in A2dp_hw module
I/AudioFlinger( 676): loadHwModule() Loaded a2dp audio interface from A2DP Audio HW HAL (audio) handle 7
I/AudioFlinger( 676): loadHwModule() Loaded usb audio interface from USB audio HW HAL (audio) handle 8
I/r_submix( 676): adev_open(name=audio_hw_if)
I/r_submix( 676): adev_init_check()
I/AudioFlinger( 676): loadHwModule() Loaded r_submix audio interface from Wifi Display audio HAL (audio) handle 9
D/r_submix( 676): adev_open_input_stream(addr=0)
D/r_submix( 676): submix_audio_device_create_pipe_l(addr=0, idx=9)
D/r_submix( 676): now using address 0 for route 9
I/AudioFlinger( 676): AudioFlinger's thread 0xb5b13000 ready to run
D/r_submix( 676): adev_close_input_stream()
D/r_submix( 676): submix_audio_device_release_pipe_l(idx=9) addr=0
D/r_submix( 676): submix_audio_device_destroy_pipe_l(): pipe destroyed
E/AudioPolicyManager( 676): unknown stream type 13
E/AudioPolicyManager( 676): unknown stream type 13
E/SoundTriggerHwService( 676): couldn't load sound trigger module sound_trigger.primary (No such file or directory)
W/AudioFlinger( 676): loadHwModule() module primary already loaded
D/audio_hw_primary( 676): adev_open_output_stream: enter: sample_rate(48000) channel_mask(0x3) devices(0x2) flags(0x2) stream_handle(0xb5880c40)
E/audio_hw_primary( 676): adev_open_output_stream: Primary output is already opened
D/audio_hw_primary( 676): adev_open_output_stream: exit: ret -17
W/AudioPolicyManager( 660): Cannot open output stream for device 00000002 on hw module primary
D/audio_hw_primary( 676): adev_open_output_stream: enter: sample_rate(48000) channel_mask(0x3) devices(0x2) flags(0x4) stream_handle(0xb5afd280)
D/audio_hw_primary( 676): adev_open_output_stream: Stream (0xb5afd280) picks up usecase (low-latency-playback)
I/AudioFlinger( 676): HAL output buffer size 240 frames, normal sink buffer size 960 frames
I/AudioFlinger( 676): AudioFlinger's thread 0xb5b13000 ready to run
E/AudioPolicyManager( 660): unknown stream type 13
E/AudioPolicyManager( 660): unknown stream type 13
E/AudioPolicyManager( 660): unknown stream type 13
D/audio_hw_primary( 676): out_set_parameters: enter: usecase(1: low-latency-playback) kvpairs: routing=2
D/audio_hw_primary( 676): out_standby: enter: stream (0xb5afd280) usecase(1: low-latency-playback)
W/AudioFlinger( 676): setStreamVolume() pid 660 cannot use internal stream type 10
W/AudioFlinger( 676): setStreamVolume() pid 660 cannot use internal stream type 11
E/AudioPolicyManager( 660): unknown stream type 13
W/AudioFlinger( 676): setStreamVolume() pid 660 cannot use internal stream type 13
D/audio_hw_primary( 676): adev_open_input_stream: enter: sample_rate(48000) channel_mask(0xc) devices(0x80000004) stream_handle(0xb586df20)
I/AudioFlinger( 676): AudioFlinger's thread 0xb5b95000 ready to run
D/audio_hw_primary( 676): in_standby: enter: stream (0xb586df20) usecase(7: audio-record)
D/audio_hw_primary( 676): in_standby: enter: stream (0xb586df20) usecase(7: audio-record)
D/audio_hw_primary( 676): adev_close_input_stream: enter:stream_handle(0xb586df20)
D/audio_hw_primary( 676): in_standby: enter: stream (0xb586df20) usecase(7: audio-record)
W/AudioFlinger( 676): loadHwModule() module a2dp already loaded
W/AudioFlinger( 676): loadHwModule() module usb already loaded
W/AudioFlinger( 676): loadHwModule() module r_submix already loaded
D/r_submix( 676): adev_open_input_stream(addr=0)
D/r_submix( 676): submix_audio_device_create_pipe_l(addr=0, idx=9)
D/r_submix( 676): now using address 0 for route 9
I/AudioFlinger( 676): AudioFlinger's thread 0xb5b95000 ready to run
I/r_submix( 676): in_standby()
I/r_submix( 676): in_standby()
D/r_submix( 676): adev_close_input_stream()
D/r_submix( 676): submix_audio_device_release_pipe_l(idx=9) addr=0
D/r_submix( 676): submix_audio_device_destroy_pipe_l(): pipe destroyed
E/AudioPolicyManager( 660): Failed to open primary output
E/AudioPolicyManager( 660): unknown stream type 13
E/ServiceManager( 655): add_service('media.audio_policy',29) uid=1013 - ALREADY REGISTERED, OVERRIDE
I/ServiceManager( 655): service 'media.audio_policy' died
D/audio_hw_primary( 676): out_set_parameters: enter: usecase(0: deep-buffer-playback) kvpairs: exiting=1
D/audio_hw_extn( 676): audio_extn_set_anc_parameters: anc_enabled:0
D/audio_hw_primary( 676): adev_close_output_stream: enter:stream_handle(0xb58809c0)
D/audio_hw_primary( 676): out_standby: enter: stream (0xb58809c0) usecase(0: deep-buffer-playback)
D/audio_hw_primary( 676): out_set_parameters: enter: usecase(1: low-latency-playback) kvpairs: exiting=1
D/audio_hw_primary( 676): adev_close_output_stream: enter:stream_handle(0xb5880b00)
D/audio_hw_primary( 676): out_standby: enter: stream (0xb5880b00) usecase(1: low-latency-playback)
I/ThermalEngine( 672): Sensor:tsens_tz_sensor8:61000 mC
I/ThermalEngine( 672): Sensor:tsens_tz_sensor7:60000 mC
I/ThermalEngine( 672): Sensor:tsens_tz_sensor6:60000 mC
I/ThermalEngine( 672): Sensor:tsens_tz_sensor5:62000 mC
I/ThermalEngine( 672): Sensor:tsens_tz_sensor8:61000 mC
I/ThermalEngine( 672): Sensor:tsens_tz_sensor7:60000 mC
I/ThermalEngine( 672): Sensor:tsens_tz_sensor6:60000 mC
I/ThermalEngine( 672): Sensor:tsens_tz_sensor5:61000 mC
I/ThermalEngine( 672): Sensor:tsens_tz_sensor8:63000 mC
I/ThermalEngine( 672): Sensor:tsens_tz_sensor7:60000 mC
I/ThermalEngine( 672): Sensor:tsens_tz_sensor6:60000 mC
I/ThermalEngine( 672): Sensor:tsens_tz_sensor5:62000 mC
I/ThermalEngine( 672): Sensor:tsens_tz_sensor8:61000 mC
I/ThermalEngine( 672): Sensor:tsens_tz_sensor7:60000 mC
I/ThermalEngine( 672): Sensor:tsens_tz_sensor6:60000 mC
I/ThermalEngine( 672): Sensor:tsens_tz_sensor5:63000 mC
I/ThermalEngine( 672): Sensor:tsens_tz_sensor8:60000 mC
I/ThermalEngine( 672): Sensor:tsens_tz_sensor7:60000 mC
I/ThermalEngine( 672): Sensor:tsens_tz_sensor6:60000 mC
I/ThermalEngine( 672): Sensor:tsens_tz_sensor5:66000 mC
I/ThermalEngine( 672): Sensor:tsens_tz_sensor8:60000 mC
I/ThermalEngine( 672): Sensor:tsens_tz_sensor7:60000 mC
I/ThermalEngine( 672): Sensor:tsens_tz_sensor6:61000 mC
I/ThermalEngine( 672): Sensor:tsens_tz_sensor5:68000 mC
I/ThermalEngine( 672): Sensor:tsens_tz_sensor8:60000 mC
I/ThermalEngine( 672): Sensor:tsens_tz_sensor7:60000 mC
I/ThermalEngine( 672): Sensor:tsens_tz_sensor6:61000 mC
I/ThermalEngine( 672): Sensor:tsens_tz_sensor5:65000 mC
I/ThermalEngine( 672): Sensor:tsens_tz_sensor8:60000 mC
I/ThermalEngine( 672): Sensor:tsens_tz_sensor7:60000 mC
I/ThermalEngine( 672): Sensor:tsens_tz_sensor6:60000 mC
I/ThermalEngine( 672): Sensor:tsens_tz_sensor5:63000 mC
I/ThermalEngine( 672): Sensor:tsens_tz_sensor8:60000 mC
I/ThermalEngine( 672): Sensor:tsens_tz_sensor7:60000 mC
I/ThermalEngine( 672): Sensor:tsens_tz_sensor6:60000 mC
I/ThermalEngine( 672): Sensor:tsens_tz_sensor5:62000 mC
I/ThermalEngine( 672): Sensor:tsens_tz_sensor8:60000 mC
I/ThermalEngine( 672): Sensor:tsens_tz_sensor7:59000 mC
I/ThermalEngine( 672): Sensor:tsens_tz_sensor6:60000 mC
I/ThermalEngine( 672): Sensor:tsens_tz_sensor5:61000 mC
I/ThermalEngine( 672): Sensor:tsens_tz_sensor8:59000 mC
I/ThermalEngine( 672): Sensor:tsens_tz_sensor7:59000 mC
I/ThermalEngine( 672): Sensor:tsens_tz_sensor6:59000 mC
I/ThermalEngine( 672): Sensor:tsens_tz_sensor5:60000 mC
I/ThermalEngine( 672): Sensor:tsens_tz_sensor8:59000 mC
I/ThermalEngine( 672): Sensor:tsens_tz_sensor7:59000 mC
I/ThermalEngine( 672): Sensor:tsens_tz_sensor6:59000 mC
I/ThermalEngine( 672): Sensor:tsens_tz_sensor5:60000 mC
I/ThermalEngine( 672): Sensor:tsens_tz_sensor8:59000 mC
I/ThermalEngine( 672): Sensor:tsens_tz_sensor7:59000 mC
I/ThermalEngine( 672): Sensor:tsens_tz_sensor6:59000 mC
I/ThermalEngine( 672): Sensor:tsens_tz_sensor5:60000 mC
I/ThermalEngine( 672): Sensor:tsens_tz_sensor8:59000 mC
I/ThermalEngine( 672): Sensor:tsens_tz_sensor7:59000 mC
I/ThermalEngine( 672): Sensor:tsens_tz_sensor6:59000 mC
I/ThermalEngine( 672): Sensor:tsens_tz_sensor5:60000 mC
I/ThermalEngine( 672): Sensor:tsens_tz_sensor8:59000 mC
I/ThermalEngine( 672): Sensor:tsens_tz_sensor7:59000 mC
I/ThermalEngine( 672): Sensor:tsens_tz_sensor6:59000 mC
I/ThermalEngine( 672): Sensor:tsens_tz_sensor5:59000 mC
I/ThermalEngine( 672): Sensor:tsens_tz_sensor8:59000 mC
I/ThermalEngine( 672): Sensor:tsens_tz_sensor7:59000 mC
I/ThermalEngine( 672): Sensor:tsens_tz_sensor6:59000 mC
I/ThermalEngine( 672): Sensor:tsens_tz_sensor5:59000 mC
I/ThermalEngine( 672): Sensor:tsens_tz_sensor8:59000 mC
I/ThermalEngine( 672): Sensor:tsens_tz_sensor7:59000 mC
I/ThermalEngine( 672): Sensor:tsens_tz_sensor6:58000 mC
I/ThermalEngine( 672): Sensor:tsens_tz_sensor5:59000 mC
I/ThermalEngine( 672): Sensor:tsens_tz_sensor8:58000 mC
I/ThermalEngine( 672): Sensor:tsens_tz_sensor7:58000 mC
I/ThermalEngine( 672): Sensor:tsens_tz_sensor6:58000 mC
I/ThermalEngine( 672): Sensor:tsens_tz_sensor5:59000 mC
I/ThermalEngine( 672): Sensor:tsens_tz_sensor8:58000 mC
I/ThermalEngine( 672): Sensor:tsens_tz_sensor7:58000 mC
I/ThermalEngine( 672): Sensor:tsens_tz_sensor6:58000 mC
I/ThermalEngine( 672): Sensor:tsens_tz_sensor5:59000 mC
I/ThermalEngine( 672): Sensor:tsens_tz_sensor8:58000 mC
I/ThermalEngine( 672): Sensor:tsens_tz_sensor7:58000 mC
I/ThermalEngine( 672): Sensor:tsens_tz_sensor6:58000 mC
I/ThermalEngine( 672): Sensor:tsens_tz_sensor5:59000 mC
I/ThermalEngine( 672): Sensor:tsens_tz_sensor8:58000 mC
I/ThermalEngine( 672): Sensor:tsens_tz_sensor7:58000 mC
I/ThermalEngine( 672): Sensor:tsens_tz_sensor6:58000 mC
I/ThermalEngine( 672): Sensor:tsens_tz_sensor5:59000 mC
I/ThermalEngine( 672): Sensor:tsens_tz_sensor8:58000 mC
I/ThermalEngine( 672): Sensor:tsens_tz_sensor7:58000 mC
I/ThermalEngine( 672): Sensor:tsens_tz_sensor6:58000 mC
I/ThermalEngine( 672): Sensor:tsens_tz_sensor5:59000 mC
I/ThermalEngine( 672): Sensor:tsens_tz_sensor8:58000 mC
I/ThermalEngine( 672): Sensor:tsens_tz_sensor7:58000 mC
I/ThermalEngine( 672): Sensor:tsens_tz_sensor6:58000 mC
I/ThermalEngine( 672): Sensor:tsens_tz_sensor5:59000 mC
I/ThermalEngine( 672): Sensor:tsens_tz_sensor8:60000 mC
I/ThermalEngine( 672): Sensor:tsens_tz_sensor7:58000 mC
I/ThermalEngine( 672): Sensor:tsens_tz_sensor6:58000 mC
I/ThermalEngine( 672): Sensor:tsens_tz_sensor5:59000 mC
I/ThermalEngine( 672): Sensor:tsens_tz_sensor8:60000 mC
I/ThermalEngine( 672): Sensor:tsens_tz_sensor7:58000 mC
I/ThermalEngine( 672): Sensor:tsens_tz_sensor6:58000 mC
I/ThermalEngine( 672): Sensor:tsens_tz_sensor5:59000 mC
I/ThermalEngine( 672): Sensor:tsens_tz_sensor8:60000 mC
I/ThermalEngine( 672): Sensor:tsens_tz_sensor7:58000 mC
I/ThermalEngine( 672): Sensor:tsens_tz_sensor6:58000 mC
I/ThermalEngine( 672): Sensor:tsens_tz_sensor5:59000 mC
V/WLAN_PSA( 669): NL MSG, len[4077], NL type[0x1C] WNI type[0x5900] len[54543]
V/WLAN_PSA( 669): NL MSG, PID: 669
I/ThermalEngine( 672): Sensor:tsens_tz_sensor8:61000 mC
I/ThermalEngine( 672): Sensor:tsens_tz_sensor7:59000 mC
I/ThermalEngine( 672): Sensor:tsens_tz_sensor6:58000 mC
I/ThermalEngine( 672): Sensor:tsens_tz_sensor5:60000 mC
I/ThermalEngine( 672): Sensor:tsens_tz_sensor8:60000 mC
I/ThermalEngine( 672): Sensor:tsens_tz_sensor7:59000 mC
I/ThermalEngine( 672): Sensor:tsens_tz_sensor6:58000 mC
I/ThermalEngine( 672): Sensor:tsens_tz_sensor5:59000 mC
V/WLAN_PSA( 669): NL MSG, len[048], NL type[0x11] WNI type[0x5050] len[028]
V/WLAN_PSA( 669): NL MSG, PID: 669
I/ThermalEngine( 672): Sensor:tsens_tz_sensor8:59000 mC
I/ThermalEngine( 672): Sensor:tsens_tz_sensor7:58000 mC
I/ThermalEngine( 672): Sensor:tsens_tz_sensor6:58000 mC
I/ThermalEngine( 672): Sensor:tsens_tz_sensor5:59000 mC
I/ThermalEngine( 672): Sensor:tsens_tz_sensor8:58000 mC
I/ThermalEngine( 672): Sensor:tsens_tz_sensor7:58000 mC
I/ThermalEngine( 672): Sensor:tsens_tz_sensor6:58000 mC
I/ThermalEngine( 672): Sensor:tsens_tz_sensor5:59000 mC
I/ThermalEngine( 672): Sensor:tsens_tz_sensor8:58000 mC
I/ThermalEngine( 672): Sensor:tsens_tz_sensor7:58000 mC
I/ThermalEngine( 672): Sensor:tsens_tz_sensor6:58000 mC
I/ThermalEngine( 672): Sensor:tsens_tz_sensor5:59000 mC
I/ThermalEngine( 672): Sensor:tsens_tz_sensor8:58000 mC
I/ThermalEngine( 672): Sensor:tsens_tz_sensor7:58000 mC
I/ThermalEngine( 672): Sensor:tsens_tz_sensor6:58000 mC
I/ThermalEngine( 672): Sensor:tsens_tz_sensor5:59000 mC
I/ThermalEngine( 672): Sensor:tsens_tz_sensor8:58000 mC
I/ThermalEngine( 672): Sensor:tsens_tz_sensor7:58000 mC
I/ThermalEngine( 672): Sensor:tsens_tz_sensor6:58000 mC
I/ThermalEngine( 672): Sensor:tsens_tz_sensor5:59000 mC
I/ThermalEngine( 672): Sensor:tsens_tz_sensor8:58000 mC
I/ThermalEngine( 672): Sensor:tsens_tz_sensor7:58000 mC
I/ThermalEngine( 672): Sensor:tsens_tz_sensor6:58000 mC
I/ThermalEngine( 672): Sensor:tsens_tz_sensor5:59000 mC
I/ThermalEngine( 672): Sensor:tsens_tz_sensor8:58000 mC
I/ThermalEngine( 672): Sensor:tsens_tz_sensor7:58000 mC
I/ThermalEngine( 672): Sensor:tsens_tz_sensor6:58000 mC
I/ThermalEngine( 672): Sensor:tsens_tz_sensor5:59000 mC
I/ThermalEngine( 672): Sensor:tsens_tz_sensor8:58000 mC
I/ThermalEngine( 672): Sensor:tsens_tz_sensor7:58000 mC
I/ThermalEngine( 672): Sensor:tsens_tz_sensor6:58000 mC
I/ThermalEngine( 672): Sensor:tsens_tz_sensor5:59000 mC
I/ThermalEngine( 672): Sensor:tsens_tz_sensor8:58000 mC
I/ThermalEngine( 672): Sensor:tsens_tz_sensor7:58000 mC
I/ThermalEngine( 672): Sensor:tsens_tz_sensor6:58000 mC
I/ThermalEngine( 672): Sensor:tsens_tz_sensor5:59000 mC
I/ThermalEngine( 672): Sensor:tsens_tz_sensor8:58000 mC
I/ThermalEngine( 672): Sensor:tsens_tz_sensor7:58000 mC
I/ThermalEngine( 672): Sensor:tsens_tz_sensor6:57000 mC
I/ThermalEngine( 672): Sensor:tsens_tz_sensor5:59000 mC
I/ThermalEngine( 672): Sensor:tsens_tz_sensor8:58000 mC
I/ThermalEngine( 672): Sensor:tsens_tz_sensor7:58000 mC
I/ThermalEngine( 672): Sensor:tsens_tz_sensor6:57000 mC
I/ThermalEngine( 672): Sensor:tsens_tz_sensor5:58000 mC
I/ThermalEngine( 672): Sensor:tsens_tz_sensor8:58000 mC
I/ThermalEngine( 672): Sensor:tsens_tz_sensor7:58000 mC
I/ThermalEngine( 672): Sensor:tsens_tz_sensor6:57000 mC
I/ThermalEngine( 672): Sensor:tsens_tz_sensor5:58000 mC
I/ThermalEngine( 672): Sensor:tsens_tz_sensor8:58000 mC
I/ThermalEngine( 672): Sensor:tsens_tz_sensor7:57000 mC
I/ThermalEngine( 672): Sensor:tsens_tz_sensor6:57000 mC
I/ThermalEngine( 672): Sensor:tsens_tz_sensor5:58000 mC
I/ThermalEngine( 672): Sensor:tsens_tz_sensor8:57000 mC
I/ThermalEngine( 672): Sensor:tsens_tz_sensor7:57000 mC
I/ThermalEngine( 672): Sensor:tsens_tz_sensor6:57000 mC
I/ThermalEngine( 672): Sensor:tsens_tz_sensor5:58000 mC
I/ThermalEngine( 672): Sensor:tsens_tz_sensor8:58000 mC
I/ThermalEngine( 672): Sensor:tsens_tz_sensor7:57000 mC
I/ThermalEngine( 672): Sensor:tsens_tz_sensor6:57000 mC
I/ThermalEngine( 672): Sensor:tsens_tz_sensor5:58000 mC
I/ThermalEngine( 672): Sensor:tsens_tz_sensor8:58000 mC
I/ThermalEngine( 672): Sensor:tsens_tz_sensor7:57000 mC
I/ThermalEngine( 672): Sensor:tsens_tz_sensor6:57000 mC
I/ThermalEngine( 672): Sensor:tsens_tz_sensor5:58000 mC
I/ThermalEngine( 672): Sensor:tsens_tz_sensor8:57000 mC
I/ThermalEngine( 672): Sensor:tsens_tz_sensor7:57000 mC
I/ThermalEngine( 672): Sensor:tsens_tz_sensor6:57000 mC
I/ThermalEngine( 672): Sensor:tsens_tz_sensor5:58000 mC
I/ThermalEngine( 672): Sensor:tsens_tz_sensor8:57000 mC
I/ThermalEngine( 672): Sensor:tsens_tz_sensor7:57000 mC
I/ThermalEngine( 672): Sensor:tsens_tz_sensor6:57000 mC
I/ThermalEngine( 672): Sensor:tsens_tz_sensor5:58000 mC
I/ThermalEngine( 672): Sensor:tsens_tz_sensor8:57000 mC
I/ThermalEngine( 672): Sensor:tsens_tz_sensor7:57000 mC
I/ThermalEngine( 672): Sensor:tsens_tz_sensor6:57000 mC
I/ThermalEngine( 672): Sensor:tsens_tz_sensor5:58000 mC
I/ThermalEngine( 672): Sensor:tsens_tz_sensor8:57000 mC
I/ThermalEngine( 672): Sensor:tsens_tz_sensor7:57000 mC
I/ThermalEngine( 672): Sensor:tsens_tz_sensor6:57000 mC
I/ThermalEngine( 672): Sensor:tsens_tz_sensor5:58000 mC
I/ThermalEngine( 672): Sensor:tsens_tz_sensor8:57000 mC
I/ThermalEngine( 672): Sensor:tsens_tz_sensor7:57000 mC
I/ThermalEngine( 672): Sensor:tsens_tz_sensor6:57000 mC
I/ThermalEngine( 672): Sensor:tsens_tz_sensor5:58000 mC
I/ThermalEngine( 672): Sensor:tsens_tz_sensor8:57000 mC
I/ThermalEngine( 672): Sensor:tsens_tz_sensor7:57000 mC
I/ThermalEngine( 672): Sensor:tsens_tz_sensor6:57000 mC
I/ThermalEngine( 672): Sensor:tsens_tz_sensor5:58000 mC
I/ThermalEngine( 672): Sensor:tsens_tz_sensor8:57000 mC
I/ThermalEngine( 672): Sensor:tsens_tz_sensor7:57000 mC
I/ThermalEngine( 672): Sensor:tsens_tz_sensor6:57000 mC
I/ThermalEngine( 672): Sensor:tsens_tz_sensor5:58000 mC
I/ThermalEngine( 672): Sensor:tsens_tz_sensor8:58000 mC
I/ThermalEngine( 672): Sensor:tsens_tz_sensor7:57000 mC
I/ThermalEngine( 672): Sensor:tsens_tz_sensor6:57000 mC
I/ThermalEngine( 672): Sensor:tsens_tz_sensor5:59000 mC
I/ThermalEngine( 672): Sensor:tsens_tz_sensor8:58000 mC
I/ThermalEngine( 672): Sensor:tsens_tz_sensor7:57000 mC
I/ThermalEngine( 672): Sensor:tsens_tz_sensor6:57000 mC
I/ThermalEngine( 672): Sensor:tsens_tz_sensor5:59000 mC
I/ThermalEngine( 672): Sensor:tsens_tz_sensor8:57000 mC
I/ThermalEngine( 672): Sensor:tsens_tz_sensor7:57000 mC
I/ThermalEngine( 672): Sensor:tsens_tz_sensor6:57000 mC
I/ThermalEngine( 672): Sensor:tsens_tz_sensor5:58000 mC
I/ThermalEngine( 672): Sensor:tsens_tz_sensor8:57000 mC
I/ThermalEngine( 672): Sensor:tsens_tz_sensor7:57000 mC
I/ThermalEngine( 672): Sensor:tsens_tz_sensor6:57000 mC
I/ThermalEngine( 672): Sensor:tsens_tz_sensor5:58000 mC
I/ThermalEngine( 672): Sensor:tsens_tz_sensor8:57000 mC
I/ThermalEngine( 672): Sensor:tsens_tz_sensor7:57000 mC
I/ThermalEngine( 672): Sensor:tsens_tz_sensor6:57000 mC
I/ThermalEngine( 672): Sensor:tsens_tz_sensor5:58000 mC
I/ThermalEngine( 672): Sensor:tsens_tz_sensor8:57000 mC
I/ThermalEngine( 672): Sensor:tsens_tz_sensor7:57000 mC
I/ThermalEngine( 672): Sensor:tsens_tz_sensor6:57000 mC
I/ThermalEngine( 672): Sensor:tsens_tz_sensor5:58000 mC
I/ThermalEngine( 672): Sensor:tsens_tz_sensor8:57000 mC
I/ThermalEngine( 672): Sensor:tsens_tz_sensor7:57000 mC
I/ThermalEngine( 672): Sensor:tsens_tz_sensor6:57000 mC
I/ThermalEngine( 672): Sensor:tsens_tz_sensor5:58000 mC
I/ThermalEngine( 672): Sensor:tsens_tz_sensor8:57000 mC
I/ThermalEngine( 672): Sensor:tsens_tz_sensor7:57000 mC
I/ThermalEngine( 672): Sensor:tsens_tz_sensor6:57000 mC
I/ThermalEngine( 672): Sensor:tsens_tz_sensor5:58000 mC
I/ThermalEngine( 672): Sensor:tsens_tz_sensor8:57000 mC
I/ThermalEngine( 672): Sensor:tsens_tz_sensor7:57000 mC
I/ThermalEngine( 672): Sensor:tsens_tz_sensor6:57000 mC
I/ThermalEngine( 672): Sensor:tsens_tz_sensor5:58000 mC
I/ThermalEngine( 672): Sensor:tsens_tz_sensor8:57000 mC
I/ThermalEngine( 672): Sensor:tsens_tz_sensor7:57000 mC
I/ThermalEngine( 672): Sensor:tsens_tz_sensor6:57000 mC
I/ThermalEngine( 672): Sensor:tsens_tz_sensor5:58000 mC
I/ThermalEngine( 672): Sensor:tsens_tz_sensor8:57000 mC
I/ThermalEngine( 672): Sensor:tsens_tz_sensor7:57000 mC
I/ThermalEngine( 672): Sensor:tsens_tz_sensor6:57000 mC
I/ThermalEngine( 672): Sensor:tsens_tz_sensor5:58000 mC
I/ThermalEngine( 672): Sensor:tsens_tz_sensor8:57000 mC
I/ThermalEngine( 672): Sensor:tsens_tz_sensor7:57000 mC
I/ThermalEngine( 672): Sensor:tsens_tz_sensor6:57000 mC
I/ThermalEngine( 672): Sensor:tsens_tz_sensor5:58000 mC
I/ThermalEngine( 672): Sensor:tsens_tz_sensor8:57000 mC
I/ThermalEngine( 672): Sensor:tsens_tz_sensor7:57000 mC
I/ThermalEngine( 672): Sensor:tsens_tz_sensor6:57000 mC
I/ThermalEngine( 672): Sensor:tsens_tz_sensor5:58000 mC
I/ThermalEngine( 672): Sensor:tsens_tz_sensor8:57000 mC
I/ThermalEngine( 672): Sensor:tsens_tz_sensor7:57000 mC
I/ThermalEngine( 672): Sensor:tsens_tz_sensor6:57000 mC
I/ThermalEngine( 672): Sensor:tsens_tz_sensor5:58000 mC
I/ThermalEngine( 672): Sensor:tsens_tz_sensor8:57000 mC
I/ThermalEngine( 672): Sensor:tsens_tz_sensor7:57000 mC
I/ThermalEngine( 672): Sensor:tsens_tz_sensor6:57000 mC
I/ThermalEngine( 672): Sensor:tsens_tz_sensor5:58000 mC
I/ThermalEngine( 672): Sensor:tsens_tz_sensor8:57000 mC
I/ThermalEngine( 672): Sensor:tsens_tz_sensor7:57000 mC
I/ThermalEngine( 672): Sensor:tsens_tz_sensor6:57000 mC
I/ThermalEngine( 672): Sensor:tsens_tz_sensor5:58000 mC
I/ThermalEngine( 672): Sensor:pm8941_tz:56088 mC
I/ThermalEngine( 672): Sensor:tsens_tz_sensor8:57000 mC
I/ThermalEngine( 672): Sensor:tsens_tz_sensor7:57000 mC
I/ThermalEngine( 672): Sensor:tsens_tz_sensor6:56000 mC
I/ThermalEngine( 672): Sensor:tsens_tz_sensor5:57000 mC
I/ThermalEngine( 672): Sensor:tsens_tz_sensor8:57000 mC
I/ThermalEngine( 672): Sensor:tsens_tz_sensor7:57000 mC
I/ThermalEngine( 672): Sensor:tsens_tz_sensor6:56000 mC
I/ThermalEngine( 672): Sensor:tsens_tz_sensor5:57000 mC
I/ThermalEngine( 672): Sensor:tsens_tz_sensor8:57000 mC
I/ThermalEngine( 672): Sensor:tsens_tz_sensor7:57000 mC
I/ThermalEngine( 672): Sensor:tsens_tz_sensor6:56000 mC
I/ThermalEngine( 672): Sensor:tsens_tz_sensor5:57000 mC
I/ThermalEngine( 672): Sensor:tsens_tz_sensor8:57000 mC
I/ThermalEngine( 672): Sensor:tsens_tz_sensor7:57000 mC
I/ThermalEngine( 672): Sensor:tsens_tz_sensor6:56000 mC
I/ThermalEngine( 672): Sensor:tsens_tz_sensor5:57000 mC
I/ThermalEngine( 672): Sensor:tsens_tz_sensor8:57000 mC
I/ThermalEngine( 672): Sensor:tsens_tz_sensor7:57000 mC
I/ThermalEngine( 672): Sensor:tsens_tz_sensor6:56000 mC
I/ThermalEngine( 672): Sensor:tsens_tz_sensor5:58000 mC
I/ThermalEngine( 672): Sensor:tsens_tz_sensor8:57000 mC
I/ThermalEngine( 672): Sensor:tsens_tz_sensor7:57000 mC
I/ThermalEngine( 672): Sensor:tsens_tz_sensor6:56000 mC
I/ThermalEngine( 672): Sensor:tsens_tz_sensor5:57000 mC
I/ThermalEngine( 672): Sensor:tsens_tz_sensor8:57000 mC
I/ThermalEngine( 672): Sensor:tsens_tz_sensor7:57000 mC
I/ThermalEngine( 672): Sensor:tsens_tz_sensor6:56000 mC
I/ThermalEngine( 672): Sensor:tsens_tz_sensor5:57000 mC
I/ThermalEngine( 672): Sensor:tsens_tz_sensor8:57000 mC
I/ThermalEngine( 672): Sensor:tsens_tz_sensor7:57000 mC
I/ThermalEngine( 672): Sensor:tsens_tz_sensor6:56000 mC
I/ThermalEngine( 672): Sensor:tsens_tz_sensor5:58000 mC
I/ThermalEngine( 672): Sensor:tsens_tz_sensor8:57000 mC
I/ThermalEngine( 672): Sensor:tsens_tz_sensor7:57000 mC
I/ThermalEngine( 672): Sensor:tsens_tz_sensor6:57000 mC
I/ThermalEngine( 672): Sensor:tsens_tz_sensor5:62000 mC
I/ThermalEngine( 672): Sensor:tsens_tz_sensor8:57000 mC
I/ThermalEngine( 672): Sensor:tsens_tz_sensor7:57000 mC
I/ThermalEngine( 672): Sensor:tsens_tz_sensor6:57000 mC
I/ThermalEngine( 672): Sensor:tsens_tz_sensor5:60000 mC
I/ThermalEngine( 672): Sensor:tsens_tz_sensor8:57000 mC
I/ThermalEngine( 672): Sensor:tsens_tz_sensor7:57000 mC
I/ThermalEngine( 672): Sensor:tsens_tz_sensor6:57000 mC
I/ThermalEngine( 672): Sensor:tsens_tz_sensor5:59000 mC
I/ThermalEngine( 672): Sensor:tsens_tz_sensor8:57000 mC
I/ThermalEngine( 672): Sensor:tsens_tz_sensor7:57000 mC
I/ThermalEngine( 672): Sensor:tsens_tz_sensor6:57000 mC
I/ThermalEngine( 672): Sensor:tsens_tz_sensor5:60000 mC
I/ThermalEngine( 672): Sensor:tsens_tz_sensor8:57000 mC
I/ThermalEngine( 672): Sensor:tsens_tz_sensor7:57000 mC
I/ThermalEngine( 672): Sensor:tsens_tz_sensor6:57000 mC
I/ThermalEngine( 672): Sensor:tsens_tz_sensor5:61000 mC
I/ThermalEngine( 672): Sensor:tsens_tz_sensor8:58000 mC
I/ThermalEngine( 672): Sensor:tsens_tz_sensor7:57000 mC
I/ThermalEngine( 672): Sensor:tsens_tz_sensor6:58000 mC
I/ThermalEngine( 672): Sensor:tsens_tz_sensor5:61000 mC
I/ThermalEngine( 672): Sensor:tsens_tz_sensor8:58000 mC
I/ThermalEngine( 672): Sensor:tsens_tz_sensor7:58000 mC
I/ThermalEngine( 672): Sensor:tsens_tz_sensor6:58000 mC
I/ThermalEngine( 672): Sensor:tsens_tz_sensor5:61000 mC
I/ThermalEngine( 672): Sensor:tsens_tz_sensor8:58000 mC
I/ThermalEngine( 672): Sensor:tsens_tz_sensor7:58000 mC
I/ThermalEngine( 672): Sensor:tsens_tz_sensor6:58000 mC
I/ThermalEngine( 672): Sensor:tsens_tz_sensor5:62000 mC
I/ThermalEngine( 672): Sensor:tsens_tz_sensor8:59000 mC
I/ThermalEngine( 672): Sensor:tsens_tz_sensor7:58000 mC
I/ThermalEngine( 672): Sensor:tsens_tz_sensor6:58000 mC
I/ThermalEngine( 672): Sensor:tsens_tz_sensor5:63000 mC
I/ThermalEngine( 672): Sensor:tsens_tz_sensor8:59000 mC
I/ThermalEngine( 672): Sensor:tsens_tz_sensor7:58000 mC
I/ThermalEngine( 672): Sensor:tsens_tz_sensor6:59000 mC
I/ThermalEngine( 672): Sensor:tsens_tz_sensor5:65000 mC
I/ThermalEngine( 672): Sensor:tsens_tz_sensor8:58000 mC
I/ThermalEngine( 672): Sensor:tsens_tz_sensor7:58000 mC
I/ThermalEngine( 672): Sensor:tsens_tz_sensor6:59000 mC
I/ThermalEngine( 672): Sensor:tsens_tz_sensor5:62000 mC
I/ThermalEngine( 672): Sensor:tsens_tz_sensor8:58000 mC
I/ThermalEngine( 672): Sensor:tsens_tz_sensor7:58000 mC
I/ThermalEngine( 672): Sensor:tsens_tz_sensor6:58000 mC
I/ThermalEngine( 672): Sensor:tsens_tz_sensor5:60000 mC
I/ThermalEngine( 672): Sensor:tsens_tz_sensor8:58000 mC
I/ThermalEngine( 672): Sensor:tsens_tz_sensor7:57000 mC
I/ThermalEngine( 672): Sensor:tsens_tz_sensor6:58000 mC
