I/AudioFlinger( 3191): HAL output buffer size 960 frames, normal sink buffer size 960 frames
D/SurfaceFlinger( 3187): shader cache generated - 24 shaders in 191.147186 ms
I/AudioMixer( 3191): found effect "Multichannel Downmix To Stereo" from The Android Open Source Project
I/AudioFlinger( 3191): Using module 1 has the primary audio interface
E/AudioPolicyManager( 3191): unknown stream type 13
E/AudioPolicyManager( 3191): unknown stream type 13
E/AudioPolicyManager( 3191): unknown stream type 13
I/AudioFlinger( 3191): AudioFlinger's thread 0xb59e5000 ready to run
W/AudioFlinger( 3191): Thread AudioOut_2 cannot connect to the power manager service
D/audio_hw_primary( 3191): out_set_parameters: enter: usecase(0: deep-buffer-playback) kvpairs: routing=2
D/audio_hw_extn( 3191): audio_extn_set_anc_parameters: anc_enabled:0
D/audio_hw_primary( 3191): out_standby: enter: stream (0xb58809c0) usecase(0: deep-buffer-playback)
W/AudioFlinger( 3191): Thread AudioOut_2 cannot connect to the power manager service
I/DEBUG ( 661): *** *** *** *** *** *** *** *** *** *** *** *** *** *** *** ***
I/DEBUG ( 661): Build fingerprint: 'Fairphone/FP2/FP2:5.1/FP2/fp2-sibon-16.09.0:userdebug/release-keys'
I/DEBUG ( 661): Revision: '0'
I/DEBUG ( 661): ABI: 'arm'
I/DEBUG ( 661): pid: 3227, tid: 3235, name: BootAnimation >>> /system/bin/bootanimation <<<
I/DEBUG ( 661): signal 11 (SIGSEGV), code 1 (SEGV_MAPERR), fault addr 0xc
W/AudioFlinger( 3191): Thread AudioOut_2 cannot connect to the power manager service
E/AudioFlinger( 3191): no wake lock to update!
W/sharebuffer( 3187): connecting to renderer
W/sharebuffer( 3187): adding buffer
D/audio_hw_primary( 3191): out_set_parameters: enter: usecase(0: deep-buffer-playback) kvpairs: fm_volume=0.0000000000
D/audio_hw_extn( 3191): audio_extn_set_anc_parameters: anc_enabled:0
D/audio_hw_fm( 3191): audio_extn_fm_set_parameters: set_fm_volume usecase
D/audio_hw_fm( 3191): fm_set_volume: (0.000000)
E/AudioPolicyManager( 3191): unknown stream type 13
D/audio_hw_primary( 3191): adev_open_output_stream: enter: sample_rate(48000) channel_mask(0x3) devices(0x2) flags(0x4) stream_handle(0xb5880b00)
D/audio_hw_primary( 3191): adev_open_output_stream: Stream (0xb5880b00) picks up usecase (low-latency-playback)
I/AudioFlinger( 3191): HAL output buffer size 240 frames, normal sink buffer size 960 frames
E/MonoPipe( 3191): Failed to fetch local time frequency when constructing a MonoPipe (res = -32). getNextWriteTimestamp calls will be non-functional
I/DEBUG ( 661): r0 00000000 r1 40000000 r2 00000001 r3 00000000
I/DEBUG ( 661): r4 00000000 r5 40000000 r6 b5903bf0 r7 b5903bf8
I/DEBUG ( 661): r8 b5903c08 r9 00000000 sl b5c37130 fp b5903c1c
I/DEBUG ( 661): ip b6f45f20 sp b5903bb8 lr b6dc8afb pc b6dc8aa2 cpsr 60070030
I/DEBUG ( 661):
I/DEBUG ( 661): backtrace:
I/DEBUG ( 661): #00 pc 00037aa2 /system/lib/libgui.so (_ZNK7android14SurfaceControl8validateEv+1)
I/DEBUG ( 661): #01 pc 00037af7 /system/lib/libgui.so (_ZN7android14SurfaceControl8setLayerEi+6)
I/DEBUG ( 661): #02 pc 0000501d /system/bin/bootanimation
I/DEBUG ( 661): #03 pc 0000ef41 /system/lib/libutils.so (_ZN7android6Thread11_threadLoopEPv+84)
I/DEBUG ( 661): #04 pc 0000eacd /system/lib/libutils.so
I/DEBUG ( 661): #05 pc 00013fc3 /system/lib/libc.so (_ZL15__pthread_startPv+30)
I/DEBUG ( 661): #06 pc 00011f0b /system/lib/libc.so (__start_thread+6)
I/DEBUG ( 661):
I/DEBUG ( 661): Tombstone written to: /data/tombstones/tombstone_09
I/SamplingProfilerIntegration( 3189): Profiling disabled.
D/Zygote ( 3189): begin preload
I/Zygote ( 3189): Preloading classes...
I/art ( 3189): Explicit concurrent mark sweep GC freed 824(38KB) AllocSpace objects, 0(0B) LOS objects, 98% free, 52KB/4MB, paused 102us total 5.029ms
I/art ( 3189): Counter: 1
I/art ( 3189): Explicit concurrent mark sweep GC freed 96(4KB) AllocSpace objects, 0(0B) LOS objects, 98% free, 72KB/4MB, paused 104us total 2.639ms
I/art ( 3189): Explicit concurrent mark sweep GC freed 457(29KB) AllocSpace objects, 0(0B) LOS objects, 98% free, 72KB/4MB, paused 98us total 1.685ms
I/art ( 3189): Explicit concurrent mark sweep GC freed 5(160B) AllocSpace objects, 0(0B) LOS objects, 98% free, 72KB/4MB, paused 102us total 1.680ms
W/Zygote ( 3189): Class not found for preloading: android.app.ContextImpl$62
I/art ( 3189): Explicit concurrent mark sweep GC freed 633(41KB) AllocSpace objects, 0(0B) LOS objects, 98% free, 80KB/4MB, paused 108us total 3.124ms
I/art ( 3189): Explicit concurrent mark sweep GC freed 5(160B) AllocSpace objects, 0(0B) LOS objects, 98% free, 80KB/4MB, paused 156us total 1.722ms
E/NetlinkListener( 683): recvmsg failed (I/O error)
E/NetlinkListener( 3190): recvmsg failed (I/O error)
E/qdhwcomposer( 1270): isValidDimension: layer handle is NULL
E/qdhwcomposer( 1270): isValidDimension: layer handle is NULL
I/art ( 3189): Explicit concurrent mark sweep GC freed 443(26KB) AllocSpace objects, 0(0B) LOS objects, 97% free, 110KB/4MB, paused 108us total 3.596ms
E/qdhwcomposer( 1270): isValidDimension: layer handle is NULL
E/qdhwcomposer( 1270): isValidDimension: layer handle is NULL
I/art ( 3189): Explicit concurrent mark sweep GC freed 25(1056B) AllocSpace objects, 0(0B) LOS objects, 97% free, 109KB/4MB, paused 148us total 8.399ms
E/qdhwcomposer( 1270): isValidDimension: layer handle is NULL
E/qdhwcomposer( 1270): isValidDimension: layer handle is NULL
E/qdhwcomposer( 1270): isValidDimension: layer handle is NULL
E/qdhwcomposer( 1270): isValidDimension: layer handle is NULL
E/Minikin ( 3189): addFont failed to create font /system/fonts/NanumGothic.ttf
E/Minikin ( 3189): addFont failed to create font /system/fonts/DroidSansFallback.ttf
E/qdhwcomposer( 1270): isValidDimension: layer handle is NULL
E/qdhwcomposer( 1270): isValidDimension: layer handle is NULL
E/qdhwcomposer( 1270): isValidDimension: layer handle is NULL
E/qdhwcomposer( 1270): isValidDimension: layer handle is NULL
I/art ( 3189): Explicit concurrent mark sweep GC freed 1773(128KB) AllocSpace objects, 0(0B) LOS objects, 97% free, 121KB/4MB, paused 102us total 3.555ms
I/art ( 3189): Explicit concurrent mark sweep GC freed 26(880B) AllocSpace objects, 0(0B) LOS objects, 97% free, 121KB/4MB, paused 101us total 1.846ms
E/qdhwcomposer( 1270): isValidDimension: layer handle is NULL
E/qdhwcomposer( 1270): isValidDimension: layer handle is NULL
E/NetlinkListener( 3190): recvmsg failed (I/O error)
E/NetlinkListener( 683): recvmsg failed (I/O error)
I/art ( 3189): Explicit concurrent mark sweep GC freed 1910(91KB) AllocSpace objects, 0(0B) LOS objects, 96% free, 162KB/4MB, paused 109us total 3.321ms
I/art ( 3189): Explicit concurrent mark sweep GC freed 5(160B) AllocSpace objects, 0(0B) LOS objects, 96% free, 162KB/4MB, paused 100us total 1.882ms
E/qdhwcomposer( 1270): isValidDimension: layer handle is NULL
E/qdhwcomposer( 1270): isValidDimension: layer handle is NULL
I/art ( 3189): Explicit concurrent mark sweep GC freed 1975(87KB) AllocSpace objects, 0(0B) LOS objects, 95% free, 197KB/4MB, paused 105us total 3.078ms
I/art ( 3189): Explicit concurrent mark sweep GC freed 5(160B) AllocSpace objects, 0(0B) LOS objects, 95% free, 197KB/4MB, paused 107us total 2.034ms
E/qdhwcomposer( 1270): isValidDimension: layer handle is NULL
E/qdhwcomposer( 1270): isValidDimension: layer handle is NULL
I/art ( 3189): Explicit concurrent mark sweep GC freed 369(19KB) AllocSpace objects, 0(0B) LOS objects, 94% free, 230KB/4MB, paused 104us total 3.208ms
I/art ( 3189): Explicit concurrent mark sweep GC freed 5(160B) AllocSpace objects, 0(0B) LOS objects, 94% free, 230KB/4MB, paused 99us total 2.065ms
E/qdhwcomposer( 1270): isValidDimension: layer handle is NULL
E/qdhwcomposer( 1270): isValidDimension: layer handle is NULL
E/qdhwcomposer( 1270): isValidDimension: layer handle is NULL
E/qdhwcomposer( 1270): isValidDimension: layer handle is NULL
I/art ( 3189): Thread[1,tid=3189,WaitingForJniOnLoad,Thread*=0xb4827800,peer=0x12c411c0,"main"] recursive attempt to load library "/system/lib/libmedia_jni.so"
D/MtpDeviceJNI( 3189): register_android_mtp_MtpDevice
I/art ( 3189): Thread[1,tid=3189,WaitingForJniOnLoad,Thread*=0xb4827800,peer=0x12c411c0,"main"] recursive attempt to load library "/system/lib/libmedia_jni.so"
I/art ( 3189): Thread[1,tid=3189,WaitingForJniOnLoad,Thread*=0xb4827800,peer=0x12c411c0,"main"] recursive attempt to load library "/system/lib/libmedia_jni.so"
E/qdhwcomposer( 1270): isValidDimension: layer handle is NULL
E/qdhwcomposer( 1270): isValidDimension: layer handle is NULL
I/art ( 3189): Explicit concurrent mark sweep GC freed 748(43KB) AllocSpace objects, 0(0B) LOS objects, 94% free, 239KB/4MB, paused 104us total 3.382ms
I/art ( 3189): Explicit concurrent mark sweep GC freed 7(288B) AllocSpace objects, 0(0B) LOS objects, 94% free, 239KB/4MB, paused 127us total 2.179ms
E/qdhwcomposer( 1270): isValidDimension: layer handle is NULL
E/qdhwcomposer( 1270): isValidDimension: layer handle is NULL
I/art ( 3189): Explicit concurrent mark sweep GC freed 541(27KB) AllocSpace objects, 0(0B) LOS objects, 94% free, 260KB/4MB, paused 108us total 3.720ms
I/art ( 3189): Explicit concurrent mark sweep GC freed 5(160B) AllocSpace objects, 0(0B) LOS objects, 94% free, 260KB/4MB, paused 109us total 2.163ms
E/qdhwcomposer( 1270): isValidDimension: layer handle is NULL
E/qdhwcomposer( 1270): isValidDimension: layer handle is NULL
I/art ( 3189): Explicit concurrent mark sweep GC freed 641(35KB) AllocSpace objects, 0(0B) LOS objects, 93% free, 274KB/4MB, paused 107us total 3.357ms
I/art ( 3189): Explicit concurrent mark sweep GC freed 5(160B) AllocSpace objects, 0(0B) LOS objects, 93% free, 274KB/4MB, paused 105us total 2.303ms
E/qdhwcomposer( 1270): isValidDimension: layer handle is NULL
E/qdhwcomposer( 1270): isValidDimension: layer handle is NULL
I/art ( 3189): Explicit concurrent mark sweep GC freed 222(13KB) AllocSpace objects, 0(0B) LOS objects, 92% free, 312KB/4MB, paused 117us total 2.898ms
I/art ( 3189): Explicit concurrent mark sweep GC freed 5(160B) AllocSpace objects, 0(0B) LOS objects, 92% free, 312KB/4MB, paused 102us total 2.282ms
E/qdhwcomposer( 1270): isValidDimension: layer handle is NULL
E/qdhwcomposer( 1270): isValidDimension: layer handle is NULL
E/qdhwcomposer( 1270): isValidDimension: layer handle is NULL
E/qdhwcomposer( 1270): isValidDimension: layer handle is NULL
I/art ( 3189): Explicit concurrent mark sweep GC freed 1815(105KB) AllocSpace objects, 0(0B) LOS objects, 89% free, 462KB/4MB, paused 109us total 3.582ms
E/qdhwcomposer( 1270): isValidDimension: layer handle is NULL
E/qdhwcomposer( 1270): isValidDimension: layer handle is NULL
I/art ( 3189): Explicit concurrent mark sweep GC freed 5(160B) AllocSpace objects, 0(0B) LOS objects, 89% free, 462KB/4MB, paused 111us total 4.180ms
E/EmojiFactory_jni( 3189): Failed to load libemoji.so: dlopen failed: library "libemoji.so" not found
E/qdhwcomposer( 1270): isValidDimension: layer handle is NULL
E/qdhwcomposer( 1270): isValidDimension: layer handle is NULL
E/qdhwcomposer( 1270): isValidDimension: layer handle is NULL
E/qdhwcomposer( 1270): isValidDimension: layer handle is NULL
I/art ( 3189): Explicit concurrent mark sweep GC freed 356(45KB) AllocSpace objects, 0(0B) LOS objects, 84% free, 760KB/4MB, paused 111us total 5.403ms
I/art ( 3189): Explicit concurrent mark sweep GC freed 9(272B) AllocSpace objects, 0(0B) LOS objects, 84% free, 760KB/4MB, paused 100us total 3.591ms
E/qdhwcomposer( 1270): isValidDimension: layer handle is NULL
E/qdhwcomposer( 1270): isValidDimension: layer handle is NULL
I/art ( 3189): Explicit concurrent mark sweep GC freed 432(30KB) AllocSpace objects, 0(0B) LOS objects, 84% free, 778KB/4MB, paused 107us total 4.222ms
I/art ( 3189): Explicit concurrent mark sweep GC freed 5(160B) AllocSpace objects, 0(0B) LOS objects, 84% free, 778KB/4MB, paused 98us total 3.399ms
E/qdhwcomposer( 1270): isValidDimension: layer handle is NULL
E/qdhwcomposer( 1270): isValidDimension: layer handle is NULL
V/WLAN_PSA( 669): NL MSG, len[048], NL type[0x11] WNI type[0x5050] len[028]
V/WLAN_PSA( 669): NL MSG, PID: 669
E/qdhwcomposer( 1270): isValidDimension: layer handle is NULL
E/qdhwcomposer( 1270): isValidDimension: layer handle is NULL
I/art ( 3189): Explicit concurrent mark sweep GC freed 787(49KB) AllocSpace objects, 0(0B) LOS objects, 84% free, 780KB/4MB, paused 115us total 3.893ms
I/art ( 3189): Explicit concurrent mark sweep GC freed 5(160B) AllocSpace objects, 0(0B) LOS objects, 84% free, 780KB/4MB, paused 111us total 4.183ms
E/qdhwcomposer( 1270): isValidDimension: layer handle is NULL
E/qdhwcomposer( 1270): isValidDimension: layer handle is NULL
I/art ( 3189): Explicit concurrent mark sweep GC freed 957(105KB) AllocSpace objects, 0(0B) LOS objects, 83% free, 823KB/4MB, paused 103us total 4.851ms
E/qdhwcomposer( 1270): isValidDimension: layer handle is NULL
E/qdhwcomposer( 1270): isValidDimension: layer handle is NULL
I/art ( 3189): Explicit concurrent mark sweep GC freed 37(1744B) AllocSpace objects, 0(0B) LOS objects, 83% free, 821KB/4MB, paused 116us total 4.547ms
I/art ( 3189): Explicit concurrent mark sweep GC freed 528(39KB) AllocSpace objects, 0(0B) LOS objects, 83% free, 830KB/4MB, paused 111us total 3.954ms
E/qdhwcomposer( 1270): isValidDimension: layer handle is NULL
E/qdhwcomposer( 1270): isValidDimension: layer handle is NULL
I/art ( 3189): Explicit concurrent mark sweep GC freed 5(160B) AllocSpace objects, 0(0B) LOS objects, 83% free, 830KB/4MB, paused 109us total 4.060ms
E/qdhwcomposer( 1270): isValidDimension: layer handle is NULL
E/qdhwcomposer( 1270): isValidDimension: layer handle is NULL
I/art ( 3189): Explicit concurrent mark sweep GC freed 360(25KB) AllocSpace objects, 0(0B) LOS objects, 82% free, 859KB/4MB, paused 109us total 4.151ms
I/art ( 3189): Explicit concurrent mark sweep GC freed 5(160B) AllocSpace objects, 0(0B) LOS objects, 82% free, 859KB/4MB, paused 106us total 3.698ms
E/qdhwcomposer( 1270): isValidDimension: layer handle is NULL
E/qdhwcomposer( 1270): isValidDimension: layer handle is NULL
E/qdhwcomposer( 1270): isValidDimension: layer handle is NULL
E/qdhwcomposer( 1270): isValidDimension: layer handle is NULL
I/art ( 3189): Explicit concurrent mark sweep GC freed 10831(530KB) AllocSpace objects, 0(0B) LOS objects, 76% free, 1238KB/5MB, paused 116us total 5.870ms
E/qdhwcomposer( 1270): isValidDimension: layer handle is NULL
E/qdhwcomposer( 1270): isValidDimension: layer handle is NULL
I/art ( 3189): Explicit concurrent mark sweep GC freed 11(432B) AllocSpace objects, 0(0B) LOS objects, 76% free, 1238KB/5MB, paused 122us total 4.769ms
I/art ( 3189): Explicit concurrent mark sweep GC freed 570(33KB) AllocSpace objects, 0(0B) LOS objects, 76% free, 1254KB/5MB, paused 117us total 5.028ms
E/qdhwcomposer( 1270): isValidDimension: layer handle is NULL
E/qdhwcomposer( 1270): isValidDimension: layer handle is NULL
I/art ( 3189): Explicit concurrent mark sweep GC freed 5(160B) AllocSpace objects, 0(0B) LOS objects, 76% free, 1254KB/5MB, paused 121us total 5.370ms
I/art ( 3189): Explicit concurrent mark sweep GC freed 739(45KB) AllocSpace objects, 0(0B) LOS objects, 76% free, 1257KB/5MB, paused 114us total 4.808ms
E/qdhwcomposer( 1270): isValidDimension: layer handle is NULL
E/qdhwcomposer( 1270): isValidDimension: layer handle is NULL
I/ServiceManager( 3186): Waiting for service batterystats...
I/art ( 3189): Explicit concurrent mark sweep GC freed 5(160B) AllocSpace objects, 0(0B) LOS objects, 76% free, 1257KB/5MB, paused 122us total 5.490ms
E/qdhwcomposer( 1270): isValidDimension: layer handle is NULL
E/qdhwcomposer( 1270): isValidDimension: layer handle is NULL
E/qdhwcomposer( 1270): isValidDimension: layer handle is NULL
E/qdhwcomposer( 1270): isValidDimension: layer handle is NULL
E/qdhwcomposer( 1270): isValidDimension: layer handle is NULL
E/qdhwcomposer( 1270): isValidDimension: layer handle is NULL
E/qdhwcomposer( 1270): isValidDimension: layer handle is NULL
E/qdhwcomposer( 1270): isValidDimension: layer handle is NULL
I/System ( 3189): Loaded time zone names for "" in 56ms (52ms in ICU)
E/qdhwcomposer( 1270): isValidDimension: layer handle is NULL
E/qdhwcomposer( 1270): isValidDimension: layer handle is NULL
E/qdhwcomposer( 1270): isValidDimension: layer handle is NULL
E/qdhwcomposer( 1270): isValidDimension: layer handle is NULL
E/NetlinkListener( 683): recvmsg failed (I/O error)
E/NetlinkListener( 3190): recvmsg failed (I/O error)
I/System ( 3189): Loaded time zone names for "en_US" in 45ms (40ms in ICU)
E/qdhwcomposer( 1270): isValidDimension: layer handle is NULL
E/qdhwcomposer( 1270): isValidDimension: layer handle is NULL
I/art ( 3189): Explicit concurrent mark sweep GC freed 2343(178KB) AllocSpace objects, 0(0B) LOS objects, 74% free, 1416KB/5MB, paused 177us total 9.945ms
E/qdhwcomposer( 1270): isValidDimension: layer handle is NULL
E/qdhwcomposer( 1270): isValidDimension: layer handle is NULL
I/art ( 3189): Explicit concurrent mark sweep GC freed 5(160B) AllocSpace objects, 0(0B) LOS objects, 74% free, 1416KB/5MB, paused 117us total 7.519ms
I/art ( 3189): Explicit concurrent mark sweep GC freed 136(12KB) AllocSpace objects, 0(0B) LOS objects, 73% free, 1481KB/5MB, paused 116us total 5.191ms
E/qdhwcomposer( 1270): isValidDimension: layer handle is NULL
E/qdhwcomposer( 1270): isValidDimension: layer handle is NULL
I/art ( 3189): Explicit concurrent mark sweep GC freed 5(160B) AllocSpace objects, 0(0B) LOS objects, 73% free, 1481KB/5MB, paused 120us total 6.318ms
E/qdhwcomposer( 1270): isValidDimension: layer handle is NULL
E/qdhwcomposer( 1270): isValidDimension: layer handle is NULL
I/art ( 3189): Explicit concurrent mark sweep GC freed 286(24KB) AllocSpace objects, 0(0B) LOS objects, 72% free, 1526KB/5MB, paused 124us total 12.044ms
E/qdhwcomposer( 1270): isValidDimension: layer handle is NULL
E/qdhwcomposer( 1270): isValidDimension: layer handle is NULL
I/art ( 3189): Explicit concurrent mark sweep GC freed 13(416B) AllocSpace objects, 0(0B) LOS objects, 72% free, 1526KB/5MB, paused 111us total 4.864ms
E/qdhwcomposer( 1270): isValidDimension: layer handle is NULL
E/qdhwcomposer( 1270): isValidDimension: layer handle is NULL
I/art ( 3189): Explicit concurrent mark sweep GC freed 667(47KB) AllocSpace objects, 0(0B) LOS objects, 72% free, 1528KB/5MB, paused 250us total 13.466ms
I/art ( 3189): Explicit concurrent mark sweep GC freed 25(800B) AllocSpace objects, 0(0B) LOS objects, 72% free, 1527KB/5MB, paused 429us total 10.864ms
I/Zygote ( 3189): ...preloaded 3004 classes in 846ms.
I/art ( 3189): VMRuntime.preloadDexCaches starting
I/art ( 3189): VMRuntime.preloadDexCaches strings total=223572 before=41006 after=41006
I/art ( 3189): VMRuntime.preloadDexCaches types total=19030 before=6653 after=6697
I/art ( 3189): VMRuntime.preloadDexCaches fields total=88636 before=32658 after=33035
I/art ( 3189): VMRuntime.preloadDexCaches methods total=156113 before=67684 after=68620
I/art ( 3189): VMRuntime.preloadDexCaches finished
I/art ( 3189): Counter: 0
I/art ( 3189): Counter: 1
I/art ( 3189): Explicit concurrent mark sweep GC freed 41(15KB) AllocSpace objects, 0(0B) LOS objects, 73% free, 1514KB/5MB, paused 162us total 10.668ms
D/idmap ( 3311): error: no read access to /vendor/overlay: No such file or directory
I/Zygote ( 3189): Preloading resources...
W/Resources( 3189): Preloaded drawable resource #0x1080096 (android:drawable/toast_frame) that varies with configuration!!
W/Resources( 3189): Preloaded drawable resource #0x108010d (android:drawable/btn_check_on_pressed_holo_light) that varies with configuration!!
W/Resources( 3189): Preloaded drawable resource #0x108010c (android:drawable/btn_check_on_pressed_holo_dark) that varies with configuration!!
W/Resources( 3189): Preloaded drawable resource #0x108010a (android:drawable/btn_check_on_holo_light) that varies with configuration!!
W/Resources( 3189): Preloaded drawable resource #0x1080109 (android:drawable/btn_check_on_holo_dark) that varies with configuration!!
W/Resources( 3189): Preloaded drawable resource #0x1080107 (android:drawable/btn_check_on_focused_holo_light) that varies with configuration!!
W/Resources( 3189): Preloaded drawable resource #0x1080106 (android:drawable/btn_check_on_focused_holo_dark) that varies with configuration!!
W/Resources( 3189): Preloaded drawable resource #0x1080105 (android:drawable/btn_check_on_disabled_holo_light) that varies with configuration!!
W/Resources( 3189): Preloaded drawable resource #0x1080104 (android:drawable/btn_check_on_disabled_holo_dark) that varies with configuration!!
W/Resources( 3189): Preloaded drawable resource #0x1080103 (android:drawable/btn_check_on_disabled_focused_holo_light) that varies with configuration!!
W/Resources( 3189): Preloaded drawable resource #0x1080102 (android:drawable/btn_check_on_disabled_focused_holo_dark) that varies with configuration!!
W/Resources( 3189): Preloaded drawable resource #0x10800fa (android:drawable/btn_check_off_pressed_holo_light) that varies with configuration!!
W/Resources( 3189): Preloaded drawable resource #0x10800f9 (android:drawable/btn_check_off_pressed_holo_dark) that varies with configuration!!
E/qdhwcomposer( 1270): isValidDimension: layer handle is NULL
E/qdhwcomposer( 1270): isValidDimension: layer handle is NULL
W/Resources( 3189): Preloaded drawable resource #0x10800f5 (android:drawable/btn_check_off_holo_light) that varies with configuration!!
W/Resources( 3189): Preloaded drawable resource #0x10800f4 (android:drawable/btn_check_off_holo_dark) that varies with configuration!!
W/Resources( 3189): Preloaded drawable resource #0x10800f2 (android:drawable/btn_check_off_focused_holo_light) that varies with configuration!!
W/Resources( 3189): Preloaded drawable resource #0x10800f1 (android:drawable/btn_check_off_focused_holo_dark) that varies with configuration!!
W/Resources( 3189): Preloaded drawable resource #0x10800f0 (android:drawable/btn_check_off_disabled_holo_light) that varies with configuration!!
W/Resources( 3189): Preloaded drawable resource #0x10800ef (android:drawable/btn_check_off_disabled_holo_dark) that varies with configuration!!
W/Resources( 3189): Preloaded drawable resource #0x10800ee (android:drawable/btn_check_off_disabled_focused_holo_light) that varies with configuration!!
W/Resources( 3189): Preloaded drawable resource #0x10800ed (android:drawable/btn_check_off_disabled_focused_holo_dark) that varies with configuration!!
W/Resources( 3189): Preloaded drawable resource #0x108010a (android:drawable/btn_check_on_holo_light) that varies with configuration!!
W/Resources( 3189): Preloaded drawable resource #0x10800f5 (android:drawable/btn_check_off_holo_light) that varies with configuration!!
W/Resources( 3189): Preloaded drawable resource #0x108010d (android:drawable/btn_check_on_pressed_holo_light) that varies with configuration!!
W/Resources( 3189): Preloaded drawable resource #0x10800fa (android:drawable/btn_check_off_pressed_holo_light) that varies with configuration!!
W/Resources( 3189): Preloaded drawable resource #0x1080107 (android:drawable/btn_check_on_focused_holo_light) that varies with configuration!!
W/Resources( 3189): Preloaded drawable resource #0x10800f2 (android:drawable/btn_check_off_focused_holo_light) that varies with configuration!!
W/Resources( 3189): Preloaded drawable resource #0x10800f5 (android:drawable/btn_check_off_holo_light) that varies with configuration!!
W/Resources( 3189): Preloaded drawable resource #0x108010a (android:drawable/btn_check_on_holo_light) that varies with configuration!!
E/NetlinkListener( 3190): recvmsg failed (I/O error)
E/NetlinkListener( 683): recvmsg failed (I/O error)
W/Resources( 3189): Preloaded drawable resource #0x1080105 (android:drawable/btn_check_on_disabled_holo_light) that varies with configuration!!
W/Resources( 3189): Preloaded drawable resource #0x10800f0 (android:drawable/btn_check_off_disabled_holo_light) that varies with configuration!!
W/Resources( 3189): Preloaded drawable resource #0x1080103 (android:drawable/btn_check_on_disabled_focused_holo_light) that varies with configuration!!
W/Resources( 3189): Preloaded drawable resource #0x10800ee (android:drawable/btn_check_off_disabled_focused_holo_light) that varies with configuration!!
W/Resources( 3189): Preloaded drawable resource #0x10800f0 (android:drawable/btn_check_off_disabled_holo_light) that varies with configuration!!
W/Resources( 3189): Preloaded drawable resource #0x1080105 (android:drawable/btn_check_on_disabled_holo_light) that varies with configuration!!
W/Resources( 3189): Preloaded drawable resource #0x10800e3 (android:drawable/btn_check_holo_light) that varies with configuration!!
W/Resources( 3189): Preloaded drawable resource #0x1080109 (android:drawable/btn_check_on_holo_dark) that varies with configuration!!
W/Resources( 3189): Preloaded drawable resource #0x10800f4 (android:drawable/btn_check_off_holo_dark) that varies with configuration!!
W/Resources( 3189): Preloaded drawable resource #0x108010c (android:drawable/btn_check_on_pressed_holo_dark) that varies with configuration!!
W/Resources( 3189): Preloaded drawable resource #0x10800f9 (android:drawable/btn_check_off_pressed_holo_dark) that varies with configuration!!
W/Resources( 3189): Preloaded drawable resource #0x1080106 (android:drawable/btn_check_on_focused_holo_dark) that varies with configuration!!
W/Resources( 3189): Preloaded drawable resource #0x10800f1 (android:drawable/btn_check_off_focused_holo_dark) that varies with configuration!!
W/Resources( 3189): Preloaded drawable resource #0x10800f4 (android:drawable/btn_check_off_holo_dark) that varies with configuration!!
W/Resources( 3189): Preloaded drawable resource #0x1080109 (android:drawable/btn_check_on_holo_dark) that varies with configuration!!
W/Resources( 3189): Preloaded drawable resource #0x1080104 (android:drawable/btn_check_on_disabled_holo_dark) that varies with configuration!!
W/Resources( 3189): Preloaded drawable resource #0x10800ef (android:drawable/btn_check_off_disabled_holo_dark) that varies with configuration!!
W/Resources( 3189): Preloaded drawable resource #0x1080102 (android:drawable/btn_check_on_disabled_focused_holo_dark) that varies with configuration!!
W/Resources( 3189): Preloaded drawable resource #0x10800ed (android:drawable/btn_check_off_disabled_focused_holo_dark) that varies with configuration!!
W/Resources( 3189): Preloaded drawable resource #0x10800ef (android:drawable/btn_check_off_disabled_holo_dark) that varies with configuration!!
W/Resources( 3189): Preloaded drawable resource #0x1080104 (android:drawable/btn_check_on_disabled_holo_dark) that varies with configuration!!
W/Resources( 3189): Preloaded drawable resource #0x10800e2 (android:drawable/btn_check_holo_dark) that varies with configuration!!
W/Resources( 3189): Preloaded drawable resource #0x10801bd (android:drawable/btn_radio_on_pressed_holo_light) that varies with configuration!!
W/Resources( 3189): Preloaded drawable resource #0x10801bc (android:drawable/btn_radio_on_pressed_holo_dark) that varies with configuration!!
W/Resources( 3189): Preloaded drawable resource #0x10801b9 (android:drawable/btn_radio_on_holo_light) that varies with configuration!!
W/Resources( 3189): Preloaded drawable resource #0x10801b8 (android:drawable/btn_radio_on_holo_dark) that varies with configuration!!
W/Resources( 3189): Preloaded drawable resource #0x10801b6 (android:drawable/btn_radio_on_focused_holo_light) that varies with configuration!!
W/Resources( 3189): Preloaded drawable resource #0x10801b5 (android:drawable/btn_radio_on_focused_holo_dark) that varies with configuration!!
W/Resources( 3189): Preloaded drawable resource #0x10801b4 (android:drawable/btn_radio_on_disabled_holo_light) that varies with configuration!!
W/Resources( 3189): Preloaded drawable resource #0x10801b3 (android:drawable/btn_radio_on_disabled_holo_dark) that varies with configuration!!
W/Resources( 3189): Preloaded drawable resource #0x10801b2 (android:drawable/btn_radio_on_disabled_focused_holo_light) that varies with configuration!!
W/Resources( 3189): Preloaded drawable resource #0x10801b1 (android:drawable/btn_radio_on_disabled_focused_holo_dark) that varies with configuration!!
W/Resources( 3189): Preloaded drawable resource #0x10801ae (android:drawable/btn_radio_off_pressed_holo_light) that varies with configuration!!
W/Resources( 3189): Preloaded drawable resource #0x10801ad (android:drawable/btn_radio_off_pressed_holo_dark) that varies with configuration!!
W/Resources( 3189): Preloaded drawable resource #0x10801ab (android:drawable/btn_radio_off_holo_light) that varies with configuration!!
W/Resources( 3189): Preloaded drawable resource #0x10801aa (android:drawable/btn_radio_off_holo_dark) that varies with configuration!!
W/Resources( 3189): Preloaded drawable resource #0x10801a8 (android:drawable/btn_radio_off_focused_holo_light) that varies with configuration!!
W/Resources( 3189): Preloaded drawable resource #0x10801a7 (android:drawable/btn_radio_off_focused_holo_dark) that varies with configuration!!
W/Resources( 3189): Preloaded drawable resource #0x10801a6 (android:drawable/btn_radio_off_disabled_holo_light) that varies with configuration!!
W/Resources( 3189): Preloaded drawable resource #0x10801a5 (android:drawable/btn_radio_off_disabled_holo_dark) that varies with configuration!!
W/Resources( 3189): Preloaded drawable resource #0x10801a4 (android:drawable/btn_radio_off_disabled_focused_holo_light) that varies with configuration!!
W/Resources( 3189): Preloaded drawable resource #0x10801a3 (android:drawable/btn_radio_off_disabled_focused_holo_dark) that varies with configuration!!
W/Resources( 3189): Preloaded drawable resource #0x108014e (android:drawable/btn_default_pressed_holo_light) that varies with configuration!!
W/Resources( 3189): Preloaded drawable resource #0x108014d (android:drawable/btn_default_pressed_holo_dark) that varies with configuration!!
W/Resources( 3189): Preloaded drawable resource #0x108014a (android:drawable/btn_default_normal_holo_light) that varies with configuration!!
W/Resources( 3189): Preloaded drawable resource #0x1080149 (android:drawable/btn_default_normal_holo_dark) that varies with configuration!!
W/Resources( 3189): Preloaded drawable resource #0x1080140 (android:drawable/btn_default_focused_holo_light) that varies with configuration!!
W/Resources( 3189): Preloaded drawable resource #0x108013f (android:drawable/btn_default_focused_holo_dark) that varies with configuration!!
W/Resources( 3189): Preloaded drawable resource #0x108013d (android:drawable/btn_default_disabled_holo_light) that varies with configuration!!
W/Resources( 3189): Preloaded drawable resource #0x108013c (android:drawable/btn_default_disabled_holo_dark) that varies with configuration!!
W/Resources( 3189): Preloaded drawable resource #0x108013a (android:drawable/btn_default_disabled_focused_holo_light) that varies with configuration!!
W/Resources( 3189): Preloaded drawable resource #0x1080139 (android:drawable/btn_default_disabled_focused_holo_dark) that varies with configuration!!
W/Resources( 3189): Preloaded drawable resource #0x1080149 (android:drawable/btn_default_normal_holo_dark) that varies with configuration!!
W/Resources( 3189): Preloaded drawable resource #0x108013c (android:drawable/btn_default_disabled_holo_dark) that varies with configuration!!
W/Resources( 3189): Preloaded drawable resource #0x108014d (android:drawable/btn_default_pressed_holo_dark) that varies with configuration!!
W/Resources( 3189): Preloaded drawable resource #0x108013f (android:drawable/btn_default_focused_holo_dark) that varies with configuration!!
W/Resources( 3189): Preloaded drawable resource #0x1080149 (android:drawable/btn_default_normal_holo_dark) that varies with configuration!!
W/Resources( 3189): Preloaded drawable resource #0x1080139 (android:drawable/btn_default_disabled_focused_holo_dark) that varies with configuration!!
W/Resources( 3189): Preloaded drawable resource #0x108013c (android:drawable/btn_default_disabled_holo_dark) that varies with configuration!!
W/Resources( 3189): Preloaded drawable resource #0x1080141 (android:drawable/btn_default_holo_dark) that varies with configuration!!
W/Resources( 3189): Preloaded drawable resource #0x108014a (android:drawable/btn_default_normal_holo_light) that varies with configuration!!
W/Resources( 3189): Preloaded drawable resource #0x108013d (android:drawable/btn_default_disabled_holo_light) that varies with configuration!!
W/Resources( 3189): Preloaded drawable resource #0x108014e (android:drawable/btn_default_pressed_holo_light) that varies with configuration!!
W/Resources( 3189): Preloaded drawable resource #0x1080140 (android:drawable/btn_default_focused_holo_light) that varies with configuration!!
W/Resources( 3189): Preloaded drawable resource #0x108014a (android:drawable/btn_default_normal_holo_light) that varies with configuration!!
W/Resources( 3189): Preloaded drawable resource #0x108013a (android:drawable/btn_default_disabled_focused_holo_light) that varies with configuration!!
W/Resources( 3189): Preloaded drawable resource #0x108013d (android:drawable/btn_default_disabled_holo_light) that varies with configuration!!
W/Resources( 3189): Preloaded drawable resource #0x1080142 (android:drawable/btn_default_holo_light) that varies with configuration!!
W/Resources( 3189): Preloaded drawable resource #0x108021e (android:drawable/btn_star_off_normal_holo_light) that varies with configuration!!
W/Resources( 3189): Preloaded drawable resource #0x1080228 (android:drawable/btn_star_on_normal_holo_light) that varies with configuration!!
W/Resources( 3189): Preloaded drawable resource #0x1080224 (android:drawable/btn_star_on_disabled_holo_light) that varies with configuration!!
W/Resources( 3189): Preloaded drawable resource #0x108021a (android:drawable/btn_star_off_disabled_holo_light) that varies with configuration!!
W/Resources( 3189): Preloaded drawable resource #0x108022a (android:drawable/btn_star_on_pressed_holo_light) that varies with configuration!!
W/Resources( 3189): Preloaded drawable resource #0x1080220 (android:drawable/btn_star_off_pressed_holo_light) that varies with configuration!!
W/Resources( 3189): Preloaded drawable resource #0x1080226 (android:drawable/btn_star_on_focused_holo_light) that varies with configuration!!
W/Resources( 3189): Preloaded drawable resource #0x108021c (android:drawable/btn_star_off_focused_holo_light) that varies with configuration!!
W/Resources( 3189): Preloaded drawable resource #0x1080222 (android:drawable/btn_star_on_disabled_focused_holo_light) that varies with configuration!!
W/Resources( 3189): Preloaded drawable resource #0x1080218 (android:drawable/btn_star_off_disabled_focused_holo_light) that varies with configuration!!
W/Resources( 3189): Preloaded drawable resource #0x108021e (android:drawable/btn_star_off_normal_holo_light) that varies with configuration!!
W/Resources( 3189): Preloaded drawable resource #0x1080228 (android:drawable/btn_star_on_normal_holo_light) that varies with configuration!!
W/Resources( 3189): Preloaded drawable resource #0x1080224 (android:drawable/btn_star_on_disabled_holo_light) that varies with configuration!!
W/Resources( 3189): Preloaded drawable resource #0x108021a (android:drawable/btn_star_off_disabled_holo_light) that varies with configuration!!
W/Resources( 3189): Preloaded drawable resource #0x108022a (android:drawable/btn_star_on_pressed_holo_light) that varies with configuration!!
W/Resources( 3189): Preloaded drawable resource #0x1080220 (android:drawable/btn_star_off_pressed_holo_light) that varies with configuration!!
W/Resources( 3189): Preloaded drawable resource #0x1080226 (android:drawable/btn_star_on_focused_holo_light) that varies with configuration!!
W/Resources( 3189): Preloaded drawable resource #0x108021c (android:drawable/btn_star_off_focused_holo_light) that varies with configuration!!
W/Resources( 3189): Preloaded drawable resource #0x1080222 (android:drawable/btn_star_on_disabled_focused_holo_light) that varies with configuration!!
W/Resources( 3189): Preloaded drawable resource #0x1080224 (android:drawable/btn_star_on_disabled_holo_light) that varies with configuration!!
W/Resources( 3189): Preloaded drawable resource #0x1080218 (android:drawable/btn_star_off_disabled_focused_holo_light) that varies with configuration!!
W/Resources( 3189): Preloaded drawable resource #0x108021a (android:drawable/btn_star_off_disabled_holo_light) that varies with configuration!!
W/Resources( 3189): Preloaded drawable resource #0x108021e (android:drawable/btn_star_off_normal_holo_light) that varies with configuration!!
W/Resources( 3189): Preloaded drawable resource #0x1080228 (android:drawable/btn_star_on_normal_holo_light) that varies with configuration!!
W/Resources( 3189): Preloaded drawable resource #0x1080213 (android:drawable/btn_star_holo_light) that varies with configuration!!
W/Resources( 3189): Preloaded drawable resource #0x108021d (android:drawable/btn_star_off_normal_holo_dark) that varies with configuration!!
W/Resources( 3189): Preloaded drawable resource #0x1080227 (android:drawable/btn_star_on_normal_holo_dark) that varies with configuration!!
W/Resources( 3189): Preloaded drawable resource #0x1080223 (android:drawable/btn_star_on_disabled_holo_dark) that varies with configuration!!
W/Resources( 3189): Preloaded drawable resource #0x1080219 (android:drawable/btn_star_off_disabled_holo_dark) that varies with configuration!!
W/Resources( 3189): Preloaded drawable resource #0x1080229 (android:drawable/btn_star_on_pressed_holo_dark) that varies with configuration!!
W/Resources( 3189): Preloaded drawable resource #0x108021f (android:drawable/btn_star_off_pressed_holo_dark) that varies with configuration!!
W/Resources( 3189): Preloaded drawable resource #0x1080225 (android:drawable/btn_star_on_focused_holo_dark) that varies with configuration!!
W/Resources( 3189): Preloaded drawable resource #0x108021b (android:drawable/btn_star_off_focused_holo_dark) that varies with configuration!!
W/Resources( 3189): Preloaded drawable resource #0x1080221 (android:drawable/btn_star_on_disabled_focused_holo_dark) that varies with configuration!!
W/Resources( 3189): Preloaded drawable resource #0x1080217 (android:drawable/btn_star_off_disabled_focused_holo_dark) that varies with configuration!!
W/Resources( 3189): Preloaded drawable resource #0x108021d (android:drawable/btn_star_off_normal_holo_dark) that varies with configuration!!
W/Resources( 3189): Preloaded drawable resource #0x1080227 (android:drawable/btn_star_on_normal_holo_dark) that varies with configuration!!
W/Resources( 3189): Preloaded drawable resource #0x1080223 (android:drawable/btn_star_on_disabled_holo_dark) that varies with configuration!!
W/Resources( 3189): Preloaded drawable resource #0x1080219 (android:drawable/btn_star_off_disabled_holo_dark) that varies with configuration!!
W/Resources( 3189): Preloaded drawable resource #0x1080229 (android:drawable/btn_star_on_pressed_holo_dark) that varies with configuration!!
W/Resources( 3189): Preloaded drawable resource #0x108021f (android:drawable/btn_star_off_pressed_holo_dark) that varies with configuration!!
W/Resources( 3189): Preloaded drawable resource #0x1080225 (android:drawable/btn_star_on_focused_holo_dark) that varies with configuration!!
W/Resources( 3189): Preloaded drawable resource #0x108021b (android:drawable/btn_star_off_focused_holo_dark) that varies with configuration!!
W/Resources( 3189): Preloaded drawable resource #0x1080221 (android:drawable/btn_star_on_disabled_focused_holo_dark) that varies with configuration!!
W/Resources( 3189): Preloaded drawable resource #0x1080223 (android:drawable/btn_star_on_disabled_holo_dark) that varies with configuration!!
W/Resources( 3189): Preloaded drawable resource #0x1080217 (android:drawable/btn_star_off_disabled_focused_holo_dark) that varies with configuration!!
W/Resources( 3189): Preloaded drawable resource #0x1080219 (android:drawable/btn_star_off_disabled_holo_dark) that varies with configuration!!
W/Resources( 3189): Preloaded drawable resource #0x108021d (android:drawable/btn_star_off_normal_holo_dark) that varies with configuration!!
W/Resources( 3189): Preloaded drawable resource #0x1080227 (android:drawable/btn_star_on_normal_holo_dark) that varies with configuration!!
W/Resources( 3189): Preloaded drawable resource #0x1080212 (android:drawable/btn_star_holo_dark) that varies with configuration!!
W/Resources( 3189): Preloaded drawable resource #0x108025e (android:drawable/btn_toggle_on_pressed_holo_light) that varies with configuration!!
W/Resources( 3189): Preloaded drawable resource #0x108025d (android:drawable/btn_toggle_on_pressed_holo_dark) that varies with configuration!!
W/Resources( 3189): Preloaded drawable resource #0x108025c (android:drawable/btn_toggle_on_normal_holo_light) that varies with configuration!!
W/Resources( 3189): Preloaded drawable resource #0x108025b (android:drawable/btn_toggle_on_normal_holo_dark) that varies with configuration!!
W/Resources( 3189): Preloaded drawable resource #0x108025a (android:drawable/btn_toggle_on_focused_holo_light) that varies with configuration!!
W/Resources( 3189): Preloaded drawable resource #0x1080259 (android:drawable/btn_toggle_on_focused_holo_dark) that varies with configuration!!
W/Resources( 3189): Preloaded drawable resource #0x1080258 (android:drawable/btn_toggle_on_disabled_holo_light) that varies with configuration!!
W/Resources( 3189): Preloaded drawable resource #0x1080257 (android:drawable/btn_toggle_on_disabled_holo_dark) that varies with configuration!!
W/Resources( 3189): Preloaded drawable resource #0x1080256 (android:drawable/btn_toggle_on_disabled_focused_holo_light) that varies with configuration!!
W/Resources( 3189): Preloaded drawable resource #0x1080255 (android:drawable/btn_toggle_on_disabled_focused_holo_dark) that varies with configuration!!
W/Resources( 3189): Preloaded drawable resource #0x1080253 (android:drawable/btn_toggle_off_pressed_holo_light) that varies with configuration!!
W/Resources( 3189): Preloaded drawable resource #0x1080252 (android:drawable/btn_toggle_off_pressed_holo_dark) that varies with configuration!!
W/Resources( 3189): Preloaded drawable resource #0x1080251 (android:drawable/btn_toggle_off_normal_holo_light) that varies with configuration!!
W/Resources( 3189): Preloaded drawable resource #0x1080250 (android:drawable/btn_toggle_off_normal_holo_dark) that varies with configuration!!
W/Resources( 3189): Preloaded drawable resource #0x108024f (android:drawable/btn_toggle_off_focused_holo_light) that varies with configuration!!
W/Resources( 3189): Preloaded drawable resource #0x108024e (android:drawable/btn_toggle_off_focused_holo_dark) that varies with configuration!!
W/Resources( 3189): Preloaded drawable resource #0x108024d (android:drawable/btn_toggle_off_disabled_holo_light) that varies with configuration!!
W/Resources( 3189): Preloaded drawable resource #0x108024c (android:drawable/btn_toggle_off_disabled_holo_dark) that varies with configuration!!
W/Resources( 3189): Preloaded drawable resource #0x108024b (android:drawable/btn_toggle_off_disabled_focused_holo_light) that varies with configuration!!
W/Resources( 3189): Preloaded drawable resource #0x108024a (android:drawable/btn_toggle_off_disabled_focused_holo_dark) that varies with configuration!!
W/Resources( 3189): Preloaded drawable resource #0x108025c (android:drawable/btn_toggle_on_normal_holo_light) that varies with configuration!!
W/Resources( 3189): Preloaded drawable resource #0x1080258 (android:drawable/btn_toggle_on_disabled_holo_light) that varies with configuration!!
W/Resources( 3189): Preloaded drawable resource #0x108025e (android:drawable/btn_toggle_on_pressed_holo_light) that varies with configuration!!
W/Resources( 3189): Preloaded drawable resource #0x108025a (android:drawable/btn_toggle_on_focused_holo_light) that varies with configuration!!
W/Resources( 3189): Preloaded drawable resource #0x108025c (android:drawable/btn_toggle_on_normal_holo_light) that varies with configuration!!
W/Resources( 3189): Preloaded drawable resource #0x1080256 (android:drawable/btn_toggle_on_disabled_focused_holo_light) that varies with configuration!!
W/Resources( 3189): Preloaded drawable resource #0x1080258 (android:drawable/btn_toggle_on_disabled_holo_light) that varies with configuration!!
W/Resources( 3189): Preloaded drawable resource #0x1080251 (android:drawable/btn_toggle_off_normal_holo_light) that varies with configuration!!
W/Resources( 3189): Preloaded drawable resource #0x108024d (android:drawable/btn_toggle_off_disabled_holo_light) that varies with configuration!!
W/Resources( 3189): Preloaded drawable resource #0x1080253 (android:drawable/btn_toggle_off_pressed_holo_light) that varies with configuration!!
W/Resources( 3189): Preloaded drawable resource #0x108024f (android:drawable/btn_toggle_off_focused_holo_light) that varies with configuration!!
W/Resources( 3189): Preloaded drawable resource #0x1080251 (android:drawable/btn_toggle_off_normal_holo_light) that varies with configuration!!
W/Resources( 3189): Preloaded drawable resource #0x108024b (android:drawable/btn_toggle_off_disabled_focused_holo_light) that varies with configuration!!
W/Resources( 3189): Preloaded drawable resource #0x108024d (android:drawable/btn_toggle_off_disabled_holo_light) that varies with configuration!!
W/Resources( 3189): Preloaded drawable resource #0x1080246 (android:drawable/btn_toggle_holo_light) that varies with configuration!!
W/Resources( 3189): Preloaded drawable resource #0x108025b (android:drawable/btn_toggle_on_normal_holo_dark) that varies with configuration!!
W/Resources( 3189): Preloaded drawable resource #0x1080257 (android:drawable/btn_toggle_on_disabled_holo_dark) that varies with configuration!!
W/Resources( 3189): Preloaded drawable resource #0x108025d (android:drawable/btn_toggle_on_pressed_holo_dark) that varies with configuration!!
W/Resources( 3189): Preloaded drawable resource #0x1080259 (android:drawable/btn_toggle_on_focused_holo_dark) that varies with configuration!!
W/Resources( 3189): Preloaded drawable resource #0x108025b (android:drawable/btn_toggle_on_normal_holo_dark) that varies with configuration!!
W/Resources( 3189): Preloaded drawable resource #0x1080255 (android:drawable/btn_toggle_on_disabled_focused_holo_dark) that varies with configuration!!
W/Resources( 3189): Preloaded drawable resource #0x1080257 (android:drawable/btn_toggle_on_disabled_holo_dark) that varies with configuration!!
W/Resources( 3189): Preloaded drawable resource #0x1080250 (android:drawable/btn_toggle_off_normal_holo_dark) that varies with configuration!!
W/Resources( 3189): Preloaded drawable resource #0x108024c (android:drawable/btn_toggle_off_disabled_holo_dark) that varies with configuration!!
W/Resources( 3189): Preloaded drawable resource #0x1080252 (android:drawable/btn_toggle_off_pressed_holo_dark) that varies with configuration!!
W/Resources( 3189): Preloaded drawable resource #0x108024e (android:drawable/btn_toggle_off_focused_holo_dark) that varies with configuration!!
W/Resources( 3189): Preloaded drawable resource #0x1080250 (android:drawable/btn_toggle_off_normal_holo_dark) that varies with configuration!!
W/Resources( 3189): Preloaded drawable resource #0x108024a (android:drawable/btn_toggle_off_disabled_focused_holo_dark) that varies with configuration!!
W/Resources( 3189): Preloaded drawable resource #0x108024c (android:drawable/btn_toggle_off_disabled_holo_dark) that varies with configuration!!
W/Resources( 3189): Preloaded drawable resource #0x1080245 (android:drawable/btn_toggle_holo_dark) that varies with configuration!!
W/Resources( 3189): Preloaded drawable resource #0x1080727 (android:drawable/textfield_multiline_default_holo_light) that varies with configuration!!
W/Resources( 3189): Preloaded drawable resource #0x108072b (android:drawable/textfield_multiline_disabled_holo_light) that varies with configuration!!
W/Resources( 3189): Preloaded drawable resource #0x1080725 (android:drawable/textfield_multiline_activated_holo_light) that varies with configuration!!
W/Resources( 3189): Preloaded drawable resource #0x108072d (android:drawable/textfield_multiline_focused_holo_light) that varies with configuration!!
W/Resources( 3189): Preloaded drawable resource #0x1080727 (android:drawable/textfield_multiline_default_holo_light) that varies with configuration!!
W/Resources( 3189): Preloaded drawable resource #0x1080729 (android:drawable/textfield_multiline_disabled_focused_holo_light) that varies with configuration!!
W/Resources( 3189): Preloaded drawable resource #0x108072b (android:drawable/textfield_multiline_disabled_holo_light) that varies with configuration!!
W/Resources( 3189): Preloaded drawable resource #0x1080719 (android:drawable/textfield_default_holo_light) that varies with configuration!!
W/Resources( 3189): Preloaded drawable resource #0x108071f (android:drawable/textfield_disabled_holo_light) that varies with configuration!!
W/Resources( 3189): Preloaded drawable resource #0x1080710 (android:drawable/textfield_activated_holo_light) that varies with configuration!!
W/Resources( 3189): Preloaded drawable resource #0x1080722 (android:drawable/textfield_focused_holo_light) that varies with configuration!!
W/Resources( 3189): Preloaded drawable resource #0x1080719 (android:drawable/textfield_default_holo_light) that varies with configuration!!
W/Resources( 3189): Preloaded drawable resource #0x108071d (android:drawable/textfield_disabled_focused_holo_light) that varies with configuration!!
W/Resources( 3189): Preloaded drawable resource #0x108071f (android:drawable/textfield_disabled_holo_light) that varies with configuration!!
W/Resources( 3189): Preloaded drawable resource #0x10802c6 (android:drawable/edit_text_holo_light) that varies with configuration!!
