E/NetlinkListener( 681): recvmsg failed (I/O error)
E/NetlinkListener( 683): recvmsg failed (I/O error)
E/NetlinkListener( 681): recvmsg failed (I/O error)
E/NetlinkListener( 683): recvmsg failed (I/O error)
E/NetlinkListener( 681): recvmsg failed (I/O error)
E/NetlinkListener( 683): recvmsg failed (I/O error)
E/NetlinkListener( 681): recvmsg failed (I/O error)
E/NetlinkListener( 681): recvmsg failed (I/O error)
E/NetlinkListener( 683): recvmsg failed (I/O error)
E/NetlinkListener( 683): recvmsg failed (I/O error)
E/NetlinkListener( 681): recvmsg failed (I/O error)
E/NetlinkListener( 681): recvmsg failed (I/O error)
E/NetlinkListener( 683): recvmsg failed (I/O error)
E/NetlinkListener( 681): recvmsg failed (I/O error)
E/NetlinkListener( 683): recvmsg failed (I/O error)
E/NetlinkListener( 681): recvmsg failed (I/O error)
E/NetlinkListener( 683): recvmsg failed (I/O error)
E/NetlinkListener( 681): recvmsg failed (I/O error)
E/NetlinkListener( 683): recvmsg failed (I/O error)
E/NetlinkListener( 681): recvmsg failed (I/O error)
E/NetlinkListener( 683): recvmsg failed (I/O error)
E/NetlinkListener( 683): recvmsg failed (I/O error)
E/NetlinkListener( 681): recvmsg failed (I/O error)
E/NetlinkListener( 683): recvmsg failed (I/O error)
E/NetlinkListener( 681): recvmsg failed (I/O error)
E/NetlinkListener( 681): recvmsg failed (I/O error)
E/NetlinkListener( 683): recvmsg failed (I/O error)
E/NetlinkListener( 683): recvmsg failed (I/O error)
E/NetlinkListener( 681): recvmsg failed (I/O error)
E/NetlinkListener( 681): recvmsg failed (I/O error)
E/NetlinkListener( 683): recvmsg failed (I/O error)
E/NetlinkListener( 681): recvmsg failed (I/O error)
E/NetlinkListener( 683): recvmsg failed (I/O error)
E/NetlinkListener( 681): recvmsg failed (I/O error)
E/NetlinkListener( 683): recvmsg failed (I/O error)
E/NetlinkListener( 681): recvmsg failed (I/O error)
E/NetlinkListener( 683): recvmsg failed (I/O error)
E/NetlinkListener( 681): recvmsg failed (I/O error)
E/NetlinkListener( 683): recvmsg failed (I/O error)
E/NetlinkListener( 681): recvmsg failed (I/O error)
E/NetlinkListener( 683): recvmsg failed (I/O error)
E/NetlinkListener( 681): recvmsg failed (I/O error)
E/NetlinkListener( 683): recvmsg failed (I/O error)
E/NetlinkListener( 681): recvmsg failed (I/O error)
E/NetlinkListener( 683): recvmsg failed (I/O error)
E/NetlinkListener( 681): recvmsg failed (I/O error)
E/NetlinkListener( 683): recvmsg failed (I/O error)
E/NetlinkListener( 683): recvmsg failed (I/O error)
E/NetlinkListener( 683): recvmsg failed (I/O error)
E/NetlinkListener( 681): recvmsg failed (I/O error)
E/NetlinkListener( 681): recvmsg failed (I/O error)
E/NetlinkListener( 683): recvmsg failed (I/O error)
E/NetlinkListener( 681): recvmsg failed (I/O error)
E/NetlinkListener( 681): recvmsg failed (I/O error)
E/NetlinkListener( 683): recvmsg failed (I/O error)
E/NetlinkListener( 683): recvmsg failed (I/O error)
E/NetlinkListener( 681): recvmsg failed (I/O error)
E/NetlinkListener( 683): recvmsg failed (I/O error)
E/NetlinkListener( 683): recvmsg failed (I/O error)
E/NetlinkListener( 681): recvmsg failed (I/O error)
E/NetlinkListener( 681): recvmsg failed (I/O error)
E/NetlinkListener( 681): recvmsg failed (I/O error)
E/NetlinkListener( 683): recvmsg failed (I/O error)
E/NetlinkListener( 681): recvmsg failed (I/O error)
E/NetlinkListener( 683): recvmsg failed (I/O error)
E/NetlinkListener( 681): recvmsg failed (I/O error)
E/NetlinkListener( 683): recvmsg failed (I/O error)
E/NetlinkListener( 681): recvmsg failed (I/O error)
E/NetlinkListener( 683): recvmsg failed (I/O error)
E/NetlinkListener( 681): recvmsg failed (I/O error)
E/NetlinkListener( 683): recvmsg failed (I/O error)
E/NetlinkListener( 681): recvmsg failed (I/O error)
E/NetlinkListener( 683): recvmsg failed (I/O error)
E/NetlinkListener( 681): recvmsg failed (I/O error)
E/NetlinkListener( 683): recvmsg failed (I/O error)
E/NetlinkListener( 681): recvmsg failed (I/O error)
E/NetlinkListener( 683): recvmsg failed (I/O error)
E/NetlinkListener( 681): recvmsg failed (I/O error)
E/NetlinkListener( 683): recvmsg failed (I/O error)
E/NetlinkListener( 681): recvmsg failed (I/O error)
E/NetlinkListener( 683): recvmsg failed (I/O error)
E/NetlinkListener( 681): recvmsg failed (I/O error)
E/NetlinkListener( 683): recvmsg failed (I/O error)
E/NetlinkListener( 683): recvmsg failed (I/O error)
E/NetlinkListener( 681): recvmsg failed (I/O error)
E/NetlinkListener( 681): recvmsg failed (I/O error)
E/NetlinkListener( 683): recvmsg failed (I/O error)
E/NetlinkListener( 681): recvmsg failed (I/O error)
E/NetlinkListener( 683): recvmsg failed (I/O error)
E/NetlinkListener( 681): recvmsg failed (I/O error)
E/NetlinkListener( 683): recvmsg failed (I/O error)
E/NetlinkListener( 683): recvmsg failed (I/O error)
E/NetlinkListener( 681): recvmsg failed (I/O error)
E/NetlinkListener( 681): recvmsg failed (I/O error)
E/NetlinkListener( 683): recvmsg failed (I/O error)
E/NetlinkListener( 683): recvmsg failed (I/O error)
E/NetlinkListener( 681): recvmsg failed (I/O error)
E/NetlinkListener( 681): recvmsg failed (I/O error)
E/NetlinkListener( 683): recvmsg failed (I/O error)
E/NetlinkListener( 681): recvmsg failed (I/O error)
E/NetlinkListener( 683): recvmsg failed (I/O error)
E/NetlinkListener( 683): recvmsg failed (I/O error)
E/NetlinkListener( 681): recvmsg failed (I/O error)
I/InstallerConnection( 2068): connecting...
E/NetlinkListener( 683): recvmsg failed (I/O error)
E/NetlinkListener( 681): recvmsg failed (I/O error)
E/NetlinkListener( 681): recvmsg failed (I/O error)
E/NetlinkListener( 683): recvmsg failed (I/O error)
E/NetlinkEvent( 681): Unknown ifindex 21 in RTM_DELADDR
E/NetlinkListener( 681): recvmsg failed (I/O error)
E/NetlinkListener( 683): recvmsg failed (I/O error)
E/NetlinkListener( 681): recvmsg failed (I/O error)
E/NetlinkListener( 683): recvmsg failed (I/O error)
E/NetlinkListener( 681): recvmsg failed (I/O error)
E/NetlinkListener( 683): recvmsg failed (I/O error)
E/NetlinkListener( 681): recvmsg failed (I/O error)
E/NetlinkListener( 683): recvmsg failed (I/O error)
E/NetlinkListener( 683): recvmsg failed (I/O error)
E/NetlinkListener( 681): recvmsg failed (I/O error) --------- beginning of main
I/ThermalEngine( 672): Sensor:tsens_tz_sensor6:71000 mC
I/ThermalEngine( 672): ACTION: CPU - Setting CPU[0] to 1728000
I/ThermalEngine( 672): ACTION: CPU - Setting CPU[1] to 1728000
I/ThermalEngine( 672): ACTION: CPU - Setting CPU[2] to 1728000
I/ThermalEngine( 672): ACTION: CPU - Setting CPU[3] to 1728000
I/ThermalEngine( 672): Sensor:tsens_tz_sensor5:67000 mC
E/NetlinkListener( 683): recvmsg failed (I/O error)
E/NetlinkListener( 681): recvmsg failed (I/O error)
E/NetlinkListener( 683): recvmsg failed (I/O error)
E/NetlinkListener( 681): recvmsg failed (I/O error)
I/ThermalEngine( 672): Sensor:tsens_tz_sensor8:64000 mC
I/ThermalEngine( 672): Sensor:tsens_tz_sensor7:65000 mC
I/ThermalEngine( 672): Sensor:tsens_tz_sensor6:66000 mC
I/ThermalEngine( 672): ACTION: CPU - Setting CPU[0] to 1958400
I/ThermalEngine( 672): ACTION: CPU - Setting CPU[1] to 1958400
I/ThermalEngine( 672): ACTION: CPU - Setting CPU[2] to 1958400
I/ThermalEngine( 672): ACTION: CPU - Setting CPU[3] to 1958400
I/ThermalEngine( 672): Sensor:tsens_tz_sensor5:68000 mC
E/NetlinkListener( 681): recvmsg failed (I/O error)
E/NetlinkListener( 683): recvmsg failed (I/O error)
I/ThermalEngine( 672): Sensor:tsens_tz_sensor8:65000 mC
I/ThermalEngine( 672): Sensor:tsens_tz_sensor7:63000 mC
I/ThermalEngine( 672): Sensor:tsens_tz_sensor6:70000 mC
I/ThermalEngine( 672): ACTION: CPU - Setting CPU[0] to 2265600
I/ThermalEngine( 672): ACTION: CPU - Setting CPU[1] to 2265600
I/ThermalEngine( 672): ACTION: CPU - Setting CPU[2] to 2265600
I/ThermalEngine( 672): ACTION: CPU - Setting CPU[3] to 2265600
I/ThermalEngine( 672): Sensor:tsens_tz_sensor5:67000 mC
E/NetlinkListener( 681): recvmsg failed (I/O error)
E/NetlinkListener( 683): recvmsg failed (I/O error)
E/NetlinkListener( 683): recvmsg failed (I/O error)
E/NetlinkListener( 681): recvmsg failed (I/O error)
I/ThermalEngine( 672): Sensor:tsens_tz_sensor8:68000 mC
I/ThermalEngine( 672): Sensor:tsens_tz_sensor7:66000 mC
I/ThermalEngine( 672): Sensor:tsens_tz_sensor6:71000 mC
I/ThermalEngine( 672): ACTION: CPU - Setting CPU[0] to 1958400
I/ThermalEngine( 672): ACTION: CPU - Setting CPU[1] to 1958400
I/ThermalEngine( 672): ACTION: CPU - Setting CPU[2] to 1958400
I/ThermalEngine( 672): ACTION: CPU - Setting CPU[3] to 1958400
I/ThermalEngine( 672): Sensor:tsens_tz_sensor5:67000 mC
E/NetlinkListener( 681): recvmsg failed (I/O error)
E/NetlinkListener( 683): recvmsg failed (I/O error)
E/NetlinkListener( 681): recvmsg failed (I/O error)
E/NetlinkListener( 683): recvmsg failed (I/O error)
E/NetlinkListener( 683): recvmsg failed (I/O error)
E/NetlinkListener( 681): recvmsg failed (I/O error)
I/ThermalEngine( 672): Sensor:tsens_tz_sensor8:69000 mC
I/ThermalEngine( 672): Sensor:tsens_tz_sensor7:66000 mC
I/ThermalEngine( 672): Sensor:tsens_tz_sensor6:70000 mC
I/ThermalEngine( 672): ACTION: CPU - Setting CPU[0] to 2265600
I/ThermalEngine( 672): ACTION: CPU - Setting CPU[1] to 2265600
I/ThermalEngine( 672): ACTION: CPU - Setting CPU[2] to 2265600
I/ThermalEngine( 672): ACTION: CPU - Setting CPU[3] to 2265600
I/ThermalEngine( 672): Sensor:tsens_tz_sensor5:69000 mC
I/ThermalEngine( 672): Sensor:tsens_tz_sensor8:72000 mC
I/ThermalEngine( 672): ACTION: CPU - Setting CPU[0] to 1958400
I/ThermalEngine( 672): ACTION: CPU - Setting CPU[1] to 1958400
I/ThermalEngine( 672): ACTION: CPU - Setting CPU[2] to 1958400
I/ThermalEngine( 672): ACTION: CPU - Setting CPU[3] to 1958400
I/ThermalEngine( 672): Sensor:tsens_tz_sensor7:70000 mC
I/ThermalEngine( 672): Sensor:tsens_tz_sensor6:72000 mC
I/ThermalEngine( 672): Sensor:tsens_tz_sensor5:71000 mC
I/ThermalEngine( 672): Sensor:tsens_tz_sensor8:67000 mC
I/ThermalEngine( 672): Sensor:tsens_tz_sensor7:69000 mC
I/ThermalEngine( 672): Sensor:tsens_tz_sensor6:68000 mC
I/ThermalEngine( 672): Sensor:tsens_tz_sensor5:71000 mC
I/ThermalEngine( 672): Sensor:tsens_tz_sensor8:66000 mC
I/ThermalEngine( 672): Sensor:tsens_tz_sensor7:65000 mC
I/ThermalEngine( 672): Sensor:tsens_tz_sensor6:67000 mC
I/ThermalEngine( 672): Sensor:tsens_tz_sensor5:70000 mC
I/ThermalEngine( 672): ACTION: CPU - Setting CPU[0] to 2265600
I/ThermalEngine( 672): ACTION: CPU - Setting CPU[1] to 2265600
I/ThermalEngine( 672): ACTION: CPU - Setting CPU[2] to 2265600
I/ThermalEngine( 672): ACTION: CPU - Setting CPU[3] to 2265600
I/ThermalEngine( 672): Sensor:tsens_tz_sensor8:67000 mC
I/ThermalEngine( 672): Sensor:tsens_tz_sensor7:64000 mC
I/ThermalEngine( 672): Sensor:tsens_tz_sensor6:65000 mC
I/ThermalEngine( 672): Sensor:tsens_tz_sensor5:66000 mC
E/NetlinkListener( 681): recvmsg failed (I/O error)
E/NetlinkListener( 683): recvmsg failed (I/O error)
E/qdhwcomposer( 1270): isValidDimension: layer handle is NULL
E/qdhwcomposer( 1270): isValidDimension: layer handle is NULL
I/ThermalEngine( 672): Sensor:tsens_tz_sensor8:67000 mC
I/ThermalEngine( 672): Sensor:tsens_tz_sensor7:64000 mC
I/ThermalEngine( 672): Sensor:tsens_tz_sensor6:65000 mC
I/ThermalEngine( 672): Sensor:tsens_tz_sensor5:66000 mC
I/ThermalEngine( 672): Sensor:tsens_tz_sensor8:71000 mC
I/ThermalEngine( 672): ACTION: CPU - Setting CPU[0] to 1958400
I/ThermalEngine( 672): ACTION: CPU - Setting CPU[1] to 1958400
I/ThermalEngine( 672): ACTION: CPU - Setting CPU[2] to 1958400
I/ThermalEngine( 672): ACTION: CPU - Setting CPU[3] to 1958400
I/ThermalEngine( 672): Sensor:tsens_tz_sensor7:68000 mC
I/ThermalEngine( 672): Sensor:tsens_tz_sensor6:70000 mC
I/ThermalEngine( 672): Sensor:tsens_tz_sensor5:71000 mC
E/NetlinkListener( 683): recvmsg failed (I/O error)
E/NetlinkListener( 681): recvmsg failed (I/O error)
I/ThermalEngine( 672): Sensor:tsens_tz_sensor8:71000 mC
I/ThermalEngine( 672): Sensor:tsens_tz_sensor7:70000 mC
I/ThermalEngine( 672): Sensor:tsens_tz_sensor6:71000 mC
I/ThermalEngine( 672): Sensor:tsens_tz_sensor5:72000 mC
I/ThermalEngine( 672): ACTION: CPU - Setting CPU[0] to 1728000
I/ThermalEngine( 672): ACTION: CPU - Setting CPU[1] to 1728000
I/ThermalEngine( 672): ACTION: CPU - Setting CPU[2] to 1728000
I/ThermalEngine( 672): ACTION: CPU - Setting CPU[3] to 1728000
I/ThermalEngine( 672): Sensor:tsens_tz_sensor8:70000 mC
I/ThermalEngine( 672): Sensor:tsens_tz_sensor7:68000 mC
I/ThermalEngine( 672): Sensor:tsens_tz_sensor6:71000 mC
I/ThermalEngine( 672): Sensor:tsens_tz_sensor5:71000 mC
I/ThermalEngine( 672): ACTION: CPU - Setting CPU[0] to 1574400
I/ThermalEngine( 672): ACTION: CPU - Setting CPU[1] to 1574400
I/ThermalEngine( 672): ACTION: CPU - Setting CPU[2] to 1574400
I/ThermalEngine( 672): ACTION: CPU - Setting CPU[3] to 1574400
I/ThermalEngine( 672): Sensor:tsens_tz_sensor8:69000 mC
I/ThermalEngine( 672): Sensor:tsens_tz_sensor7:69000 mC
I/ThermalEngine( 672): Sensor:tsens_tz_sensor6:71000 mC
I/ThermalEngine( 672): Sensor:tsens_tz_sensor5:71000 mC
I/ThermalEngine( 672): Sensor:pm8941_tz:55942 mC
I/ThermalEngine( 672): Sensor:tsens_tz_sensor8:69000 mC
I/ThermalEngine( 672): Sensor:tsens_tz_sensor7:68000 mC
I/ThermalEngine( 672): Sensor:tsens_tz_sensor6:71000 mC
I/ThermalEngine( 672): Sensor:tsens_tz_sensor5:71000 mC
I/ThermalEngine( 672): Sensor:tsens_tz_sensor8:69000 mC
I/ThermalEngine( 672): Sensor:tsens_tz_sensor7:68000 mC
I/ThermalEngine( 672): Sensor:tsens_tz_sensor6:70000 mC
I/ThermalEngine( 672): Sensor:tsens_tz_sensor5:71000 mC
I/ThermalEngine( 672): Sensor:tsens_tz_sensor8:70000 mC
I/ThermalEngine( 672): Sensor:tsens_tz_sensor7:68000 mC
I/ThermalEngine( 672): Sensor:tsens_tz_sensor6:70000 mC
I/ThermalEngine( 672): Sensor:tsens_tz_sensor5:68000 mC
I/ThermalEngine( 672): ACTION: CPU - Setting CPU[0] to 1728000
I/ThermalEngine( 672): ACTION: CPU - Setting CPU[1] to 1728000
I/ThermalEngine( 672): ACTION: CPU - Setting CPU[2] to 1728000
I/ThermalEngine( 672): ACTION: CPU - Setting CPU[3] to 1728000
I/ThermalEngine( 672): Sensor:tsens_tz_sensor8:70000 mC
I/ThermalEngine( 672): Sensor:tsens_tz_sensor7:69000 mC
I/ThermalEngine( 672): Sensor:tsens_tz_sensor6:71000 mC
I/ThermalEngine( 672): Sensor:tsens_tz_sensor5:70000 mC
I/ThermalEngine( 672): ACTION: CPU - Setting CPU[0] to 1958400
I/ThermalEngine( 672): ACTION: CPU - Setting CPU[1] to 1958400
I/ThermalEngine( 672): ACTION: CPU - Setting CPU[2] to 1958400
I/ThermalEngine( 672): ACTION: CPU - Setting CPU[3] to 1958400
I/ThermalEngine( 672): Sensor:tsens_tz_sensor8:71000 mC
I/ThermalEngine( 672): Sensor:tsens_tz_sensor7:69000 mC
I/ThermalEngine( 672): Sensor:tsens_tz_sensor6:72000 mC
I/ThermalEngine( 672): ACTION: CPU - Setting CPU[0] to 1728000
I/ThermalEngine( 672): ACTION: CPU - Setting CPU[1] to 1728000
I/ThermalEngine( 672): ACTION: CPU - Setting CPU[2] to 1728000
I/ThermalEngine( 672): ACTION: CPU - Setting CPU[3] to 1728000
I/ThermalEngine( 672): Sensor:tsens_tz_sensor5:72000 mC
I/ThermalEngine( 672): Sensor:tsens_tz_sensor8:71000 mC
I/ThermalEngine( 672): Sensor:tsens_tz_sensor7:69000 mC
I/ThermalEngine( 672): Sensor:tsens_tz_sensor6:71000 mC
I/ThermalEngine( 672): ACTION: CPU - Setting CPU[0] to 1574400
I/ThermalEngine( 672): ACTION: CPU - Setting CPU[1] to 1574400
I/ThermalEngine( 672): ACTION: CPU - Setting CPU[2] to 1574400
I/ThermalEngine( 672): ACTION: CPU - Setting CPU[3] to 1574400
I/ThermalEngine( 672): Sensor:tsens_tz_sensor5:71000 mC
E/NetlinkListener( 683): recvmsg failed (I/O error)
E/NetlinkListener( 681): recvmsg failed (I/O error)
I/ThermalEngine( 672): Sensor:tsens_tz_sensor8:70000 mC
I/ThermalEngine( 672): Sensor:tsens_tz_sensor7:69000 mC
I/ThermalEngine( 672): Sensor:tsens_tz_sensor6:71000 mC
I/ThermalEngine( 672): Sensor:tsens_tz_sensor5:71000 mC
I/ThermalEngine( 672): Sensor:tsens_tz_sensor8:70000 mC
I/ThermalEngine( 672): Sensor:tsens_tz_sensor7:69000 mC
I/ThermalEngine( 672): Sensor:tsens_tz_sensor6:71000 mC
I/ThermalEngine( 672): Sensor:tsens_tz_sensor5:71000 mC
E/NetlinkListener( 683): recvmsg failed (I/O error)
E/NetlinkListener( 681): recvmsg failed (I/O error)
I/ThermalEngine( 672): Sensor:tsens_tz_sensor8:70000 mC
I/ThermalEngine( 672): Sensor:tsens_tz_sensor7:69000 mC
I/ThermalEngine( 672): Sensor:tsens_tz_sensor6:71000 mC
I/ThermalEngine( 672): Sensor:tsens_tz_sensor5:71000 mC
I/ThermalEngine( 672): Sensor:tsens_tz_sensor8:70000 mC
I/ThermalEngine( 672): Sensor:tsens_tz_sensor7:69000 mC
I/ThermalEngine( 672): Sensor:tsens_tz_sensor6:71000 mC
I/ThermalEngine( 672): Sensor:tsens_tz_sensor5:71000 mC
I/ThermalEngine( 672): Sensor:tsens_tz_sensor8:70000 mC
I/ThermalEngine( 672): Sensor:tsens_tz_sensor7:68000 mC
I/ThermalEngine( 672): Sensor:tsens_tz_sensor6:71000 mC
I/ThermalEngine( 672): Sensor:tsens_tz_sensor5:71000 mC
E/NetlinkListener( 683): recvmsg failed (I/O error)
E/NetlinkListener( 681): recvmsg failed (I/O error)
I/ThermalEngine( 672): Sensor:tsens_tz_sensor8:70000 mC
I/ThermalEngine( 672): Sensor:tsens_tz_sensor7:69000 mC
I/ThermalEngine( 672): Sensor:tsens_tz_sensor6:71000 mC
I/ThermalEngine( 672): Sensor:tsens_tz_sensor5:71000 mC
V/WLAN_PSA( 669): NL MSG, len[4024], NL type[0x1C] WNI type[0x5900] len[40975]
V/WLAN_PSA( 669): NL MSG, PID: 669
E/qdhwcomposer( 1270): isValidDimension: layer handle is NULL
E/qdhwcomposer( 1270): isValidDimension: layer handle is NULL
I/ThermalEngine( 672): Sensor:tsens_tz_sensor8:69000 mC
I/ThermalEngine( 672): Sensor:tsens_tz_sensor7:68000 mC
I/ThermalEngine( 672): Sensor:tsens_tz_sensor6:71000 mC
I/ThermalEngine( 672): Sensor:tsens_tz_sensor5:71000 mC
E/qdhwcomposer( 1270): isValidDimension: layer handle is NULL
E/qdhwcomposer( 1270): isValidDimension: layer handle is NULL
E/qdhwcomposer( 1270): isValidDimension: layer handle is NULL
E/qdhwcomposer( 1270): isValidDimension: layer handle is NULL
E/qdhwcomposer( 1270): isValidDimension: layer handle is NULL
E/qdhwcomposer( 1270): isValidDimension: layer handle is NULL
E/NetlinkListener( 683): recvmsg failed (I/O error)
E/NetlinkListener( 681): recvmsg failed (I/O error)
E/qdhwcomposer( 1270): isValidDimension: layer handle is NULL
E/qdhwcomposer( 1270): isValidDimension: layer handle is NULL
E/qdhwcomposer( 1270): isValidDimension: layer handle is NULL
E/qdhwcomposer( 1270): isValidDimension: layer handle is NULL
I/ThermalEngine( 672): Sensor:tsens_tz_sensor8:70000 mC
I/ThermalEngine( 672): Sensor:tsens_tz_sensor7:69000 mC
I/ThermalEngine( 672): Sensor:tsens_tz_sensor6:71000 mC
I/ThermalEngine( 672): Sensor:tsens_tz_sensor5:70000 mC
E/qdhwcomposer( 1270): isValidDimension: layer handle is NULL
E/qdhwcomposer( 1270): isValidDimension: layer handle is NULL
E/qdhwcomposer( 1270): isValidDimension: layer handle is NULL
E/qdhwcomposer( 1270): isValidDimension: layer handle is NULL
E/qdhwcomposer( 1270): isValidDimension: layer handle is NULL
E/qdhwcomposer( 1270): isValidDimension: layer handle is NULL
E/qdhwcomposer( 1270): isValidDimension: layer handle is NULL
E/qdhwcomposer( 1270): isValidDimension: layer handle is NULL
I/ThermalEngine( 672): Sensor:tsens_tz_sensor8:70000 mC
I/ThermalEngine( 672): Sensor:tsens_tz_sensor7:69000 mC
I/ThermalEngine( 672): Sensor:tsens_tz_sensor6:71000 mC
I/ThermalEngine( 672): Sensor:tsens_tz_sensor5:71000 mC
E/qdhwcomposer( 1270): isValidDimension: layer handle is NULL
E/qdhwcomposer( 1270): isValidDimension: layer handle is NULL
E/qdhwcomposer( 1270): isValidDimension: layer handle is NULL
E/qdhwcomposer( 1270): isValidDimension: layer handle is NULL
E/qdhwcomposer( 1270): isValidDimension: layer handle is NULL
E/qdhwcomposer( 1270): isValidDimension: layer handle is NULL
I/ThermalEngine( 672): Sensor:tsens_tz_sensor8:70000 mC
I/ThermalEngine( 672): Sensor:tsens_tz_sensor7:69000 mC
I/ThermalEngine( 672): Sensor:tsens_tz_sensor6:71000 mC
I/ThermalEngine( 672): Sensor:tsens_tz_sensor5:71000 mC
E/qdhwcomposer( 1270): isValidDimension: layer handle is NULL
E/qdhwcomposer( 1270): isValidDimension: layer handle is NULL
E/qdhwcomposer( 1270): isValidDimension: layer handle is NULL
E/qdhwcomposer( 1270): isValidDimension: layer handle is NULL
E/qdhwcomposer( 1270): isValidDimension: layer handle is NULL
E/qdhwcomposer( 1270): isValidDimension: layer handle is NULL
E/qdhwcomposer( 1270): isValidDimension: layer handle is NULL
E/qdhwcomposer( 1270): isValidDimension: layer handle is NULL
I/ThermalEngine( 672): Sensor:tsens_tz_sensor8:70000 mC
I/ThermalEngine( 672): Sensor:tsens_tz_sensor7:69000 mC
I/ThermalEngine( 672): Sensor:tsens_tz_sensor6:71000 mC
I/ThermalEngine( 672): Sensor:tsens_tz_sensor5:71000 mC
E/qdhwcomposer( 1270): isValidDimension: layer handle is NULL
E/qdhwcomposer( 1270): isValidDimension: layer handle is NULL
E/qdhwcomposer( 1270): isValidDimension: layer handle is NULL
E/qdhwcomposer( 1270): isValidDimension: layer handle is NULL
E/qdhwcomposer( 1270): isValidDimension: layer handle is NULL
E/qdhwcomposer( 1270): isValidDimension: layer handle is NULL
E/qdhwcomposer( 1270): isValidDimension: layer handle is NULL
E/qdhwcomposer( 1270): isValidDimension: layer handle is NULL
I/ThermalEngine( 672): Sensor:tsens_tz_sensor8:70000 mC
I/ThermalEngine( 672): Sensor:tsens_tz_sensor7:69000 mC
I/ThermalEngine( 672): Sensor:tsens_tz_sensor6:71000 mC
I/ThermalEngine( 672): Sensor:tsens_tz_sensor5:71000 mC
E/qdhwcomposer( 1270): isValidDimension: layer handle is NULL
E/qdhwcomposer( 1270): isValidDimension: layer handle is NULL
E/qdhwcomposer( 1270): isValidDimension: layer handle is NULL
E/qdhwcomposer( 1270): isValidDimension: layer handle is NULL
E/qdhwcomposer( 1270): isValidDimension: layer handle is NULL
E/qdhwcomposer( 1270): isValidDimension: layer handle is NULL
E/qdhwcomposer( 1270): isValidDimension: layer handle is NULL
E/qdhwcomposer( 1270): isValidDimension: layer handle is NULL
I/ThermalEngine( 672): Sensor:tsens_tz_sensor8:70000 mC
I/ThermalEngine( 672): Sensor:tsens_tz_sensor7:69000 mC
I/ThermalEngine( 672): Sensor:tsens_tz_sensor6:71000 mC
I/ThermalEngine( 672): Sensor:tsens_tz_sensor5:71000 mC
E/qdhwcomposer( 1270): isValidDimension: layer handle is NULL
E/qdhwcomposer( 1270): isValidDimension: layer handle is NULL
E/qdhwcomposer( 1270): isValidDimension: layer handle is NULL
E/qdhwcomposer( 1270): isValidDimension: layer handle is NULL
E/qdhwcomposer( 1270): isValidDimension: layer handle is NULL
E/qdhwcomposer( 1270): isValidDimension: layer handle is NULL
E/qdhwcomposer( 1270): isValidDimension: layer handle is NULL
E/qdhwcomposer( 1270): isValidDimension: layer handle is NULL
I/ThermalEngine( 672): Sensor:tsens_tz_sensor8:70000 mC
I/ThermalEngine( 672): Sensor:tsens_tz_sensor7:69000 mC
I/ThermalEngine( 672): Sensor:tsens_tz_sensor6:71000 mC
I/ThermalEngine( 672): Sensor:tsens_tz_sensor5:71000 mC
E/qdhwcomposer( 1270): isValidDimension: layer handle is NULL
E/qdhwcomposer( 1270): isValidDimension: layer handle is NULL
E/qdhwcomposer( 1270): isValidDimension: layer handle is NULL
E/qdhwcomposer( 1270): isValidDimension: layer handle is NULL
E/qdhwcomposer( 1270): isValidDimension: layer handle is NULL
E/qdhwcomposer( 1270): isValidDimension: layer handle is NULL
I/ThermalEngine( 672): Sensor:tsens_tz_sensor8:70000 mC
I/ThermalEngine( 672): Sensor:tsens_tz_sensor7:69000 mC
I/ThermalEngine( 672): Sensor:tsens_tz_sensor6:70000 mC
I/ThermalEngine( 672): Sensor:tsens_tz_sensor5:71000 mC
I/ThermalEngine( 672): Sensor:tsens_tz_sensor8:70000 mC
I/ThermalEngine( 672): Sensor:tsens_tz_sensor7:69000 mC
I/ThermalEngine( 672): Sensor:tsens_tz_sensor6:71000 mC
I/ThermalEngine( 672): Sensor:tsens_tz_sensor5:71000 mC
I/ThermalEngine( 672): Sensor:tsens_tz_sensor8:70000 mC
I/ThermalEngine( 672): Sensor:tsens_tz_sensor7:70000 mC
I/ThermalEngine( 672): Sensor:tsens_tz_sensor6:71000 mC
I/ThermalEngine( 672): Sensor:tsens_tz_sensor5:72000 mC
I/ThermalEngine( 672): ACTION: CPU - Setting CPU[0] to 1497600
I/ThermalEngine( 672): ACTION: CPU - Setting CPU[1] to 1497600
I/ThermalEngine( 672): ACTION: CPU - Setting CPU[2] to 1497600
I/ThermalEngine( 672): ACTION: CPU - Setting CPU[3] to 1497600
I/ThermalEngine( 672): Sensor:tsens_tz_sensor8:70000 mC
I/ThermalEngine( 672): Sensor:tsens_tz_sensor7:69000 mC
I/ThermalEngine( 672): Sensor:tsens_tz_sensor6:71000 mC
I/ThermalEngine( 672): Sensor:tsens_tz_sensor5:72000 mC
I/ThermalEngine( 672): Sensor:tsens_tz_sensor8:69000 mC
I/ThermalEngine( 672): Sensor:tsens_tz_sensor7:68000 mC
I/ThermalEngine( 672): Sensor:tsens_tz_sensor6:71000 mC
I/ThermalEngine( 672): Sensor:tsens_tz_sensor5:71000 mC
I/ThermalEngine( 672): ACTION: CPU - Setting CPU[0] to 1267200
I/ThermalEngine( 672): ACTION: CPU - Setting CPU[1] to 1267200
I/ThermalEngine( 672): ACTION: CPU - Setting CPU[2] to 1267200
I/ThermalEngine( 672): ACTION: CPU - Setting CPU[3] to 1267200
I/ThermalEngine( 672): Sensor:tsens_tz_sensor8:69000 mC
I/ThermalEngine( 672): Sensor:tsens_tz_sensor7:68000 mC
I/ThermalEngine( 672): Sensor:tsens_tz_sensor6:70000 mC
I/ThermalEngine( 672): Sensor:tsens_tz_sensor5:70000 mC
I/ThermalEngine( 672): ACTION: CPU - Setting CPU[0] to 1497600
I/ThermalEngine( 672): ACTION: CPU - Setting CPU[1] to 1497600
I/ThermalEngine( 672): ACTION: CPU - Setting CPU[2] to 1497600
I/ThermalEngine( 672): ACTION: CPU - Setting CPU[3] to 1497600
I/ThermalEngine( 672): Sensor:tsens_tz_sensor8:69000 mC
I/ThermalEngine( 672): Sensor:tsens_tz_sensor7:68000 mC
I/ThermalEngine( 672): Sensor:tsens_tz_sensor6:70000 mC
I/ThermalEngine( 672): Sensor:tsens_tz_sensor5:70000 mC
I/ThermalEngine( 672): Sensor:tsens_tz_sensor8:70000 mC
I/ThermalEngine( 672): Sensor:tsens_tz_sensor7:68000 mC
I/ThermalEngine( 672): Sensor:tsens_tz_sensor6:71000 mC
I/ThermalEngine( 672): Sensor:tsens_tz_sensor5:71000 mC
I/ThermalEngine( 672): ACTION: CPU - Setting CPU[0] to 1267200
I/ThermalEngine( 672): ACTION: CPU - Setting CPU[1] to 1267200
I/ThermalEngine( 672): ACTION: CPU - Setting CPU[2] to 1267200
I/ThermalEngine( 672): ACTION: CPU - Setting CPU[3] to 1267200
E/qdhwcomposer( 1270): isValidDimension: layer handle is NULL
E/qdhwcomposer( 1270): isValidDimension: layer handle is NULL
E/qdhwcomposer( 1270): isValidDimension: layer handle is NULL
E/qdhwcomposer( 1270): isValidDimension: layer handle is NULL
I/ThermalEngine( 672): Sensor:tsens_tz_sensor8:69000 mC
I/ThermalEngine( 672): Sensor:tsens_tz_sensor7:68000 mC
I/ThermalEngine( 672): Sensor:tsens_tz_sensor6:71000 mC
I/ThermalEngine( 672): Sensor:tsens_tz_sensor5:70000 mC
I/ThermalEngine( 672): ACTION: CPU - Setting CPU[0] to 1497600
I/ThermalEngine( 672): ACTION: CPU - Setting CPU[1] to 1497600
I/ThermalEngine( 672): ACTION: CPU - Setting CPU[2] to 1497600
I/ThermalEngine( 672): ACTION: CPU - Setting CPU[3] to 1497600
E/qdhwcomposer( 1270): isValidDimension: layer handle is NULL
E/qdhwcomposer( 1270): isValidDimension: layer handle is NULL
E/qdhwcomposer( 1270): isValidDimension: layer handle is NULL
E/qdhwcomposer( 1270): isValidDimension: layer handle is NULL
E/qdhwcomposer( 1270): isValidDimension: layer handle is NULL
E/qdhwcomposer( 1270): isValidDimension: layer handle is NULL
E/qdhwcomposer( 1270): isValidDimension: layer handle is NULL
E/qdhwcomposer( 1270): isValidDimension: layer handle is NULL
I/ThermalEngine( 672): Sensor:tsens_tz_sensor8:69000 mC
I/ThermalEngine( 672): Sensor:tsens_tz_sensor7:68000 mC
I/ThermalEngine( 672): Sensor:tsens_tz_sensor6:68000 mC
I/ThermalEngine( 672): Sensor:tsens_tz_sensor5:70000 mC
E/qdhwcomposer( 1270): isValidDimension: layer handle is NULL
E/qdhwcomposer( 1270): isValidDimension: layer handle is NULL
E/qdhwcomposer( 1270): isValidDimension: layer handle is NULL
E/qdhwcomposer( 1270): isValidDimension: layer handle is NULL
E/qdhwcomposer( 1270): isValidDimension: layer handle is NULL
E/qdhwcomposer( 1270): isValidDimension: layer handle is NULL
E/qdhwcomposer( 1270): isValidDimension: layer handle is NULL
E/qdhwcomposer( 1270): isValidDimension: layer handle is NULL
W/dex2oat ( 2084): Compilation of android.content.pm.PackageParser$Package com.android.server.pm.PackageManagerService.scanPackageDirtyLI(android.content.pm.PackageParser$Package, int, int, long, android.os.UserHandle) took 117.254ms
I/ThermalEngine( 672): Sensor:tsens_tz_sensor8:69000 mC
I/ThermalEngine( 672): Sensor:tsens_tz_sensor7:69000 mC
I/ThermalEngine( 672): Sensor:tsens_tz_sensor6:70000 mC
I/ThermalEngine( 672): Sensor:tsens_tz_sensor5:72000 mC
I/ThermalEngine( 672): ACTION: CPU - Setting CPU[0] to 1267200
I/ThermalEngine( 672): ACTION: CPU - Setting CPU[1] to 1267200
I/ThermalEngine( 672): ACTION: CPU - Setting CPU[2] to 1267200
I/ThermalEngine( 672): ACTION: CPU - Setting CPU[3] to 1267200
E/qdhwcomposer( 1270): isValidDimension: layer handle is NULL
E/qdhwcomposer( 1270): isValidDimension: layer handle is NULL
E/qdhwcomposer( 1270): isValidDimension: layer handle is NULL
E/qdhwcomposer( 1270): isValidDimension: layer handle is NULL
E/qdhwcomposer( 1270): isValidDimension: layer handle is NULL
E/qdhwcomposer( 1270): isValidDimension: layer handle is NULL
E/qdhwcomposer( 1270): isValidDimension: layer handle is NULL
E/qdhwcomposer( 1270): isValidDimension: layer handle is NULL
I/ThermalEngine( 672): Sensor:tsens_tz_sensor8:69000 mC
I/ThermalEngine( 672): Sensor:tsens_tz_sensor7:68000 mC
I/ThermalEngine( 672): Sensor:tsens_tz_sensor6:70000 mC
I/ThermalEngine( 672): Sensor:tsens_tz_sensor5:70000 mC
I/ThermalEngine( 672): ACTION: CPU - Setting CPU[0] to 1497600
I/ThermalEngine( 672): ACTION: CPU - Setting CPU[1] to 1497600
I/ThermalEngine( 672): ACTION: CPU - Setting CPU[2] to 1497600
I/ThermalEngine( 672): ACTION: CPU - Setting CPU[3] to 1497600
E/qdhwcomposer( 1270): isValidDimension: layer handle is NULL
E/qdhwcomposer( 1270): isValidDimension: layer handle is NULL
E/qdhwcomposer( 1270): isValidDimension: layer handle is NULL
E/qdhwcomposer( 1270): isValidDimension: layer handle is NULL
E/qdhwcomposer( 1270): isValidDimension: layer handle is NULL
E/qdhwcomposer( 1270): isValidDimension: layer handle is NULL
E/qdhwcomposer( 1270): isValidDimension: layer handle is NULL
E/qdhwcomposer( 1270): isValidDimension: layer handle is NULL
I/ThermalEngine( 672): Sensor:tsens_tz_sensor8:69000 mC
I/ThermalEngine( 672): Sensor:tsens_tz_sensor7:68000 mC
I/ThermalEngine( 672): Sensor:tsens_tz_sensor6:70000 mC
I/ThermalEngine( 672): Sensor:tsens_tz_sensor5:69000 mC
I/ThermalEngine( 672): ACTION: CPU - Setting CPU[0] to 1574400
I/ThermalEngine( 672): ACTION: CPU - Setting CPU[1] to 1574400
I/ThermalEngine( 672): ACTION: CPU - Setting CPU[2] to 1574400
I/ThermalEngine( 672): ACTION: CPU - Setting CPU[3] to 1574400
E/qdhwcomposer( 1270): isValidDimension: layer handle is NULL
E/qdhwcomposer( 1270): isValidDimension: layer handle is NULL
I/ThermalEngine( 672): Sensor:tsens_tz_sensor8:70000 mC
I/ThermalEngine( 672): Sensor:tsens_tz_sensor7:69000 mC
I/ThermalEngine( 672): Sensor:tsens_tz_sensor6:71000 mC
I/ThermalEngine( 672): Sensor:tsens_tz_sensor5:71000 mC
I/ThermalEngine( 672): ACTION: CPU - Setting CPU[0] to 1497600
I/ThermalEngine( 672): ACTION: CPU - Setting CPU[1] to 1497600
I/ThermalEngine( 672): ACTION: CPU - Setting CPU[2] to 1497600
I/ThermalEngine( 672): ACTION: CPU - Setting CPU[3] to 1497600
I/ThermalEngine( 672): Sensor:tsens_tz_sensor8:70000 mC
I/ThermalEngine( 672): Sensor:tsens_tz_sensor7:70000 mC
I/ThermalEngine( 672): Sensor:tsens_tz_sensor6:71000 mC
I/ThermalEngine( 672): Sensor:tsens_tz_sensor5:71000 mC
I/ThermalEngine( 672): Sensor:tsens_tz_sensor8:68000 mC
I/ThermalEngine( 672): Sensor:tsens_tz_sensor7:70000 mC
I/ThermalEngine( 672): Sensor:tsens_tz_sensor6:68000 mC
I/ThermalEngine( 672): Sensor:tsens_tz_sensor5:71000 mC
I/ThermalEngine( 672): Sensor:tsens_tz_sensor8:66000 mC
I/ThermalEngine( 672): Sensor:tsens_tz_sensor7:69000 mC
I/ThermalEngine( 672): Sensor:tsens_tz_sensor6:66000 mC
I/ThermalEngine( 672): Sensor:tsens_tz_sensor5:67000 mC
I/ThermalEngine( 672): ACTION: CPU - Setting CPU[0] to 1574400
I/ThermalEngine( 672): ACTION: CPU - Setting CPU[1] to 1574400
I/ThermalEngine( 672): ACTION: CPU - Setting CPU[2] to 1574400
I/ThermalEngine( 672): ACTION: CPU - Setting CPU[3] to 1574400
V/WLAN_PSA( 669): NL MSG, len[048], NL type[0x11] WNI type[0x5050] len[028]
V/WLAN_PSA( 669): NL MSG, PID: 669
I/ThermalEngine( 672): Sensor:tsens_tz_sensor8:65000 mC
I/ThermalEngine( 672): Sensor:tsens_tz_sensor7:68000 mC
I/ThermalEngine( 672): Sensor:tsens_tz_sensor6:65000 mC
I/ThermalEngine( 672): Sensor:tsens_tz_sensor5:66000 mC
I/ThermalEngine( 672): ACTION: CPU - Setting CPU[0] to 1728000
I/ThermalEngine( 672): ACTION: CPU - Setting CPU[1] to 1728000
I/ThermalEngine( 672): ACTION: CPU - Setting CPU[2] to 1728000
I/ThermalEngine( 672): ACTION: CPU - Setting CPU[3] to 1728000
E/qdhwcomposer( 1270): isValidDimension: layer handle is NULL
E/qdhwcomposer( 1270): isValidDimension: layer handle is NULL
I/ThermalEngine( 672): Sensor:tsens_tz_sensor8:65000 mC
I/ThermalEngine( 672): Sensor:tsens_tz_sensor7:68000 mC
I/ThermalEngine( 672): Sensor:tsens_tz_sensor6:65000 mC
I/ThermalEngine( 672): Sensor:tsens_tz_sensor5:66000 mC
E/qdhwcomposer( 1270): isValidDimension: layer handle is NULL
E/qdhwcomposer( 1270): isValidDimension: layer handle is NULL
E/NetlinkListener( 681): recvmsg failed (I/O error)
E/NetlinkListener( 683): recvmsg failed (I/O error)
E/qdhwcomposer( 1270): isValidDimension: layer handle is NULL
E/qdhwcomposer( 1270): isValidDimension: layer handle is NULL
E/qdhwcomposer( 1270): isValidDimension: layer handle is NULL
E/qdhwcomposer( 1270): isValidDimension: layer handle is NULL
E/qdhwcomposer( 1270): isValidDimension: layer handle is NULL
E/qdhwcomposer( 1270): isValidDimension: layer handle is NULL
I/ThermalEngine( 672): Sensor:tsens_tz_sensor8:65000 mC
I/ThermalEngine( 672): Sensor:tsens_tz_sensor7:66000 mC
I/ThermalEngine( 672): Sensor:tsens_tz_sensor6:64000 mC
I/ThermalEngine( 672): Sensor:tsens_tz_sensor5:68000 mC
I/ThermalEngine( 672): ACTION: CPU - Setting CPU[0] to 1958400
I/ThermalEngine( 672): ACTION: CPU - Setting CPU[1] to 1958400
I/ThermalEngine( 672): ACTION: CPU - Setting CPU[2] to 1958400
I/ThermalEngine( 672): ACTION: CPU - Setting CPU[3] to 1958400
E/qdhwcomposer( 1270): isValidDimension: layer handle is NULL
E/qdhwcomposer( 1270): isValidDimension: layer handle is NULL
E/qdhwcomposer( 1270): isValidDimension: layer handle is NULL
E/qdhwcomposer( 1270): isValidDimension: layer handle is NULL
E/qdhwcomposer( 1270): isValidDimension: layer handle is NULL
E/qdhwcomposer( 1270): isValidDimension: layer handle is NULL
E/qdhwcomposer( 1270): isValidDimension: layer handle is NULL
E/qdhwcomposer( 1270): isValidDimension: layer handle is NULL
I/ThermalEngine( 672): Sensor:tsens_tz_sensor8:65000 mC
I/ThermalEngine( 672): Sensor:tsens_tz_sensor7:67000 mC
I/ThermalEngine( 672): Sensor:tsens_tz_sensor6:64000 mC
I/ThermalEngine( 672): Sensor:tsens_tz_sensor5:66000 mC
I/ThermalEngine( 672): ACTION: CPU - Setting CPU[0] to 2265600
I/ThermalEngine( 672): ACTION: CPU - Setting CPU[1] to 2265600
I/ThermalEngine( 672): ACTION: CPU - Setting CPU[2] to 2265600
I/ThermalEngine( 672): ACTION: CPU - Setting CPU[3] to 2265600
E/qdhwcomposer( 1270): isValidDimension: layer handle is NULL
E/qdhwcomposer( 1270): isValidDimension: layer handle is NULL
E/qdhwcomposer( 1270): isValidDimension: layer handle is NULL
E/qdhwcomposer( 1270): isValidDimension: layer handle is NULL
E/NetlinkListener( 681): recvmsg failed (I/O error)
E/NetlinkListener( 683): recvmsg failed (I/O error)
E/qdhwcomposer( 1270): isValidDimension: layer handle is NULL
E/qdhwcomposer( 1270): isValidDimension: layer handle is NULL
E/qdhwcomposer( 1270): isValidDimension: layer handle is NULL
E/qdhwcomposer( 1270): isValidDimension: layer handle is NULL
I/ThermalEngine( 672): Sensor:tsens_tz_sensor8:65000 mC
I/ThermalEngine( 672): Sensor:tsens_tz_sensor7:65000 mC
I/ThermalEngine( 672): Sensor:tsens_tz_sensor6:64000 mC
I/ThermalEngine( 672): Sensor:tsens_tz_sensor5:70000 mC
E/qdhwcomposer( 1270): isValidDimension: layer handle is NULL
E/qdhwcomposer( 1270): isValidDimension: layer handle is NULL
E/NetlinkListener( 681): recvmsg failed (I/O error)
E/NetlinkListener( 683): recvmsg failed (I/O error)
E/qdhwcomposer( 1270): isValidDimension: layer handle is NULL
E/qdhwcomposer( 1270): isValidDimension: layer handle is NULL
E/qdhwcomposer( 1270): isValidDimension: layer handle is NULL
E/qdhwcomposer( 1270): isValidDimension: layer handle is NULL
E/qdhwcomposer( 1270): isValidDimension: layer handle is NULL
E/qdhwcomposer( 1270): isValidDimension: layer handle is NULL
I/ThermalEngine( 672): Sensor:tsens_tz_sensor8:64000 mC
I/ThermalEngine( 672): Sensor:tsens_tz_sensor7:68000 mC
I/ThermalEngine( 672): Sensor:tsens_tz_sensor6:64000 mC
I/ThermalEngine( 672): Sensor:tsens_tz_sensor5:68000 mC
E/qdhwcomposer( 1270): isValidDimension: layer handle is NULL
E/qdhwcomposer( 1270): isValidDimension: layer handle is NULL
E/qdhwcomposer( 1270): isValidDimension: layer handle is NULL
E/qdhwcomposer( 1270): isValidDimension: layer handle is NULL
E/qdhwcomposer( 1270): isValidDimension: layer handle is NULL
E/qdhwcomposer( 1270): isValidDimension: layer handle is NULL
I/ThermalEngine( 672): Sensor:tsens_tz_sensor8:65000 mC
I/ThermalEngine( 672): Sensor:tsens_tz_sensor7:70000 mC
I/ThermalEngine( 672): Sensor:tsens_tz_sensor6:64000 mC
I/ThermalEngine( 672): Sensor:tsens_tz_sensor5:66000 mC
E/qdhwcomposer( 1270): isValidDimension: layer handle is NULL
E/qdhwcomposer( 1270): isValidDimension: layer handle is NULL
E/qdhwcomposer( 1270): isValidDimension: layer handle is NULL
E/qdhwcomposer( 1270): isValidDimension: layer handle is NULL
E/qdhwcomposer( 1270): isValidDimension: layer handle is NULL
E/qdhwcomposer( 1270): isValidDimension: layer handle is NULL
E/NetlinkListener( 683): recvmsg failed (I/O error)
E/NetlinkListener( 681): recvmsg failed (I/O error)
E/qdhwcomposer( 1270): isValidDimension: layer handle is NULL
E/qdhwcomposer( 1270): isValidDimension: layer handle is NULL
I/ThermalEngine( 672): Sensor:tsens_tz_sensor8:64000 mC
I/ThermalEngine( 672): Sensor:tsens_tz_sensor7:67000 mC
I/ThermalEngine( 672): Sensor:tsens_tz_sensor6:63000 mC
I/ThermalEngine( 672): Sensor:tsens_tz_sensor5:66000 mC
E/qdhwcomposer( 1270): isValidDimension: layer handle is NULL
E/qdhwcomposer( 1270): isValidDimension: layer handle is NULL
E/qdhwcomposer( 1270): isValidDimension: layer handle is NULL
E/qdhwcomposer( 1270): isValidDimension: layer handle is NULL
E/qdhwcomposer( 1270): isValidDimension: layer handle is NULL
E/qdhwcomposer( 1270): isValidDimension: layer handle is NULL
E/qdhwcomposer( 1270): isValidDimension: layer handle is NULL
E/qdhwcomposer( 1270): isValidDimension: layer handle is NULL
I/ThermalEngine( 672): Sensor:tsens_tz_sensor8:65000 mC
I/ThermalEngine( 672): Sensor:tsens_tz_sensor7:67000 mC
I/ThermalEngine( 672): Sensor:tsens_tz_sensor6:63000 mC
I/ThermalEngine( 672): Sensor:tsens_tz_sensor5:69000 mC
E/qdhwcomposer( 1270): isValidDimension: layer handle is NULL
E/qdhwcomposer( 1270): isValidDimension: layer handle is NULL
E/qdhwcomposer( 1270): isValidDimension: layer handle is NULL
E/qdhwcomposer( 1270): isValidDimension: layer handle is NULL
I/ThermalEngine( 672): Sensor:tsens_tz_sensor8:65000 mC
I/ThermalEngine( 672): Sensor:tsens_tz_sensor7:65000 mC
I/ThermalEngine( 672): Sensor:tsens_tz_sensor6:63000 mC
I/ThermalEngine( 672): Sensor:tsens_tz_sensor5:67000 mC
I/ThermalEngine( 672): Sensor:tsens_tz_sensor8:64000 mC
I/ThermalEngine( 672): Sensor:tsens_tz_sensor7:65000 mC
I/ThermalEngine( 672): Sensor:tsens_tz_sensor6:63000 mC
I/ThermalEngine( 672): Sensor:tsens_tz_sensor5:65000 mC
I/ThermalEngine( 672): Sensor:tsens_tz_sensor8:64000 mC
I/ThermalEngine( 672): Sensor:tsens_tz_sensor7:64000 mC
I/ThermalEngine( 672): Sensor:tsens_tz_sensor6:62000 mC
I/ThermalEngine( 672): Sensor:tsens_tz_sensor5:65000 mC
E/qdhwcomposer( 1270): isValidDimension: layer handle is NULL
E/qdhwcomposer( 1270): isValidDimension: layer handle is NULL
E/qdhwcomposer( 1270): isValidDimension: layer handle is NULL
E/qdhwcomposer( 1270): isValidDimension: layer handle is NULL
E/qdhwcomposer( 1270): isValidDimension: layer handle is NULL
E/qdhwcomposer( 1270): isValidDimension: layer handle is NULL
E/qdhwcomposer( 1270): isValidDimension: layer handle is NULL
E/qdhwcomposer( 1270): isValidDimension: layer handle is NULL
I/ThermalEngine( 672): Sensor:tsens_tz_sensor8:65000 mC
I/ThermalEngine( 672): Sensor:tsens_tz_sensor7:64000 mC
I/ThermalEngine( 672): Sensor:tsens_tz_sensor6:62000 mC
I/ThermalEngine( 672): Sensor:tsens_tz_sensor5:66000 mC
E/NetlinkListener( 681): recvmsg failed (I/O error)
E/NetlinkListener( 683): recvmsg failed (I/O error)
E/qdhwcomposer( 1270): isValidDimension: layer handle is NULL
E/qdhwcomposer( 1270): isValidDimension: layer handle is NULL
E/qdhwcomposer( 1270): isValidDimension: layer handle is NULL
E/qdhwcomposer( 1270): isValidDimension: layer handle is NULL
E/qdhwcomposer( 1270): isValidDimension: layer handle is NULL
E/qdhwcomposer( 1270): isValidDimension: layer handle is NULL
E/qdhwcomposer( 1270): isValidDimension: layer handle is NULL
E/qdhwcomposer( 1270): isValidDimension: layer handle is NULL
I/ThermalEngine( 672): Sensor:tsens_tz_sensor8:65000 mC
I/ThermalEngine( 672): Sensor:tsens_tz_sensor7:63000 mC
I/ThermalEngine( 672): Sensor:tsens_tz_sensor6:62000 mC
I/ThermalEngine( 672): Sensor:tsens_tz_sensor5:66000 mC
E/qdhwcomposer( 1270): isValidDimension: layer handle is NULL
E/qdhwcomposer( 1270): isValidDimension: layer handle is NULL
E/qdhwcomposer( 1270): isValidDimension: layer handle is NULL
E/qdhwcomposer( 1270): isValidDimension: layer handle is NULL
E/qdhwcomposer( 1270): isValidDimension: layer handle is NULL
E/qdhwcomposer( 1270): isValidDimension: layer handle is NULL
E/qdhwcomposer( 1270): isValidDimension: layer handle is NULL
E/qdhwcomposer( 1270): isValidDimension: layer handle is NULL
I/ThermalEngine( 672): Sensor:tsens_tz_sensor8:64000 mC
I/ThermalEngine( 672): Sensor:tsens_tz_sensor7:63000 mC
I/ThermalEngine( 672): Sensor:tsens_tz_sensor6:62000 mC
I/ThermalEngine( 672): Sensor:tsens_tz_sensor5:65000 mC
E/qdhwcomposer( 1270): isValidDimension: layer handle is NULL
E/qdhwcomposer( 1270): isValidDimension: layer handle is NULL
E/qdhwcomposer( 1270): isValidDimension: layer handle is NULL
E/qdhwcomposer( 1270): isValidDimension: layer handle is NULL
E/qdhwcomposer( 1270): isValidDimension: layer handle is NULL
E/qdhwcomposer( 1270): isValidDimension: layer handle is NULL
E/qdhwcomposer( 1270): isValidDimension: layer handle is NULL
E/qdhwcomposer( 1270): isValidDimension: layer handle is NULL
I/ThermalEngine( 672): Sensor:tsens_tz_sensor8:64000 mC
I/ThermalEngine( 672): Sensor:tsens_tz_sensor7:62000 mC
I/ThermalEngine( 672): Sensor:tsens_tz_sensor6:62000 mC
I/ThermalEngine( 672): Sensor:tsens_tz_sensor5:65000 mC
E/qdhwcomposer( 1270): isValidDimension: layer handle is NULL
E/qdhwcomposer( 1270): isValidDimension: layer handle is NULL
E/qdhwcomposer( 1270): isValidDimension: layer handle is NULL
E/qdhwcomposer( 1270): isValidDimension: layer handle is NULL
E/qdhwcomposer( 1270): isValidDimension: layer handle is NULL
E/qdhwcomposer( 1270): isValidDimension: layer handle is NULL
E/qdhwcomposer( 1270): isValidDimension: layer handle is NULL
E/qdhwcomposer( 1270): isValidDimension: layer handle is NULL
I/ThermalEngine( 672): Sensor:tsens_tz_sensor8:64000 mC
I/ThermalEngine( 672): Sensor:tsens_tz_sensor7:62000 mC
I/ThermalEngine( 672): Sensor:tsens_tz_sensor6:62000 mC
I/ThermalEngine( 672): Sensor:tsens_tz_sensor5:64000 mC
E/qdhwcomposer( 1270): isValidDimension: layer handle is NULL
E/qdhwcomposer( 1270): isValidDimension: layer handle is NULL
E/qdhwcomposer( 1270): isValidDimension: layer handle is NULL
E/qdhwcomposer( 1270): isValidDimension: layer handle is NULL
E/qdhwcomposer( 1270): isValidDimension: layer handle is NULL
E/qdhwcomposer( 1270): isValidDimension: layer handle is NULL
I/ThermalEngine( 672): Sensor:tsens_tz_sensor8:64000 mC
I/ThermalEngine( 672): Sensor:tsens_tz_sensor7:62000 mC
I/ThermalEngine( 672): Sensor:tsens_tz_sensor6:62000 mC
I/ThermalEngine( 672): Sensor:tsens_tz_sensor5:64000 mC
E/qdhwcomposer( 1270): isValidDimension: layer handle is NULL
E/qdhwcomposer( 1270): isValidDimension: layer handle is NULL
E/qdhwcomposer( 1270): isValidDimension: layer handle is NULL
E/qdhwcomposer( 1270): isValidDimension: layer handle is NULL
E/qdhwcomposer( 1270): isValidDimension: layer handle is NULL
E/qdhwcomposer( 1270): isValidDimension: layer handle is NULL
E/qdhwcomposer( 1270): isValidDimension: layer handle is NULL
E/qdhwcomposer( 1270): isValidDimension: layer handle is NULL
I/ThermalEngine( 672): Sensor:tsens_tz_sensor8:64000 mC
I/ThermalEngine( 672): Sensor:tsens_tz_sensor7:62000 mC
I/ThermalEngine( 672): Sensor:tsens_tz_sensor6:62000 mC
I/ThermalEngine( 672): Sensor:tsens_tz_sensor5:64000 mC
E/qdhwcomposer( 1270): isValidDimension: layer handle is NULL
E/qdhwcomposer( 1270): isValidDimension: layer handle is NULL
E/qdhwcomposer( 1270): isValidDimension: layer handle is NULL
E/qdhwcomposer( 1270): isValidDimension: layer handle is NULL
E/qdhwcomposer( 1270): isValidDimension: layer handle is NULL
E/qdhwcomposer( 1270): isValidDimension: layer handle is NULL
E/qdhwcomposer( 1270): isValidDimension: layer handle is NULL
E/qdhwcomposer( 1270): isValidDimension: layer handle is NULL
I/ThermalEngine( 672): Sensor:tsens_tz_sensor8:63000 mC
I/ThermalEngine( 672): Sensor:tsens_tz_sensor7:62000 mC
I/ThermalEngine( 672): Sensor:tsens_tz_sensor6:62000 mC
I/ThermalEngine( 672): Sensor:tsens_tz_sensor5:64000 mC
E/qdhwcomposer( 1270): isValidDimension: layer handle is NULL
E/qdhwcomposer( 1270): isValidDimension: layer handle is NULL
E/qdhwcomposer( 1270): isValidDimension: layer handle is NULL
E/qdhwcomposer( 1270): isValidDimension: layer handle is NULL
E/qdhwcomposer( 1270): isValidDimension: layer handle is NULL
E/qdhwcomposer( 1270): isValidDimension: layer handle is NULL
I/ThermalEngine( 672): Sensor:tsens_tz_sensor8:63000 mC
I/ThermalEngine( 672): Sensor:tsens_tz_sensor7:62000 mC
I/ThermalEngine( 672): Sensor:tsens_tz_sensor6:61000 mC
I/ThermalEngine( 672): Sensor:tsens_tz_sensor5:64000 mC
I/ThermalEngine( 672): Sensor:tsens_tz_sensor8:63000 mC
I/ThermalEngine( 672): Sensor:tsens_tz_sensor7:61000 mC
I/ThermalEngine( 672): Sensor:tsens_tz_sensor6:61000 mC
I/ThermalEngine( 672): Sensor:tsens_tz_sensor5:63000 mC
I/ThermalEngine( 672): Sensor:tsens_tz_sensor8:62000 mC
I/ThermalEngine( 672): Sensor:tsens_tz_sensor7:61000 mC
I/ThermalEngine( 672): Sensor:tsens_tz_sensor6:61000 mC
I/ThermalEngine( 672): Sensor:tsens_tz_sensor5:63000 mC
I/ThermalEngine( 672): Sensor:tsens_tz_sensor8:62000 mC
I/ThermalEngine( 672): Sensor:tsens_tz_sensor7:61000 mC
I/ThermalEngine( 672): Sensor:tsens_tz_sensor6:61000 mC
I/ThermalEngine( 672): Sensor:tsens_tz_sensor5:64000 mC
I/ThermalEngine( 672): Sensor:tsens_tz_sensor8:62000 mC
I/ThermalEngine( 672): Sensor:tsens_tz_sensor7:61000 mC
I/ThermalEngine( 672): Sensor:tsens_tz_sensor6:61000 mC
I/ThermalEngine( 672): Sensor:tsens_tz_sensor5:63000 mC
I/ThermalEngine( 672): Sensor:tsens_tz_sensor8:61000 mC
I/ThermalEngine( 672): Sensor:tsens_tz_sensor7:61000 mC
I/ThermalEngine( 672): Sensor:tsens_tz_sensor6:61000 mC
I/ThermalEngine( 672): Sensor:tsens_tz_sensor5:63000 mC
I/dex2oat ( 2084): dex2oat took 6.182s (threads: 4) arena alloc=3MB java alloc=4MB native alloc=16MB free=7MB
I/ThermalEngine( 672): Sensor:tsens_tz_sensor8:61000 mC
I/ThermalEngine( 672): Sensor:tsens_tz_sensor7:60000 mC
I/ThermalEngine( 672): Sensor:tsens_tz_sensor6:61000 mC
I/ThermalEngine( 672): Sensor:tsens_tz_sensor5:63000 mC
I/ThermalEngine( 672): Sensor:tsens_tz_sensor8:63000 mC
I/ThermalEngine( 672): Sensor:tsens_tz_sensor7:61000 mC
I/ThermalEngine( 672): Sensor:tsens_tz_sensor6:61000 mC
I/ThermalEngine( 672): Sensor:tsens_tz_sensor5:63000 mC
I/dex2oat ( 2132): /system/bin/dex2oat --zip-fd=5 --zip-location=/usr/libexec/sfdroid/system/framework/ethernet-service.jar --oat-fd=6 --oat-location=/data/dalvik-cache/arm/usr@libexec@sfdroid@system@framework@ethernet-service.jar@classes.dex --instruction-set=arm --instruction-set-features=div --runtime-arg -Xms64m --runtime-arg -Xmx512m --swap-fd=7
I/dex2oat ( 2132): Decided to run without swap.
I/ThermalEngine( 672): Sensor:tsens_tz_sensor8:63000 mC
I/ThermalEngine( 672): Sensor:tsens_tz_sensor7:61000 mC
I/ThermalEngine( 672): Sensor:tsens_tz_sensor6:61000 mC
I/ThermalEngine( 672): Sensor:tsens_tz_sensor5:63000 mC
I/ThermalEngine( 672): Sensor:tsens_tz_sensor8:63000 mC
I/ThermalEngine( 672): Sensor:tsens_tz_sensor7:61000 mC
I/ThermalEngine( 672): Sensor:tsens_tz_sensor6:61000 mC
I/ThermalEngine( 672): Sensor:tsens_tz_sensor5:64000 mC
E/qdhwcomposer( 1270): isValidDimension: layer handle is NULL
E/qdhwcomposer( 1270): isValidDimension: layer handle is NULL
I/ThermalEngine( 672): Sensor:tsens_tz_sensor8:63000 mC
I/ThermalEngine( 672): Sensor:tsens_tz_sensor7:61000 mC
I/ThermalEngine( 672): Sensor:tsens_tz_sensor6:61000 mC
I/ThermalEngine( 672): Sensor:tsens_tz_sensor5:64000 mC
E/qdhwcomposer( 1270): isValidDimension: layer handle is NULL
E/qdhwcomposer( 1270): isValidDimension: layer handle is NULL
E/qdhwcomposer( 1270): isValidDimension: layer handle is NULL
E/qdhwcomposer( 1270): isValidDimension: layer handle is NULL
E/qdhwcomposer( 1270): isValidDimension: layer handle is NULL
E/qdhwcomposer( 1270): isValidDimension: layer handle is NULL
E/qdhwcomposer( 1270): isValidDimension: layer handle is NULL
E/qdhwcomposer( 1270): isValidDimension: layer handle is NULL
I/ThermalEngine( 672): Sensor:tsens_tz_sensor8:63000 mC
I/ThermalEngine( 672): Sensor:tsens_tz_sensor7:61000 mC
I/ThermalEngine( 672): Sensor:tsens_tz_sensor6:61000 mC
I/ThermalEngine( 672): Sensor:tsens_tz_sensor5:64000 mC
E/qdhwcomposer( 1270): isValidDimension: layer handle is NULL
E/qdhwcomposer( 1270): isValidDimension: layer handle is NULL
E/qdhwcomposer( 1270): isValidDimension: layer handle is NULL
E/qdhwcomposer( 1270): isValidDimension: layer handle is NULL
I/dex2oat ( 2132): dex2oat took 257.979ms (threads: 4) arena alloc=244KB java alloc=65KB native alloc=1269KB free=6MB
E/qdhwcomposer( 1270): isValidDimension: layer handle is NULL
E/qdhwcomposer( 1270): isValidDimension: layer handle is NULL
