D/MountService( 3345): addVolumeLocked() StorageVolume:
D/MountService( 3345): mStorageId=65537 mPath=/storage/emulated/0 mDescriptionId=17040829
D/MountService( 3345): mPrimary=true mRemovable=false mEmulated=true mMtpReserveSpace=100
D/MountService( 3345): mAllowMassStorage=false mMaxFileSize=0 mOwner=UserHandle{0} mUuid=null
D/MountService( 3345): mUserLabel=null mState=null mAllowMtp=true
D/MountService( 3345): got storage path: /storage/sdcard1 description: SD card primary: false removable: true emulated: false mtpReserve: 0 allowMassStorage: true maxFileSize: 0 allowMtp: true
D/MountService( 3345): addVolumeLocked() StorageVolume:
D/MountService( 3345): mStorageId=0 mPath=/storage/sdcard1 mDescriptionId=17040830 mPrimary=false
D/MountService( 3345): mRemovable=true mEmulated=false mMtpReserveSpace=0 mAllowMassStorage=true
D/MountService( 3345): mMaxFileSize=0 mOwner=null mUuid=null mUserLabel=null mState=null
D/MountService( 3345): mAllowMtp=true
D/MountService( 3345): got storage path: /storage/usbotg description: USB storage primary: false removable: true emulated: false mtpReserve: 0 allowMassStorage: false maxFileSize: 0 allowMtp: true
D/MountService( 3345): addVolumeLocked() StorageVolume:
D/MountService( 3345): mStorageId=0 mPath=/storage/usbotg mDescriptionId=17040831 mPrimary=false
D/MountService( 3345): mRemovable=true mEmulated=false mMtpReserveSpace=0 mAllowMassStorage=false
D/MountService( 3345): mMaxFileSize=0 mOwner=null mUuid=null mUserLabel=null mState=null
D/MountService( 3345): mAllowMtp=true
D/audio_hw_primary( 3191): adev_close_output_stream: enter:stream_handle(0xb5880b00)
D/audio_hw_primary( 3191): out_standby: enter: stream (0xb5880b00) usecase(1: low-latency-playback)
I/PackageManager( 3345): Running dexopt on: /system/priv-app/Shell/Shell.apk pkg=com.android.shell isa=arm vmSafeMode=false
F/WindowAnimator( 3345): Unhandled exception in Window Manager
F/WindowAnimator( 3345): java.lang.NullPointerException: Attempt to invoke virtual method 'void android.view.SurfaceControl.setLayer(int)' on a null object reference
F/WindowAnimator( 3345): at com.android.server.wm.FocusedStackFrame.setLayer(FocusedStackFrame.java:140)
F/WindowAnimator( 3345): at com.android.server.wm.WindowManagerService.setFocusedStackLayer(WindowManagerService.java:3985)
F/WindowAnimator( 3345): at com.android.server.wm.WindowAnimator.animateLocked(WindowAnimator.java:708)
F/WindowAnimator( 3345): at com.android.server.wm.WindowAnimator.access$000(WindowAnimator.java:54)
F/WindowAnimator( 3345): at com.android.server.wm.WindowAnimator$1.run(WindowAnimator.java:126)
F/WindowAnimator( 3345): at android.view.Choreographer$CallbackRecord.run(Choreographer.java:767)
F/WindowAnimator( 3345): at android.view.Choreographer.doCallbacks(Choreographer.java:580)
F/WindowAnimator( 3345): at android.view.Choreographer.doFrame(Choreographer.java:549)
F/WindowAnimator( 3345): at android.view.Choreographer$FrameDisplayEventReceiver.run(Choreographer.java:753)
F/WindowAnimator( 3345): at android.os.Handler.handleCallback(Handler.java:739)
F/WindowAnimator( 3345): at android.os.Handler.dispatchMessage(Handler.java:95)
F/WindowAnimator( 3345): at android.os.Looper.loop(Looper.java:135)
F/WindowAnimator( 3345): at android.os.HandlerThread.run(HandlerThread.java:61)
F/WindowAnimator( 3345): at com.android.server.ServiceThread.run(ServiceThread.java:46)
E/SurfaceFlinger( 3187): Permission Denial: can't access SurfaceFlinger pid=3345, uid=1000
I/ThermalEngine( 672): Sensor:tsens_tz_sensor8:66000 mC
I/ThermalEngine( 672): Sensor:tsens_tz_sensor7:60000 mC
I/ThermalEngine( 672): Sensor:tsens_tz_sensor6:61000 mC
I/ThermalEngine( 672): Sensor:tsens_tz_sensor5:66000 mC
I/dex2oat ( 3576): /system/bin/dex2oat --zip-fd=5 --zip-location=/system/priv-app/Shell/Shell.apk --oat-fd=6 --oat-location=/data/dalvik-cache/arm/system@priv-app@Shell@Shell.apk@classes.dex --instruction-set=arm --instruction-set-features=div --runtime-arg -Xms64m --runtime-arg -Xmx512m --swap-fd=7
I/PackageManager( 3345): No secure containers found
W/PackageManager( 3345): Unknown permission com.google.android.googleapps.permission.GOOGLE_AUTH in package com.android.providers.calendar
W/PackageManager( 3345): Unknown permission com.google.android.googleapps.permission.GOOGLE_AUTH.cl in package com.android.providers.calendar
W/PackageManager( 3345): Unknown permission com.qualcomm.permission.USE_QCRIL_MSG_TUNNEL in package com.qualcomm.shutdownlistner
W/PackageManager( 3345): Not granting permission android.permission.GLOBAL_SEARCH to package com.android.quicksearchbox (protectionLevel=18 flags=0x48be45)
W/PackageManager( 3345): Not granting permission android.permission.ACCESS_DOWNLOAD_MANAGER to package com.android.browser (protectionLevel=18 flags=0x9be45)
W/PackageManager( 3345): Not granting permission android.permission.SEND_DOWNLOAD_COMPLETED_INTENTS to package com.android.browser (protectionLevel=2 flags=0x9be45)
W/PackageManager( 3345): Unknown permission android.permission.MMS_PUSH in package org.codeaurora.bluetooth
W/PackageManager( 3345): Not granting permission android.permission.BIND_WALLPAPER to package com.android.camera2 (protectionLevel=18 flags=0x58bc45)
W/PackageManager( 3345): Unknown permission android.permission.INSTALL_DRM in package com.android.mms
W/PackageManager( 3345): Unknown permission com.google.android.googleapps.permission.GOOGLE_AUTH.mail in package com.android.calendar
W/PackageManager( 3345): Unknown permission com.android.launcher.permission.READ_SETTINGS in package com.android.onetimeinitializer
W/PackageManager( 3345): Unknown permission com.android.launcher.permission.WRITE_SETTINGS in package com.android.onetimeinitializer
W/PackageManager( 3345): Not granting permission android.permission.DELETE_PACKAGES to package com.svox.pico (protectionLevel=18 flags=0x8be45)
W/PackageManager( 3345): Unknown permission android.permission.ACCESS_THEME_MANAGER in package com.fairphone.setupwizard
W/PackageManager( 3345): Unknown permission com.google.android.gallery3d.permission.PICASA_STORE in package com.android.dreams.phototable
W/PackageManager( 3345): Unknown permission android.permission.ACCESS_SUPERUSER in package com.amaze.filemanager
W/PackageManager( 3345): Unknown permission com.google.android.googleapps.permission.GOOGLE_AUTH in package com.android.settings
W/PackageManager( 3345): Unknown permission com.android.launcher.permission.READ_SETTINGS in package com.android.settings
W/PackageManager( 3345): Unknown permission com.android.launcher.permission.WRITE_SETTINGS in package com.android.settings
W/PackageManager( 3345): Unknown permission com.android.launcher.permission.READ_SETTINGS in package com.fairphone.fplauncher3
W/PackageManager( 3345): Unknown permission com.android.launcher.permission.WRITE_SETTINGS in package com.fairphone.fplauncher3
W/PackageManager( 3345): Unknown permission android.permission.ACCESS_SUPERUSER in package com.fairphone.updater
W/PackageManager( 3345): Not granting permission android.permission.DEVICE_POWER to package com.android.deskclock (protectionLevel=2 flags=0x48be45)
W/PackageManager( 3345): Unknown permission com.google.android.gallery3d.permission.GALLERY_PROVIDER in package com.android.bluetooth
E/NetlinkListener( 683): recvmsg failed (I/O error)
E/NetlinkListener( 3190): recvmsg failed (I/O error)
D/OpenGLRenderer( 3345): Use EGL_SWAP_BEHAVIOR_PRESERVED: true
I/dex2oat ( 3576): Decided to run without swap.
E/SurfaceFlinger( 3187): Permission Denial: can't access SurfaceFlinger pid=3345, uid=1000
I/ThermalEngine( 672): Sensor:tsens_tz_sensor8:68000 mC
I/ThermalEngine( 672): Sensor:tsens_tz_sensor7:62000 mC
I/ThermalEngine( 672): Sensor:tsens_tz_sensor6:61000 mC
I/ThermalEngine( 672): Sensor:tsens_tz_sensor5:66000 mC
W/WindowStateAnimator( 3345): OutOfResourcesException creating surface
I/WindowManager( 3345): Out of memory for surface! Looking for leaks...
W/WindowManager( 3345): No leaked surfaces; killing applicatons!
W/WindowManager( 3345): Due to memory failure, waiting a bit for next layout
I/ThermalEngine( 672): Sensor:tsens_tz_sensor8:69000 mC
I/ThermalEngine( 672): Sensor:tsens_tz_sensor7:64000 mC
I/ThermalEngine( 672): Sensor:tsens_tz_sensor6:61000 mC
I/ThermalEngine( 672): Sensor:tsens_tz_sensor5:68000 mC
E/qdhwcomposer( 1270): isValidDimension: layer handle is NULL
E/qdhwcomposer( 1270): isValidDimension: layer handle is NULL
I/ThermalEngine( 672): Sensor:tsens_tz_sensor8:64000 mC
I/ThermalEngine( 672): Sensor:tsens_tz_sensor7:62000 mC
I/ThermalEngine( 672): Sensor:tsens_tz_sensor6:61000 mC
I/ThermalEngine( 672): Sensor:tsens_tz_sensor5:65000 mC
I/ThermalEngine( 672): Sensor:tsens_tz_sensor8:62000 mC
I/ThermalEngine( 672): Sensor:tsens_tz_sensor7:62000 mC
I/ThermalEngine( 672): Sensor:tsens_tz_sensor6:61000 mC
I/ThermalEngine( 672): Sensor:tsens_tz_sensor5:63000 mC
I/ThermalEngine( 672): Sensor:tsens_tz_sensor8:61000 mC
I/ThermalEngine( 672): Sensor:tsens_tz_sensor7:61000 mC
I/ThermalEngine( 672): Sensor:tsens_tz_sensor6:60000 mC
I/ThermalEngine( 672): Sensor:tsens_tz_sensor5:62000 mC
E/SurfaceFlinger( 3187): Permission Denial: can't access SurfaceFlinger pid=3345, uid=1000
E/SurfaceFlinger( 3187): Permission Denial: can't access SurfaceFlinger pid=3345, uid=1000
W/art ( 3345): Long monitor contention event with owner method=int com.android.server.wm.WindowManagerService.relayoutWindow(com.android.server.wm.Session, android.view.IWindow, int, android.view.WindowManager$LayoutParams, int, int, int, int, android.graphics.Rect, android.graphics.Rect, android.graphics.Rect, android.graphics.Rect, android.graphics.Rect, android.content.res.Configuration, android.view.Surface) from WindowManagerService.java:3013 waiters=0 for 253ms
F/WindowAnimator( 3345): Unhandled exception in Window Manager
F/WindowAnimator( 3345): java.lang.NullPointerException: Attempt to invoke virtual method 'void android.view.SurfaceControl.setLayer(int)' on a null object reference
F/WindowAnimator( 3345): at com.android.server.wm.FocusedStackFrame.setLayer(FocusedStackFrame.java:140)
F/WindowAnimator( 3345): at com.android.server.wm.WindowManagerService.setFocusedStackLayer(WindowManagerService.java:3985)
F/WindowAnimator( 3345): at com.android.server.wm.WindowAnimator.animateLocked(WindowAnimator.java:708)
F/WindowAnimator( 3345): at com.android.server.wm.WindowAnimator.access$000(WindowAnimator.java:54)
F/WindowAnimator( 3345): at com.android.server.wm.WindowAnimator$1.run(WindowAnimator.java:126)
F/WindowAnimator( 3345): at android.view.Choreographer$CallbackRecord.run(Choreographer.java:767)
F/WindowAnimator( 3345): at android.view.Choreographer.doCallbacks(Choreographer.java:580)
F/WindowAnimator( 3345): at android.view.Choreographer.doFrame(Choreographer.java:549)
F/WindowAnimator( 3345): at android.view.Choreographer$FrameDisplayEventReceiver.run(Choreographer.java:753)
F/WindowAnimator( 3345): at android.os.Handler.handleCallback(Handler.java:739)
F/WindowAnimator( 3345): at android.os.Handler.dispatchMessage(Handler.java:95)
F/WindowAnimator( 3345): at android.os.Looper.loop(Looper.java:135)
F/WindowAnimator( 3345): at android.os.HandlerThread.run(HandlerThread.java:61)
F/WindowAnimator( 3345): at com.android.server.ServiceThread.run(ServiceThread.java:46)
E/SurfaceFlinger( 3187): Permission Denial: can't access SurfaceFlinger pid=3345, uid=1000
E/SurfaceFlinger( 3187): Permission Denial: can't access SurfaceFlinger pid=3345, uid=1000
E/SurfaceFlinger( 3187): Permission Denial: can't access SurfaceFlinger pid=3345, uid=1000
F/WindowAnimator( 3345): Unhandled exception in Window Manager
F/WindowAnimator( 3345): java.lang.NullPointerException: Attempt to invoke virtual method 'void android.view.SurfaceControl.setLayer(int)' on a null object reference
F/WindowAnimator( 3345): at com.android.server.wm.FocusedStackFrame.setLayer(FocusedStackFrame.java:140)
F/WindowAnimator( 3345): at com.android.server.wm.WindowManagerService.setFocusedStackLayer(WindowManagerService.java:3985)
F/WindowAnimator( 3345): at com.android.server.wm.WindowAnimator.animateLocked(WindowAnimator.java:708)
F/WindowAnimator( 3345): at com.android.server.wm.WindowAnimator.access$000(WindowAnimator.java:54)
F/WindowAnimator( 3345): at com.android.server.wm.WindowAnimator$1.run(WindowAnimator.java:126)
F/WindowAnimator( 3345): at android.view.Choreographer$CallbackRecord.run(Choreographer.java:767)
F/WindowAnimator( 3345): at android.view.Choreographer.doCallbacks(Choreographer.java:580)
F/WindowAnimator( 3345): at android.view.Choreographer.doFrame(Choreographer.java:549)
F/WindowAnimator( 3345): at android.view.Choreographer$FrameDisplayEventReceiver.run(Choreographer.java:753)
F/WindowAnimator( 3345): at android.os.Handler.handleCallback(Handler.java:739)
F/WindowAnimator( 3345): at android.os.Handler.dispatchMessage(Handler.java:95)
F/WindowAnimator( 3345): at android.os.Looper.loop(Looper.java:135)
F/WindowAnimator( 3345): at android.os.HandlerThread.run(HandlerThread.java:61)
F/WindowAnimator( 3345): at com.android.server.ServiceThread.run(ServiceThread.java:46)
E/SurfaceFlinger( 3187): Permission Denial: can't access SurfaceFlinger pid=3345, uid=1000
I/ThermalEngine( 672): Sensor:tsens_tz_sensor8:63000 mC
I/ThermalEngine( 672): Sensor:tsens_tz_sensor7:61000 mC
I/ThermalEngine( 672): Sensor:tsens_tz_sensor6:60000 mC
I/ThermalEngine( 672): Sensor:tsens_tz_sensor5:62000 mC
E/qdhwcomposer( 1270): isValidDimension: layer handle is NULL
E/qdhwcomposer( 1270): isValidDimension: layer handle is NULL
I/ThermalEngine( 672): Sensor:tsens_tz_sensor8:68000 mC
I/ThermalEngine( 672): Sensor:tsens_tz_sensor7:66000 mC
I/ThermalEngine( 672): Sensor:tsens_tz_sensor6:60000 mC
I/ThermalEngine( 672): Sensor:tsens_tz_sensor5:65000 mC
E/NetlinkListener( 683): recvmsg failed (I/O error)
E/NetlinkListener( 3190): recvmsg failed (I/O error)
I/ThermalEngine( 672): Sensor:tsens_tz_sensor8:69000 mC
I/ThermalEngine( 672): Sensor:tsens_tz_sensor7:69000 mC
I/ThermalEngine( 672): Sensor:tsens_tz_sensor6:64000 mC
I/ThermalEngine( 672): Sensor:tsens_tz_sensor5:67000 mC
I/dex2oat ( 3576): dex2oat took 537.640ms (threads: 4) arena alloc=120KB java alloc=359KB native alloc=2MB free=5MB
I/PackageManager( 3345): Running dexopt on: /system/priv-app/SystemUI/SystemUI.apk pkg=com.android.systemui isa=arm vmSafeMode=false
I/dex2oat ( 3604): /system/bin/dex2oat --zip-fd=5 --zip-location=/system/priv-app/SystemUI/SystemUI.apk --oat-fd=6 --oat-location=/data/dalvik-cache/arm/system@priv-app@SystemUI@SystemUI.apk@classes.dex --instruction-set=arm --instruction-set-features=div --runtime-arg -Xms64m --runtime-arg -Xmx512m --swap-fd=7
I/ThermalEngine( 672): Sensor:tsens_tz_sensor8:64000 mC
I/ThermalEngine( 672): Sensor:tsens_tz_sensor7:64000 mC
I/ThermalEngine( 672): Sensor:tsens_tz_sensor6:63000 mC
I/ThermalEngine( 672): Sensor:tsens_tz_sensor5:64000 mC
I/ThermalEngine( 672): Sensor:tsens_tz_sensor8:63000 mC
I/ThermalEngine( 672): Sensor:tsens_tz_sensor7:70000 mC
I/ThermalEngine( 672): Sensor:tsens_tz_sensor6:62000 mC
I/ThermalEngine( 672): Sensor:tsens_tz_sensor5:63000 mC
I/dex2oat ( 3604): Decided to run without swap.
I/ThermalEngine( 672): Sensor:tsens_tz_sensor8:62000 mC
I/ThermalEngine( 672): Sensor:tsens_tz_sensor7:69000 mC
I/ThermalEngine( 672): Sensor:tsens_tz_sensor6:62000 mC
I/ThermalEngine( 672): Sensor:tsens_tz_sensor5:63000 mC
E/qdhwcomposer( 1270): isValidDimension: layer handle is NULL
E/qdhwcomposer( 1270): isValidDimension: layer handle is NULL
E/NetlinkListener( 683): recvmsg failed (I/O error)
E/NetlinkListener( 3190): recvmsg failed (I/O error)
I/ThermalEngine( 672): Sensor:tsens_tz_sensor8:62000 mC
I/ThermalEngine( 672): Sensor:tsens_tz_sensor7:69000 mC
I/ThermalEngine( 672): Sensor:tsens_tz_sensor6:61000 mC
I/ThermalEngine( 672): Sensor:tsens_tz_sensor5:64000 mC
E/NetlinkListener( 3190): recvmsg failed (I/O error)
E/NetlinkListener( 683): recvmsg failed (I/O error)
I/ThermalEngine( 672): Sensor:tsens_tz_sensor8:66000 mC
I/ThermalEngine( 672): Sensor:tsens_tz_sensor7:65000 mC
I/ThermalEngine( 672): Sensor:tsens_tz_sensor6:61000 mC
I/ThermalEngine( 672): Sensor:tsens_tz_sensor5:65000 mC
I/ThermalEngine( 672): Sensor:tsens_tz_sensor8:67000 mC
I/ThermalEngine( 672): Sensor:tsens_tz_sensor7:67000 mC
I/ThermalEngine( 672): Sensor:tsens_tz_sensor6:61000 mC
I/ThermalEngine( 672): Sensor:tsens_tz_sensor5:63000 mC
I/ThermalEngine( 672): Sensor:tsens_tz_sensor8:65000 mC
I/ThermalEngine( 672): Sensor:tsens_tz_sensor7:67000 mC
I/ThermalEngine( 672): Sensor:tsens_tz_sensor6:62000 mC
I/ThermalEngine( 672): Sensor:tsens_tz_sensor5:63000 mC
E/qdhwcomposer( 1270): isValidDimension: layer handle is NULL
E/qdhwcomposer( 1270): isValidDimension: layer handle is NULL
I/ThermalEngine( 672): Sensor:tsens_tz_sensor8:63000 mC
I/ThermalEngine( 672): Sensor:tsens_tz_sensor7:66000 mC
I/ThermalEngine( 672): Sensor:tsens_tz_sensor6:63000 mC
I/ThermalEngine( 672): Sensor:tsens_tz_sensor5:64000 mC
I/ThermalEngine( 672): Sensor:pm8941_tz:55256 mC
I/ThermalEngine( 672): Sensor:tsens_tz_sensor8:67000 mC
I/ThermalEngine( 672): Sensor:tsens_tz_sensor7:68000 mC
I/ThermalEngine( 672): Sensor:tsens_tz_sensor6:64000 mC
I/ThermalEngine( 672): Sensor:tsens_tz_sensor5:67000 mC
I/ThermalEngine( 672): Sensor:tsens_tz_sensor8:68000 mC
I/ThermalEngine( 672): Sensor:tsens_tz_sensor7:69000 mC
I/ThermalEngine( 672): Sensor:tsens_tz_sensor6:65000 mC
I/ThermalEngine( 672): Sensor:tsens_tz_sensor5:63000 mC
I/ThermalEngine( 672): Sensor:tsens_tz_sensor8:67000 mC
I/ThermalEngine( 672): Sensor:tsens_tz_sensor7:64000 mC
I/ThermalEngine( 672): Sensor:tsens_tz_sensor6:66000 mC
I/ThermalEngine( 672): Sensor:tsens_tz_sensor5:64000 mC
E/qdhwcomposer( 1270): isValidDimension: layer handle is NULL
E/qdhwcomposer( 1270): isValidDimension: layer handle is NULL
I/ThermalEngine( 672): Sensor:tsens_tz_sensor8:65000 mC
I/ThermalEngine( 672): Sensor:tsens_tz_sensor7:67000 mC
I/ThermalEngine( 672): Sensor:tsens_tz_sensor6:65000 mC
I/ThermalEngine( 672): Sensor:tsens_tz_sensor5:64000 mC
I/ThermalEngine( 672): Sensor:tsens_tz_sensor8:65000 mC
I/ThermalEngine( 672): Sensor:tsens_tz_sensor7:66000 mC
I/ThermalEngine( 672): Sensor:tsens_tz_sensor6:63000 mC
I/ThermalEngine( 672): Sensor:tsens_tz_sensor5:64000 mC
I/ThermalEngine( 672): Sensor:tsens_tz_sensor8:65000 mC
I/ThermalEngine( 672): Sensor:tsens_tz_sensor7:68000 mC
I/ThermalEngine( 672): Sensor:tsens_tz_sensor6:64000 mC
I/ThermalEngine( 672): Sensor:tsens_tz_sensor5:64000 mC
I/ThermalEngine( 672): Sensor:tsens_tz_sensor8:67000 mC
I/ThermalEngine( 672): Sensor:tsens_tz_sensor7:64000 mC
I/ThermalEngine( 672): Sensor:tsens_tz_sensor6:63000 mC
I/ThermalEngine( 672): Sensor:tsens_tz_sensor5:65000 mC
I/ThermalEngine( 672): Sensor:tsens_tz_sensor8:63000 mC
I/ThermalEngine( 672): Sensor:tsens_tz_sensor7:64000 mC
I/ThermalEngine( 672): Sensor:tsens_tz_sensor6:65000 mC
I/ThermalEngine( 672): Sensor:tsens_tz_sensor5:64000 mC
E/qdhwcomposer( 1270): isValidDimension: layer handle is NULL
E/qdhwcomposer( 1270): isValidDimension: layer handle is NULL
I/ThermalEngine( 672): Sensor:tsens_tz_sensor8:65000 mC
I/ThermalEngine( 672): Sensor:tsens_tz_sensor7:63000 mC
I/ThermalEngine( 672): Sensor:tsens_tz_sensor6:65000 mC
I/ThermalEngine( 672): Sensor:tsens_tz_sensor5:64000 mC
I/ThermalEngine( 672): Sensor:tsens_tz_sensor8:68000 mC
I/ThermalEngine( 672): Sensor:tsens_tz_sensor7:64000 mC
I/ThermalEngine( 672): Sensor:tsens_tz_sensor6:70000 mC
I/ThermalEngine( 672): Sensor:tsens_tz_sensor5:68000 mC
I/ThermalEngine( 672): Sensor:tsens_tz_sensor8:70000 mC
I/ThermalEngine( 672): Sensor:tsens_tz_sensor7:67000 mC
I/ThermalEngine( 672): Sensor:tsens_tz_sensor6:72000 mC
I/ThermalEngine( 672): ACTION: CPU - Setting CPU[0] to 1958400
I/ThermalEngine( 672): ACTION: CPU - Setting CPU[1] to 1958400
I/ThermalEngine( 672): ACTION: CPU - Setting CPU[2] to 1958400
I/ThermalEngine( 672): ACTION: CPU - Setting CPU[3] to 1958400
I/ThermalEngine( 672): Sensor:tsens_tz_sensor5:71000 mC
I/ThermalEngine( 672): Sensor:tsens_tz_sensor8:70000 mC
I/ThermalEngine( 672): Sensor:tsens_tz_sensor7:70000 mC
I/ThermalEngine( 672): Sensor:tsens_tz_sensor6:73000 mC
I/ThermalEngine( 672): ACTION: CPU - Setting CPU[0] to 1728000
I/ThermalEngine( 672): ACTION: CPU - Setting CPU[1] to 1728000
I/ThermalEngine( 672): ACTION: CPU - Setting CPU[2] to 1728000
I/ThermalEngine( 672): ACTION: CPU - Setting CPU[3] to 1728000
I/ThermalEngine( 672): Sensor:tsens_tz_sensor5:72000 mC
I/ThermalEngine( 672): Sensor:tsens_tz_sensor8:69000 mC
I/ThermalEngine( 672): Sensor:tsens_tz_sensor7:68000 mC
I/ThermalEngine( 672): Sensor:tsens_tz_sensor6:71000 mC
I/ThermalEngine( 672): ACTION: CPU - Setting CPU[0] to 1574400
I/ThermalEngine( 672): ACTION: CPU - Setting CPU[1] to 1574400
I/ThermalEngine( 672): ACTION: CPU - Setting CPU[2] to 1574400
I/ThermalEngine( 672): ACTION: CPU - Setting CPU[3] to 1574400
I/ThermalEngine( 672): Sensor:tsens_tz_sensor5:71000 mC
E/qdhwcomposer( 1270): isValidDimension: layer handle is NULL
E/qdhwcomposer( 1270): isValidDimension: layer handle is NULL
I/ThermalEngine( 672): Sensor:tsens_tz_sensor8:69000 mC
I/ThermalEngine( 672): Sensor:tsens_tz_sensor7:68000 mC
I/ThermalEngine( 672): Sensor:tsens_tz_sensor6:70000 mC
I/ThermalEngine( 672): Sensor:tsens_tz_sensor5:70000 mC
I/ThermalEngine( 672): ACTION: CPU - Setting CPU[0] to 1728000
I/ThermalEngine( 672): ACTION: CPU - Setting CPU[1] to 1728000
I/ThermalEngine( 672): ACTION: CPU - Setting CPU[2] to 1728000
I/ThermalEngine( 672): ACTION: CPU - Setting CPU[3] to 1728000
I/ThermalEngine( 672): Sensor:tsens_tz_sensor8:69000 mC
I/ThermalEngine( 672): Sensor:tsens_tz_sensor7:66000 mC
I/ThermalEngine( 672): Sensor:tsens_tz_sensor6:70000 mC
I/ThermalEngine( 672): Sensor:tsens_tz_sensor5:68000 mC
I/ThermalEngine( 672): Sensor:tsens_tz_sensor8:69000 mC
I/ThermalEngine( 672): Sensor:tsens_tz_sensor7:68000 mC
I/ThermalEngine( 672): Sensor:tsens_tz_sensor6:70000 mC
I/ThermalEngine( 672): Sensor:tsens_tz_sensor5:70000 mC
I/ThermalEngine( 672): Sensor:tsens_tz_sensor8:69000 mC
I/ThermalEngine( 672): Sensor:tsens_tz_sensor7:68000 mC
I/ThermalEngine( 672): Sensor:tsens_tz_sensor6:70000 mC
I/ThermalEngine( 672): Sensor:tsens_tz_sensor5:70000 mC
E/qdhwcomposer( 1270): isValidDimension: layer handle is NULL
E/qdhwcomposer( 1270): isValidDimension: layer handle is NULL
I/ThermalEngine( 672): Sensor:tsens_tz_sensor8:68000 mC
I/ThermalEngine( 672): Sensor:tsens_tz_sensor7:68000 mC
I/ThermalEngine( 672): Sensor:tsens_tz_sensor6:70000 mC
I/ThermalEngine( 672): Sensor:tsens_tz_sensor5:70000 mC
I/ThermalEngine( 672): Sensor:tsens_tz_sensor8:69000 mC
I/ThermalEngine( 672): Sensor:tsens_tz_sensor7:65000 mC
I/ThermalEngine( 672): Sensor:tsens_tz_sensor6:70000 mC
I/ThermalEngine( 672): Sensor:tsens_tz_sensor5:70000 mC
I/ThermalEngine( 672): Sensor:tsens_tz_sensor8:65000 mC
I/ThermalEngine( 672): Sensor:tsens_tz_sensor7:64000 mC
I/ThermalEngine( 672): Sensor:tsens_tz_sensor6:69000 mC
I/ThermalEngine( 672): ACTION: CPU - Setting CPU[0] to 1958400
I/ThermalEngine( 672): ACTION: CPU - Setting CPU[1] to 1958400
I/ThermalEngine( 672): ACTION: CPU - Setting CPU[2] to 1958400
I/ThermalEngine( 672): ACTION: CPU - Setting CPU[3] to 1958400
I/ThermalEngine( 672): Sensor:tsens_tz_sensor5:66000 mC
I/ThermalEngine( 672): Sensor:tsens_tz_sensor8:63000 mC
I/ThermalEngine( 672): Sensor:tsens_tz_sensor7:63000 mC
I/ThermalEngine( 672): Sensor:tsens_tz_sensor6:69000 mC
I/ThermalEngine( 672): Sensor:tsens_tz_sensor5:65000 mC
E/qdhwcomposer( 1270): isValidDimension: layer handle is NULL
E/qdhwcomposer( 1270): isValidDimension: layer handle is NULL
I/ThermalEngine( 672): Sensor:tsens_tz_sensor8:63000 mC
I/ThermalEngine( 672): Sensor:tsens_tz_sensor7:63000 mC
I/ThermalEngine( 672): Sensor:tsens_tz_sensor6:66000 mC
I/ThermalEngine( 672): ACTION: CPU - Setting CPU[0] to 2265600
I/ThermalEngine( 672): ACTION: CPU - Setting CPU[1] to 2265600
I/ThermalEngine( 672): ACTION: CPU - Setting CPU[2] to 2265600
I/ThermalEngine( 672): ACTION: CPU - Setting CPU[3] to 2265600
I/ThermalEngine( 672): Sensor:tsens_tz_sensor5:65000 mC
I/ThermalEngine( 672): Sensor:tsens_tz_sensor8:62000 mC
I/ThermalEngine( 672): Sensor:tsens_tz_sensor7:63000 mC
I/ThermalEngine( 672): Sensor:tsens_tz_sensor6:65000 mC
I/ThermalEngine( 672): Sensor:tsens_tz_sensor5:65000 mC
E/NetlinkListener( 3190): recvmsg failed (I/O error)
E/NetlinkListener( 683): recvmsg failed (I/O error)
E/NetlinkListener( 3190): recvmsg failed (I/O error)
E/NetlinkListener( 683): recvmsg failed (I/O error)
I/ThermalEngine( 672): Sensor:tsens_tz_sensor8:62000 mC
I/ThermalEngine( 672): Sensor:tsens_tz_sensor7:63000 mC
I/ThermalEngine( 672): Sensor:tsens_tz_sensor6:63000 mC
I/ThermalEngine( 672): Sensor:tsens_tz_sensor5:65000 mC
I/dex2oat ( 3604): dex2oat took 2.063s (threads: 4) arena alloc=325KB java alloc=3MB native alloc=6MB free=13MB
I/PackageManager( 3345): Running dexopt on: /system/priv-app/ProxyHandler/ProxyHandler.apk pkg=com.android.proxyhandler isa=arm vmSafeMode=false
I/dex2oat ( 3661): /system/bin/dex2oat --zip-fd=5 --zip-location=/system/priv-app/ProxyHandler/ProxyHandler.apk --oat-fd=6 --oat-location=/data/dalvik-cache/arm/system@priv-app@ProxyHandler@ProxyHandler.apk@classes.dex --instruction-set=arm --instruction-set-features=div --runtime-arg -Xms64m --runtime-arg -Xmx512m --swap-fd=7
I/ThermalEngine( 672): Sensor:tsens_tz_sensor8:64000 mC
I/ThermalEngine( 672): Sensor:tsens_tz_sensor7:61000 mC
I/ThermalEngine( 672): Sensor:tsens_tz_sensor6:62000 mC
I/ThermalEngine( 672): Sensor:tsens_tz_sensor5:65000 mC
I/dex2oat ( 3661): Decided to run without swap.
I/dex2oat ( 3661): dex2oat took 44.213ms (threads: 4) arena alloc=262KB java alloc=17KB native alloc=1127KB free=6MB
I/PackageManager( 3345): Running dexopt on: /system/priv-app/MmsService/MmsService.apk pkg=com.android.mms.service isa=arm vmSafeMode=false
I/ThermalEngine( 672): Sensor:tsens_tz_sensor8:65000 mC
I/ThermalEngine( 672): Sensor:tsens_tz_sensor7:61000 mC
I/ThermalEngine( 672): Sensor:tsens_tz_sensor6:62000 mC
I/ThermalEngine( 672): Sensor:tsens_tz_sensor5:65000 mC
I/dex2oat ( 3666): /system/bin/dex2oat --zip-fd=5 --zip-location=/system/priv-app/MmsService/MmsService.apk --oat-fd=6 --oat-location=/data/dalvik-cache/arm/system@priv-app@MmsService@MmsService.apk@classes.dex --instruction-set=arm --instruction-set-features=div --runtime-arg -Xms64m --runtime-arg -Xmx512m --swap-fd=7
E/qdhwcomposer( 1270): isValidDimension: layer handle is NULL
E/qdhwcomposer( 1270): isValidDimension: layer handle is NULL
I/dex2oat ( 3666): Decided to run without swap.
I/ThermalEngine( 672): Sensor:tsens_tz_sensor8:64000 mC
I/ThermalEngine( 672): Sensor:tsens_tz_sensor7:61000 mC
I/ThermalEngine( 672): Sensor:tsens_tz_sensor6:62000 mC
I/ThermalEngine( 672): Sensor:tsens_tz_sensor5:68000 mC