I/ThermalEngine( 672): Sensor:tsens_tz_sensor5:59000 mC
I/ThermalEngine( 672): Sensor:tsens_tz_sensor8:57000 mC
I/ThermalEngine( 672): Sensor:tsens_tz_sensor7:57000 mC
I/ThermalEngine( 672): Sensor:tsens_tz_sensor6:57000 mC
I/ThermalEngine( 672): Sensor:tsens_tz_sensor5:59000 mC
I/ThermalEngine( 672): Sensor:tsens_tz_sensor8:57000 mC
I/ThermalEngine( 672): Sensor:tsens_tz_sensor7:57000 mC
I/ThermalEngine( 672): Sensor:tsens_tz_sensor6:57000 mC
I/ThermalEngine( 672): Sensor:tsens_tz_sensor5:58000 mC
I/ThermalEngine( 672): Sensor:tsens_tz_sensor8:57000 mC
I/ThermalEngine( 672): Sensor:tsens_tz_sensor7:57000 mC
I/ThermalEngine( 672): Sensor:tsens_tz_sensor6:57000 mC
I/ThermalEngine( 672): Sensor:tsens_tz_sensor5:58000 mC
I/ThermalEngine( 672): Sensor:tsens_tz_sensor8:57000 mC
I/ThermalEngine( 672): Sensor:tsens_tz_sensor7:57000 mC
I/ThermalEngine( 672): Sensor:tsens_tz_sensor6:57000 mC
I/ThermalEngine( 672): Sensor:tsens_tz_sensor5:58000 mC
I/ThermalEngine( 672): Sensor:tsens_tz_sensor8:57000 mC
I/ThermalEngine( 672): Sensor:tsens_tz_sensor7:57000 mC
I/ThermalEngine( 672): Sensor:tsens_tz_sensor6:57000 mC
I/ThermalEngine( 672): Sensor:tsens_tz_sensor5:58000 mC
I/ThermalEngine( 672): Sensor:tsens_tz_sensor8:57000 mC
I/ThermalEngine( 672): Sensor:tsens_tz_sensor7:57000 mC
I/ThermalEngine( 672): Sensor:tsens_tz_sensor6:57000 mC
I/ThermalEngine( 672): Sensor:tsens_tz_sensor5:57000 mC
I/ThermalEngine( 672): Sensor:tsens_tz_sensor8:57000 mC
I/ThermalEngine( 672): Sensor:tsens_tz_sensor7:57000 mC
I/ThermalEngine( 672): Sensor:tsens_tz_sensor6:57000 mC
I/ThermalEngine( 672): Sensor:tsens_tz_sensor5:58000 mC
E/qdhwcomposer( 1270): isValidDimension: layer handle is NULL
E/qdhwcomposer( 1270): isValidDimension: layer handle is NULL
E/qdhwcomposer( 1270): isValidDimension: layer handle is NULL
E/qdhwcomposer( 1270): isValidDimension: layer handle is NULL
E/qdhwcomposer( 1270): isValidDimension: layer handle is NULL
E/qdhwcomposer( 1270): isValidDimension: layer handle is NULL
I/ThermalEngine( 672): Sensor:tsens_tz_sensor8:61000 mC
I/ThermalEngine( 672): Sensor:tsens_tz_sensor7:57000 mC
I/ThermalEngine( 672): Sensor:tsens_tz_sensor6:57000 mC
I/ThermalEngine( 672): Sensor:tsens_tz_sensor5:61000 mC
E/qdhwcomposer( 1270): isValidDimension: layer handle is NULL
E/qdhwcomposer( 1270): isValidDimension: layer handle is NULL
E/qdhwcomposer( 1270): isValidDimension: layer handle is NULL
E/qdhwcomposer( 1270): isValidDimension: layer handle is NULL
E/qdhwcomposer( 1270): isValidDimension: layer handle is NULL
E/qdhwcomposer( 1270): isValidDimension: layer handle is NULL
E/qdhwcomposer( 1270): isValidDimension: layer handle is NULL
E/qdhwcomposer( 1270): isValidDimension: layer handle is NULL
I/ThermalEngine( 672): Sensor:tsens_tz_sensor8:61000 mC
I/ThermalEngine( 672): Sensor:tsens_tz_sensor7:58000 mC
I/ThermalEngine( 672): Sensor:tsens_tz_sensor6:58000 mC
I/ThermalEngine( 672): Sensor:tsens_tz_sensor5:61000 mC
E/qdhwcomposer( 1270): isValidDimension: layer handle is NULL
E/qdhwcomposer( 1270): isValidDimension: layer handle is NULL
E/qdhwcomposer( 1270): isValidDimension: layer handle is NULL
E/qdhwcomposer( 1270): isValidDimension: layer handle is NULL
E/qdhwcomposer( 1270): isValidDimension: layer handle is NULL
E/qdhwcomposer( 1270): isValidDimension: layer handle is NULL
E/qdhwcomposer( 1270): isValidDimension: layer handle is NULL
E/qdhwcomposer( 1270): isValidDimension: layer handle is NULL
I/ThermalEngine( 672): Sensor:tsens_tz_sensor8:59000 mC
I/ThermalEngine( 672): Sensor:tsens_tz_sensor7:58000 mC
I/ThermalEngine( 672): Sensor:tsens_tz_sensor6:58000 mC
I/ThermalEngine( 672): Sensor:tsens_tz_sensor5:59000 mC
E/qdhwcomposer( 1270): isValidDimension: layer handle is NULL
E/qdhwcomposer( 1270): isValidDimension: layer handle is NULL
E/qdhwcomposer( 1270): isValidDimension: layer handle is NULL
E/qdhwcomposer( 1270): isValidDimension: layer handle is NULL
I/ThermalEngine( 672): Sensor:tsens_tz_sensor8:60000 mC
I/ThermalEngine( 672): Sensor:tsens_tz_sensor7:58000 mC
I/ThermalEngine( 672): Sensor:tsens_tz_sensor6:57000 mC
I/ThermalEngine( 672): Sensor:tsens_tz_sensor5:59000 mC
E/qdhwcomposer( 1270): isValidDimension: layer handle is NULL
E/qdhwcomposer( 1270): isValidDimension: layer handle is NULL
E/qdhwcomposer( 1270): isValidDimension: layer handle is NULL
E/qdhwcomposer( 1270): isValidDimension: layer handle is NULL
E/qdhwcomposer( 1270): isValidDimension: layer handle is NULL
E/qdhwcomposer( 1270): isValidDimension: layer handle is NULL
E/qdhwcomposer( 1270): isValidDimension: layer handle is NULL
E/qdhwcomposer( 1270): isValidDimension: layer handle is NULL
E/qdhwcomposer( 1270): isValidDimension: layer handle is NULL
E/qdhwcomposer( 1270): isValidDimension: layer handle is NULL
I/ThermalEngine( 672): Sensor:tsens_tz_sensor8:59000 mC
I/ThermalEngine( 672): Sensor:tsens_tz_sensor7:58000 mC
I/ThermalEngine( 672): Sensor:tsens_tz_sensor6:58000 mC
I/ThermalEngine( 672): Sensor:tsens_tz_sensor5:59000 mC
E/qdhwcomposer( 1270): isValidDimension: layer handle is NULL
E/qdhwcomposer( 1270): isValidDimension: layer handle is NULL
E/qdhwcomposer( 1270): isValidDimension: layer handle is NULL
E/qdhwcomposer( 1270): isValidDimension: layer handle is NULL
E/qdhwcomposer( 1270): isValidDimension: layer handle is NULL
E/qdhwcomposer( 1270): isValidDimension: layer handle is NULL
I/ThermalEngine( 672): Sensor:tsens_tz_sensor8:58000 mC
I/ThermalEngine( 672): Sensor:tsens_tz_sensor7:58000 mC
I/ThermalEngine( 672): Sensor:tsens_tz_sensor6:57000 mC
I/ThermalEngine( 672): Sensor:tsens_tz_sensor5:59000 mC
E/qdhwcomposer( 1270): isValidDimension: layer handle is NULL
E/qdhwcomposer( 1270): isValidDimension: layer handle is NULL
E/qdhwcomposer( 1270): isValidDimension: layer handle is NULL
E/qdhwcomposer( 1270): isValidDimension: layer handle is NULL
E/qdhwcomposer( 1270): isValidDimension: layer handle is NULL
E/qdhwcomposer( 1270): isValidDimension: layer handle is NULL
I/ThermalEngine( 672): Sensor:tsens_tz_sensor8:59000 mC
I/ThermalEngine( 672): Sensor:tsens_tz_sensor7:58000 mC
I/ThermalEngine( 672): Sensor:tsens_tz_sensor6:57000 mC
I/ThermalEngine( 672): Sensor:tsens_tz_sensor5:60000 mC
E/qdhwcomposer( 1270): isValidDimension: layer handle is NULL
E/qdhwcomposer( 1270): isValidDimension: layer handle is NULL
E/qdhwcomposer( 1270): isValidDimension: layer handle is NULL
E/qdhwcomposer( 1270): isValidDimension: layer handle is NULL
E/qdhwcomposer( 1270): isValidDimension: layer handle is NULL
E/qdhwcomposer( 1270): isValidDimension: layer handle is NULL
E/qdhwcomposer( 1270): isValidDimension: layer handle is NULL
E/qdhwcomposer( 1270): isValidDimension: layer handle is NULL
E/qdhwcomposer( 1270): isValidDimension: layer handle is NULL
E/qdhwcomposer( 1270): isValidDimension: layer handle is NULL
I/ThermalEngine( 672): Sensor:tsens_tz_sensor8:60000 mC
I/ThermalEngine( 672): Sensor:tsens_tz_sensor7:58000 mC
I/ThermalEngine( 672): Sensor:tsens_tz_sensor6:58000 mC
I/ThermalEngine( 672): Sensor:tsens_tz_sensor5:60000 mC
E/qdhwcomposer( 1270): isValidDimension: layer handle is NULL
E/qdhwcomposer( 1270): isValidDimension: layer handle is NULL
E/qdhwcomposer( 1270): isValidDimension: layer handle is NULL
E/qdhwcomposer( 1270): isValidDimension: layer handle is NULL
E/qdhwcomposer( 1270): isValidDimension: layer handle is NULL
E/qdhwcomposer( 1270): isValidDimension: layer handle is NULL
I/ThermalEngine( 672): Sensor:tsens_tz_sensor8:59000 mC
I/ThermalEngine( 672): Sensor:tsens_tz_sensor7:58000 mC
I/ThermalEngine( 672): Sensor:tsens_tz_sensor6:58000 mC
I/ThermalEngine( 672): Sensor:tsens_tz_sensor5:59000 mC
E/qdhwcomposer( 1270): isValidDimension: layer handle is NULL
E/qdhwcomposer( 1270): isValidDimension: layer handle is NULL
E/qdhwcomposer( 1270): isValidDimension: layer handle is NULL
E/qdhwcomposer( 1270): isValidDimension: layer handle is NULL
E/qdhwcomposer( 1270): isValidDimension: layer handle is NULL
E/qdhwcomposer( 1270): isValidDimension: layer handle is NULL
E/qdhwcomposer( 1270): isValidDimension: layer handle is NULL
E/qdhwcomposer( 1270): isValidDimension: layer handle is NULL
I/ThermalEngine( 672): Sensor:tsens_tz_sensor8:58000 mC
I/ThermalEngine( 672): Sensor:tsens_tz_sensor7:58000 mC
I/ThermalEngine( 672): Sensor:tsens_tz_sensor6:58000 mC
I/ThermalEngine( 672): Sensor:tsens_tz_sensor5:59000 mC
E/qdhwcomposer( 1270): isValidDimension: layer handle is NULL
E/qdhwcomposer( 1270): isValidDimension: layer handle is NULL
V/WLAN_PSA( 669): NL MSG, len[048], NL type[0x11] WNI type[0x5050] len[028]
V/WLAN_PSA( 669): NL MSG, PID: 669
I/ThermalEngine( 672): Sensor:tsens_tz_sensor8:58000 mC
I/ThermalEngine( 672): Sensor:tsens_tz_sensor7:58000 mC
I/ThermalEngine( 672): Sensor:tsens_tz_sensor6:57000 mC
I/ThermalEngine( 672): Sensor:tsens_tz_sensor5:59000 mC
E/qdhwcomposer( 1270): isValidDimension: layer handle is NULL
E/qdhwcomposer( 1270): isValidDimension: layer handle is NULL
E/qdhwcomposer( 1270): isValidDimension: layer handle is NULL
E/qdhwcomposer( 1270): isValidDimension: layer handle is NULL
I/ThermalEngine( 672): Sensor:tsens_tz_sensor8:59000 mC
I/ThermalEngine( 672): Sensor:tsens_tz_sensor7:58000 mC
I/ThermalEngine( 672): Sensor:tsens_tz_sensor6:57000 mC
I/ThermalEngine( 672): Sensor:tsens_tz_sensor5:60000 mC
E/qdhwcomposer( 1270): isValidDimension: layer handle is NULL
E/qdhwcomposer( 1270): isValidDimension: layer handle is NULL
E/qdhwcomposer( 1270): isValidDimension: layer handle is NULL
E/qdhwcomposer( 1270): isValidDimension: layer handle is NULL
E/qdhwcomposer( 1270): isValidDimension: layer handle is NULL
E/qdhwcomposer( 1270): isValidDimension: layer handle is NULL
E/qdhwcomposer( 1270): isValidDimension: layer handle is NULL
E/qdhwcomposer( 1270): isValidDimension: layer handle is NULL
I/ThermalEngine( 672): Sensor:tsens_tz_sensor8:59000 mC
I/ThermalEngine( 672): Sensor:tsens_tz_sensor7:58000 mC
I/ThermalEngine( 672): Sensor:tsens_tz_sensor6:57000 mC
I/ThermalEngine( 672): Sensor:tsens_tz_sensor5:59000 mC
E/qdhwcomposer( 1270): isValidDimension: layer handle is NULL
E/qdhwcomposer( 1270): isValidDimension: layer handle is NULL
E/qdhwcomposer( 1270): isValidDimension: layer handle is NULL
E/qdhwcomposer( 1270): isValidDimension: layer handle is NULL
E/qdhwcomposer( 1270): isValidDimension: layer handle is NULL
E/qdhwcomposer( 1270): isValidDimension: layer handle is NULL
V/WLAN_PSA( 669): NL MSG, len[4057], NL type[0x1C] WNI type[0x5900] len[49423]
V/WLAN_PSA( 669): NL MSG, PID: 669
E/qdhwcomposer( 1270): isValidDimension: layer handle is NULL
E/qdhwcomposer( 1270): isValidDimension: layer handle is NULL
I/ThermalEngine( 672): Sensor:tsens_tz_sensor8:58000 mC
I/ThermalEngine( 672): Sensor:tsens_tz_sensor7:58000 mC
I/ThermalEngine( 672): Sensor:tsens_tz_sensor6:57000 mC
I/ThermalEngine( 672): Sensor:tsens_tz_sensor5:59000 mC
E/qdhwcomposer( 1270): isValidDimension: layer handle is NULL
E/qdhwcomposer( 1270): isValidDimension: layer handle is NULL
E/qdhwcomposer( 1270): isValidDimension: layer handle is NULL
E/qdhwcomposer( 1270): isValidDimension: layer handle is NULL
E/qdhwcomposer( 1270): isValidDimension: layer handle is NULL
E/qdhwcomposer( 1270): isValidDimension: layer handle is NULL
E/qdhwcomposer( 1270): isValidDimension: layer handle is NULL
E/qdhwcomposer( 1270): isValidDimension: layer handle is NULL
I/ThermalEngine( 672): Sensor:tsens_tz_sensor8:58000 mC
I/ThermalEngine( 672): Sensor:tsens_tz_sensor7:58000 mC
I/ThermalEngine( 672): Sensor:tsens_tz_sensor6:57000 mC
I/ThermalEngine( 672): Sensor:tsens_tz_sensor5:59000 mC
E/qdhwcomposer( 1270): isValidDimension: layer handle is NULL
E/qdhwcomposer( 1270): isValidDimension: layer handle is NULL
E/qdhwcomposer( 1270): isValidDimension: layer handle is NULL
E/qdhwcomposer( 1270): isValidDimension: layer handle is NULL
E/qdhwcomposer( 1270): isValidDimension: layer handle is NULL
E/qdhwcomposer( 1270): isValidDimension: layer handle is NULL
E/qdhwcomposer( 1270): isValidDimension: layer handle is NULL
E/qdhwcomposer( 1270): isValidDimension: layer handle is NULL
I/ThermalEngine( 672): Sensor:tsens_tz_sensor8:58000 mC
I/ThermalEngine( 672): Sensor:tsens_tz_sensor7:58000 mC
I/ThermalEngine( 672): Sensor:tsens_tz_sensor6:57000 mC
I/ThermalEngine( 672): Sensor:tsens_tz_sensor5:59000 mC
E/qdhwcomposer( 1270): isValidDimension: layer handle is NULL
E/qdhwcomposer( 1270): isValidDimension: layer handle is NULL
E/qdhwcomposer( 1270): isValidDimension: layer handle is NULL
E/qdhwcomposer( 1270): isValidDimension: layer handle is NULL
E/qdhwcomposer( 1270): isValidDimension: layer handle is NULL
E/qdhwcomposer( 1270): isValidDimension: layer handle is NULL
I/ThermalEngine( 672): Sensor:tsens_tz_sensor8:58000 mC
I/ThermalEngine( 672): Sensor:tsens_tz_sensor7:58000 mC
I/ThermalEngine( 672): Sensor:tsens_tz_sensor6:57000 mC
I/ThermalEngine( 672): Sensor:tsens_tz_sensor5:58000 mC
E/qdhwcomposer( 1270): isValidDimension: layer handle is NULL
E/qdhwcomposer( 1270): isValidDimension: layer handle is NULL
E/qdhwcomposer( 1270): isValidDimension: layer handle is NULL
E/qdhwcomposer( 1270): isValidDimension: layer handle is NULL
E/qdhwcomposer( 1270): isValidDimension: layer handle is NULL
E/qdhwcomposer( 1270): isValidDimension: layer handle is NULL
E/qdhwcomposer( 1270): isValidDimension: layer handle is NULL
E/qdhwcomposer( 1270): isValidDimension: layer handle is NULL
I/ThermalEngine( 672): Sensor:tsens_tz_sensor8:58000 mC
I/ThermalEngine( 672): Sensor:tsens_tz_sensor7:58000 mC
I/ThermalEngine( 672): Sensor:tsens_tz_sensor6:57000 mC
I/ThermalEngine( 672): Sensor:tsens_tz_sensor5:59000 mC
E/qdhwcomposer( 1270): isValidDimension: layer handle is NULL
E/qdhwcomposer( 1270): isValidDimension: layer handle is NULL
I/ThermalEngine( 672): Sensor:tsens_tz_sensor8:58000 mC
I/ThermalEngine( 672): Sensor:tsens_tz_sensor7:58000 mC
I/ThermalEngine( 672): Sensor:tsens_tz_sensor6:57000 mC
I/ThermalEngine( 672): Sensor:tsens_tz_sensor5:59000 mC
I/ThermalEngine( 672): Sensor:tsens_tz_sensor8:58000 mC
I/ThermalEngine( 672): Sensor:tsens_tz_sensor7:57000 mC
I/ThermalEngine( 672): Sensor:tsens_tz_sensor6:57000 mC
I/ThermalEngine( 672): Sensor:tsens_tz_sensor5:58000 mC
I/ThermalEngine( 672): Sensor:tsens_tz_sensor8:57000 mC
I/ThermalEngine( 672): Sensor:tsens_tz_sensor7:57000 mC
I/ThermalEngine( 672): Sensor:tsens_tz_sensor6:57000 mC
I/ThermalEngine( 672): Sensor:tsens_tz_sensor5:58000 mC
I/ThermalEngine( 672): Sensor:tsens_tz_sensor8:57000 mC
I/ThermalEngine( 672): Sensor:tsens_tz_sensor7:57000 mC
I/ThermalEngine( 672): Sensor:tsens_tz_sensor6:57000 mC
I/ThermalEngine( 672): Sensor:tsens_tz_sensor5:58000 mC
I/ThermalEngine( 672): Sensor:tsens_tz_sensor8:57000 mC
I/ThermalEngine( 672): Sensor:tsens_tz_sensor7:57000 mC
I/ThermalEngine( 672): Sensor:tsens_tz_sensor6:57000 mC
I/ThermalEngine( 672): Sensor:tsens_tz_sensor5:58000 mC
I/ThermalEngine( 672): Sensor:tsens_tz_sensor8:57000 mC
I/ThermalEngine( 672): Sensor:tsens_tz_sensor7:57000 mC
I/ThermalEngine( 672): Sensor:tsens_tz_sensor6:57000 mC
I/ThermalEngine( 672): Sensor:tsens_tz_sensor5:58000 mC
I/ThermalEngine( 672): Sensor:tsens_tz_sensor8:57000 mC
I/ThermalEngine( 672): Sensor:tsens_tz_sensor7:57000 mC
I/ThermalEngine( 672): Sensor:tsens_tz_sensor6:56000 mC
I/ThermalEngine( 672): Sensor:tsens_tz_sensor5:58000 mC
I/ThermalEngine( 672): Sensor:tsens_tz_sensor8:57000 mC
I/ThermalEngine( 672): Sensor:tsens_tz_sensor7:57000 mC
I/ThermalEngine( 672): Sensor:tsens_tz_sensor6:56000 mC
I/ThermalEngine( 672): Sensor:tsens_tz_sensor5:57000 mC
I/ThermalEngine( 672): Sensor:tsens_tz_sensor8:57000 mC
I/ThermalEngine( 672): Sensor:tsens_tz_sensor7:57000 mC
I/ThermalEngine( 672): Sensor:tsens_tz_sensor6:56000 mC
I/ThermalEngine( 672): Sensor:tsens_tz_sensor5:57000 mC
I/ThermalEngine( 672): Sensor:tsens_tz_sensor8:57000 mC
I/ThermalEngine( 672): Sensor:tsens_tz_sensor7:57000 mC
I/ThermalEngine( 672): Sensor:tsens_tz_sensor6:56000 mC
I/ThermalEngine( 672): Sensor:tsens_tz_sensor5:57000 mC
I/ThermalEngine( 672): Sensor:tsens_tz_sensor8:57000 mC
I/ThermalEngine( 672): Sensor:tsens_tz_sensor7:57000 mC
I/ThermalEngine( 672): Sensor:tsens_tz_sensor6:56000 mC
I/ThermalEngine( 672): Sensor:tsens_tz_sensor5:57000 mC
E/qdhwcomposer( 1270): isValidDimension: layer handle is NULL
E/qdhwcomposer( 1270): isValidDimension: layer handle is NULL
E/qdhwcomposer( 1270): isValidDimension: layer handle is NULL
E/qdhwcomposer( 1270): isValidDimension: layer handle is NULL
E/qdhwcomposer( 1270): isValidDimension: layer handle is NULL
E/qdhwcomposer( 1270): isValidDimension: layer handle is NULL
I/ThermalEngine( 672): Sensor:tsens_tz_sensor8:57000 mC
I/ThermalEngine( 672): Sensor:tsens_tz_sensor7:57000 mC
I/ThermalEngine( 672): Sensor:tsens_tz_sensor6:56000 mC
I/ThermalEngine( 672): Sensor:tsens_tz_sensor5:58000 mC
E/qdhwcomposer( 1270): isValidDimension: layer handle is NULL
E/qdhwcomposer( 1270): isValidDimension: layer handle is NULL
E/qdhwcomposer( 1270): isValidDimension: layer handle is NULL
E/qdhwcomposer( 1270): isValidDimension: layer handle is NULL
E/qdhwcomposer( 1270): isValidDimension: layer handle is NULL
E/qdhwcomposer( 1270): isValidDimension: layer handle is NULL
E/qdhwcomposer( 1270): isValidDimension: layer handle is NULL
E/qdhwcomposer( 1270): isValidDimension: layer handle is NULL
I/ThermalEngine( 672): Sensor:tsens_tz_sensor8:58000 mC
I/ThermalEngine( 672): Sensor:tsens_tz_sensor7:57000 mC
I/ThermalEngine( 672): Sensor:tsens_tz_sensor6:57000 mC
I/ThermalEngine( 672): Sensor:tsens_tz_sensor5:59000 mC
E/qdhwcomposer( 1270): isValidDimension: layer handle is NULL
E/qdhwcomposer( 1270): isValidDimension: layer handle is NULL
E/qdhwcomposer( 1270): isValidDimension: layer handle is NULL
E/qdhwcomposer( 1270): isValidDimension: layer handle is NULL
E/qdhwcomposer( 1270): isValidDimension: layer handle is NULL
E/qdhwcomposer( 1270): isValidDimension: layer handle is NULL
E/qdhwcomposer( 1270): isValidDimension: layer handle is NULL
E/qdhwcomposer( 1270): isValidDimension: layer handle is NULL
I/ThermalEngine( 672): Sensor:tsens_tz_sensor8:57000 mC
I/ThermalEngine( 672): Sensor:tsens_tz_sensor7:57000 mC
I/ThermalEngine( 672): Sensor:tsens_tz_sensor6:57000 mC
I/ThermalEngine( 672): Sensor:tsens_tz_sensor5:58000 mC
E/qdhwcomposer( 1270): isValidDimension: layer handle is NULL
E/qdhwcomposer( 1270): isValidDimension: layer handle is NULL
E/qdhwcomposer( 1270): isValidDimension: layer handle is NULL
E/qdhwcomposer( 1270): isValidDimension: layer handle is NULL
E/qdhwcomposer( 1270): isValidDimension: layer handle is NULL
E/qdhwcomposer( 1270): isValidDimension: layer handle is NULL
I/ThermalEngine( 672): Sensor:tsens_tz_sensor8:58000 mC
I/ThermalEngine( 672): Sensor:tsens_tz_sensor7:57000 mC
I/ThermalEngine( 672): Sensor:tsens_tz_sensor6:57000 mC
I/ThermalEngine( 672): Sensor:tsens_tz_sensor5:59000 mC
E/qdhwcomposer( 1270): isValidDimension: layer handle is NULL
E/qdhwcomposer( 1270): isValidDimension: layer handle is NULL
E/qdhwcomposer( 1270): isValidDimension: layer handle is NULL
E/qdhwcomposer( 1270): isValidDimension: layer handle is NULL
E/qdhwcomposer( 1270): isValidDimension: layer handle is NULL
E/qdhwcomposer( 1270): isValidDimension: layer handle is NULL
E/qdhwcomposer( 1270): isValidDimension: layer handle is NULL
E/qdhwcomposer( 1270): isValidDimension: layer handle is NULL
I/ThermalEngine( 672): Sensor:tsens_tz_sensor8:58000 mC
I/ThermalEngine( 672): Sensor:tsens_tz_sensor7:57000 mC
I/ThermalEngine( 672): Sensor:tsens_tz_sensor6:57000 mC
I/ThermalEngine( 672): Sensor:tsens_tz_sensor5:59000 mC
E/qdhwcomposer( 1270): isValidDimension: layer handle is NULL
E/qdhwcomposer( 1270): isValidDimension: layer handle is NULL
E/qdhwcomposer( 1270): isValidDimension: layer handle is NULL
E/qdhwcomposer( 1270): isValidDimension: layer handle is NULL
E/qdhwcomposer( 1270): isValidDimension: layer handle is NULL
E/qdhwcomposer( 1270): isValidDimension: layer handle is NULL
E/qdhwcomposer( 1270): isValidDimension: layer handle is NULL
E/qdhwcomposer( 1270): isValidDimension: layer handle is NULL
I/ThermalEngine( 672): Sensor:tsens_tz_sensor8:58000 mC
I/ThermalEngine( 672): Sensor:tsens_tz_sensor7:57000 mC
I/ThermalEngine( 672): Sensor:tsens_tz_sensor6:57000 mC
I/ThermalEngine( 672): Sensor:tsens_tz_sensor5:58000 mC
E/qdhwcomposer( 1270): isValidDimension: layer handle is NULL
E/qdhwcomposer( 1270): isValidDimension: layer handle is NULL
E/qdhwcomposer( 1270): isValidDimension: layer handle is NULL
E/qdhwcomposer( 1270): isValidDimension: layer handle is NULL
E/qdhwcomposer( 1270): isValidDimension: layer handle is NULL
E/qdhwcomposer( 1270): isValidDimension: layer handle is NULL
E/qdhwcomposer( 1270): isValidDimension: layer handle is NULL
E/qdhwcomposer( 1270): isValidDimension: layer handle is NULL
I/ThermalEngine( 672): Sensor:tsens_tz_sensor8:58000 mC
I/ThermalEngine( 672): Sensor:tsens_tz_sensor7:57000 mC
I/ThermalEngine( 672): Sensor:tsens_tz_sensor6:57000 mC
I/ThermalEngine( 672): Sensor:tsens_tz_sensor5:58000 mC
E/qdhwcomposer( 1270): isValidDimension: layer handle is NULL
E/qdhwcomposer( 1270): isValidDimension: layer handle is NULL
E/qdhwcomposer( 1270): isValidDimension: layer handle is NULL
E/qdhwcomposer( 1270): isValidDimension: layer handle is NULL
E/qdhwcomposer( 1270): isValidDimension: layer handle is NULL
E/qdhwcomposer( 1270): isValidDimension: layer handle is NULL
E/qdhwcomposer( 1270): isValidDimension: layer handle is NULL
E/qdhwcomposer( 1270): isValidDimension: layer handle is NULL
I/ThermalEngine( 672): Sensor:tsens_tz_sensor8:57000 mC
I/ThermalEngine( 672): Sensor:tsens_tz_sensor7:57000 mC
I/ThermalEngine( 672): Sensor:tsens_tz_sensor6:57000 mC
I/ThermalEngine( 672): Sensor:tsens_tz_sensor5:58000 mC
E/qdhwcomposer( 1270): isValidDimension: layer handle is NULL
E/qdhwcomposer( 1270): isValidDimension: layer handle is NULL
E/qdhwcomposer( 1270): isValidDimension: layer handle is NULL
E/qdhwcomposer( 1270): isValidDimension: layer handle is NULL
I/ThermalEngine( 672): Sensor:tsens_tz_sensor8:57000 mC
I/ThermalEngine( 672): Sensor:tsens_tz_sensor7:57000 mC
I/ThermalEngine( 672): Sensor:tsens_tz_sensor6:57000 mC
I/ThermalEngine( 672): Sensor:tsens_tz_sensor5:58000 mC
I/ThermalEngine( 672): Sensor:tsens_tz_sensor8:57000 mC
I/ThermalEngine( 672): Sensor:tsens_tz_sensor7:57000 mC
I/ThermalEngine( 672): Sensor:tsens_tz_sensor6:56000 mC
I/ThermalEngine( 672): Sensor:tsens_tz_sensor5:58000 mC
I/ThermalEngine( 672): Sensor:tsens_tz_sensor8:57000 mC
I/ThermalEngine( 672): Sensor:tsens_tz_sensor7:57000 mC
I/ThermalEngine( 672): Sensor:tsens_tz_sensor6:56000 mC
I/ThermalEngine( 672): Sensor:tsens_tz_sensor5:57000 mC
I/ThermalEngine( 672): Sensor:tsens_tz_sensor8:57000 mC
I/ThermalEngine( 672): Sensor:tsens_tz_sensor7:57000 mC
I/ThermalEngine( 672): Sensor:tsens_tz_sensor6:56000 mC
I/ThermalEngine( 672): Sensor:tsens_tz_sensor5:57000 mC
I/ThermalEngine( 672): Sensor:tsens_tz_sensor8:57000 mC
I/ThermalEngine( 672): Sensor:tsens_tz_sensor7:57000 mC
I/ThermalEngine( 672): Sensor:tsens_tz_sensor6:56000 mC
I/ThermalEngine( 672): Sensor:tsens_tz_sensor5:57000 mC
I/ThermalEngine( 672): Sensor:tsens_tz_sensor8:57000 mC
I/ThermalEngine( 672): Sensor:tsens_tz_sensor7:57000 mC
I/ThermalEngine( 672): Sensor:tsens_tz_sensor6:56000 mC
I/ThermalEngine( 672): Sensor:tsens_tz_sensor5:57000 mC
E/qdhwcomposer( 1270): isValidDimension: layer handle is NULL
E/qdhwcomposer( 1270): isValidDimension: layer handle is NULL
I/ThermalEngine( 672): Sensor:tsens_tz_sensor8:58000 mC
I/ThermalEngine( 672): Sensor:tsens_tz_sensor7:57000 mC
I/ThermalEngine( 672): Sensor:tsens_tz_sensor6:56000 mC
I/ThermalEngine( 672): Sensor:tsens_tz_sensor5:58000 mC
E/qdhwcomposer( 1270): isValidDimension: layer handle is NULL
E/qdhwcomposer( 1270): isValidDimension: layer handle is NULL
I/ThermalEngine( 672): Sensor:tsens_tz_sensor8:59000 mC
I/ThermalEngine( 672): Sensor:tsens_tz_sensor7:57000 mC
I/ThermalEngine( 672): Sensor:tsens_tz_sensor6:57000 mC
I/ThermalEngine( 672): Sensor:tsens_tz_sensor5:60000 mC
E/qdhwcomposer( 1270): isValidDimension: layer handle is NULL
E/qdhwcomposer( 1270): isValidDimension: layer handle is NULL
E/qdhwcomposer( 1270): isValidDimension: layer handle is NULL
E/qdhwcomposer( 1270): isValidDimension: layer handle is NULL
E/qdhwcomposer( 1270): isValidDimension: layer handle is NULL
E/qdhwcomposer( 1270): isValidDimension: layer handle is NULL
E/qdhwcomposer( 1270): isValidDimension: layer handle is NULL
E/qdhwcomposer( 1270): isValidDimension: layer handle is NULL
I/ThermalEngine( 672): Sensor:tsens_tz_sensor8:61000 mC
I/ThermalEngine( 672): Sensor:tsens_tz_sensor7:58000 mC
I/ThermalEngine( 672): Sensor:tsens_tz_sensor6:57000 mC
I/ThermalEngine( 672): Sensor:tsens_tz_sensor5:62000 mC
E/qdhwcomposer( 1270): isValidDimension: layer handle is NULL
E/qdhwcomposer( 1270): isValidDimension: layer handle is NULL
E/qdhwcomposer( 1270): isValidDimension: layer handle is NULL
E/qdhwcomposer( 1270): isValidDimension: layer handle is NULL
E/qdhwcomposer( 1270): isValidDimension: layer handle is NULL
E/qdhwcomposer( 1270): isValidDimension: layer handle is NULL
D/libEGL ( 3096): loaded /vendor/lib/egl/libEGL_adreno.so
D/libEGL ( 3096): loaded /vendor/lib/egl/libGLESv1_CM_adreno.so
D/libEGL ( 3096): loaded /vendor/lib/egl/libGLESv2_adreno.so
E/qdhwcomposer( 1270): isValidDimension: layer handle is NULL
E/qdhwcomposer( 1270): isValidDimension: layer handle is NULL
I/ThermalEngine( 672): Sensor:tsens_tz_sensor8:63000 mC
I/ThermalEngine( 672): Sensor:tsens_tz_sensor7:58000 mC
I/ThermalEngine( 672): Sensor:tsens_tz_sensor6:58000 mC
I/ThermalEngine( 672): Sensor:tsens_tz_sensor5:65000 mC
E/qdhwcomposer( 1270): isValidDimension: layer handle is NULL
E/qdhwcomposer( 1270): isValidDimension: layer handle is NULL
I/Adreno-EGL( 3096): : EGL 1.4 QUALCOMM build: ()
I/Adreno-EGL( 3096): OpenGL ES Shader Compiler Version: E031.25.03.06
I/Adreno-EGL( 3096): Build Date: 01/14/16 Thu I/Adreno-EGL( 3096): Local Branch:
I/Adreno-EGL( 3096): Remote Branch:
I/Adreno-EGL( 3096): Local Patches:
I/Adreno-EGL( 3096): Reconstruct Branch:
E/EventHub( 2068): could not open /dev/input/event5, Permission denied
E/qdhwcomposer( 1270): isValidDimension: layer handle is NULL
E/qdhwcomposer( 1270): isValidDimension: layer handle is NULL
E/NetlinkListener( 683): recvmsg failed (I/O error)
E/NetlinkListener( 681): recvmsg failed (I/O error)
E/NetlinkListener( 681): recvmsg failed (I/O error)
E/NetlinkListener( 683): recvmsg failed (I/O error)
E/qdhwcomposer( 1270): isValidDimension: layer handle is NULL
E/qdhwcomposer( 1270): isValidDimension: layer handle is NULL
E/NetlinkListener( 681): recvmsg failed (I/O error)
E/NetlinkListener( 683): recvmsg failed (I/O error)
E/qdhwcomposer( 1270): isValidDimension: layer handle is NULL
E/qdhwcomposer( 1270): isValidDimension: layer handle is NULL
I/ThermalEngine( 672): Sensor:tsens_tz_sensor8:64000 mC
I/ThermalEngine( 672): Sensor:tsens_tz_sensor7:59000 mC
I/ThermalEngine( 672): Sensor:tsens_tz_sensor6:59000 mC
I/ThermalEngine( 672): Sensor:tsens_tz_sensor5:65000 mC
E/qdhwcomposer( 1270): isValidDimension: layer handle is NULL
E/qdhwcomposer( 1270): isValidDimension: layer handle is NULL
E/qdhwcomposer( 1270): isValidDimension: layer handle is NULL
E/qdhwcomposer( 1270): isValidDimension: layer handle is NULL
E/NetlinkListener( 681): recvmsg failed (I/O error)
E/NetlinkListener( 683): recvmsg failed (I/O error)
E/qdhwcomposer( 1270): isValidDimension: layer handle is NULL
E/qdhwcomposer( 1270): isValidDimension: layer handle is NULL
I/ThermalEngine( 672): Sensor:pm8941_tz:55697 mC
I/ThermalEngine( 672): Sensor:tsens_tz_sensor8:65000 mC
I/ThermalEngine( 672): Sensor:tsens_tz_sensor7:61000 mC
I/ThermalEngine( 672): Sensor:tsens_tz_sensor6:59000 mC
I/ThermalEngine( 672): Sensor:tsens_tz_sensor5:67000 mC
E/qdhwcomposer( 1270): isValidDimension: layer handle is NULL
E/qdhwcomposer( 1270): isValidDimension: layer handle is NULL
E/qdhwcomposer( 1270): isValidDimension: layer handle is NULL
E/qdhwcomposer( 1270): isValidDimension: layer handle is NULL
E/qdhwcomposer( 1270): isValidDimension: layer handle is NULL
E/qdhwcomposer( 1270): isValidDimension: layer handle is NULL
E/qdhwcomposer( 1270): isValidDimension: layer handle is NULL
E/qdhwcomposer( 1270): isValidDimension: layer handle is NULL
I/ThermalEngine( 672): Sensor:tsens_tz_sensor8:68000 mC
I/ThermalEngine( 672): Sensor:tsens_tz_sensor7:61000 mC
I/ThermalEngine( 672): Sensor:tsens_tz_sensor6:60000 mC
I/ThermalEngine( 672): Sensor:tsens_tz_sensor5:62000 mC
E/qdhwcomposer( 1270): isValidDimension: layer handle is NULL
E/qdhwcomposer( 1270): isValidDimension: layer handle is NULL
D/AndroidRuntime( 3099): >>>>>> START com.android.internal.os.RuntimeInit uid 100000 <<<<<<
D/AndroidRuntime( 3099): CheckJNI is OFF
E/qdhwcomposer( 1270): isValidDimension: layer handle is NULL
E/qdhwcomposer( 1270): isValidDimension: layer handle is NULL
E/qdhwcomposer( 1270): isValidDimension: layer handle is NULL
E/qdhwcomposer( 1270): isValidDimension: layer handle is NULL
E/qdhwcomposer( 1270): isValidDimension: layer handle is NULL
E/qdhwcomposer( 1270): isValidDimension: layer handle is NULL
I/ThermalEngine( 672): Sensor:tsens_tz_sensor8:67000 mC
I/ThermalEngine( 672): Sensor:tsens_tz_sensor7:61000 mC
I/ThermalEngine( 672): Sensor:tsens_tz_sensor6:60000 mC
I/ThermalEngine( 672): Sensor:tsens_tz_sensor5:61000 mC
E/qdhwcomposer( 1270): isValidDimension: layer handle is NULL
E/qdhwcomposer( 1270): isValidDimension: layer handle is NULL
E/qdhwcomposer( 1270): isValidDimension: layer handle is NULL
E/qdhwcomposer( 1270): isValidDimension: layer handle is NULL
E/qdhwcomposer( 1270): isValidDimension: layer handle is NULL
E/qdhwcomposer( 1270): isValidDimension: layer handle is NULL
E/qdhwcomposer( 1270): isValidDimension: layer handle is NULL
E/qdhwcomposer( 1270): isValidDimension: layer handle is NULL
I/ThermalEngine( 672): Sensor:tsens_tz_sensor8:64000 mC
I/ThermalEngine( 672): Sensor:tsens_tz_sensor7:60000 mC
I/ThermalEngine( 672): Sensor:tsens_tz_sensor6:60000 mC
I/ThermalEngine( 672): Sensor:tsens_tz_sensor5:61000 mC
E/qdhwcomposer( 1270): isValidDimension: layer handle is NULL
E/qdhwcomposer( 1270): isValidDimension: layer handle is NULL
E/qdhwcomposer( 1270): isValidDimension: layer handle is NULL
E/qdhwcomposer( 1270): isValidDimension: layer handle is NULL
D/AndroidRuntime( 3099): Calling main entry com.android.commands.am.Am
E/qdhwcomposer( 1270): isValidDimension: layer handle is NULL
E/qdhwcomposer( 1270): isValidDimension: layer handle is NULL
E/NetlinkListener( 681): recvmsg failed (I/O error)
E/NetlinkListener( 683): recvmsg failed (I/O error)
E/qdhwcomposer( 1270): isValidDimension: layer handle is NULL
E/qdhwcomposer( 1270): isValidDimension: layer handle is NULL
I/ThermalEngine( 672): Sensor:tsens_tz_sensor8:65000 mC
I/ThermalEngine( 672): Sensor:tsens_tz_sensor7:61000 mC
I/ThermalEngine( 672): Sensor:tsens_tz_sensor6:60000 mC
I/ThermalEngine( 672): Sensor:tsens_tz_sensor5:61000 mC
E/qdhwcomposer( 1270): isValidDimension: layer handle is NULL
E/qdhwcomposer( 1270): isValidDimension: layer handle is NULL
E/qdhwcomposer( 1270): isValidDimension: layer handle is NULL
E/qdhwcomposer( 1270): isValidDimension: layer handle is NULL
E/qdhwcomposer( 1270): isValidDimension: layer handle is NULL
E/qdhwcomposer( 1270): isValidDimension: layer handle is NULL
E/qdhwcomposer( 1270): isValidDimension: layer handle is NULL
E/qdhwcomposer( 1270): isValidDimension: layer handle is NULL
I/ThermalEngine( 672): Sensor:tsens_tz_sensor8:62000 mC
I/ThermalEngine( 672): Sensor:tsens_tz_sensor7:61000 mC
I/ThermalEngine( 672): Sensor:tsens_tz_sensor6:59000 mC
I/ThermalEngine( 672): Sensor:tsens_tz_sensor5:61000 mC
E/qdhwcomposer( 1270): isValidDimension: layer handle is NULL
E/qdhwcomposer( 1270): isValidDimension: layer handle is NULL
E/qdhwcomposer( 1270): isValidDimension: layer handle is NULL
E/qdhwcomposer( 1270): isValidDimension: layer handle is NULL
E/qdhwcomposer( 1270): isValidDimension: layer handle is NULL
E/qdhwcomposer( 1270): isValidDimension: layer handle is NULL
I/ThermalEngine( 672): Sensor:tsens_tz_sensor8:60000 mC
I/ThermalEngine( 672): Sensor:tsens_tz_sensor7:60000 mC
I/ThermalEngine( 672): Sensor:tsens_tz_sensor6:59000 mC
I/ThermalEngine( 672): Sensor:tsens_tz_sensor5:60000 mC
E/qdhwcomposer( 1270): isValidDimension: layer handle is NULL
E/qdhwcomposer( 1270): isValidDimension: layer handle is NULL
E/qdhwcomposer( 1270): isValidDimension: layer handle is NULL
E/qdhwcomposer( 1270): isValidDimension: layer handle is NULL
E/qdhwcomposer( 1270): isValidDimension: layer handle is NULL
E/qdhwcomposer( 1270): isValidDimension: layer handle is NULL
E/qdhwcomposer( 1270): isValidDimension: layer handle is NULL
E/qdhwcomposer( 1270): isValidDimension: layer handle is NULL
E/qdhwcomposer( 1270): isValidDimension: layer handle is NULL
E/qdhwcomposer( 1270): isValidDimension: layer handle is NULL
I/ThermalEngine( 672): Sensor:tsens_tz_sensor8:59000 mC
I/ThermalEngine( 672): Sensor:tsens_tz_sensor7:60000 mC
I/ThermalEngine( 672): Sensor:tsens_tz_sensor6:59000 mC
I/ThermalEngine( 672): Sensor:tsens_tz_sensor5:60000 mC
E/qdhwcomposer( 1270): isValidDimension: layer handle is NULL
E/qdhwcomposer( 1270): isValidDimension: layer handle is NULL
E/qdhwcomposer( 1270): isValidDimension: layer handle is NULL
E/qdhwcomposer( 1270): isValidDimension: layer handle is NULL
E/qdhwcomposer( 1270): isValidDimension: layer handle is NULL
E/qdhwcomposer( 1270): isValidDimension: layer handle is NULL
E/qdhwcomposer( 1270): isValidDimension: layer handle is NULL
E/qdhwcomposer( 1270): isValidDimension: layer handle is NULL
I/ThermalEngine( 672): Sensor:tsens_tz_sensor8:59000 mC
I/ThermalEngine( 672): Sensor:tsens_tz_sensor7:59000 mC
I/ThermalEngine( 672): Sensor:tsens_tz_sensor6:58000 mC
I/ThermalEngine( 672): Sensor:tsens_tz_sensor5:60000 mC
E/qdhwcomposer( 1270): isValidDimension: layer handle is NULL
E/qdhwcomposer( 1270): isValidDimension: layer handle is NULL
E/NetlinkListener( 683): recvmsg failed (I/O error)
E/NetlinkListener( 681): recvmsg failed (I/O error)
E/qdhwcomposer( 1270): isValidDimension: layer handle is NULL
E/qdhwcomposer( 1270): isValidDimension: layer handle is NULL
E/qdhwcomposer( 1270): isValidDimension: layer handle is NULL
E/qdhwcomposer( 1270): isValidDimension: layer handle is NULL
I/ThermalEngine( 672): Sensor:tsens_tz_sensor8:59000 mC
I/ThermalEngine( 672): Sensor:tsens_tz_sensor7:59000 mC
I/ThermalEngine( 672): Sensor:tsens_tz_sensor6:58000 mC
I/ThermalEngine( 672): Sensor:tsens_tz_sensor5:60000 mC
E/qdhwcomposer( 1270): isValidDimension: layer handle is NULL
E/qdhwcomposer( 1270): isValidDimension: layer handle is NULL
E/qdhwcomposer( 1270): isValidDimension: layer handle is NULL
E/qdhwcomposer( 1270): isValidDimension: layer handle is NULL
E/qdhwcomposer( 1270): isValidDimension: layer handle is NULL
E/qdhwcomposer( 1270): isValidDimension: layer handle is NULL
E/qdhwcomposer( 1270): isValidDimension: layer handle is NULL
E/qdhwcomposer( 1270): isValidDimension: layer handle is NULL
I/ThermalEngine( 672): Sensor:tsens_tz_sensor8:59000 mC
I/ThermalEngine( 672): Sensor:tsens_tz_sensor7:58000 mC
I/ThermalEngine( 672): Sensor:tsens_tz_sensor6:58000 mC
I/ThermalEngine( 672): Sensor:tsens_tz_sensor5:59000 mC
E/qdhwcomposer( 1270): isValidDimension: layer handle is NULL
E/qdhwcomposer( 1270): isValidDimension: layer handle is NULL
E/qdhwcomposer( 1270): isValidDimension: layer handle is NULL
E/qdhwcomposer( 1270): isValidDimension: layer handle is NULL
E/qdhwcomposer( 1270): isValidDimension: layer handle is NULL
E/qdhwcomposer( 1270): isValidDimension: layer handle is NULL
E/qdhwcomposer( 1270): isValidDimension: layer handle is NULL
E/qdhwcomposer( 1270): isValidDimension: layer handle is NULL
I/ThermalEngine( 672): Sensor:tsens_tz_sensor8:58000 mC
I/ThermalEngine( 672): Sensor:tsens_tz_sensor7:58000 mC
I/ThermalEngine( 672): Sensor:tsens_tz_sensor6:58000 mC
I/ThermalEngine( 672): Sensor:tsens_tz_sensor5:59000 mC
E/qdhwcomposer( 1270): isValidDimension: layer handle is NULL
E/qdhwcomposer( 1270): isValidDimension: layer handle is NULL
E/qdhwcomposer( 1270): isValidDimension: layer handle is NULL
E/qdhwcomposer( 1270): isValidDimension: layer handle is NULL
E/qdhwcomposer( 1270): isValidDimension: layer handle is NULL
E/qdhwcomposer( 1270): isValidDimension: layer handle is NULL
E/qdhwcomposer( 1270): isValidDimension: layer handle is NULL
E/qdhwcomposer( 1270): isValidDimension: layer handle is NULL
I/ThermalEngine( 672): Sensor:tsens_tz_sensor8:58000 mC
I/ThermalEngine( 672): Sensor:tsens_tz_sensor7:58000 mC
I/ThermalEngine( 672): Sensor:tsens_tz_sensor6:58000 mC
I/ThermalEngine( 672): Sensor:tsens_tz_sensor5:59000 mC
E/qdhwcomposer( 1270): isValidDimension: layer handle is NULL
E/qdhwcomposer( 1270): isValidDimension: layer handle is NULL
E/qdhwcomposer( 1270): isValidDimension: layer handle is NULL
E/qdhwcomposer( 1270): isValidDimension: layer handle is NULL
E/qdhwcomposer( 1270): isValidDimension: layer handle is NULL
E/qdhwcomposer( 1270): isValidDimension: layer handle is NULL
E/qdhwcomposer( 1270): isValidDimension: layer handle is NULL
E/qdhwcomposer( 1270): isValidDimension: layer handle is NULL
I/ThermalEngine( 672): Sensor:tsens_tz_sensor8:58000 mC
I/ThermalEngine( 672): Sensor:tsens_tz_sensor7:58000 mC
I/ThermalEngine( 672): Sensor:tsens_tz_sensor6:58000 mC
I/ThermalEngine( 672): Sensor:tsens_tz_sensor5:59000 mC
E/qdhwcomposer( 1270): isValidDimension: layer handle is NULL
E/qdhwcomposer( 1270): isValidDimension: layer handle is NULL
E/qdhwcomposer( 1270): isValidDimension: layer handle is NULL
E/qdhwcomposer( 1270): isValidDimension: layer handle is NULL
E/qdhwcomposer( 1270): isValidDimension: layer handle is NULL
E/qdhwcomposer( 1270): isValidDimension: layer handle is NULL
E/qdhwcomposer( 1270): isValidDimension: layer handle is NULL
E/qdhwcomposer( 1270): isValidDimension: layer handle is NULL
I/ThermalEngine( 672): Sensor:tsens_tz_sensor8:58000 mC
I/ThermalEngine( 672): Sensor:tsens_tz_sensor7:58000 mC
I/ThermalEngine( 672): Sensor:tsens_tz_sensor6:57000 mC
I/ThermalEngine( 672): Sensor:tsens_tz_sensor5:59000 mC
E/qdhwcomposer( 1270): isValidDimension: layer handle is NULL
E/qdhwcomposer( 1270): isValidDimension: layer handle is NULL
E/qdhwcomposer( 1270): isValidDimension: layer handle is NULL
E/qdhwcomposer( 1270): isValidDimension: layer handle is NULL
E/qdhwcomposer( 1270): isValidDimension: layer handle is NULL
E/qdhwcomposer( 1270): isValidDimension: layer handle is NULL
E/qdhwcomposer( 1270): isValidDimension: layer handle is NULL
E/qdhwcomposer( 1270): isValidDimension: layer handle is NULL
I/ThermalEngine( 672): Sensor:tsens_tz_sensor8:58000 mC
I/ThermalEngine( 672): Sensor:tsens_tz_sensor7:58000 mC
I/ThermalEngine( 672): Sensor:tsens_tz_sensor6:57000 mC
I/ThermalEngine( 672): Sensor:tsens_tz_sensor5:59000 mC
E/qdhwcomposer( 1270): isValidDimension: layer handle is NULL
E/qdhwcomposer( 1270): isValidDimension: layer handle is NULL
E/qdhwcomposer( 1270): isValidDimension: layer handle is NULL
E/qdhwcomposer( 1270): isValidDimension: layer handle is NULL
E/qdhwcomposer( 1270): isValidDimension: layer handle is NULL
E/qdhwcomposer( 1270): isValidDimension: layer handle is NULL
E/qdhwcomposer( 1270): isValidDimension: layer handle is NULL
E/qdhwcomposer( 1270): isValidDimension: layer handle is NULL
I/ThermalEngine( 672): Sensor:tsens_tz_sensor8:58000 mC
I/ThermalEngine( 672): Sensor:tsens_tz_sensor7:58000 mC
I/ThermalEngine( 672): Sensor:tsens_tz_sensor6:57000 mC
I/ThermalEngine( 672): Sensor:tsens_tz_sensor5:59000 mC
E/qdhwcomposer( 1270): isValidDimension: layer handle is NULL
E/qdhwcomposer( 1270): isValidDimension: layer handle is NULL
E/qdhwcomposer( 1270): isValidDimension: layer handle is NULL
E/qdhwcomposer( 1270): isValidDimension: layer handle is NULL
E/qdhwcomposer( 1270): isValidDimension: layer handle is NULL
E/qdhwcomposer( 1270): isValidDimension: layer handle is NULL
E/qdhwcomposer( 1270): isValidDimension: layer handle is NULL
E/qdhwcomposer( 1270): isValidDimension: layer handle is NULL
I/ThermalEngine( 672): Sensor:tsens_tz_sensor8:58000 mC
I/ThermalEngine( 672): Sensor:tsens_tz_sensor7:58000 mC
I/ThermalEngine( 672): Sensor:tsens_tz_sensor6:57000 mC
I/ThermalEngine( 672): Sensor:tsens_tz_sensor5:58000 mC
E/qdhwcomposer( 1270): isValidDimension: layer handle is NULL
E/qdhwcomposer( 1270): isValidDimension: layer handle is NULL
E/qdhwcomposer( 1270): isValidDimension: layer handle is NULL
E/qdhwcomposer( 1270): isValidDimension: layer handle is NULL
E/qdhwcomposer( 1270): isValidDimension: layer handle is NULL
E/qdhwcomposer( 1270): isValidDimension: layer handle is NULL
E/qdhwcomposer( 1270): isValidDimension: layer handle is NULL
E/qdhwcomposer( 1270): isValidDimension: layer handle is NULL
I/ThermalEngine( 672): Sensor:tsens_tz_sensor8:58000 mC
I/ThermalEngine( 672): Sensor:tsens_tz_sensor7:58000 mC
I/ThermalEngine( 672): Sensor:tsens_tz_sensor6:57000 mC
I/ThermalEngine( 672): Sensor:tsens_tz_sensor5:58000 mC
E/qdhwcomposer( 1270): isValidDimension: layer handle is NULL
E/qdhwcomposer( 1270): isValidDimension: layer handle is NULL
E/qdhwcomposer( 1270): isValidDimension: layer handle is NULL
E/qdhwcomposer( 1270): isValidDimension: layer handle is NULL
E/qdhwcomposer( 1270): isValidDimension: layer handle is NULL
E/qdhwcomposer( 1270): isValidDimension: layer handle is NULL
I/ThermalEngine( 672): Sensor:tsens_tz_sensor8:58000 mC
I/ThermalEngine( 672): Sensor:tsens_tz_sensor7:58000 mC
I/ThermalEngine( 672): Sensor:tsens_tz_sensor6:57000 mC
I/ThermalEngine( 672): Sensor:tsens_tz_sensor5:58000 mC
E/qdhwcomposer( 1270): isValidDimension: layer handle is NULL
E/qdhwcomposer( 1270): isValidDimension: layer handle is NULL
E/qdhwcomposer( 1270): isValidDimension: layer handle is NULL
E/qdhwcomposer( 1270): isValidDimension: layer handle is NULL
E/qdhwcomposer( 1270): isValidDimension: layer handle is NULL
E/qdhwcomposer( 1270): isValidDimension: layer handle is NULL
E/qdhwcomposer( 1270): isValidDimension: layer handle is NULL
E/qdhwcomposer( 1270): isValidDimension: layer handle is NULL
E/qdhwcomposer( 1270): isValidDimension: layer handle is NULL
E/qdhwcomposer( 1270): isValidDimension: layer handle is NULL
I/ThermalEngine( 672): Sensor:tsens_tz_sensor8:58000 mC
I/ThermalEngine( 672): Sensor:tsens_tz_sensor7:58000 mC
I/ThermalEngine( 672): Sensor:tsens_tz_sensor6:57000 mC
I/ThermalEngine( 672): Sensor:tsens_tz_sensor5:58000 mC
E/qdhwcomposer( 1270): isValidDimension: layer handle is NULL
E/qdhwcomposer( 1270): isValidDimension: layer handle is NULL
E/qdhwcomposer( 1270): isValidDimension: layer handle is NULL
E/qdhwcomposer( 1270): isValidDimension: layer handle is NULL
E/qdhwcomposer( 1270): isValidDimension: layer handle is NULL
E/qdhwcomposer( 1270): isValidDimension: layer handle is NULL
I/ThermalEngine( 672): Sensor:tsens_tz_sensor8:58000 mC
I/ThermalEngine( 672): Sensor:tsens_tz_sensor7:57000 mC
I/ThermalEngine( 672): Sensor:tsens_tz_sensor6:57000 mC
I/ThermalEngine( 672): Sensor:tsens_tz_sensor5:58000 mC
E/qdhwcomposer( 1270): isValidDimension: layer handle is NULL
E/qdhwcomposer( 1270): isValidDimension: layer handle is NULL
E/qdhwcomposer( 1270): isValidDimension: layer handle is NULL
E/qdhwcomposer( 1270): isValidDimension: layer handle is NULL
E/qdhwcomposer( 1270): isValidDimension: layer handle is NULL
E/qdhwcomposer( 1270): isValidDimension: layer handle is NULL
E/qdhwcomposer( 1270): isValidDimension: layer handle is NULL
E/qdhwcomposer( 1270): isValidDimension: layer handle is NULL
I/ThermalEngine( 672): Sensor:tsens_tz_sensor8:58000 mC
I/ThermalEngine( 672): Sensor:tsens_tz_sensor7:57000 mC
I/ThermalEngine( 672): Sensor:tsens_tz_sensor6:57000 mC
I/ThermalEngine( 672): Sensor:tsens_tz_sensor5:58000 mC
E/qdhwcomposer( 1270): isValidDimension: layer handle is NULL
E/qdhwcomposer( 1270): isValidDimension: layer handle is NULL
E/qdhwcomposer( 1270): isValidDimension: layer handle is NULL
E/qdhwcomposer( 1270): isValidDimension: layer handle is NULL
E/qdhwcomposer( 1270): isValidDimension: layer handle is NULL
E/qdhwcomposer( 1270): isValidDimension: layer handle is NULL
E/qdhwcomposer( 1270): isValidDimension: layer handle is NULL
E/qdhwcomposer( 1270): isValidDimension: layer handle is NULL
I/ThermalEngine( 672): Sensor:tsens_tz_sensor8:58000 mC
I/ThermalEngine( 672): Sensor:tsens_tz_sensor7:57000 mC
I/ThermalEngine( 672): Sensor:tsens_tz_sensor6:57000 mC
I/ThermalEngine( 672): Sensor:tsens_tz_sensor5:58000 mC
E/qdhwcomposer( 1270): isValidDimension: layer handle is NULL
E/qdhwcomposer( 1270): isValidDimension: layer handle is NULL
E/qdhwcomposer( 1270): isValidDimension: layer handle is NULL
E/qdhwcomposer( 1270): isValidDimension: layer handle is NULL
E/qdhwcomposer( 1270): isValidDimension: layer handle is NULL
E/qdhwcomposer( 1270): isValidDimension: layer handle is NULL
E/qdhwcomposer( 1270): isValidDimension: layer handle is NULL
E/qdhwcomposer( 1270): isValidDimension: layer handle is NULL
I/ThermalEngine( 672): Sensor:tsens_tz_sensor8:58000 mC
I/ThermalEngine( 672): Sensor:tsens_tz_sensor7:57000 mC
I/ThermalEngine( 672): Sensor:tsens_tz_sensor6:57000 mC
I/ThermalEngine( 672): Sensor:tsens_tz_sensor5:59000 mC
E/qdhwcomposer( 1270): isValidDimension: layer handle is NULL
E/qdhwcomposer( 1270): isValidDimension: layer handle is NULL
E/qdhwcomposer( 1270): isValidDimension: layer handle is NULL
E/qdhwcomposer( 1270): isValidDimension: layer handle is NULL
E/qdhwcomposer( 1270): isValidDimension: layer handle is NULL
E/qdhwcomposer( 1270): isValidDimension: layer handle is NULL
E/qdhwcomposer( 1270): isValidDimension: layer handle is NULL
E/qdhwcomposer( 1270): isValidDimension: layer handle is NULL
I/ThermalEngine( 672): Sensor:tsens_tz_sensor8:58000 mC
I/ThermalEngine( 672): Sensor:tsens_tz_sensor7:57000 mC
I/ThermalEngine( 672): Sensor:tsens_tz_sensor6:57000 mC
I/ThermalEngine( 672): Sensor:tsens_tz_sensor5:58000 mC
E/qdhwcomposer( 1270): isValidDimension: layer handle is NULL
E/qdhwcomposer( 1270): isValidDimension: layer handle is NULL
E/qdhwcomposer( 1270): isValidDimension: layer handle is NULL
E/qdhwcomposer( 1270): isValidDimension: layer handle is NULL
E/qdhwcomposer( 1270): isValidDimension: layer handle is NULL
E/qdhwcomposer( 1270): isValidDimension: layer handle is NULL
E/qdhwcomposer( 1270): isValidDimension: layer handle is NULL
E/qdhwcomposer( 1270): isValidDimension: layer handle is NULL
I/ThermalEngine( 672): Sensor:tsens_tz_sensor8:58000 mC
I/ThermalEngine( 672): Sensor:tsens_tz_sensor7:57000 mC
I/ThermalEngine( 672): Sensor:tsens_tz_sensor6:57000 mC
I/ThermalEngine( 672): Sensor:tsens_tz_sensor5:58000 mC
E/qdhwcomposer( 1270): isValidDimension: layer handle is NULL
E/qdhwcomposer( 1270): isValidDimension: layer handle is NULL
E/qdhwcomposer( 1270): isValidDimension: layer handle is NULL
E/qdhwcomposer( 1270): isValidDimension: layer handle is NULL
E/qdhwcomposer( 1270): isValidDimension: layer handle is NULL
E/qdhwcomposer( 1270): isValidDimension: layer handle is NULL
E/qdhwcomposer( 1270): isValidDimension: layer handle is NULL
E/qdhwcomposer( 1270): isValidDimension: layer handle is NULL
I/ThermalEngine( 672): Sensor:tsens_tz_sensor8:58000 mC
I/ThermalEngine( 672): Sensor:tsens_tz_sensor7:57000 mC
I/ThermalEngine( 672): Sensor:tsens_tz_sensor6:57000 mC
I/ThermalEngine( 672): Sensor:tsens_tz_sensor5:58000 mC
E/qdhwcomposer( 1270): isValidDimension: layer handle is NULL
E/qdhwcomposer( 1270): isValidDimension: layer handle is NULL
E/qdhwcomposer( 1270): isValidDimension: layer handle is NULL
E/qdhwcomposer( 1270): isValidDimension: layer handle is NULL
E/qdhwcomposer( 1270): isValidDimension: layer handle is NULL
E/qdhwcomposer( 1270): isValidDimension: layer handle is NULL
E/qdhwcomposer( 1270): isValidDimension: layer handle is NULL
E/qdhwcomposer( 1270): isValidDimension: layer handle is NULL
I/ThermalEngine( 672): Sensor:tsens_tz_sensor8:57000 mC
I/ThermalEngine( 672): Sensor:tsens_tz_sensor7:57000 mC
I/ThermalEngine( 672): Sensor:tsens_tz_sensor6:57000 mC
I/ThermalEngine( 672): Sensor:tsens_tz_sensor5:58000 mC
E/qdhwcomposer( 1270): isValidDimension: layer handle is NULL
E/qdhwcomposer( 1270): isValidDimension: layer handle is NULL
E/qdhwcomposer( 1270): isValidDimension: layer handle is NULL
E/qdhwcomposer( 1270): isValidDimension: layer handle is NULL
E/qdhwcomposer( 1270): isValidDimension: layer handle is NULL
E/qdhwcomposer( 1270): isValidDimension: layer handle is NULL
E/qdhwcomposer( 1270): isValidDimension: layer handle is NULL
E/qdhwcomposer( 1270): isValidDimension: layer handle is NULL
I/ThermalEngine( 672): Sensor:tsens_tz_sensor8:58000 mC
I/ThermalEngine( 672): Sensor:tsens_tz_sensor7:58000 mC
I/ThermalEngine( 672): Sensor:tsens_tz_sensor6:57000 mC
I/ThermalEngine( 672): Sensor:tsens_tz_sensor5:59000 mC
E/qdhwcomposer( 1270): isValidDimension: layer handle is NULL
E/qdhwcomposer( 1270): isValidDimension: layer handle is NULL
E/qdhwcomposer( 1270): isValidDimension: layer handle is NULL
E/qdhwcomposer( 1270): isValidDimension: layer handle is NULL
E/qdhwcomposer( 1270): isValidDimension: layer handle is NULL
E/qdhwcomposer( 1270): isValidDimension: layer handle is NULL
E/qdhwcomposer( 1270): isValidDimension: layer handle is NULL
E/qdhwcomposer( 1270): isValidDimension: layer handle is NULL
I/ThermalEngine( 672): Sensor:tsens_tz_sensor8:58000 mC
I/ThermalEngine( 672): Sensor:tsens_tz_sensor7:57000 mC
I/ThermalEngine( 672): Sensor:tsens_tz_sensor6:57000 mC
I/ThermalEngine( 672): Sensor:tsens_tz_sensor5:59000 mC
E/qdhwcomposer( 1270): isValidDimension: layer handle is NULL
E/qdhwcomposer( 1270): isValidDimension: layer handle is NULL
E/qdhwcomposer( 1270): isValidDimension: layer handle is NULL
E/qdhwcomposer( 1270): isValidDimension: layer handle is NULL
E/qdhwcomposer( 1270): isValidDimension: layer handle is NULL
E/qdhwcomposer( 1270): isValidDimension: layer handle is NULL
E/qdhwcomposer( 1270): isValidDimension: layer handle is NULL
