I/Zygote ( 3189): System server process 3345 has been created
I/Zygote ( 3189): Accepting command socket connections
I/InstallerConnection( 3345): disconnecting...
E/qdhwcomposer( 1270): isValidDimension: layer handle is NULL
E/qdhwcomposer( 1270): isValidDimension: layer handle is NULL
I/SystemServer( 3345): Entered the Android system server!
V/Fingerprint-JNI( 3345): FingerprintManager JNI ready.
I/ ( 3345): System server: starting sensor init.
D/SensorService( 3345): nuSensorService starting...
I/SystemServiceManager( 3345): Starting com.android.server.pm.Installer
I/Installer( 3345): Waiting for installd to be ready.
I/InstallerConnection( 3345): connecting...
I/installd( 664): new connection
I/SystemServiceManager( 3345): Starting com.android.server.am.ActivityManagerService$Lifecycle
E/qti_sensors_hal( 3345): SensorsContext: Hal opened lib /system/lib/hw/sensors.oem.so failed!
E/Sensors ( 1005): sns_acm_mr.c(432):Transport error -45
E/NetlinkListener( 683): recvmsg failed (I/O error)
E/NetlinkListener( 3190): recvmsg failed (I/O error)
E/Sensors ( 1005): sns_acm_mr.c(432):Transport error -45
E/Sensors ( 1005): sns_acm_mr.c(432):Transport error -45
E/qdhwcomposer( 1270): isValidDimension: layer handle is NULL
E/qdhwcomposer( 1270): isValidDimension: layer handle is NULL
E/Sensors ( 1005): sns_acm_mr.c(432):Transport error -45
I/XXXXXX ( 3345): choosing minFree values for 32 Bit
I/XXXXXX ( 3345): choosing minFree values for 32 Bit
I/XXXXXX ( 3345): choosing minFree values for 32 Bit
I/XXXXXX ( 3345): choosing minFree values for 32 Bit
I/XXXXXX ( 3345): choosing minFree values for 32 Bit
I/XXXXXX ( 3345): choosing minFree values for 32 Bit
E/Sensors ( 1005): sns_acm_mr.c(432):Transport error -45
E/Sensors ( 1005): sns_acm_mr.c(432):Transport error -45
E/Sensors ( 1005): sns_acm_mr.c(432):Transport error -45
I/ActivityManager( 3345): Memory class: 128
E/Sensors ( 1005): sns_acm_mr.c(432):Transport error -45
E/Sensors ( 1005): sns_acm_mr.c(432):Transport error -45
I/ServiceThread( 3345): Enabled StrictMode logging for ActivityManager looper.
E/Sensors ( 1005): sns_acm_mr.c(734):Request made to disabled service
E/Sensors ( 1005): sns_main.c(1331):Error writing request. sns_err 3 error 0 qmi_err 0
E/qti_sensors_hal( 3345): SAMSensor_sensor1_cb: attributes request failed for handle 55
E/qti_sensors_hal( 3345): processResp: Msg 36; Result: 1, Error: 3
W/qti_sensors_hal( 3345): addSensor : Not supported sensor with handle 31!
W/qti_sensors_hal( 3345): addSensor : Not supported sensor with handle 32!
E/Sensors ( 1005): sns_acm_mr.c(432):Transport error -45
E/Sensors ( 1005): sns_acm_mr.c(432):Transport error -45
E/Sensors ( 1005): sns_acm_mr.c(432):Transport error -45
E/Sensors ( 1005): sns_acm_mr.c(432):Transport error -45
E/Sensors ( 1005): sns_acm_mr.c(432):Transport error -45
I/AppOps ( 3345): No existing app ops /data/system/appops.xml; starting empty
E/Sensors ( 1005): sns_acm_mr.c(432):Transport error -45
E/Sensors ( 1005): sns_acm_mr.c(432):Transport error -45
E/Sensors ( 1005): sns_acm_mr.c(432):Transport error -45
E/Sensors ( 1005): sns_acm_mr.c(734):Request made to disabled service
E/Sensors ( 1005): sns_main.c(1331):Error writing request. sns_err 3 error 0 qmi_err 0
E/qti_sensors_hal( 3345): SAMSensor_sensor1_cb: attributes request failed for handle 46
E/qti_sensors_hal( 3345): processResp: Msg 36; Result: 1, Error: 3
E/qti_sensors_hal( 3345): processSingleSensorInfoResp: either handle_wakeup is -1 or error is true or mSensors[handle_wakeup] is NULL!
E/qti_sensors_hal( 3345): processSingleSensorInfoResp: either handle_wakeup is -1 or error is true or mSensors[handle_wakeup] is NULL!
E/qti_sensors_hal( 3345): processSingleSensorInfoResp: either handle_wakeup is -1 or error is true or mSensors[handle_wakeup] is NULL!
E/qti_sensors_hal( 3345): processSingleSensorInfoResp: either handle is -1 or error is true or mSensors[handle] is NULL!
E/qti_sensors_hal( 3345): processSingleSensorInfoResp: either handle_wakeup is -1 or error is true or mSensors[handle_wakeup] is NULL!
E/qti_sensors_hal( 3345): OEMAddSensors : The OEM_module is NULL!
W/qti_sensors_hal( 3345): sensors_get_sensors_list: handle 51 is not registered!
W/qti_sensors_hal( 3345): sensors_get_sensors_list: handle 52 is not registered!
W/qti_sensors_hal( 3345): sensors_get_sensors_list: handle 17 is not registered!
W/qti_sensors_hal( 3345): sensors_get_sensors_list: handle 26 is not registered!
W/qti_sensors_hal( 3345): sensors_get_sensors_list: handle 27 is not registered!
W/qti_sensors_hal( 3345): sensors_get_sensors_list: handle 65 is not registered!
W/qti_sensors_hal( 3345): sensors_get_sensors_list: handle 66 is not registered!
W/qti_sensors_hal( 3345): sensors_get_sensors_list: handle 19 is not registered!
W/qti_sensors_hal( 3345): sensors_get_sensors_list: handle 24 is not registered!
W/qti_sensors_hal( 3345): sensors_get_sensors_list: handle 64 is not registered!
W/qti_sensors_hal( 3345): sensors_get_sensors_list: handle 18 is not registered!
W/qti_sensors_hal( 3345): sensors_get_sensors_list: handle 20 is not registered!
W/qti_sensors_hal( 3345): sensors_get_sensors_list: handle 25 is not registered!
W/qti_sensors_hal( 3345): sensors_get_sensors_list: handle 28 is not registered!
W/qti_sensors_hal( 3345): sensors_get_sensors_list: handle 57 is not registered!
W/qti_sensors_hal( 3345): sensors_get_sensors_list: handle 58 is not registered!
W/qti_sensors_hal( 3345): sensors_get_sensors_list: handle 59 is not registered!
W/qti_sensors_hal( 3345): sensors_get_sensors_list: handle 62 is not registered!
W/qti_sensors_hal( 3345): sensors_get_sensors_list: handle 63 is not registered!
W/qti_sensors_hal( 3345): sensors_get_sensors_list: handle 60 is not registered!
W/qti_sensors_hal( 3345): sensors_get_sensors_list: handle 61 is not registered!
W/qti_sensors_hal( 3345): sensors_get_sensors_list: handle 56 is not registered!
W/qti_sensors_hal( 3345): sensors_get_sensors_list: handle 21 is not registered!
W/qti_sensors_hal( 3345): sensors_get_sensors_list: handle 22 is not registered!
W/qti_sensors_hal( 3345): sensors_get_sensors_list: handle 23 is not registered!
W/qti_sensors_hal( 3345): sensors_get_sensors_list: handle 31 is not registered!
W/qti_sensors_hal( 3345): sensors_get_sensors_list: handle 32 is not registered!
W/qti_sensors_hal( 3345): sensors_get_sensors_list: handle 35 is not registered!
W/qti_sensors_hal( 3345): sensors_get_sensors_list: handle 41 is not registered!
W/qti_sensors_hal( 3345): sensors_get_sensors_list: handle 54 is not registered!
I/ ( 3345): System server: sensor init done.
D/SensorService( 3345): new thread SensorEventAckReceiver
D/SensorService( 3345): nuSensorService thread starting...
I/IntentFirewall( 3345): Read new rules (A:0 B:0 S:0)
I/ServiceThread( 3345): Enabled StrictMode logging for android.ui looper.
I/ServiceThread( 3345): Enabled StrictMode logging for android.display looper.
E/ServiceManager( 3185): add_service('appops',9) uid=1000 - ALREADY REGISTERED, OVERRIDE
I/ServiceManager( 3185): service 'appops' died
D/AppOps ( 3345): AppOpsService published
I/SystemServiceManager( 3345): Starting com.android.server.power.PowerManagerService
I/ServiceThread( 3345): Enabled StrictMode logging for PowerManagerService looper.
E/PowerManagerService-JNI( 3345): Couldn't load power module (Operation not permitted)
W/libsuspend( 3345): Error writing 'on' to /sys/power/state: Invalid argument
I/libsuspend( 3345): Selected wakeup count
I/SystemServiceManager( 3345): Starting com.android.server.display.DisplayManagerService
E/BatteryStatsService( 3345): Failed to open /sys/kernel/wakeup_reasons/last_resume_reason
I/DisplayManagerService( 3345): Display device added: DisplayDeviceInfo{"Built-in Screen": uniqueId="local:0", 1080 x 1920, 0.466 fps, supportedRefreshRates [0.466], density 480, 160.42105 x 159.89508 dpi, appVsyncOff 0, presDeadline 2146922789, touch INTERNAL, rotation 0, type BUILT_IN, state UNKNOWN, FLAG_DEFAULT_DISPLAY, FLAG_ROTATES_WITH_CONTENT, FLAG_SECURE, FLAG_SUPPORTS_PROTECTED_BUFFERS}
I/SystemServiceManager( 3345): Starting phase 100
I/SystemServer( 3345): Package Manager
E/SELinuxMMAC( 3345): Error with hashing seapp_contexts.
E/SELinuxMMAC( 3345): java.io.FileNotFoundException: /seapp_contexts: open failed: ENOENT (No such file or directory)
E/SELinuxMMAC( 3345): at libcore.io.IoBridge.open(IoBridge.java:456)
E/SELinuxMMAC( 3345): at libcore.io.IoUtils$FileReader.(IoUtils.java:209)
E/SELinuxMMAC( 3345): at libcore.io.IoUtils.readFileAsByteArray(IoUtils.java:109)
E/SELinuxMMAC( 3345): at com.android.server.pm.SELinuxMMAC.returnHash(SELinuxMMAC.java:456)
E/SELinuxMMAC( 3345): at com.android.server.pm.SELinuxMMAC.shouldRestorecon(SELinuxMMAC.java:389)
E/SELinuxMMAC( 3345): at com.android.server.pm.PackageManagerService.(PackageManagerService.java:419)
E/SELinuxMMAC( 3345): at com.android.server.pm.PackageManagerService.main(PackageManagerService.java:1261)
E/SELinuxMMAC( 3345): at com.android.server.SystemServer.startBootstrapServices(SystemServer.java:358)
E/SELinuxMMAC( 3345): at com.android.server.SystemServer.run(SystemServer.java:263)
E/SELinuxMMAC( 3345): at com.android.server.SystemServer.main(SystemServer.java:179)
E/SELinuxMMAC( 3345): at java.lang.reflect.Method.invoke(Native Method)
E/SELinuxMMAC( 3345): at java.lang.reflect.Method.invoke(Method.java:372)
E/SELinuxMMAC( 3345): at com.android.internal.os.ZygoteInit$MethodAndArgsCaller.run(ZygoteInit.java:904)
E/SELinuxMMAC( 3345): at com.android.internal.os.ZygoteInit.main(ZygoteInit.java:699)
E/SELinuxMMAC( 3345): Caused by: android.system.ErrnoException: open failed: ENOENT (No such file or directory)
E/SELinuxMMAC( 3345): at libcore.io.Posix.open(Native Method)
E/SELinuxMMAC( 3345): at libcore.io.BlockGuardOs.open(BlockGuardOs.java:186)
E/SELinuxMMAC( 3345): at libcore.io.IoBridge.open(IoBridge.java:442)
E/SELinuxMMAC( 3345): ... 13 more
D/EntSec ( 3345): [QSB ] [QSB_CLIENT ] QualcommSecurityBridge: PackageManager
I/EntSec ( 3345): [QSB ] [PORT_SWITCH] QSB Client Thread created
I/EntSec ( 3345): [QSB ] [PORT_SWITCH] QSB Port Switching Thread start running...
D/EntSec ( 3345): [QSB ] [PORT_SWITCH] Creating NQS Communicator instance
D/EntSec ( 3345): [QSB ] [NQS_CONECTOR] Trying to open a local socket
E/EntSec ( 3345): [QSB ] [NQS_CONECTOR] Failed to create and connect a local socket. [Error Description: No such file or directory ]
E/EntSec ( 3345): [QSB ] [NQS_CONECTOR] Failed to connect to the NQS [Error Description: No such file or directory ]
D/EntSec ( 3345): [QSB ] [PORT_SWITCH] NQS Communicator is disconnected
E/EntSec ( 3345): [QSB ] [PORT_SWITCH] No connection with the NQS; QSB initializes with the default port
I/EntSec ( 3345): [QSB ] [QSB_CLIENT ] Revert Loading port completed successfully
E/EntSec ( 3345): [QSB ] [PORT_SWITCH] QSB Port Switching Thread stop running.
W/SystemConfig( 3345): No directory /system/etc/sysconfig, skipping
E/qdhwcomposer( 1270): isValidDimension: layer handle is NULL
E/qdhwcomposer( 1270): isValidDimension: layer handle is NULL
D/SELinuxMMAC( 3345): Using policy file /system/etc/security/mac_permissions.xml
E/art ( 3345): DexFile_isDexOptNeeded file '/system/framework/com.google.widevine.software.drm.jar' does not exist
W/PackageManager( 3345): Library not found: /system/framework/com.google.widevine.software.drm.jar
E/art ( 3345): DexFile_isDexOptNeeded file '/system/framework/com.google.android.media.effects.jar' does not exist
W/PackageManager( 3345): Library not found: /system/framework/com.google.android.media.effects.jar
E/art ( 3345): DexFile_isDexOptNeeded file '/system/framework/com.google.android.maps.jar' does not exist
W/PackageManager( 3345): Library not found: /system/framework/com.google.android.maps.jar
E/MediaPlayerFactory( 3186): calling dlopen on FACTORY_LIB
E/MediaPlayerFactory( 3186): calling dlsym on pFactoryLib for FACTORY_CREATE_FN
E/MediaPlayerFactory( 3186): registering DASH Player factory...
I/CameraService( 3186): CameraService started (pid=3186)
D/mm-camera-intf( 3186): get_num_of_cameras gMmCameraIntfLogLevel=1
E/mm-camera-intf( 3186): entity id 1
E/mm-camera-intf( 3186): entity name video0 type 65537 group id 2
E/mm-camera-intf( 3186): entity id 2
E/mm-camera-intf( 3186): entity name msm_cci type 131072 group id 0
E/mm-camera-intf( 3186): entity id 3
E/mm-camera-intf( 3186): entity name v4l-subdev0 type 131072 group id 0
E/mm-camera-intf( 3186): entity id 4
E/mm-camera-intf( 3186): entity name v4l-subdev1 type 131072 group id 0
E/mm-camera-intf( 3186): entity id 5
E/mm-camera-intf( 3186): entity name v4l-subdev2 type 131072 group id 0
E/mm-camera-intf( 3186): entity id 6
E/mm-camera-intf( 3186): entity name v4l-subdev3 type 131072 group id 1
E/mm-camera-intf( 3186): entity id 7
E/mm-camera-intf( 3186): entity name v4l-subdev4 type 131072 group id 1
E/mm-camera-intf( 3186): entity id 8
E/mm-camera-intf( 3186): entity name v4l-subdev5 type 131072 group id 1
E/mm-camera-intf( 3186): entity id 9
E/mm-camera-intf( 3186): entity name v4l-subdev6 type 131072 group id 1
E/mm-camera-intf( 3186): entity id 10
E/mm-camera-intf( 3186): entity name v4l-subdev7 type 131072 group id 7
E/mm-camera-intf( 3186): entity id 11
E/mm-camera-intf( 3186): entity name v4l-subdev8 type 131072 group id 7
E/mm-camera-intf( 3186): entity id 12
E/mm-camera-intf( 3186): entity name v4l-subdev9 type 131072 group id 11
E/mm-camera-intf( 3186): entity id 13
E/mm-camera-intf( 3186): entity name v4l-subdev10 type 131072 group id 8
E/mm-camera-intf( 3186): entity id 14
E/mm-camera-intf( 3186): entity name v4l-subdev11 type 131072 group id 14
E/mm-camera-intf( 3186): entity id 1
E/mm-camera-intf( 3186): entity name video1 type 65537 group id 2
E/mm-camera-intf( 3186): entity id 2
E/mm-camera-intf( 3186): Done enumerating media entities
E/mm-camera-intf( 3186): entity id 1
E/mm-camera-intf( 3186): entity name video2 type 65537 group id 2
E/mm-camera-intf( 3186): entity id 2
E/mm-camera-intf( 3186): Done enumerating media entities
D/mm-camera-intf( 3186): index = 0 flag = 1 mount_angle = 90 facing = 0
D/mm-camera-intf( 3186): index = 1 flag = 103 mount_angle = 270 facing = 1
I/CameraService( 3186): Loaded "QCamera Module" camera module
I/AudioPolicyService( 3186): AudioPolicyService CSTOR in new mode
I/AudioPolicyManager( 3186): loadAudioPolicyConfig() loaded /system/etc/audio_policy.conf
D/PackageManager( 3345): No files in app dir /vendor/overlay
I/PackageManager( 3345): /usr/libexec/sfdroid/system/priv-app/Settings changed; collecting certs
E/qdhwcomposer( 1270): isValidDimension: layer handle is NULL
E/qdhwcomposer( 1270): isValidDimension: layer handle is NULL
W/PackageManager( 3345): Failed to parse /usr/libexec/sfdroid/system/priv-app/Settings: Signature mismatch for shared user : SharedUserSetting{3468c3f8 android.uid.system/1000}
I/PackageManager( 3345): /system/priv-app/CNEService changed; collecting certs
W/PackageManager( 3345): Failed to parse /system/priv-app/CNEService: Signature mismatch for shared user : SharedUserSetting{3468c3f8 android.uid.system/1000}
I/ThermalEngine( 672): Sensor:pm8941_tz:54962 mC
W/ResourceType( 3345): Failure getting entry for 0x7f0b0232 (t=10 e=562) (error -75)
W/PackageParser( 3345): No actions in intent filter at /system/priv-app/Contacts/Contacts.apk Binary XML file line #364
W/PackageParser( 3345): No actions in intent filter at /system/priv-app/Dialer/Dialer.apk Binary XML file line #168
E/qdhwcomposer( 1270): isValidDimension: layer handle is NULL
E/qdhwcomposer( 1270): isValidDimension: layer handle is NULL
W/PackageParser( 3345): No actions in intent filter at /system/priv-app/ProximitySensorTools/ProximitySensorTools.apk Binary XML file line #54
I/PackageManager( 3345): /system/priv-app/Settings changed; collecting certs
E/qdhwcomposer( 1270): isValidDimension: layer handle is NULL
E/qdhwcomposer( 1270): isValidDimension: layer handle is NULL
W/ResourceType( 3345): Failure getting entry for 0x7f08031d (t=7 e=797) (error -75)
W/PackageParser( 3345): Unknown element under : android at /system/priv-app/Telecom/Telecom.apk Binary XML file line #233
I/PackageManager( 3345): /system/priv-app/com.qualcomm.location changed; collecting certs
W/PackageManager( 3345): Failed to parse /system/priv-app/com.qualcomm.location: Signature mismatch for shared user : SharedUserSetting{3468c3f8 android.uid.system/1000}
I/PackageManager( 3345): /system/priv-app/com.qualcomm.msapm changed; collecting certs
W/PackageManager( 3345): Failed to parse /system/priv-app/com.qualcomm.msapm: Signature mismatch for shared user : SharedUserSetting{3468c3f8 android.uid.system/1000}
W/PackageParser( 3345): No actions in intent filter at /system/app/Bluetooth/Bluetooth.apk Binary XML file line #229
W/PackageParser( 3345): Unknown element under : uses-feature at /system/app/BluetoothExt/BluetoothExt.apk Binary XML file line #57
W/PackageParser( 3345): No actions in intent filter at /system/app/BluetoothExt/BluetoothExt.apk Binary XML file line #110
W/PackageParser( 3345): No actions in intent filter at /system/app/BluetoothExt/BluetoothExt.apk Binary XML file line #134
W/PackageParser( 3345): No actions in intent filter at /system/app/BluetoothExt/BluetoothExt.apk Binary XML file line #161
I/PackageManager( 3345): /system/app/CABLService changed; collecting certs
W/PackageManager( 3345): Failed to parse /system/app/CABLService: Signature mismatch for shared user : SharedUserSetting{3468c3f8 android.uid.system/1000}
E/qdhwcomposer( 1270): isValidDimension: layer handle is NULL
E/qdhwcomposer( 1270): isValidDimension: layer handle is NULL
I/art ( 3345): Background partial concurrent mark sweep GC freed 83315(3MB) AllocSpace objects, 10(601KB) LOS objects, 57% free, 2MB/6MB, paused 11.721ms total 70.131ms
E/NetlinkListener( 3190): recvmsg failed (I/O error)
E/NetlinkListener( 683): recvmsg failed (I/O error)
W/PackageParser( 3345): Unknown element under : permission at /system/app/Gallery2/Gallery2.apk Binary XML file line #254
W/PackageParser( 3345): Unknown element under : permission at /system/app/Gallery2/Gallery2.apk Binary XML file line #257
I/PackageManager( 3345): /system/app/GsmTuneAway changed; collecting certs
W/PackageManager( 3345): Failed to parse /system/app/GsmTuneAway: Signature mismatch for shared user : SharedUserSetting{5f0618d android.uid.phone/1001}
I/PackageParser( 3345): com.qualcomm.interfacepermissions: compat added android.permission.WRITE_EXTERNAL_STORAGE android.permission.READ_PHONE_STATE
I/PackageManager( 3345): /system/app/NetworkSetting changed; collecting certs
W/PackageManager( 3345): Failed to parse /system/app/NetworkSetting: Signature mismatch for shared user : SharedUserSetting{5f0618d android.uid.phone/1001}
I/PackageParser( 3345): com.qualcomm.qcom_qmi: compat added android.permission.WRITE_EXTERNAL_STORAGE android.permission.READ_PHONE_STATE
I/PackageManager( 3345): /system/app/SVIService changed; collecting certs
W/PackageManager( 3345): Failed to parse /system/app/SVIService: Signature mismatch for shared user : SharedUserSetting{3468c3f8 android.uid.system/1000}
I/PackageManager( 3345): /system/app/TimeService changed; collecting certs
W/PackageManager( 3345): Failed to parse /system/app/TimeService: Signature mismatch for shared user : SharedUserSetting{3468c3f8 android.uid.system/1000}
I/PackageManager( 3345): /system/app/WfdService changed; collecting certs
W/PackageManager( 3345): Failed to parse /system/app/WfdService: Signature mismatch for shared user : SharedUserSetting{3468c3f8 android.uid.system/1000}
I/PackageManager( 3345): /system/app/btmultisim changed; collecting certs
W/PackageManager( 3345): Failed to parse /system/app/btmultisim: Signature mismatch for shared user : SharedUserSetting{5f0618d android.uid.phone/1001}
I/PackageManager( 3345): /system/app/com.qualcomm.qti.services.secureui changed; collecting certs
E/qdhwcomposer( 1270): isValidDimension: layer handle is NULL
E/qdhwcomposer( 1270): isValidDimension: layer handle is NULL
W/PackageManager( 3345): Failed to parse /system/app/com.qualcomm.qti.services.secureui: Signature mismatch for shared user : SharedUserSetting{3468c3f8 android.uid.system/1000}
I/PackageManager( 3345): /system/app/fastdormancy changed; collecting certs
W/PackageManager( 3345): Failed to parse /system/app/fastdormancy: Signature mismatch for shared user : SharedUserSetting{3468c3f8 android.uid.system/1000}
I/PackageManager( 3345): /system/app/qcrilmsgtunnel changed; collecting certs
W/PackageManager( 3345): Failed to parse /system/app/qcrilmsgtunnel: Signature mismatch for shared user : SharedUserSetting{5f0618d android.uid.phone/1001}
I/PackageManager( 3345): /system/vendor/app/ims changed; collecting certs
W/PackageManager( 3345): Failed to parse /system/vendor/app/ims: Signature mismatch for shared user : SharedUserSetting{5f0618d android.uid.phone/1001}
D/PackageManager( 3345): No files in app dir /oem/app
D/PackageManager( 3345): No files in app dir /data/app
D/PackageManager( 3345): No files in app dir /data/app-private
W/PackageManager( 3345): Package org.codeaurora.bluetooth desires unavailable shared library com.quicinc.wbc; ignoring!
W/PackageManager( 3345): Package com.android.email desires unavailable shared library org.apache.http.legacy; ignoring!
I/PackageManager( 3345): Adjusting ABI for : com.dsi.ant.server to armeabi-v7a
I/PackageManager( 3345): Adjusting ABI for : com.android.server.telecom to armeabi-v7a
I/PackageManager( 3345): Adjusting ABI for : com.fairphone.privacyimpact to armeabi-v7a
I/PackageManager( 3345): Adjusting ABI for : com.fairphone.psensor to armeabi-v7a
I/PackageManager( 3345): Adjusting ABI for : com.android.keychain to armeabi-v7a
I/PackageManager( 3345): Adjusting ABI for : com.android.providers.settings to armeabi-v7a
I/PackageManager( 3345): Adjusting ABI for : com.android.dialer to armeabi-v7a
I/PackageManager( 3345): Adjusting ABI for : com.android.inputdevices to armeabi-v7a
I/PackageManager( 3345): Adjusting ABI for : com.android.settings to armeabi-v7a
I/PackageManager( 3345): Running dexopt on: /system/priv-app/Settings/Settings.apk pkg=com.android.settings isa=arm vmSafeMode=false
I/dex2oat ( 3477): /system/bin/dex2oat --zip-fd=5 --zip-location=/system/priv-app/Settings/Settings.apk --oat-fd=6 --oat-location=/data/dalvik-cache/arm/system@priv-app@Settings@Settings.apk@classes.dex --instruction-set=arm --instruction-set-features=div --runtime-arg -Xms64m --runtime-arg -Xmx512m --swap-fd=7
I/dex2oat ( 3477): Decided to run without swap.
E/qdhwcomposer( 1270): isValidDimension: layer handle is NULL
E/qdhwcomposer( 1270): isValidDimension: layer handle is NULL
E/qdhwcomposer( 1270): isValidDimension: layer handle is NULL
E/qdhwcomposer( 1270): isValidDimension: layer handle is NULL
E/NetlinkListener( 683): recvmsg failed (I/O error)
E/NetlinkListener( 3190): recvmsg failed (I/O error)
E/qdhwcomposer( 1270): isValidDimension: layer handle is NULL
E/qdhwcomposer( 1270): isValidDimension: layer handle is NULL
E/NetlinkListener( 3190): recvmsg failed (I/O error)
E/NetlinkListener( 683): recvmsg failed (I/O error)
E/qdhwcomposer( 1270): isValidDimension: layer handle is NULL
E/qdhwcomposer( 1270): isValidDimension: layer handle is NULL
E/NetlinkListener( 3190): recvmsg failed (I/O error)
E/NetlinkListener( 683): recvmsg failed (I/O error)
V/WLAN_PSA( 669): NL MSG, len[048], NL type[0x11] WNI type[0x5050] len[028]
V/WLAN_PSA( 669): NL MSG, PID: 669
I/ThermalEngine( 672): Sensor:tsens_tz_sensor5:70000 mC
I/ThermalEngine( 672): Sensor:tsens_tz_sensor8:70000 mC
I/ThermalEngine( 672): Sensor:tsens_tz_sensor5:70000 mC
I/ThermalEngine( 672): Sensor:tsens_tz_sensor8:70000 mC
I/ThermalEngine( 672): Sensor:tsens_tz_sensor6:71000 mC
I/ThermalEngine( 672): Sensor:tsens_tz_sensor7:70000 mC
I/ThermalEngine( 672): Sensor:tsens_tz_sensor6:71000 mC
I/ThermalEngine( 672): Sensor:tsens_tz_sensor7:70000 mC
I/ThermalEngine( 672): Sensor:tsens_tz_sensor8:71000 mC
I/ThermalEngine( 672): ACTION: CPU - Setting CPU[0] to 1958400
I/ThermalEngine( 672): ACTION: CPU - Setting CPU[1] to 1958400
I/ThermalEngine( 672): ACTION: CPU - Setting CPU[2] to 1958400
I/ThermalEngine( 672): ACTION: CPU - Setting CPU[3] to 1958400
I/ThermalEngine( 672): Sensor:tsens_tz_sensor7:70000 mC
I/ThermalEngine( 672): Sensor:tsens_tz_sensor6:71000 mC
I/ThermalEngine( 672): Sensor:tsens_tz_sensor5:72000 mC
E/qdhwcomposer( 1270): isValidDimension: layer handle is NULL
E/qdhwcomposer( 1270): isValidDimension: layer handle is NULL
I/ThermalEngine( 672): Sensor:tsens_tz_sensor8:69000 mC
I/ThermalEngine( 672): Sensor:tsens_tz_sensor7:69000 mC
I/ThermalEngine( 672): Sensor:tsens_tz_sensor6:69000 mC
I/ThermalEngine( 672): Sensor:tsens_tz_sensor5:70000 mC
I/ThermalEngine( 672): ACTION: CPU - Setting CPU[0] to 2265600
I/ThermalEngine( 672): ACTION: CPU - Setting CPU[1] to 2265600
I/ThermalEngine( 672): ACTION: CPU - Setting CPU[2] to 2265600
I/ThermalEngine( 672): ACTION: CPU - Setting CPU[3] to 2265600
I/ThermalEngine( 672): Sensor:tsens_tz_sensor8:72000 mC
I/ThermalEngine( 672): ACTION: CPU - Setting CPU[0] to 1958400
I/ThermalEngine( 672): ACTION: CPU - Setting CPU[1] to 1958400
I/ThermalEngine( 672): ACTION: CPU - Setting CPU[2] to 1958400
I/ThermalEngine( 672): ACTION: CPU - Setting CPU[3] to 1958400
I/ThermalEngine( 672): Sensor:tsens_tz_sensor7:71000 mC
I/ThermalEngine( 672): Sensor:tsens_tz_sensor6:73000 mC
I/ThermalEngine( 672): Sensor:tsens_tz_sensor5:73000 mC
I/ThermalEngine( 672): Sensor:tsens_tz_sensor8:71000 mC
I/ThermalEngine( 672): ACTION: CPU - Setting CPU[0] to 1728000
I/ThermalEngine( 672): ACTION: CPU - Setting CPU[1] to 1728000
I/ThermalEngine( 672): ACTION: CPU - Setting CPU[2] to 1728000
I/ThermalEngine( 672): ACTION: CPU - Setting CPU[3] to 1728000
I/ThermalEngine( 672): Sensor:tsens_tz_sensor7:70000 mC
I/ThermalEngine( 672): Sensor:tsens_tz_sensor6:72000 mC
I/ThermalEngine( 672): Sensor:tsens_tz_sensor5:72000 mC
I/ThermalEngine( 672): Sensor:tsens_tz_sensor8:69000 mC
I/ThermalEngine( 672): Sensor:tsens_tz_sensor7:68000 mC
I/ThermalEngine( 672): Sensor:tsens_tz_sensor6:71000 mC
I/ThermalEngine( 672): ACTION: CPU - Setting CPU[0] to 1574400
I/ThermalEngine( 672): ACTION: CPU - Setting CPU[1] to 1574400
I/ThermalEngine( 672): ACTION: CPU - Setting CPU[2] to 1574400
I/ThermalEngine( 672): ACTION: CPU - Setting CPU[3] to 1574400
I/ThermalEngine( 672): Sensor:tsens_tz_sensor5:71000 mC
E/qdhwcomposer( 1270): isValidDimension: layer handle is NULL
E/qdhwcomposer( 1270): isValidDimension: layer handle is NULL
I/ThermalEngine( 672): Sensor:tsens_tz_sensor8:67000 mC
I/ThermalEngine( 672): Sensor:tsens_tz_sensor7:66000 mC
I/ThermalEngine( 672): Sensor:tsens_tz_sensor6:69000 mC
I/ThermalEngine( 672): Sensor:tsens_tz_sensor5:69000 mC
I/ThermalEngine( 672): ACTION: CPU - Setting CPU[0] to 1728000
I/ThermalEngine( 672): ACTION: CPU - Setting CPU[1] to 1728000
I/ThermalEngine( 672): ACTION: CPU - Setting CPU[2] to 1728000
I/ThermalEngine( 672): ACTION: CPU - Setting CPU[3] to 1728000
I/ThermalEngine( 672): Sensor:tsens_tz_sensor8:68000 mC
I/ThermalEngine( 672): Sensor:tsens_tz_sensor7:65000 mC
I/ThermalEngine( 672): Sensor:tsens_tz_sensor6:70000 mC
I/ThermalEngine( 672): Sensor:tsens_tz_sensor5:70000 mC
I/ThermalEngine( 672): ACTION: CPU - Setting CPU[0] to 1958400
I/ThermalEngine( 672): ACTION: CPU - Setting CPU[1] to 1958400
I/ThermalEngine( 672): ACTION: CPU - Setting CPU[2] to 1958400
I/ThermalEngine( 672): ACTION: CPU - Setting CPU[3] to 1958400
I/ThermalEngine( 672): Sensor:tsens_tz_sensor8:70000 mC
I/ThermalEngine( 672): Sensor:tsens_tz_sensor7:69000 mC
I/ThermalEngine( 672): Sensor:tsens_tz_sensor6:71000 mC
I/ThermalEngine( 672): ACTION: CPU - Setting CPU[0] to 1728000
I/ThermalEngine( 672): ACTION: CPU - Setting CPU[1] to 1728000
I/ThermalEngine( 672): ACTION: CPU - Setting CPU[2] to 1728000
I/ThermalEngine( 672): ACTION: CPU - Setting CPU[3] to 1728000
I/ThermalEngine( 672): Sensor:tsens_tz_sensor5:68000 mC
I/ThermalEngine( 672): Sensor:tsens_tz_sensor8:69000 mC
I/ThermalEngine( 672): Sensor:tsens_tz_sensor7:68000 mC
I/ThermalEngine( 672): Sensor:tsens_tz_sensor6:70000 mC
I/ThermalEngine( 672): ACTION: CPU - Setting CPU[0] to 1958400
I/ThermalEngine( 672): ACTION: CPU - Setting CPU[1] to 1958400
I/ThermalEngine( 672): ACTION: CPU - Setting CPU[2] to 1958400
I/ThermalEngine( 672): ACTION: CPU - Setting CPU[3] to 1958400
I/ThermalEngine( 672): Sensor:tsens_tz_sensor5:69000 mC
I/ThermalEngine( 672): Sensor:tsens_tz_sensor8:65000 mC
I/ThermalEngine( 672): Sensor:tsens_tz_sensor7:66000 mC
I/ThermalEngine( 672): Sensor:tsens_tz_sensor6:66000 mC
I/ThermalEngine( 672): ACTION: CPU - Setting CPU[0] to 2265600
I/ThermalEngine( 672): ACTION: CPU - Setting CPU[1] to 2265600
I/ThermalEngine( 672): ACTION: CPU - Setting CPU[2] to 2265600
I/ThermalEngine( 672): ACTION: CPU - Setting CPU[3] to 2265600
I/ThermalEngine( 672): Sensor:tsens_tz_sensor5:67000 mC
E/qdhwcomposer( 1270): isValidDimension: layer handle is NULL
E/qdhwcomposer( 1270): isValidDimension: layer handle is NULL
V/WLAN_PSA( 669): NL MSG, len[4095], NL type[0x1C] WNI type[0x5900] len[59151]
V/WLAN_PSA( 669): NL MSG, PID: 669
I/ThermalEngine( 672): Sensor:tsens_tz_sensor8:63000 mC
I/ThermalEngine( 672): Sensor:tsens_tz_sensor7:67000 mC
I/ThermalEngine( 672): Sensor:tsens_tz_sensor6:66000 mC
I/ThermalEngine( 672): Sensor:tsens_tz_sensor5:70000 mC
I/ThermalEngine( 672): Sensor:tsens_tz_sensor8:63000 mC
I/ThermalEngine( 672): Sensor:tsens_tz_sensor7:64000 mC
I/ThermalEngine( 672): Sensor:tsens_tz_sensor6:67000 mC
I/ThermalEngine( 672): Sensor:tsens_tz_sensor5:67000 mC
I/ThermalEngine( 672): Sensor:tsens_tz_sensor8:62000 mC
I/ThermalEngine( 672): Sensor:tsens_tz_sensor7:62000 mC
I/ThermalEngine( 672): Sensor:tsens_tz_sensor6:65000 mC
I/ThermalEngine( 672): Sensor:tsens_tz_sensor5:65000 mC
I/dex2oat ( 3477): dex2oat took 2.386s (threads: 4) arena alloc=89KB java alloc=4MB native alloc=6MB free=9MB
I/ThermalEngine( 672): Sensor:tsens_tz_sensor8:61000 mC
I/ThermalEngine( 672): Sensor:tsens_tz_sensor7:61000 mC
I/ThermalEngine( 672): Sensor:tsens_tz_sensor6:65000 mC
I/ThermalEngine( 672): Sensor:tsens_tz_sensor5:65000 mC
I/PackageManager( 3345): Adjusting ABI for : com.android.location.fused to armeabi-v7a
I/PackageManager( 3345): Adjusting ABI for : com.android.soundrecorder to armeabi-v7a
I/PackageManager( 3345): Adjusting ABI for : com.codeaurora.fmrecording to armeabi-v7a
I/PackageManager( 3345): Adjusting ABI for : com.fairphone.setupwizard to armeabi-v7a
I/PackageManager( 3345): Time to scan packages: 3.841 seconds
W/PackageManager( 3345): Unknown permission com.google.android.googleapps.permission.GOOGLE_AUTH in package com.android.providers.calendar
W/PackageManager( 3345): Unknown permission com.google.android.googleapps.permission.GOOGLE_AUTH.cl in package com.android.providers.calendar
W/PackageManager( 3345): Unknown permission com.qualcomm.permission.USE_QCRIL_MSG_TUNNEL in package com.qualcomm.shutdownlistner
W/PackageManager( 3345): Not granting permission android.permission.GLOBAL_SEARCH to package com.android.quicksearchbox (protectionLevel=18 flags=0x48be45)
W/PackageManager( 3345): Not granting permission android.permission.ACCESS_DOWNLOAD_MANAGER to package com.android.browser (protectionLevel=18 flags=0x9be45)
W/PackageManager( 3345): Not granting permission android.permission.SEND_DOWNLOAD_COMPLETED_INTENTS to package com.android.browser (protectionLevel=2 flags=0x9be45)
W/PackageManager( 3345): Unknown permission android.permission.MMS_PUSH in package org.codeaurora.bluetooth
W/PackageManager( 3345): Not granting permission android.permission.BIND_WALLPAPER to package com.android.camera2 (protectionLevel=18 flags=0x58bc45)
W/PackageManager( 3345): Unknown permission android.permission.INSTALL_DRM in package com.android.mms
W/PackageManager( 3345): Unknown permission com.google.android.googleapps.permission.GOOGLE_AUTH.mail in package com.android.calendar
W/PackageManager( 3345): Unknown permission com.android.launcher.permission.READ_SETTINGS in package com.android.onetimeinitializer
W/PackageManager( 3345): Unknown permission com.android.launcher.permission.WRITE_SETTINGS in package com.android.onetimeinitializer
W/PackageManager( 3345): Not granting permission android.permission.DELETE_PACKAGES to package com.svox.pico (protectionLevel=18 flags=0x8be45)
W/PackageManager( 3345): Unknown permission android.permission.ACCESS_THEME_MANAGER in package com.fairphone.setupwizard
W/PackageManager( 3345): Unknown permission com.google.android.gallery3d.permission.PICASA_STORE in package com.android.dreams.phototable
W/PackageManager( 3345): Unknown permission android.permission.ACCESS_SUPERUSER in package com.amaze.filemanager
W/PackageManager( 3345): Unknown permission com.google.android.googleapps.permission.GOOGLE_AUTH in package com.android.settings
W/PackageManager( 3345): Unknown permission com.android.launcher.permission.READ_SETTINGS in package com.android.settings
W/PackageManager( 3345): Unknown permission com.android.launcher.permission.WRITE_SETTINGS in package com.android.settings
W/PackageManager( 3345): Unknown permission com.android.launcher.permission.READ_SETTINGS in package com.fairphone.fplauncher3
W/PackageManager( 3345): Unknown permission com.android.launcher.permission.WRITE_SETTINGS in package com.fairphone.fplauncher3
W/PackageManager( 3345): Unknown permission android.permission.ACCESS_SUPERUSER in package com.fairphone.updater
W/PackageManager( 3345): Not granting permission android.permission.DEVICE_POWER to package com.android.deskclock (protectionLevel=2 flags=0x48be45)
W/PackageManager( 3345): Unknown permission com.google.android.gallery3d.permission.GALLERY_PROVIDER in package com.android.bluetooth
E/qdhwcomposer( 1270): isValidDimension: layer handle is NULL
E/qdhwcomposer( 1270): isValidDimension: layer handle is NULL
E/NetlinkListener( 3190): recvmsg failed (I/O error)
E/NetlinkListener( 683): recvmsg failed (I/O error)
I/ThermalEngine( 672): Sensor:tsens_tz_sensor8:62000 mC
I/ThermalEngine( 672): Sensor:tsens_tz_sensor7:64000 mC
I/ThermalEngine( 672): Sensor:tsens_tz_sensor6:63000 mC
I/ThermalEngine( 672): Sensor:tsens_tz_sensor5:68000 mC
I/art ( 3345): Explicit concurrent mark sweep GC freed 28524(1825KB) AllocSpace objects, 19(304KB) LOS objects, 58% free, 2MB/6MB, paused 1.462ms total 31.676ms
I/SystemServer( 3345): User Service
E/ServiceManager( 3185): add_service('permission',15) uid=1000 - ALREADY REGISTERED, OVERRIDE
I/ServiceManager( 3185): service 'permission' died
I/lowmemorykiller( 685): ActivityManager connected
I/SystemServiceManager( 3345): Starting com.android.server.lights.LightsService
I/SystemServiceManager( 3345): Starting com.android.server.BatteryService
I/ThermalEngine( 672): Sensor:tsens_tz_sensor8:62000 mC
I/ThermalEngine( 672): Sensor:tsens_tz_sensor7:66000 mC
I/ThermalEngine( 672): Sensor:tsens_tz_sensor6:62000 mC
I/ThermalEngine( 672): Sensor:tsens_tz_sensor5:65000 mC
I/SystemServiceManager( 3345): Starting com.android.server.usage.UsageStatsService
I/UsageStatsService( 3345): User[0] Rollover scheduled @ 2016-12-07 00:00:00(1481068800000)
I/SystemServiceManager( 3345): Starting com.android.server.webkit.WebViewUpdateService
I/SystemServer( 3345): Reading configuration...
I/SystemServer( 3345): Scheduling Policy
I/SystemServiceManager( 3345): Starting com.android.server.telecom.TelecomLoaderService
I/SystemServer( 3345): Telephony Registry
I/SystemServer( 3345): Entropy Mixer
I/EntropyMixer( 3345): Writing entropy...
I/SystemServer( 3345): Account Manager
I/ThermalEngine( 672): Sensor:tsens_tz_sensor8:61000 mC
I/ThermalEngine( 672): Sensor:tsens_tz_sensor7:63000 mC
I/ThermalEngine( 672): Sensor:tsens_tz_sensor6:62000 mC
I/ThermalEngine( 672): Sensor:tsens_tz_sensor5:65000 mC
I/SystemServer( 3345): Content Manager
I/SystemServer( 3345): System Content Providers
I/SystemServer( 3345): Vibrator Service
I/SystemServer( 3345): Consumer IR Service
E/ConsumerIrService( 3345): Can't open consumer IR HW Module, error: sfdroid disabled
I/SystemServiceManager( 3345): Starting com.android.server.AlarmManagerService
W/AlarmManager( 3345): Failed to open alarm driver. Falling back to a handler.
I/SystemServer( 3345): Init Watchdog
I/SystemServer( 3345): Input Manager
I/ThermalEngine( 672): Sensor:tsens_tz_sensor8:61000 mC
I/ThermalEngine( 672): Sensor:tsens_tz_sensor7:63000 mC
I/ThermalEngine( 672): Sensor:tsens_tz_sensor6:61000 mC
I/ThermalEngine( 672): Sensor:tsens_tz_sensor5:63000 mC
I/InputManager( 3345): Initializing input manager, mUseDevInputEventForAudioJack=true
I/SystemServer( 3345): Window Manager
I/WindowManager( 3345): No existing display settings /data/system/display_settings.xml; starting empty
W/ServiceManager( 3187): Permission failure: android.permission.ACCESS_SURFACE_FLINGER from uid=1000 pid=3345
D/PermissionCache( 3187): checking android.permission.ACCESS_SURFACE_FLINGER for uid=1000 => denied (370 us)
E/SurfaceFlinger( 3187): Permission Denial: can't access SurfaceFlinger pid=3345, uid=1000
E/qdhwcomposer( 1270): isValidDimension: layer handle is NULL
E/qdhwcomposer( 1270): isValidDimension: layer handle is NULL
I/ThermalEngine( 672): Sensor:tsens_tz_sensor8:61000 mC
I/ThermalEngine( 672): Sensor:tsens_tz_sensor7:61000 mC
I/ThermalEngine( 672): Sensor:tsens_tz_sensor6:61000 mC
I/ThermalEngine( 672): Sensor:tsens_tz_sensor5:63000 mC
E/NetlinkListener( 683): recvmsg failed (I/O error)
E/NetlinkListener( 3190): recvmsg failed (I/O error)
E/SurfaceFlinger( 3187): Permission Denial: can't access SurfaceFlinger pid=3345, uid=1000
E/WindowManager( 3345): Exception creating Dim surface
E/WindowManager( 3345): android.view.Surface$OutOfResourcesException
E/WindowManager( 3345): at android.view.SurfaceControl.nativeCreate(Native Method)
E/WindowManager( 3345): at android.view.SurfaceControl.(SurfaceControl.java:292)
E/WindowManager( 3345): at com.android.server.wm.DimLayer.(DimLayer.java:81)
E/WindowManager( 3345): at com.android.server.wm.TaskStack.attachDisplayContent(TaskStack.java:233)
E/WindowManager( 3345): at com.android.server.wm.WindowManagerService.attachStack(WindowManagerService.java:5158)
E/WindowManager( 3345): at com.android.server.am.ActivityStackSupervisor$ActivityContainer.attachToDisplayLocked(ActivityStackSupervisor.java:3766)
E/WindowManager( 3345): at com.android.server.am.ActivityStackSupervisor.createStackOnDisplay(ActivityStackSupervisor.java:2649)
E/WindowManager( 3345): at com.android.server.am.ActivityStackSupervisor.setWindowManager(ActivityStackSupervisor.java:394)
E/WindowManager( 3345): at com.android.server.am.ActivityManagerService.setWindowManager(ActivityManagerService.java:1943)
E/WindowManager( 3345): at com.android.server.SystemServer.startOtherServices(SystemServer.java:498)
E/WindowManager( 3345): at com.android.server.SystemServer.run(SystemServer.java:265)
E/WindowManager( 3345): at com.android.server.SystemServer.main(SystemServer.java:179)
E/WindowManager( 3345): at java.lang.reflect.Method.invoke(Native Method)
E/WindowManager( 3345): at java.lang.reflect.Method.invoke(Method.java:372)
E/WindowManager( 3345): at com.android.internal.os.ZygoteInit$MethodAndArgsCaller.run(ZygoteInit.java:904)
E/WindowManager( 3345): at com.android.internal.os.ZygoteInit.main(ZygoteInit.java:699)
E/SurfaceFlinger( 3187): Permission Denial: can't access SurfaceFlinger pid=3345, uid=1000
E/WindowManager( 3345): Exception creating Dim surface
E/WindowManager( 3345): android.view.Surface$OutOfResourcesException
E/WindowManager( 3345): at android.view.SurfaceControl.nativeCreate(Native Method)
E/WindowManager( 3345): at android.view.SurfaceControl.(SurfaceControl.java:292)
E/WindowManager( 3345): at com.android.server.wm.DimLayer.(DimLayer.java:81)
E/WindowManager( 3345): at com.android.server.wm.TaskStack.attachDisplayContent(TaskStack.java:234)
E/WindowManager( 3345): at com.android.server.wm.WindowManagerService.attachStack(WindowManagerService.java:5158)
E/WindowManager( 3345): at com.android.server.am.ActivityStackSupervisor$ActivityContainer.attachToDisplayLocked(ActivityStackSupervisor.java:3766)
E/WindowManager( 3345): at com.android.server.am.ActivityStackSupervisor.createStackOnDisplay(ActivityStackSupervisor.java:2649)
E/WindowManager( 3345): at com.android.server.am.ActivityStackSupervisor.setWindowManager(ActivityStackSupervisor.java:394)
E/WindowManager( 3345): at com.android.server.am.ActivityManagerService.setWindowManager(ActivityManagerService.java:1943)
E/WindowManager( 3345): at com.android.server.SystemServer.startOtherServices(SystemServer.java:498)
E/WindowManager( 3345): at com.android.server.SystemServer.run(SystemServer.java:265)
E/WindowManager( 3345): at com.android.server.SystemServer.main(SystemServer.java:179)
E/WindowManager( 3345): at java.lang.reflect.Method.invoke(Native Method)
E/WindowManager( 3345): at java.lang.reflect.Method.invoke(Method.java:372)
E/WindowManager( 3345): at com.android.internal.os.ZygoteInit$MethodAndArgsCaller.run(ZygoteInit.java:904)
E/WindowManager( 3345): at com.android.internal.os.ZygoteInit.main(ZygoteInit.java:699)
E/SurfaceFlinger( 3187): Permission Denial: can't access SurfaceFlinger pid=3345, uid=1000
I/InputManager( 3345): Starting input manager
I/SystemServer( 3345): sfdroid: Bluetooth Service disabled
I/SystemServer( 3345): Input Method Service
D/EventHub( 3345): No input device configuration file found for device 'sfdroid-input'.
I/EventHub( 3345): New device: id=1, fd=99, path='/dev/input/event5', name='sfdroid-input', classes=0x14, configuration='', keyLayout='', keyCharacterMap='', builtinKeyboard=false, wakeMechanism=EVIOCSSUSPENDBLOCK, usingClockIoctl=true
E/EventHub( 3345): could not open /dev/input/event4, Permission denied
E/EventHub( 3345): could not open /dev/input/event3, Permission denied
E/EventHub( 3345): could not open /dev/input/by-path, Is a directory
E/EventHub( 3345): could not open /dev/input/event2, Permission denied
E/EventHub( 3345): could not open /dev/input/event1, Permission denied
E/EventHub( 3345): could not open /dev/input/event0, Permission denied
E/EventHub( 3345): could not open /dev/input/mice, Permission denied
I/InputReader( 3345): Device added: id=-1, name='Virtual', sources=0x00000301
W/InputReader( 3345): MultiTouch Device sfdroid-input reported 256 slots but the framework only supports a maximum of 32 slots at this time.
W/InputMethodManagerService( 3345): Couldn't create dir.: /data/system/inputmethod
I/InputReader( 3345): Touch device 'sfdroid-input' could not query the properties of its associated display. The device will be inoperable until the display size becomes available.
I/InputReader( 3345): Device added: id=1, name='sfdroid-input', sources=0x00001002
I/ThermalEngine( 672): Sensor:tsens_tz_sensor8:64000 mC
I/ThermalEngine( 672): Sensor:tsens_tz_sensor7:60000 mC
I/ThermalEngine( 672): Sensor:tsens_tz_sensor6:60000 mC
I/ThermalEngine( 672): Sensor:tsens_tz_sensor5:63000 mC
E/AudioPolicyManager( 3191): unknown stream type 13
E/AudioPolicyManager( 3191): unknown stream type 13
E/AudioPolicyManager( 3191): unknown stream type 13
E/AudioPolicyManager( 3191): unknown stream type 13
I/AudioFlinger( 3191): AudioFlinger's thread 0xb5a2e000 ready to run
D/audio_hw_primary( 3191): out_set_parameters: enter: usecase(1: low-latency-playback) kvpairs: routing=2
D/audio_hw_primary( 3191): out_standby: enter: stream (0xb5880b00) usecase(1: low-latency-playback)
E/AudioPolicyManager( 3191): unknown stream type 13
D/audio_hw_primary( 3191): adev_open_input_stream: enter: sample_rate(48000) channel_mask(0xc) devices(0x80000004) stream_handle(0xb586da20)
I/AudioFlinger( 3191): AudioFlinger's thread 0xb5ac7000 ready to run
D/audio_hw_primary( 3191): adev_close_input_stream: enter:stream_handle(0xb586da20)
D/audio_hw_primary( 3191): in_standby: enter: stream (0xb586da20) usecase(7: audio-record)
I/audio_a2dp_hw( 3191): adev_open: adev_open in A2dp_hw module
I/AudioFlinger( 3191): loadHwModule() Loaded a2dp audio interface from A2DP Audio HW HAL (audio) handle 7
I/AudioFlinger( 3191): loadHwModule() Loaded usb audio interface from USB audio HW HAL (audio) handle 8
I/r_submix( 3191): adev_open(name=audio_hw_if)
I/r_submix( 3191): adev_init_check()
I/AudioFlinger( 3191): loadHwModule() Loaded r_submix audio interface from Wifi Display audio HAL (audio) handle 9
D/r_submix( 3191): adev_open_input_stream(addr=0)
D/r_submix( 3191): submix_audio_device_create_pipe_l(addr=0, idx=9)
D/r_submix( 3191): now using address 0 for route 9
I/AudioFlinger( 3191): AudioFlinger's thread 0xb5b11000 ready to run
D/r_submix( 3191): adev_close_input_stream()
D/r_submix( 3191): submix_audio_device_release_pipe_l(idx=9) addr=0
D/r_submix( 3191): submix_audio_device_destroy_pipe_l(): pipe destroyed
E/AudioPolicyManager( 3191): unknown stream type 13
E/AudioPolicyManager( 3191): unknown stream type 13
E/SoundTriggerHwService( 3191): couldn't load sound trigger module sound_trigger.primary (No such file or directory)
W/AudioFlinger( 3191): loadHwModule() module primary already loaded
D/audio_hw_primary( 3191): adev_open_output_stream: enter: sample_rate(48000) channel_mask(0x3) devices(0x2) flags(0x2) stream_handle(0xb5880c40)
E/audio_hw_primary( 3191): adev_open_output_stream: Primary output is already opened
D/audio_hw_primary( 3191): adev_open_output_stream: exit: ret -17
W/AudioPolicyManager( 3186): Cannot open output stream for device 00000002 on hw module primary
D/audio_hw_primary( 3191): adev_open_output_stream: enter: sample_rate(48000) channel_mask(0x3) devices(0x2) flags(0x4) stream_handle(0xb5880c40)
D/audio_hw_primary( 3191): adev_open_output_stream: Stream (0xb5880c40) picks up usecase (low-latency-playback)
I/AudioFlinger( 3191): HAL output buffer size 240 frames, normal sink buffer size 960 frames
E/AudioPolicyManager( 3186): unknown stream type 13
E/AudioPolicyManager( 3186): unknown stream type 13
E/AudioPolicyManager( 3186): unknown stream type 13
I/AudioFlinger( 3191): AudioFlinger's thread 0xb5b11000 ready to run
D/audio_hw_primary( 3191): out_set_parameters: enter: usecase(1: low-latency-playback) kvpairs: routing=2
D/audio_hw_primary( 3191): out_standby: enter: stream (0xb5880c40) usecase(1: low-latency-playback)
I/SystemServer( 3345): Accessibility Manager
W/AudioFlinger( 3191): setStreamVolume() pid 3186 cannot use internal stream type 10
W/AudioFlinger( 3191): setStreamVolume() pid 3186 cannot use internal stream type 11
E/AudioPolicyManager( 3186): unknown stream type 13
W/AudioFlinger( 3191): setStreamVolume() pid 3186 cannot use internal stream type 13
D/audio_hw_primary( 3191): adev_open_input_stream: enter: sample_rate(48000) channel_mask(0xc) devices(0x80000004) stream_handle(0xb586dac0)
I/AudioFlinger( 3191): AudioFlinger's thread 0xb5b93000 ready to run
D/audio_hw_primary( 3191): adev_close_input_stream: enter:stream_handle(0xb586dac0)
D/audio_hw_primary( 3191): in_standby: enter: stream (0xb586dac0) usecase(7: audio-record)
W/AudioFlinger( 3191): loadHwModule() module a2dp already loaded
W/AudioFlinger( 3191): loadHwModule() module usb already loaded
W/AudioFlinger( 3191): loadHwModule() module r_submix already loaded
D/r_submix( 3191): adev_open_input_stream(addr=0)
D/r_submix( 3191): submix_audio_device_create_pipe_l(addr=0, idx=9)
D/r_submix( 3191): now using address 0 for route 9
I/XXXXXX ( 3345): choosing minFree values for 32 Bit
I/XXXXXX ( 3345): choosing minFree values for 32 Bit
I/XXXXXX ( 3345): choosing minFree values for 32 Bit
I/XXXXXX ( 3345): choosing minFree values for 32 Bit
I/XXXXXX ( 3345): choosing minFree values for 32 Bit
I/XXXXXX ( 3345): choosing minFree values for 32 Bit
I/ActivityManager( 3345): Config changes=1df8 {1.0 ?mcc?mnc en_US ?layoutDir sw360dp w360dp h640dp 480dpi nrml long port ?uimode ?night -touch -keyb/v/h -nav/h s.2}
I/AudioFlinger( 3191): AudioFlinger's thread 0xb5b93000 ready to run
D/r_submix( 3191): adev_close_input_stream()
D/r_submix( 3191): submix_audio_device_release_pipe_l(idx=9) addr=0
D/r_submix( 3191): submix_audio_device_destroy_pipe_l(): pipe destroyed
E/AudioPolicyManager( 3186): Failed to open primary output
E/AudioPolicyManager( 3186): unknown stream type 13
E/ServiceManager( 3185): add_service('media.audio_policy',27) uid=1013 - ALREADY REGISTERED, OVERRIDE
I/ServiceManager( 3185): service 'media.audio_policy' died
D/audio_hw_primary( 3191): out_set_parameters: enter: usecase(0: deep-buffer-playback) kvpairs: exiting=1
D/audio_hw_extn( 3191): audio_extn_set_anc_parameters: anc_enabled:0
E/SurfaceFlinger( 3187): Permission Denial: can't access SurfaceFlinger pid=3345, uid=1000
E/SurfaceFlinger( 3187): Permission Denial: can't access SurfaceFlinger pid=3345, uid=1000
I/InputReader( 3345): Reconfiguring input devices. changes=0x00000004
I/InputReader( 3345): Device reconfigured: id=1, name='sfdroid-input', size 1080x1920, orientation 0, mode 1, display id 0
E/SurfaceFlinger( 3187): Permission Denial: can't access SurfaceFlinger pid=3345, uid=1000
E/SurfaceFlinger( 3187): Permission Denial: can't access SurfaceFlinger pid=3345, uid=1000
I/ActivityManager( 3345): Config changes=508 {1.0 ?mcc?mnc en_US ?layoutDir sw360dp w360dp h567dp 480dpi nrml port ?uimode ?night finger -keyb/v/h -nav/h s.3}
E/SurfaceFlinger( 3187): Permission Denial: can't access SurfaceFlinger pid=3345, uid=1000
E/SurfaceFlinger( 3187): Permission Denial: can't access SurfaceFlinger pid=3345, uid=1000
I/SystemServer( 3345): Mount Service
D/audio_hw_primary( 3191): adev_close_output_stream: enter:stream_handle(0xb58809c0)
D/audio_hw_primary( 3191): out_standby: enter: stream (0xb58809c0) usecase(0: deep-buffer-playback)
D/audio_hw_primary( 3191): out_set_parameters: enter: usecase(1: low-latency-playback) kvpairs: exiting=1
D/MountService( 3345): got storage path: /storage/sdcard0 description: Internal storage primary: true removable: false emulated: true mtpReserve: 100 allowMassStorage: false maxFileSize: 0 allowMtp: true
