E/qdhwcomposer( 1270): isValidDimension: layer handle is NULL
E/qdhwcomposer( 1270): isValidDimension: layer handle is NULL
E/qdhwcomposer( 1270): isValidDimension: layer handle is NULL
E/qdhwcomposer( 1270): isValidDimension: layer handle is NULL
E/qdhwcomposer( 1270): isValidDimension: layer handle is NULL
I/ThermalEngine( 672): Sensor:tsens_tz_sensor8:57000 mC
I/ThermalEngine( 672): Sensor:tsens_tz_sensor7:57000 mC
I/ThermalEngine( 672): Sensor:tsens_tz_sensor6:57000 mC
I/ThermalEngine( 672): Sensor:tsens_tz_sensor5:58000 mC
E/qdhwcomposer( 1270): isValidDimension: layer handle is NULL
E/qdhwcomposer( 1270): isValidDimension: layer handle is NULL
E/qdhwcomposer( 1270): isValidDimension: layer handle is NULL
E/qdhwcomposer( 1270): isValidDimension: layer handle is NULL
E/qdhwcomposer( 1270): isValidDimension: layer handle is NULL
E/qdhwcomposer( 1270): isValidDimension: layer handle is NULL
I/ThermalEngine( 672): Sensor:tsens_tz_sensor8:58000 mC
I/ThermalEngine( 672): Sensor:tsens_tz_sensor7:57000 mC
I/ThermalEngine( 672): Sensor:tsens_tz_sensor6:57000 mC
I/ThermalEngine( 672): Sensor:tsens_tz_sensor5:58000 mC
E/qdhwcomposer( 1270): isValidDimension: layer handle is NULL
E/qdhwcomposer( 1270): isValidDimension: layer handle is NULL
E/qdhwcomposer( 1270): isValidDimension: layer handle is NULL
E/qdhwcomposer( 1270): isValidDimension: layer handle is NULL
E/qdhwcomposer( 1270): isValidDimension: layer handle is NULL
E/qdhwcomposer( 1270): isValidDimension: layer handle is NULL
E/qdhwcomposer( 1270): isValidDimension: layer handle is NULL
E/qdhwcomposer( 1270): isValidDimension: layer handle is NULL
I/ThermalEngine( 672): Sensor:tsens_tz_sensor8:57000 mC
I/ThermalEngine( 672): Sensor:tsens_tz_sensor7:57000 mC
I/ThermalEngine( 672): Sensor:tsens_tz_sensor6:57000 mC
I/ThermalEngine( 672): Sensor:tsens_tz_sensor5:58000 mC
E/qdhwcomposer( 1270): isValidDimension: layer handle is NULL
E/qdhwcomposer( 1270): isValidDimension: layer handle is NULL
E/qdhwcomposer( 1270): isValidDimension: layer handle is NULL
E/qdhwcomposer( 1270): isValidDimension: layer handle is NULL
E/qdhwcomposer( 1270): isValidDimension: layer handle is NULL
E/qdhwcomposer( 1270): isValidDimension: layer handle is NULL
E/qdhwcomposer( 1270): isValidDimension: layer handle is NULL
E/qdhwcomposer( 1270): isValidDimension: layer handle is NULL
I/ThermalEngine( 672): Sensor:tsens_tz_sensor8:57000 mC
I/ThermalEngine( 672): Sensor:tsens_tz_sensor7:57000 mC
I/ThermalEngine( 672): Sensor:tsens_tz_sensor6:56000 mC
I/ThermalEngine( 672): Sensor:tsens_tz_sensor5:58000 mC
E/qdhwcomposer( 1270): isValidDimension: layer handle is NULL
E/qdhwcomposer( 1270): isValidDimension: layer handle is NULL
E/qdhwcomposer( 1270): isValidDimension: layer handle is NULL
E/qdhwcomposer( 1270): isValidDimension: layer handle is NULL
E/qdhwcomposer( 1270): isValidDimension: layer handle is NULL
E/qdhwcomposer( 1270): isValidDimension: layer handle is NULL
E/qdhwcomposer( 1270): isValidDimension: layer handle is NULL
E/qdhwcomposer( 1270): isValidDimension: layer handle is NULL
I/ThermalEngine( 672): Sensor:tsens_tz_sensor8:57000 mC
I/ThermalEngine( 672): Sensor:tsens_tz_sensor7:57000 mC
I/ThermalEngine( 672): Sensor:tsens_tz_sensor6:56000 mC
I/ThermalEngine( 672): Sensor:tsens_tz_sensor5:58000 mC
E/qdhwcomposer( 1270): isValidDimension: layer handle is NULL
E/qdhwcomposer( 1270): isValidDimension: layer handle is NULL
E/qdhwcomposer( 1270): isValidDimension: layer handle is NULL
E/qdhwcomposer( 1270): isValidDimension: layer handle is NULL
E/qdhwcomposer( 1270): isValidDimension: layer handle is NULL
E/qdhwcomposer( 1270): isValidDimension: layer handle is NULL
E/qdhwcomposer( 1270): isValidDimension: layer handle is NULL
E/qdhwcomposer( 1270): isValidDimension: layer handle is NULL
I/ThermalEngine( 672): Sensor:tsens_tz_sensor8:57000 mC
I/ThermalEngine( 672): Sensor:tsens_tz_sensor7:57000 mC
I/ThermalEngine( 672): Sensor:tsens_tz_sensor6:56000 mC
I/ThermalEngine( 672): Sensor:tsens_tz_sensor5:58000 mC
E/qdhwcomposer( 1270): isValidDimension: layer handle is NULL
E/qdhwcomposer( 1270): isValidDimension: layer handle is NULL
E/qdhwcomposer( 1270): isValidDimension: layer handle is NULL
E/qdhwcomposer( 1270): isValidDimension: layer handle is NULL
E/qdhwcomposer( 1270): isValidDimension: layer handle is NULL
E/qdhwcomposer( 1270): isValidDimension: layer handle is NULL
E/qdhwcomposer( 1270): isValidDimension: layer handle is NULL
E/qdhwcomposer( 1270): isValidDimension: layer handle is NULL
I/ThermalEngine( 672): Sensor:tsens_tz_sensor8:57000 mC
I/ThermalEngine( 672): Sensor:tsens_tz_sensor7:57000 mC
I/ThermalEngine( 672): Sensor:tsens_tz_sensor6:57000 mC
I/ThermalEngine( 672): Sensor:tsens_tz_sensor5:59000 mC
E/qdhwcomposer( 1270): isValidDimension: layer handle is NULL
E/qdhwcomposer( 1270): isValidDimension: layer handle is NULL
E/qdhwcomposer( 1270): isValidDimension: layer handle is NULL
E/qdhwcomposer( 1270): isValidDimension: layer handle is NULL
E/qdhwcomposer( 1270): isValidDimension: layer handle is NULL
E/qdhwcomposer( 1270): isValidDimension: layer handle is NULL
E/qdhwcomposer( 1270): isValidDimension: layer handle is NULL
E/qdhwcomposer( 1270): isValidDimension: layer handle is NULL
I/ThermalEngine( 672): Sensor:tsens_tz_sensor8:58000 mC
I/ThermalEngine( 672): Sensor:tsens_tz_sensor7:57000 mC
I/ThermalEngine( 672): Sensor:tsens_tz_sensor6:57000 mC
I/ThermalEngine( 672): Sensor:tsens_tz_sensor5:61000 mC
E/qdhwcomposer( 1270): isValidDimension: layer handle is NULL
E/qdhwcomposer( 1270): isValidDimension: layer handle is NULL
E/qdhwcomposer( 1270): isValidDimension: layer handle is NULL
E/qdhwcomposer( 1270): isValidDimension: layer handle is NULL
E/qdhwcomposer( 1270): isValidDimension: layer handle is NULL
E/qdhwcomposer( 1270): isValidDimension: layer handle is NULL
E/qdhwcomposer( 1270): isValidDimension: layer handle is NULL
E/qdhwcomposer( 1270): isValidDimension: layer handle is NULL
I/ThermalEngine( 672): Sensor:tsens_tz_sensor8:59000 mC
I/ThermalEngine( 672): Sensor:tsens_tz_sensor7:58000 mC
I/ThermalEngine( 672): Sensor:tsens_tz_sensor6:58000 mC
I/ThermalEngine( 672): Sensor:tsens_tz_sensor5:64000 mC
E/qdhwcomposer( 1270): isValidDimension: layer handle is NULL
E/qdhwcomposer( 1270): isValidDimension: layer handle is NULL
E/qdhwcomposer( 1270): isValidDimension: layer handle is NULL
E/qdhwcomposer( 1270): isValidDimension: layer handle is NULL
E/qdhwcomposer( 1270): isValidDimension: layer handle is NULL
E/qdhwcomposer( 1270): isValidDimension: layer handle is NULL
E/qdhwcomposer( 1270): isValidDimension: layer handle is NULL
E/qdhwcomposer( 1270): isValidDimension: layer handle is NULL
I/ThermalEngine( 672): Sensor:tsens_tz_sensor8:60000 mC
I/ThermalEngine( 672): Sensor:tsens_tz_sensor7:58000 mC
I/ThermalEngine( 672): Sensor:tsens_tz_sensor6:58000 mC
I/ThermalEngine( 672): Sensor:tsens_tz_sensor5:64000 mC
E/qdhwcomposer( 1270): isValidDimension: layer handle is NULL
E/qdhwcomposer( 1270): isValidDimension: layer handle is NULL
E/qdhwcomposer( 1270): isValidDimension: layer handle is NULL
E/qdhwcomposer( 1270): isValidDimension: layer handle is NULL
E/qdhwcomposer( 1270): isValidDimension: layer handle is NULL
E/qdhwcomposer( 1270): isValidDimension: layer handle is NULL
E/qdhwcomposer( 1270): isValidDimension: layer handle is NULL
E/qdhwcomposer( 1270): isValidDimension: layer handle is NULL
I/ThermalEngine( 672): Sensor:tsens_tz_sensor8:59000 mC
I/ThermalEngine( 672): Sensor:tsens_tz_sensor7:58000 mC
I/ThermalEngine( 672): Sensor:tsens_tz_sensor6:59000 mC
I/ThermalEngine( 672): Sensor:tsens_tz_sensor5:64000 mC
E/qdhwcomposer( 1270): isValidDimension: layer handle is NULL
E/qdhwcomposer( 1270): isValidDimension: layer handle is NULL
E/qdhwcomposer( 1270): isValidDimension: layer handle is NULL
E/qdhwcomposer( 1270): isValidDimension: layer handle is NULL
E/qdhwcomposer( 1270): isValidDimension: layer handle is NULL
E/qdhwcomposer( 1270): isValidDimension: layer handle is NULL
E/qdhwcomposer( 1270): isValidDimension: layer handle is NULL
E/qdhwcomposer( 1270): isValidDimension: layer handle is NULL
I/ThermalEngine( 672): Sensor:tsens_tz_sensor8:58000 mC
I/ThermalEngine( 672): Sensor:tsens_tz_sensor7:58000 mC
I/ThermalEngine( 672): Sensor:tsens_tz_sensor6:59000 mC
I/ThermalEngine( 672): Sensor:tsens_tz_sensor5:66000 mC
E/qdhwcomposer( 1270): isValidDimension: layer handle is NULL
E/qdhwcomposer( 1270): isValidDimension: layer handle is NULL
E/qdhwcomposer( 1270): isValidDimension: layer handle is NULL
E/qdhwcomposer( 1270): isValidDimension: layer handle is NULL
E/qdhwcomposer( 1270): isValidDimension: layer handle is NULL
E/qdhwcomposer( 1270): isValidDimension: layer handle is NULL
I/ThermalEngine( 672): Sensor:tsens_tz_sensor8:58000 mC
I/ThermalEngine( 672): Sensor:tsens_tz_sensor7:58000 mC
I/ThermalEngine( 672): Sensor:tsens_tz_sensor6:59000 mC
I/ThermalEngine( 672): Sensor:tsens_tz_sensor5:67000 mC
E/qdhwcomposer( 1270): isValidDimension: layer handle is NULL
E/qdhwcomposer( 1270): isValidDimension: layer handle is NULL
E/qdhwcomposer( 1270): isValidDimension: layer handle is NULL
E/qdhwcomposer( 1270): isValidDimension: layer handle is NULL
E/qdhwcomposer( 1270): isValidDimension: layer handle is NULL
E/qdhwcomposer( 1270): isValidDimension: layer handle is NULL
E/qdhwcomposer( 1270): isValidDimension: layer handle is NULL
E/qdhwcomposer( 1270): isValidDimension: layer handle is NULL
I/ThermalEngine( 672): Sensor:tsens_tz_sensor8:59000 mC
I/ThermalEngine( 672): Sensor:tsens_tz_sensor7:58000 mC
I/ThermalEngine( 672): Sensor:tsens_tz_sensor6:59000 mC
I/ThermalEngine( 672): Sensor:tsens_tz_sensor5:67000 mC
E/qdhwcomposer( 1270): isValidDimension: layer handle is NULL
E/qdhwcomposer( 1270): isValidDimension: layer handle is NULL
E/qdhwcomposer( 1270): isValidDimension: layer handle is NULL
E/qdhwcomposer( 1270): isValidDimension: layer handle is NULL
E/qdhwcomposer( 1270): isValidDimension: layer handle is NULL
E/qdhwcomposer( 1270): isValidDimension: layer handle is NULL
E/qdhwcomposer( 1270): isValidDimension: layer handle is NULL
E/qdhwcomposer( 1270): isValidDimension: layer handle is NULL
I/ThermalEngine( 672): Sensor:tsens_tz_sensor8:59000 mC
I/ThermalEngine( 672): Sensor:tsens_tz_sensor7:58000 mC
I/ThermalEngine( 672): Sensor:tsens_tz_sensor6:59000 mC
I/ThermalEngine( 672): Sensor:tsens_tz_sensor5:67000 mC
E/qdhwcomposer( 1270): isValidDimension: layer handle is NULL
E/qdhwcomposer( 1270): isValidDimension: layer handle is NULL
E/qdhwcomposer( 1270): isValidDimension: layer handle is NULL
E/qdhwcomposer( 1270): isValidDimension: layer handle is NULL
E/qdhwcomposer( 1270): isValidDimension: layer handle is NULL
E/qdhwcomposer( 1270): isValidDimension: layer handle is NULL
E/qdhwcomposer( 1270): isValidDimension: layer handle is NULL
E/qdhwcomposer( 1270): isValidDimension: layer handle is NULL
I/ThermalEngine( 672): Sensor:tsens_tz_sensor8:59000 mC
I/ThermalEngine( 672): Sensor:tsens_tz_sensor7:59000 mC
I/ThermalEngine( 672): Sensor:tsens_tz_sensor6:59000 mC
I/ThermalEngine( 672): Sensor:tsens_tz_sensor5:66000 mC
E/qdhwcomposer( 1270): isValidDimension: layer handle is NULL
E/qdhwcomposer( 1270): isValidDimension: layer handle is NULL
E/qdhwcomposer( 1270): isValidDimension: layer handle is NULL
E/qdhwcomposer( 1270): isValidDimension: layer handle is NULL
E/qdhwcomposer( 1270): isValidDimension: layer handle is NULL
E/qdhwcomposer( 1270): isValidDimension: layer handle is NULL
E/qdhwcomposer( 1270): isValidDimension: layer handle is NULL
E/qdhwcomposer( 1270): isValidDimension: layer handle is NULL
I/ThermalEngine( 672): Sensor:tsens_tz_sensor8:63000 mC
I/ThermalEngine( 672): Sensor:tsens_tz_sensor7:59000 mC
I/ThermalEngine( 672): Sensor:tsens_tz_sensor6:59000 mC
I/ThermalEngine( 672): Sensor:tsens_tz_sensor5:64000 mC
E/qdhwcomposer( 1270): isValidDimension: layer handle is NULL
E/qdhwcomposer( 1270): isValidDimension: layer handle is NULL
E/qdhwcomposer( 1270): isValidDimension: layer handle is NULL
E/qdhwcomposer( 1270): isValidDimension: layer handle is NULL
E/qdhwcomposer( 1270): isValidDimension: layer handle is NULL
E/qdhwcomposer( 1270): isValidDimension: layer handle is NULL
E/qdhwcomposer( 1270): isValidDimension: layer handle is NULL
E/qdhwcomposer( 1270): isValidDimension: layer handle is NULL
I/ThermalEngine( 672): Sensor:tsens_tz_sensor8:65000 mC
I/ThermalEngine( 672): Sensor:tsens_tz_sensor7:59000 mC
I/ThermalEngine( 672): Sensor:tsens_tz_sensor6:59000 mC
I/ThermalEngine( 672): Sensor:tsens_tz_sensor5:62000 mC
E/qdhwcomposer( 1270): isValidDimension: layer handle is NULL
E/qdhwcomposer( 1270): isValidDimension: layer handle is NULL
E/qdhwcomposer( 1270): isValidDimension: layer handle is NULL
E/qdhwcomposer( 1270): isValidDimension: layer handle is NULL
E/qdhwcomposer( 1270): isValidDimension: layer handle is NULL
E/qdhwcomposer( 1270): isValidDimension: layer handle is NULL
E/qdhwcomposer( 1270): isValidDimension: layer handle is NULL
E/qdhwcomposer( 1270): isValidDimension: layer handle is NULL
I/ThermalEngine( 672): Sensor:tsens_tz_sensor8:66000 mC
I/ThermalEngine( 672): Sensor:tsens_tz_sensor7:60000 mC
I/ThermalEngine( 672): Sensor:tsens_tz_sensor6:59000 mC
I/ThermalEngine( 672): Sensor:tsens_tz_sensor5:61000 mC
E/qdhwcomposer( 1270): isValidDimension: layer handle is NULL
E/qdhwcomposer( 1270): isValidDimension: layer handle is NULL
E/qdhwcomposer( 1270): isValidDimension: layer handle is NULL
E/qdhwcomposer( 1270): isValidDimension: layer handle is NULL
E/qdhwcomposer( 1270): isValidDimension: layer handle is NULL
E/qdhwcomposer( 1270): isValidDimension: layer handle is NULL
V/WLAN_PSA( 669): NL MSG, len[048], NL type[0x11] WNI type[0x5050] len[028]
V/WLAN_PSA( 669): NL MSG, PID: 669
V/WLAN_PSA( 669): NL MSG, len[3997], NL type[0x1C] WNI type[0x5900] len[34063]
V/WLAN_PSA( 669): NL MSG, PID: 669
E/qdhwcomposer( 1270): isValidDimension: layer handle is NULL
E/qdhwcomposer( 1270): isValidDimension: layer handle is NULL
I/ThermalEngine( 672): Sensor:tsens_tz_sensor8:67000 mC
I/ThermalEngine( 672): Sensor:tsens_tz_sensor7:60000 mC
I/ThermalEngine( 672): Sensor:tsens_tz_sensor6:59000 mC
I/ThermalEngine( 672): Sensor:tsens_tz_sensor5:61000 mC
I/ThermalEngine( 672): Sensor:tsens_tz_sensor8:67000 mC
I/ThermalEngine( 672): Sensor:tsens_tz_sensor7:60000 mC
I/ThermalEngine( 672): Sensor:tsens_tz_sensor6:59000 mC
I/ThermalEngine( 672): Sensor:tsens_tz_sensor5:60000 mC
I/ThermalEngine( 672): Sensor:tsens_tz_sensor8:66000 mC
I/ThermalEngine( 672): Sensor:tsens_tz_sensor7:60000 mC
I/ThermalEngine( 672): Sensor:tsens_tz_sensor6:59000 mC
I/ThermalEngine( 672): Sensor:tsens_tz_sensor5:60000 mC
I/ThermalEngine( 672): Sensor:tsens_tz_sensor8:66000 mC
I/ThermalEngine( 672): Sensor:tsens_tz_sensor7:60000 mC
I/ThermalEngine( 672): Sensor:tsens_tz_sensor6:59000 mC
I/ThermalEngine( 672): Sensor:tsens_tz_sensor5:60000 mC
I/ThermalEngine( 672): Sensor:tsens_tz_sensor8:65000 mC
I/ThermalEngine( 672): Sensor:tsens_tz_sensor7:60000 mC
I/ThermalEngine( 672): Sensor:tsens_tz_sensor6:59000 mC
I/ThermalEngine( 672): Sensor:tsens_tz_sensor5:60000 mC
I/ThermalEngine( 672): Sensor:tsens_tz_sensor8:68000 mC
I/ThermalEngine( 672): Sensor:tsens_tz_sensor7:60000 mC
I/ThermalEngine( 672): Sensor:tsens_tz_sensor6:59000 mC
I/ThermalEngine( 672): Sensor:tsens_tz_sensor5:60000 mC
I/ThermalEngine( 672): Sensor:tsens_tz_sensor8:68000 mC
I/ThermalEngine( 672): Sensor:tsens_tz_sensor7:60000 mC
I/ThermalEngine( 672): Sensor:tsens_tz_sensor6:59000 mC
I/ThermalEngine( 672): Sensor:tsens_tz_sensor5:60000 mC
I/ThermalEngine( 672): Sensor:tsens_tz_sensor8:62000 mC
I/ThermalEngine( 672): Sensor:tsens_tz_sensor7:60000 mC
I/ThermalEngine( 672): Sensor:tsens_tz_sensor6:59000 mC
I/ThermalEngine( 672): Sensor:tsens_tz_sensor5:59000 mC
I/rmt_storage( 687): rmt_storage_connect_cb: clnt_h=0x5 conn_h=0xb6403090
I/rmt_storage( 687): rmt_storage_rw_iovec_cb: /boot/modem_fs1: clnt_h=0x1: req_h=0x9 msg_id=3: R/W request received
I/rmt_storage( 687): wakelock acquired: 1, error no: 42
I/rmt_storage( 687): rmt_storage_client_thread: /boot/modem_fs1: clnt_h=0x1 Unblock worker thread (th_id: -1236807552)
I/ThermalEngine( 672): Sensor:tsens_tz_sensor8:67000 mC
I/ThermalEngine( 672): Sensor:tsens_tz_sensor7:60000 mC
I/ThermalEngine( 672): Sensor:tsens_tz_sensor6:59000 mC
I/ThermalEngine( 672): Sensor:tsens_tz_sensor5:60000 mC
I/ThermalEngine( 672): Sensor:tsens_tz_sensor8:61000 mC
I/ThermalEngine( 672): Sensor:tsens_tz_sensor7:59000 mC
I/ThermalEngine( 672): Sensor:tsens_tz_sensor6:59000 mC
I/ThermalEngine( 672): Sensor:tsens_tz_sensor5:63000 mC
I/rmt_storage( 687): rmt_storage_client_thread: /boot/modem_fs1: clnt_h=0x1: req_h=0x9 msg_id=3: Bytes written = 1572864
I/rmt_storage( 687): rmt_storage_client_thread: /boot/modem_fs1: clnt_h=0x1: req_h=0x9 msg_id=3: Send response: res=0 err=0
I/rmt_storage( 687): rmt_storage_client_thread: /boot/modem_fs1: clnt_h=0x1 About to block rmt_storage client thread (th_id: -1236807552) wakelock released: 1, error no: 0
I/rmt_storage( 687):
I/rmt_storage( 687): rmt_storage_disconnect_cb: clnt_h=0x0x5 conn_h=0x0xb6403090
I/ThermalEngine( 672): Sensor:tsens_tz_sensor8:60000 mC
I/ThermalEngine( 672): Sensor:tsens_tz_sensor7:59000 mC
I/ThermalEngine( 672): Sensor:tsens_tz_sensor6:59000 mC
I/ThermalEngine( 672): Sensor:tsens_tz_sensor5:61000 mC
I/ThermalEngine( 672): Sensor:tsens_tz_sensor8:62000 mC
I/ThermalEngine( 672): Sensor:tsens_tz_sensor7:59000 mC
I/ThermalEngine( 672): Sensor:tsens_tz_sensor6:58000 mC
I/ThermalEngine( 672): Sensor:tsens_tz_sensor5:60000 mC
I/ThermalEngine( 672): Sensor:tsens_tz_sensor8:59000 mC
I/ThermalEngine( 672): Sensor:tsens_tz_sensor7:58000 mC
I/ThermalEngine( 672): Sensor:tsens_tz_sensor6:58000 mC
I/ThermalEngine( 672): Sensor:tsens_tz_sensor5:59000 mC
I/ThermalEngine( 672): Sensor:tsens_tz_sensor8:59000 mC
I/ThermalEngine( 672): Sensor:tsens_tz_sensor7:58000 mC
I/ThermalEngine( 672): Sensor:tsens_tz_sensor6:58000 mC
I/ThermalEngine( 672): Sensor:tsens_tz_sensor5:59000 mC
I/ThermalEngine( 672): Sensor:tsens_tz_sensor8:58000 mC
I/ThermalEngine( 672): Sensor:tsens_tz_sensor7:58000 mC
I/ThermalEngine( 672): Sensor:tsens_tz_sensor6:58000 mC
I/ThermalEngine( 672): Sensor:tsens_tz_sensor5:59000 mC
I/ThermalEngine( 672): Sensor:tsens_tz_sensor8:58000 mC
I/ThermalEngine( 672): Sensor:tsens_tz_sensor7:58000 mC
I/ThermalEngine( 672): Sensor:tsens_tz_sensor6:57000 mC
I/ThermalEngine( 672): Sensor:tsens_tz_sensor5:58000 mC
I/ThermalEngine( 672): Sensor:tsens_tz_sensor8:58000 mC
I/ThermalEngine( 672): Sensor:tsens_tz_sensor7:57000 mC
I/ThermalEngine( 672): Sensor:tsens_tz_sensor6:57000 mC
I/ThermalEngine( 672): Sensor:tsens_tz_sensor5:58000 mC
I/ThermalEngine( 672): Sensor:tsens_tz_sensor8:58000 mC
I/ThermalEngine( 672): Sensor:tsens_tz_sensor7:57000 mC
I/ThermalEngine( 672): Sensor:tsens_tz_sensor6:57000 mC
I/ThermalEngine( 672): Sensor:tsens_tz_sensor5:58000 mC
I/ThermalEngine( 672): Sensor:tsens_tz_sensor8:57000 mC
I/ThermalEngine( 672): Sensor:tsens_tz_sensor7:57000 mC
I/ThermalEngine( 672): Sensor:tsens_tz_sensor6:57000 mC
I/ThermalEngine( 672): Sensor:tsens_tz_sensor5:58000 mC
I/ThermalEngine( 672): Sensor:tsens_tz_sensor8:58000 mC
I/ThermalEngine( 672): Sensor:tsens_tz_sensor7:57000 mC
I/ThermalEngine( 672): Sensor:tsens_tz_sensor6:57000 mC
I/ThermalEngine( 672): Sensor:tsens_tz_sensor5:58000 mC
I/ThermalEngine( 672): Sensor:tsens_tz_sensor8:57000 mC
I/ThermalEngine( 672): Sensor:tsens_tz_sensor7:57000 mC
I/ThermalEngine( 672): Sensor:tsens_tz_sensor6:57000 mC
I/ThermalEngine( 672): Sensor:tsens_tz_sensor5:58000 mC
I/ThermalEngine( 672): Sensor:tsens_tz_sensor8:57000 mC
I/ThermalEngine( 672): Sensor:tsens_tz_sensor7:57000 mC
I/ThermalEngine( 672): Sensor:tsens_tz_sensor6:56000 mC
I/ThermalEngine( 672): Sensor:tsens_tz_sensor5:58000 mC
I/ThermalEngine( 672): Sensor:tsens_tz_sensor8:57000 mC
I/ThermalEngine( 672): Sensor:tsens_tz_sensor7:57000 mC
I/ThermalEngine( 672): Sensor:tsens_tz_sensor6:56000 mC
I/ThermalEngine( 672): Sensor:tsens_tz_sensor5:57000 mC
I/ThermalEngine( 672): Sensor:tsens_tz_sensor8:58000 mC
I/ThermalEngine( 672): Sensor:tsens_tz_sensor7:57000 mC
I/ThermalEngine( 672): Sensor:tsens_tz_sensor6:56000 mC
I/ThermalEngine( 672): Sensor:tsens_tz_sensor5:59000 mC
I/ThermalEngine( 672): Sensor:tsens_tz_sensor8:60000 mC
I/ThermalEngine( 672): Sensor:tsens_tz_sensor7:57000 mC
I/ThermalEngine( 672): Sensor:tsens_tz_sensor6:57000 mC
I/ThermalEngine( 672): Sensor:tsens_tz_sensor5:59000 mC
I/ThermalEngine( 672): Sensor:tsens_tz_sensor8:58000 mC
I/ThermalEngine( 672): Sensor:tsens_tz_sensor7:57000 mC
I/ThermalEngine( 672): Sensor:tsens_tz_sensor6:57000 mC
I/ThermalEngine( 672): Sensor:tsens_tz_sensor5:58000 mC
I/ThermalEngine( 672): Sensor:tsens_tz_sensor8:57000 mC
I/ThermalEngine( 672): Sensor:tsens_tz_sensor7:57000 mC
I/ThermalEngine( 672): Sensor:tsens_tz_sensor6:57000 mC
I/ThermalEngine( 672): Sensor:tsens_tz_sensor5:58000 mC
I/ThermalEngine( 672): Sensor:tsens_tz_sensor8:57000 mC
I/ThermalEngine( 672): Sensor:tsens_tz_sensor7:57000 mC
I/ThermalEngine( 672): Sensor:tsens_tz_sensor6:56000 mC
I/ThermalEngine( 672): Sensor:tsens_tz_sensor5:57000 mC
I/ThermalEngine( 672): Sensor:tsens_tz_sensor8:57000 mC
I/ThermalEngine( 672): Sensor:tsens_tz_sensor7:57000 mC
I/ThermalEngine( 672): Sensor:tsens_tz_sensor6:56000 mC
I/ThermalEngine( 672): Sensor:tsens_tz_sensor5:58000 mC
I/ThermalEngine( 672): Sensor:tsens_tz_sensor8:57000 mC
I/ThermalEngine( 672): Sensor:tsens_tz_sensor7:56000 mC
I/ThermalEngine( 672): Sensor:tsens_tz_sensor6:56000 mC
I/ThermalEngine( 672): Sensor:tsens_tz_sensor5:57000 mC
I/ThermalEngine( 672): Sensor:tsens_tz_sensor8:57000 mC
I/ThermalEngine( 672): Sensor:tsens_tz_sensor7:56000 mC
I/ThermalEngine( 672): Sensor:tsens_tz_sensor6:56000 mC
I/ThermalEngine( 672): Sensor:tsens_tz_sensor5:57000 mC
I/ThermalEngine( 672): Sensor:tsens_tz_sensor8:57000 mC
I/ThermalEngine( 672): Sensor:tsens_tz_sensor7:56000 mC
I/ThermalEngine( 672): Sensor:tsens_tz_sensor6:56000 mC
I/ThermalEngine( 672): Sensor:tsens_tz_sensor5:57000 mC
I/ThermalEngine( 672): Sensor:tsens_tz_sensor8:57000 mC
I/ThermalEngine( 672): Sensor:tsens_tz_sensor7:56000 mC
I/ThermalEngine( 672): Sensor:tsens_tz_sensor6:56000 mC
I/ThermalEngine( 672): Sensor:tsens_tz_sensor5:57000 mC
I/ThermalEngine( 672): Sensor:tsens_tz_sensor8:57000 mC
I/ThermalEngine( 672): Sensor:tsens_tz_sensor7:56000 mC
I/ThermalEngine( 672): Sensor:tsens_tz_sensor6:56000 mC
I/ThermalEngine( 672): Sensor:tsens_tz_sensor5:57000 mC
I/ThermalEngine( 672): Sensor:tsens_tz_sensor8:57000 mC
I/ThermalEngine( 672): Sensor:tsens_tz_sensor7:56000 mC
I/ThermalEngine( 672): Sensor:tsens_tz_sensor6:56000 mC
I/ThermalEngine( 672): Sensor:tsens_tz_sensor5:57000 mC
I/ThermalEngine( 672): Sensor:tsens_tz_sensor8:56000 mC
I/ThermalEngine( 672): Sensor:tsens_tz_sensor7:56000 mC
I/ThermalEngine( 672): Sensor:tsens_tz_sensor6:56000 mC
I/ThermalEngine( 672): Sensor:tsens_tz_sensor5:57000 mC
I/ThermalEngine( 672): Sensor:tsens_tz_sensor8:56000 mC
I/ThermalEngine( 672): Sensor:tsens_tz_sensor7:56000 mC
I/ThermalEngine( 672): Sensor:tsens_tz_sensor6:56000 mC
I/ThermalEngine( 672): Sensor:tsens_tz_sensor5:57000 mC
I/ThermalEngine( 672): Sensor:tsens_tz_sensor8:56000 mC
I/ThermalEngine( 672): Sensor:tsens_tz_sensor7:56000 mC
I/ThermalEngine( 672): Sensor:tsens_tz_sensor6:56000 mC
I/ThermalEngine( 672): Sensor:tsens_tz_sensor5:57000 mC
I/ThermalEngine( 672): Sensor:tsens_tz_sensor8:56000 mC
I/ThermalEngine( 672): Sensor:tsens_tz_sensor7:56000 mC
I/ThermalEngine( 672): Sensor:tsens_tz_sensor6:56000 mC
I/ThermalEngine( 672): Sensor:tsens_tz_sensor5:56000 mC
I/ThermalEngine( 672): Sensor:pm8941_tz:55158 mC
I/ThermalEngine( 672): Sensor:tsens_tz_sensor8:56000 mC
I/ThermalEngine( 672): Sensor:tsens_tz_sensor7:56000 mC
I/ThermalEngine( 672): Sensor:tsens_tz_sensor6:56000 mC
I/ThermalEngine( 672): Sensor:tsens_tz_sensor5:56000 mC
I/ThermalEngine( 672): Sensor:tsens_tz_sensor8:56000 mC
I/ThermalEngine( 672): Sensor:tsens_tz_sensor7:56000 mC
I/ThermalEngine( 672): Sensor:tsens_tz_sensor6:56000 mC
I/ThermalEngine( 672): Sensor:tsens_tz_sensor5:56000 mC
I/ThermalEngine( 672): Sensor:tsens_tz_sensor8:56000 mC
I/ThermalEngine( 672): Sensor:tsens_tz_sensor7:56000 mC
I/ThermalEngine( 672): Sensor:tsens_tz_sensor6:56000 mC
I/ThermalEngine( 672): Sensor:tsens_tz_sensor5:56000 mC
I/ThermalEngine( 672): Sensor:tsens_tz_sensor8:56000 mC
I/ThermalEngine( 672): Sensor:tsens_tz_sensor7:56000 mC
I/ThermalEngine( 672): Sensor:tsens_tz_sensor6:56000 mC
I/ThermalEngine( 672): Sensor:tsens_tz_sensor5:56000 mC
I/ThermalEngine( 672): Sensor:tsens_tz_sensor8:56000 mC
I/ThermalEngine( 672): Sensor:tsens_tz_sensor7:56000 mC
I/ThermalEngine( 672): Sensor:tsens_tz_sensor6:56000 mC
I/ThermalEngine( 672): Sensor:tsens_tz_sensor5:56000 mC
I/ThermalEngine( 672): Sensor:tsens_tz_sensor8:56000 mC
I/ThermalEngine( 672): Sensor:tsens_tz_sensor7:56000 mC
I/ThermalEngine( 672): Sensor:tsens_tz_sensor6:56000 mC
I/ThermalEngine( 672): Sensor:tsens_tz_sensor5:56000 mC
I/ThermalEngine( 672): Sensor:tsens_tz_sensor8:56000 mC
I/ThermalEngine( 672): Sensor:tsens_tz_sensor7:56000 mC
I/ThermalEngine( 672): Sensor:tsens_tz_sensor6:56000 mC
I/ThermalEngine( 672): Sensor:tsens_tz_sensor5:56000 mC
I/ThermalEngine( 672): Sensor:tsens_tz_sensor8:56000 mC
I/ThermalEngine( 672): Sensor:tsens_tz_sensor7:56000 mC
I/ThermalEngine( 672): Sensor:tsens_tz_sensor6:56000 mC
I/ThermalEngine( 672): Sensor:tsens_tz_sensor5:56000 mC
I/ThermalEngine( 672): Sensor:tsens_tz_sensor8:56000 mC
I/ThermalEngine( 672): Sensor:tsens_tz_sensor7:56000 mC
I/ThermalEngine( 672): Sensor:tsens_tz_sensor6:55000 mC
I/ThermalEngine( 672): Sensor:tsens_tz_sensor5:56000 mC
I/ThermalEngine( 672): Sensor:tsens_tz_sensor8:56000 mC
I/ThermalEngine( 672): Sensor:tsens_tz_sensor7:56000 mC
I/ThermalEngine( 672): Sensor:tsens_tz_sensor6:55000 mC
I/ThermalEngine( 672): Sensor:tsens_tz_sensor5:56000 mC
I/ThermalEngine( 672): Sensor:tsens_tz_sensor8:56000 mC
I/ThermalEngine( 672): Sensor:tsens_tz_sensor7:56000 mC
I/ThermalEngine( 672): Sensor:tsens_tz_sensor6:55000 mC
I/ThermalEngine( 672): Sensor:tsens_tz_sensor5:56000 mC
I/ThermalEngine( 672): Sensor:tsens_tz_sensor8:56000 mC
I/ThermalEngine( 672): Sensor:tsens_tz_sensor7:56000 mC
I/ThermalEngine( 672): Sensor:tsens_tz_sensor6:55000 mC
I/ThermalEngine( 672): Sensor:tsens_tz_sensor5:56000 mC
I/ThermalEngine( 672): Sensor:tsens_tz_sensor8:56000 mC
I/ThermalEngine( 672): Sensor:tsens_tz_sensor7:56000 mC
I/ThermalEngine( 672): Sensor:tsens_tz_sensor6:55000 mC
I/ThermalEngine( 672): Sensor:tsens_tz_sensor5:56000 mC
I/ThermalEngine( 672): Sensor:tsens_tz_sensor8:56000 mC
I/ThermalEngine( 672): Sensor:tsens_tz_sensor7:56000 mC
I/ThermalEngine( 672): Sensor:tsens_tz_sensor6:55000 mC
I/ThermalEngine( 672): Sensor:tsens_tz_sensor5:56000 mC
I/ThermalEngine( 672): Sensor:tsens_tz_sensor8:56000 mC
I/ThermalEngine( 672): Sensor:tsens_tz_sensor7:56000 mC
I/ThermalEngine( 672): Sensor:tsens_tz_sensor6:55000 mC
I/ThermalEngine( 672): Sensor:tsens_tz_sensor5:56000 mC
I/ThermalEngine( 672): Sensor:tsens_tz_sensor8:56000 mC
I/ThermalEngine( 672): Sensor:tsens_tz_sensor7:56000 mC
I/ThermalEngine( 672): Sensor:tsens_tz_sensor6:55000 mC
I/ThermalEngine( 672): Sensor:tsens_tz_sensor5:56000 mC
I/ThermalEngine( 672): Sensor:tsens_tz_sensor8:56000 mC
I/ThermalEngine( 672): Sensor:tsens_tz_sensor7:56000 mC
I/ThermalEngine( 672): Sensor:tsens_tz_sensor6:55000 mC
I/ThermalEngine( 672): Sensor:tsens_tz_sensor5:56000 mC
I/ThermalEngine( 672): Sensor:tsens_tz_sensor8:56000 mC
I/ThermalEngine( 672): Sensor:tsens_tz_sensor7:56000 mC
I/ThermalEngine( 672): Sensor:tsens_tz_sensor6:55000 mC
I/ThermalEngine( 672): Sensor:tsens_tz_sensor5:56000 mC
I/ThermalEngine( 672): Sensor:tsens_tz_sensor8:56000 mC
I/ThermalEngine( 672): Sensor:tsens_tz_sensor7:56000 mC
I/ThermalEngine( 672): Sensor:tsens_tz_sensor6:55000 mC
I/ThermalEngine( 672): Sensor:tsens_tz_sensor5:56000 mC
I/ThermalEngine( 672): Sensor:tsens_tz_sensor8:56000 mC
I/ThermalEngine( 672): Sensor:tsens_tz_sensor7:56000 mC
I/ThermalEngine( 672): Sensor:tsens_tz_sensor6:55000 mC
I/ThermalEngine( 672): Sensor:tsens_tz_sensor5:56000 mC
I/ThermalEngine( 672): Sensor:tsens_tz_sensor8:56000 mC
I/ThermalEngine( 672): Sensor:tsens_tz_sensor7:56000 mC
I/ThermalEngine( 672): Sensor:tsens_tz_sensor6:55000 mC
I/ThermalEngine( 672): Sensor:tsens_tz_sensor5:56000 mC
I/ThermalEngine( 672): Sensor:tsens_tz_sensor8:56000 mC
I/ThermalEngine( 672): Sensor:tsens_tz_sensor7:56000 mC
I/ThermalEngine( 672): Sensor:tsens_tz_sensor6:55000 mC
I/ThermalEngine( 672): Sensor:tsens_tz_sensor5:56000 mC
I/ThermalEngine( 672): Sensor:tsens_tz_sensor6:55000 mC
I/ThermalEngine( 672): Sensor:tsens_tz_sensor6:55000 mC
I/ThermalEngine( 672): Sensor:tsens_tz_sensor8:56000 mC
I/ThermalEngine( 672): Sensor:tsens_tz_sensor7:56000 mC
I/ThermalEngine( 672): Sensor:tsens_tz_sensor5:56000 mC
I/ThermalEngine( 672): Sensor:tsens_tz_sensor8:55000 mC
I/ThermalEngine( 672): Sensor:tsens_tz_sensor7:55000 mC
I/ThermalEngine( 672): Sensor:tsens_tz_sensor5:56000 mC
I/ThermalEngine( 672): Sensor:tsens_tz_sensor8:55000 mC
I/ThermalEngine( 672): Sensor:tsens_tz_sensor7:55000 mC
I/ThermalEngine( 672): Sensor:tsens_tz_sensor5:56000 mC
I/ThermalEngine( 672): Sensor:tsens_tz_sensor8:55000 mC
I/ThermalEngine( 672): Sensor:tsens_tz_sensor7:55000 mC
I/ThermalEngine( 672): Sensor:tsens_tz_sensor5:56000 mC
I/ThermalEngine( 672): Sensor:tsens_tz_sensor8:55000 mC
I/ThermalEngine( 672): Sensor:tsens_tz_sensor7:55000 mC
I/ThermalEngine( 672): Sensor:tsens_tz_sensor5:56000 mC
I/ThermalEngine( 672): Sensor:tsens_tz_sensor8:55000 mC
I/ThermalEngine( 672): Sensor:tsens_tz_sensor7:55000 mC
I/ThermalEngine( 672): Sensor:tsens_tz_sensor5:56000 mC
I/ThermalEngine( 672): Sensor:tsens_tz_sensor8:55000 mC
I/ThermalEngine( 672): Sensor:tsens_tz_sensor7:55000 mC
I/ThermalEngine( 672): Sensor:tsens_tz_sensor5:56000 mC
I/ThermalEngine( 672): Sensor:tsens_tz_sensor8:55000 mC
I/ThermalEngine( 672): Sensor:tsens_tz_sensor7:55000 mC
I/ThermalEngine( 672): Sensor:tsens_tz_sensor5:56000 mC
I/ThermalEngine( 672): Sensor:tsens_tz_sensor8:55000 mC
I/ThermalEngine( 672): Sensor:tsens_tz_sensor7:55000 mC
I/ThermalEngine( 672): Sensor:tsens_tz_sensor5:56000 mC
I/ThermalEngine( 672): Sensor:tsens_tz_sensor8:55000 mC
I/ThermalEngine( 672): Sensor:tsens_tz_sensor7:55000 mC
I/ThermalEngine( 672): Sensor:tsens_tz_sensor5:56000 mC
I/ThermalEngine( 672): Sensor:tsens_tz_sensor8:55000 mC
I/ThermalEngine( 672): Sensor:tsens_tz_sensor7:55000 mC
I/ThermalEngine( 672): Sensor:tsens_tz_sensor5:56000 mC
I/ThermalEngine( 672): Sensor:tsens_tz_sensor8:55000 mC
I/ThermalEngine( 672): Sensor:tsens_tz_sensor7:55000 mC
I/ThermalEngine( 672): Sensor:tsens_tz_sensor5:56000 mC
I/ThermalEngine( 672): Sensor:tsens_tz_sensor8:55000 mC
I/ThermalEngine( 672): Sensor:tsens_tz_sensor7:55000 mC
I/ThermalEngine( 672): Sensor:tsens_tz_sensor5:56000 mC
I/ThermalEngine( 672): Sensor:tsens_tz_sensor8:55000 mC
I/ThermalEngine( 672): Sensor:tsens_tz_sensor7:55000 mC
I/ThermalEngine( 672): Sensor:tsens_tz_sensor5:56000 mC
I/ThermalEngine( 672): Sensor:tsens_tz_sensor8:55000 mC
I/ThermalEngine( 672): Sensor:tsens_tz_sensor7:55000 mC
I/ThermalEngine( 672): Sensor:tsens_tz_sensor5:56000 mC
V/WLAN_PSA( 669): NL MSG, len[048], NL type[0x11] WNI type[0x5050] len[028]
V/WLAN_PSA( 669): NL MSG, PID: 669
I/ThermalEngine( 672): Sensor:tsens_tz_sensor8:55000 mC
I/ThermalEngine( 672): Sensor:tsens_tz_sensor7:55000 mC
I/ThermalEngine( 672): Sensor:tsens_tz_sensor5:56000 mC
E/NetlinkListener( 681): recvmsg failed (I/O error)
E/NetlinkListener( 683): recvmsg failed (I/O error)
I/ThermalEngine( 672): Sensor:tsens_tz_sensor8:55000 mC
I/ThermalEngine( 672): Sensor:tsens_tz_sensor7:55000 mC
I/ThermalEngine( 672): Sensor:tsens_tz_sensor5:56000 mC
I/ThermalEngine( 672): Sensor:tsens_tz_sensor8:56000 mC
I/ThermalEngine( 672): Sensor:tsens_tz_sensor7:55000 mC
I/ThermalEngine( 672): Sensor:tsens_tz_sensor5:56000 mC
E/NetlinkListener( 681): recvmsg failed (I/O error)
E/NetlinkListener( 683): recvmsg failed (I/O error)
E/qdhwcomposer( 1270): isValidDimension: layer handle is NULL
E/qdhwcomposer( 1270): isValidDimension: layer handle is NULL
I/ThermalEngine( 672): Sensor:tsens_tz_sensor8:56000 mC
I/ThermalEngine( 672): Sensor:tsens_tz_sensor7:56000 mC
I/ThermalEngine( 672): Sensor:tsens_tz_sensor5:56000 mC
I/ThermalEngine( 672): Sensor:tsens_tz_sensor8:56000 mC
I/ThermalEngine( 672): Sensor:tsens_tz_sensor7:55000 mC
I/ThermalEngine( 672): Sensor:tsens_tz_sensor5:56000 mC
I/ThermalEngine( 672): Sensor:tsens_tz_sensor8:55000 mC
I/ThermalEngine( 672): Sensor:tsens_tz_sensor7:55000 mC
I/ThermalEngine( 672): Sensor:tsens_tz_sensor5:56000 mC
I/ThermalEngine( 672): Sensor:tsens_tz_sensor8:55000 mC
I/ThermalEngine( 672): Sensor:tsens_tz_sensor7:55000 mC
I/ThermalEngine( 672): Sensor:tsens_tz_sensor5:56000 mC
I/ThermalEngine( 672): Sensor:tsens_tz_sensor8:55000 mC
I/ThermalEngine( 672): Sensor:tsens_tz_sensor7:55000 mC
I/ThermalEngine( 672): Sensor:tsens_tz_sensor5:56000 mC
I/ThermalEngine( 672): Sensor:tsens_tz_sensor8:55000 mC
I/ThermalEngine( 672): Sensor:tsens_tz_sensor7:55000 mC
I/ThermalEngine( 672): Sensor:tsens_tz_sensor5:56000 mC
I/ThermalEngine( 672): Sensor:tsens_tz_sensor8:55000 mC
I/ThermalEngine( 672): Sensor:tsens_tz_sensor7:55000 mC
I/ThermalEngine( 672): Sensor:tsens_tz_sensor5:56000 mC
I/ThermalEngine( 672): Sensor:tsens_tz_sensor8:55000 mC
I/ThermalEngine( 672): Sensor:tsens_tz_sensor7:55000 mC
I/ThermalEngine( 672): Sensor:tsens_tz_sensor5:56000 mC
I/ThermalEngine( 672): Sensor:tsens_tz_sensor7:55000 mC
I/ThermalEngine( 672): Sensor:tsens_tz_sensor7:55000 mC
I/ThermalEngine( 672): Sensor:tsens_tz_sensor8:55000 mC
I/ThermalEngine( 672): Sensor:tsens_tz_sensor5:56000 mC
V/WLAN_PSA( 669): NL MSG, len[4018], NL type[0x1C] WNI type[0x5900] len[39439]
V/WLAN_PSA( 669): NL MSG, PID: 669
I/ThermalEngine( 672): Sensor:tsens_tz_sensor8:55000 mC
I/ThermalEngine( 672): Sensor:tsens_tz_sensor5:56000 mC
I/ThermalEngine( 672): Sensor:tsens_tz_sensor8:55000 mC
I/ThermalEngine( 672): Sensor:tsens_tz_sensor5:56000 mC
I/ThermalEngine( 672): Sensor:tsens_tz_sensor8:55000 mC
I/ThermalEngine( 672): Sensor:tsens_tz_sensor5:56000 mC
I/ThermalEngine( 672): Sensor:tsens_tz_sensor8:55000 mC
I/ThermalEngine( 672): Sensor:tsens_tz_sensor8:55000 mC
I/ThermalEngine( 672): Sensor:tsens_tz_sensor5:56000 mC
I/ThermalEngine( 672): Sensor:tsens_tz_sensor5:56000 mC
I/ThermalEngine( 672): Sensor:tsens_tz_sensor5:56000 mC
I/ThermalEngine( 672): Sensor:tsens_tz_sensor5:56000 mC
I/ThermalEngine( 672): Sensor:tsens_tz_sensor5:56000 mC
I/ThermalEngine( 672): Sensor:tsens_tz_sensor5:56000 mC
I/ThermalEngine( 672): Sensor:tsens_tz_sensor5:56000 mC
I/ThermalEngine( 672): Sensor:tsens_tz_sensor5:56000 mC
I/ThermalEngine( 672): Sensor:tsens_tz_sensor5:55000 mC
I/ThermalEngine( 672): Sensor:tsens_tz_sensor5:55000 mC
I/ThermalEngine( 672): Sensor:tsens_tz_sensor5:55000 mC
I/ThermalEngine( 672): Sensor:tsens_tz_sensor5:55000 mC
I/ThermalEngine( 672): Sensor:tsens_tz_sensor5:55000 mC
I/ThermalEngine( 672): Sensor:tsens_tz_sensor5:56000 mC
I/ThermalEngine( 672): Sensor:tsens_tz_sensor5:56000 mC
I/ThermalEngine( 672): Sensor:tsens_tz_sensor5:56000 mC
I/ThermalEngine( 672): Sensor:tsens_tz_sensor5:56000 mC
I/ThermalEngine( 672): Sensor:tsens_tz_sensor5:55000 mC
I/ThermalEngine( 672): Sensor:tsens_tz_sensor5:55000 mC
I/ThermalEngine( 672): Sensor:tsens_tz_sensor5:55000 mC
I/ThermalEngine( 672): Sensor:tsens_tz_sensor5:55000 mC
I/ThermalEngine( 672): Sensor:tsens_tz_sensor5:55000 mC
I/ThermalEngine( 672): Sensor:tsens_tz_sensor5:55000 mC
I/ThermalEngine( 672): Sensor:tsens_tz_sensor5:55000 mC
I/ThermalEngine( 672): Sensor:pm8941_tz:54472 mC
I/ThermalEngine( 672): Sensor:tsens_tz_sensor5:55000 mC
I/ThermalEngine( 672): Sensor:tsens_tz_sensor5:55000 mC
I/ThermalEngine( 672): Sensor:tsens_tz_sensor5:55000 mC
I/ThermalEngine( 672): Sensor:tsens_tz_sensor5:55000 mC
I/ThermalEngine( 672): Sensor:tsens_tz_sensor5:55000 mC
I/ThermalEngine( 672): Sensor:tsens_tz_sensor5:55000 mC
I/ThermalEngine( 672): Sensor:tsens_tz_sensor5:55000 mC
I/ThermalEngine( 672): Sensor:tsens_tz_sensor5:55000 mC
I/ThermalEngine( 672): Sensor:tsens_tz_sensor5:55000 mC
I/ThermalEngine( 672): Sensor:tsens_tz_sensor5:55000 mC
I/ThermalEngine( 672): Sensor:tsens_tz_sensor5:55000 mC
I/ActivityManager( 2068): Config changes=500 {1.0 ?mcc?mnc en_US ?layoutDir sw360dp w360dp h567dp 480dpi nrml port ?uimode ?night -touch -keyb/v/h -nav/h s.3}
I/SystemServer( 2068): Mount Service
W/SurfaceComposerClient( 1009): ComposerService remote (surfaceflinger) died [0xb5c791c0]
D/BootAnimation( 1009): SurfaceFlinger died, exiting...
I/Netd ( 3190): Netd 1.0 starting
D/MDnsDS ( 3190): MDnsSdListener::Hander starting up
D/MDnsDS ( 3190): MDnsSdListener starting to monitor
D/MDnsDS ( 3190): Going to poll with pollCount 1
E/installd( 664): eof
E/installd( 664): failed to read size
I/installd( 664): closing connection
E/NetlinkListener( 3190): recvmsg failed (I/O error)
E/NetlinkListener( 3190): recvmsg failed (I/O error)
E/NetlinkListener( 683): recvmsg failed (I/O error)
E/NetlinkListener( 683): recvmsg failed (I/O error)
I/SurfaceFlinger( 3187): SurfaceFlinger is starting
I/SurfaceFlinger( 3187): SurfaceFlinger's main thread ready to run. Initializing graphics H/W...
D/libEGL ( 3187): loaded /vendor/lib/egl/libEGL_adreno.so
D/libEGL ( 3187): loaded /vendor/lib/egl/libGLESv1_CM_adreno.so
D/libEGL ( 3187): loaded /vendor/lib/egl/libGLESv2_adreno.so
I/Adreno-EGL( 3187): : EGL 1.4 QUALCOMM build: ()
I/Adreno-EGL( 3187): OpenGL ES Shader Compiler Version: E031.25.03.06
I/Adreno-EGL( 3187): Build Date: 01/14/16 Thu I/Adreno-EGL( 3187): Local Branch:
I/Adreno-EGL( 3187): Remote Branch:
I/Adreno-EGL( 3187): Local Patches:
I/Adreno-EGL( 3187): Reconstruct Branch:
I/sharebuffer( 3187): using (fd=11)
I/sharebuffer( 3187): id = mdssfb_90000
I/sharebuffer( 3187): xres = 1080 px
I/sharebuffer( 3187): yres = 1920 px
I/sharebuffer( 3187): xres_virtual = 1080 px
I/sharebuffer( 3187): yres_virtual = 3840 px
I/sharebuffer( 3187): bpp = 32
I/sharebuffer( 3187): r = 24:8
I/sharebuffer( 3187): g = 16:8
I/sharebuffer( 3187): b = 8:8
I/sharebuffer( 3187): width = 171 mm (160.421051 dpi)
I/sharebuffer( 3187): height = 305 mm (159.895081 dpi)
I/sharebuffer( 3187): refresh rate = 0.47 Hz
I/SurfaceFlinger( 3187): EGL information:
I/SurfaceFlinger( 3187): vendor : Android
I/SurfaceFlinger( 3187): version : 1.4 Android META-EGL
I/SurfaceFlinger( 3187): extensions: EGL_KHR_get_all_proc_addresses EGL_ANDROID_presentation_time EGL_KHR_image EGL_KHR_image_base EGL_KHR_lock_surface EGL_KHR_gl_texture_2D_image EGL_KHR_gl_texture_cubemap_image EGL_KHR_gl_renderbuffer_image EGL_KHR_fence_sync EGL_KHR_create_context EGL_EXT_create_context_robustness EGL_ANDROID_image_native_buffer EGL_KHR_wait_sync EGL_ANDROID_recordable
I/SurfaceFlinger( 3187): Client API: OpenGL_ES
I/SurfaceFlinger( 3187): EGLSurface: 8-8-8-8, config=0x5
I/SurfaceFlinger( 3187): OpenGL ES informations:
I/SurfaceFlinger( 3187): vendor : Qualcomm
I/SurfaceFlinger( 3187): renderer : Adreno (TM) 330
I/SurfaceFlinger( 3187): version : OpenGL ES 3.0 V@95.0 AU@ (CL@)
I/SurfaceFlinger( 3187): extensions: GL_AMD_compressed_ATC_texture GL_AMD_performance_monitor GL_AMD_program_binary_Z400 GL_EXT_debug_label GL_EXT_debug_marker GL_EXT_discard_framebuffer GL_EXT_robustness GL_EXT_texture_format_BGRA8888 GL_EXT_texture_type_2_10_10_10_REV GL_NV_fence GL_OES_compressed_ETC1_RGB8_texture GL_OES_depth_texture GL_OES_depth24 GL_OES_EGL_image GL_OES_EGL_sync GL_OES_EGL_image_external GL_OES_element_index_uint GL_OES_fbo_render_mipmap GL_OES_fragment_precision_high GL_OES_get_program_binary GL_OES_packed_depth_stencil GL_OES_depth_texture_cube_map GL_OES_rgb8_rgba8 GL_OES_standard_derivatives GL_OES_texture_3D GL_OES_texture_float GL_OES_texture_half_float GL_OES_texture_half_float_linear GL_OES_texture_npot GL_OES_vertex_half_float GL_OES_vertex_type_10_10_10_2 GL_OES_vertex_array_object GL_QCOM_alpha_test GL_QCOM_binning_control GL_QCOM_driver_control GL_QCOM_perfmon_global_mode GL_QCOM_extended_get GL_QCOM_extended_get2 GL_QCOM_tiled_rendering GL_QCOM_writeonly_rendering GL_EXT_sRGB GL_EXT_sRGB_write_con
I/SurfaceFlinger( 3187): GL_MAX_TEXTURE_SIZE = 4096
I/SurfaceFlinger( 3187): GL_MAX_VIEWPORT_DIMS = 4096
E/ServiceManager( 3185): add_service('SurfaceFlinger',5) uid=1000 - ALREADY REGISTERED, OVERRIDE
I/ServiceManager( 3185): service 'SurfaceFlinger' died
D/SurfaceFlinger( 3187): Set power mode=2, type=0 flinger=0xb6482000
I/ServiceManager( 3186): Waiting for service batterystats...
D/AndroidRuntime( 3189): >>>>>> START com.android.internal.os.ZygoteInit uid 0 <<<<<<
D/AndroidRuntime( 3189): CheckJNI is OFF
I/art ( 3189): option[0]=-Xzygote
I/art ( 3189): option[1]=-Xstacktracefile:/data/anr/traces.txt
I/art ( 3189): option[2]=exit
I/art ( 3189): option[3]=vfprintf
I/art ( 3189): option[4]=sensitiveThread
I/art ( 3189): option[5]=-verbose:gc
I/art ( 3189): option[6]=-Xms8m
I/art ( 3189): option[7]=-Xmx256m
I/art ( 3189): option[8]=-XX:mainThreadStackSize=24K
I/art ( 3189): option[9]=-XX:HeapGrowthLimit=128m
I/art ( 3189): option[10]=-XX:HeapMinFree=2m
I/art ( 3189): option[11]=-XX:HeapMaxFree=8m
I/art ( 3189): option[12]=-XX:HeapTargetUtilization=0.75
I/art ( 3189): option[13]=-agentlib:jdwp=transport=dt_android_adb,suspend=n,server=y
I/art ( 3189): option[14]=-Xlockprofthreshold:500
I/art ( 3189): option[15]=-Ximage-compiler-option
I/art ( 3189): option[16]=--runtime-arg
I/art ( 3189): option[17]=-Ximage-compiler-option
I/art ( 3189): option[18]=-Xms64m
I/art ( 3189): option[19]=-Ximage-compiler-option
I/art ( 3189): option[20]=--runtime-arg
I/art ( 3189): option[21]=-Ximage-compiler-option
I/art ( 3189): option[22]=-Xmx64m
I/art ( 3189): option[23]=-Ximage-compiler-option
I/art ( 3189): option[24]=--image-classes=/system/etc/preloaded-classes
I/art ( 3189): option[25]=-Xcompiler-option
I/art ( 3189): option[26]=--runtime-arg
I/art ( 3189): option[27]=-Xcompiler-option
I/art ( 3189): option[28]=-Xms64m
I/art ( 3189): option[29]=-Xcompiler-option
I/art ( 3189): option[30]=--runtime-arg
I/art ( 3189): option[31]=-Xcompiler-option
I/art ( 3189): option[32]=-Xmx512m
I/art ( 3189): option[33]=-Duser.language=en
I/art ( 3189): option[34]=-Duser.region=US
V/MediaUtils( 3191): physMem: 1961054208
V/MediaUtils( 3191): requested limit: 1274685230
V/MediaUtils( 3191): actual limit: 1274685230
V/MediaUtils( 3191): original limits: 4294967295/4294967295
V/MediaUtils( 3191): new limits: 1274685230/4294967295
I/mediaserver( 3191): ServiceManager: 0xb58700c0
I/AudioFlinger( 3191): Using default 3000 mSec as standby time.
E/ServiceManager( 3185): add_service('media.audio_flinger',7) uid=1013 - ALREADY REGISTERED, OVERRIDE
I/ServiceManager( 3185): service 'media.audio_flinger' died
I/AudioPolicyService( 3191): AudioPolicyService CSTOR in new mode
I/AudioPolicyManager( 3191): loadAudioPolicyConfig() loaded /system/etc/audio_policy.conf
D/audio_hw_primary( 3191): adev_open: enter
I/lowmemorykiller( 685): ActivityManager disconnected
I/lowmemorykiller( 685): Closing Activity Manager data connection
W/ServiceManager( 3187): Permission failure: android.permission.ACCESS_SURFACE_FLINGER from uid=1013 pid=3227
D/PermissionCache( 3187): checking android.permission.ACCESS_SURFACE_FLINGER for uid=1013 => denied (377 us)
E/SurfaceFlinger( 3187): Permission Denial: can't access SurfaceFlinger pid=3227, uid=1013 --------- beginning of crash
F/libc ( 3227): Fatal signal 11 (SIGSEGV), code 1, fault addr 0xc in tid 3235 (BootAnimation)
E/audio_route( 3191): Control 'SLIMBUS_0_RX Port Mixer INT_BT_SCO_TX' doesn't exist - skipping
E/audio_route( 3191): Control 'INTERNAL_BT_SCO_RX Audio Mixer Multimedia6' doesn't exist - skipping
E/audio_route( 3191): Control 'MultiMedia4 Mixer MI2S_TX' doesn't exist - skipping
E/audio_route( 3191): Control 'RX4 DSM MUX' doesn't exist - skipping
E/audio_route( 3191): Control 'RX6 DSM MUX' doesn't exist - skipping
E/audio_route( 3191): Control 'RX4 DSM MUX' doesn't exist - skipping
E/audio_route( 3191): Control 'RX6 DSM MUX' doesn't exist - skipping
D/msm8974_platform( 3191): platform_init: Opened sound card:0
D/ACDB-LOADER( 3191): ACDB -> Load file: /etc/acdbdata/MTP/MTP_Bluetooth_cal.acdb
D/ACDB-LOADER( 3191): ACDB -> Load file: /etc/acdbdata/MTP/MTP_General_cal.acdb
D/ACDB-LOADER( 3191): ACDB -> Load file: /etc/acdbdata/MTP/MTP_Global_cal.acdb
D/ACDB-LOADER( 3191): ACDB -> Load file: /etc/acdbdata/MTP/MTP_Handset_cal.acdb
D/ACDB-LOADER( 3191): ACDB -> Load file: /etc/acdbdata/MTP/MTP_Hdmi_cal.acdb
D/ACDB-LOADER( 3191): ACDB -> Load file: /etc/acdbdata/MTP/MTP_Headset_cal.acdb
D/ACDB-LOADER( 3191): ACDB -> Load file: /etc/acdbdata/MTP/MTP_Speaker_cal.acdb
D/ACDB-LOADER( 3191): ACDB -> ACDB_CMD_INITIALIZE_V2
D/ ( 3191): [ACDB Command]->SW Minor/Major/Revision version mismatch warning /etc/acdbdata/MTP/MTP_Bluetooth_cal.acdb
D/ ( 3191): [ACDB Command]->ACDB Sw Major = 3, ACDB Sw Minor = 0, ACDB Sw Revision = 0
D/ ( 3191): [ACDB Command]->ACDB File Major = 3, ACDB File Minor = 0, ACDB File Revision = 2
D/ ( 3191): [ACDB Command]->SW Minor/Major/Revision version mismatch warning /etc/acdbdata/MTP/MTP_General_cal.acdb
D/ ( 3191): [ACDB Command]->ACDB Sw Major = 3, ACDB Sw Minor = 0, ACDB Sw Revision = 0
D/ ( 3191): [ACDB Command]->ACDB File Major = 3, ACDB File Minor = 0, ACDB File Revision = 2
D/ ( 3191): [ACDB Command]->SW Minor/Major/Revision version mismatch warning /etc/acdbdata/MTP/MTP_Global_cal.acdb
D/ ( 3191): [ACDB Command]->ACDB Sw Major = 3, ACDB Sw Minor = 0, ACDB Sw Revision = 0
D/ ( 3191): [ACDB Command]->ACDB File Major = 3, ACDB File Minor = 0, ACDB File Revision = 2
D/ ( 3191): [ACDB Command]->SW Minor/Major/Revision version mismatch warning /etc/acdbdata/MTP/MTP_Handset_cal.acdb
D/ ( 3191): [ACDB Command]->ACDB Sw Major = 3, ACDB Sw Minor = 0, ACDB Sw Revision = 0
D/ ( 3191): [ACDB Command]->ACDB File Major = 3, ACDB File Minor = 0, ACDB File Revision = 2
D/ ( 3191): [ACDB Command]->SW Minor/Major/Revision version mismatch warning /etc/acdbdata/MTP/MTP_Hdmi_cal.acdb
D/ ( 3191): [ACDB Command]->ACDB Sw Major = 3, ACDB Sw Minor = 0, ACDB Sw Revision = 0
D/ ( 3191): [ACDB Command]->ACDB File Major = 3, ACDB File Minor = 0, ACDB File Revision = 2
D/ ( 3191): [ACDB Command]->SW Minor/Major/Revision version mismatch warning /etc/acdbdata/MTP/MTP_Headset_cal.acdb
D/ ( 3191): [ACDB Command]->ACDB Sw Major = 3, ACDB Sw Minor = 0, ACDB Sw Revision = 0
D/ ( 3191): [ACDB Command]->ACDB File Major = 3, ACDB File Minor = 0, ACDB File Revision = 2
D/ ( 3191): [ACDB Command]->SW Minor/Major/Revision version mismatch warning /etc/acdbdata/MTP/MTP_Speaker_cal.acdb
D/ ( 3191): [ACDB Command]->ACDB Sw Major = 3, ACDB Sw Minor = 0, ACDB Sw Revision = 0
D/ ( 3191): [ACDB Command]->ACDB File Major = 3, ACDB File Minor = 0, ACDB File Revision = 2
D/ACDB-LOADER( 3191): ACDB -> ACPH INIT
D/ ( 3191): [ACPH]->Online service registered with ACPH
D/ ( 3191): [ACPH]->ACPH init success
D/ACDB-LOADER( 3191): ACDB -> RTAC INIT
D/ ( 3191): [ACPH]->DSP RTC service registered with ACPH
D/ACDB-LOADER( 3191): ACDB -> ADIE RTAC INIT
D/ ( 3191): [ACPH]->ADIE RTC service registered with ACPH
D/ACDB-LOADER( 3191): No existing ION info in ACDB driver
D/ACDB-LOADER( 3191): ACDB -> ION_IOC_ALLOC
D/ACDB-LOADER( 3191): ACDB -> ION_IOC_SHARE
D/ACDB-LOADER( 3191): ACDB -> MMAP ADDR
D/ACDB-LOADER( 3191): ACDB -> register MEM to ACDB driver: 0xb6045000
D/ACDB-LOADER( 3191): ACDB -> send_asm_topology
D/ACDB-LOADER( 3191): ACDB -> ACDB_CMD_GET_AUDPROC_STREAM_TOPOLOGY_ID
D/ACDB-LOADER( 3191): ACDB -> send_adm_custom_topology
D/ACDB-LOADER( 3191): ACDB -> ACDB_CMD_GET_AUDIO_COPP_TOPOLOGIES
D/ ( 3191): ACDBFILE_MGR: Property for the pid 00012E47 not found
D/ ( 3191): ACDB_COMMAND: Failed to fetch the property info for pid 00012E47
E/ACDB-LOADER( 3191): Error: ACDB get adm topologies returned = -18
D/ACDB-LOADER( 3191): ACDB -> AUDIO_SET_ADM_CUSTOM_TOPOLOGY
D/ACDB-LOADER( 3191): ACDB -> send_asm_custom_topology
D/ACDB-LOADER( 3191): ACDB -> ACDB_CMD_GET_AUDIO_POPP_TOPOLOGIES
D/ACDB-LOADER( 3191): ACDB -> AUDIO_SET_ASM_CUSTOM_TOPOLOGY
D/ACDB-LOADER( 3191): ACDB -> init done!
D/platform_parser( 3191): platform_info_init: Failed to open /system/etc/platform_info.xml, using defaults.
D/audio_hw_spkr_prot( 3191): audio_extn_spkr_prot_init: Initialize speaker protection module
D/audio_hw_spkr_prot( 3191): audio_extn_spkr_prot_init: Speaker protection disabled
E/msm8974_platform( 3191): hw_util_open Opening device /dev/snd/hwC0D1000
E/msm8974_platform( 3191): hw_util_open success
D/ACDB-LOADER( 3191): ACDB -> ACDB_CMD_GET_ANC_SETTING
D/ACDB-LOADER( 3191): ACDB -> ACDB_CMD_GET_ANC_SETTING
D/ACDB-LOADER( 3191): ACDB -> ACDB_CMD_GET_ANC_SETTING
D/ACDB-LOADER( 3191): ACDB -> ACDB_CMD_GET_ANC_SETTING
D/ACDB-LOADER( 3191): ACDB -> ACDB_CMD_GET_ANC_SETTING
D/ACDB-LOADER( 3191): ACDB -> ACDB_CMD_GET_ANC_SETTING
D/ACDB-LOADER( 3191): ACDB -> ACDB_CMD_GET_ANC_SETTING
E/msm8974_platform( 3191): send_codec_cal cal sent for anc_cal
E/ACDB-LOADER( 3191): ACDB -> send_codec_cal
D/ACDB-LOADER( 3191): ACDB -> ACDB_CMD_GET_CODEC_CAL_DATA
E/msm8974_platform( 3191): send_codec_cal cal sent for mad_cal
D/ACDB-LOADER( 3191): send mbhc data
D/ACDB-LOADER( 3191): ACDB -> MBHC ACDB_PID_GENERAL_CONFIG
D/ACDB-LOADER( 3191): ACDB -> MBHC ACDB_PID_PLUG_REMOVAL_DETECTION
D/ACDB-LOADER( 3191): ACDB -> MBHC ACDB_PID_PLUG_TYPE_DETECTION
D/ACDB-LOADER( 3191): ACDB -> MBHC ACDB_PID_BUTTON_PRESS_DETECTION
D/ACDB-LOADER( 3191): ACDB -> MBHC ACDB_PID_IMPEDANCE_DETECTION
E/msm8974_platform( 3191): send_codec_cal cal sent for mbhc_cal
I/AudioFlinger( 3191): loadHwModule() Loaded primary audio interface from QCOM Audio HAL (audio) handle 1
D/audio_hw_primary( 3191): adev_open_output_stream: enter: sample_rate(48000) channel_mask(0x3) devices(0x2) flags(0x2) stream_handle(0xb58809c0)
D/audio_hw_primary( 3191): adev_open_output_stream: Stream (0xb58809c0) picks up usecase (deep-buffer-playback)
