W/Resources(10404): Preloaded drawable resource #0x108059b (android:drawable/quickcontact_badge_overlay_light) that varies with configuration!!
W/Resources(10404): Preloaded drawable resource #0x108059e (android:drawable/quickcontact_badge_overlay_normal_light) that varies with configuration!!
W/Resources(10404): Preloaded drawable resource #0x10805a2 (android:drawable/quickcontact_badge_overlay_pressed_light) that varies with configuration!!
W/Resources(10404): Preloaded drawable resource #0x10800b5 (android:drawable/ab_share_pack_material) that varies with configuration!!
W/Resources(10404): Preloaded drawable resource #0x10800ba (android:drawable/ab_solid_shadow_material) that varies with configuration!!
W/Resources(10404): Preloaded drawable resource #0x10800db (android:drawable/btn_cab_done_material) that varies with configuration!!
W/Resources(10404): Preloaded drawable resource #0x10800e5 (android:drawable/btn_check_material_anim) that varies with configuration!!
W/Resources(10404): Preloaded drawable resource #0x10801a1 (android:drawable/btn_radio_material_anim) that varies with configuration!!
W/Resources(10404): Preloaded drawable resource #0x1080215 (android:drawable/btn_star_material) that varies with configuration!!
W/Resources(10404): Preloaded drawable resource #0x1080248 (android:drawable/btn_toggle_material) that varies with configuration!!
W/Resources(10404): Preloaded drawable resource #0x1080271 (android:drawable/cab_background_bottom_material) that varies with configuration!!
W/Resources(10404): Preloaded drawable resource #0x1080275 (android:drawable/cab_background_top_material) that varies with configuration!!
W/Resources(10404): Preloaded drawable resource #0x108028e (android:drawable/dialog_background_shadow_material) that varies with configuration!!
W/Resources(10404): Preloaded drawable resource #0x10802c7 (android:drawable/edit_text_material) that varies with configuration!!
W/Resources(10404): Preloaded drawable resource #0x10802e3 (android:drawable/expander_group_material) that varies with configuration!!
W/Resources(10404): Preloaded drawable resource #0x1080343 (android:drawable/ic_commit_search_api_material) that varies with configuration!!
W/Resources(10404): Preloaded drawable resource #0x108035b (android:drawable/ic_find_next_material) that varies with configuration!!
W/Resources(10404): Preloaded drawable resource #0x108035f (android:drawable/ic_find_previous_material) that varies with configuration!!
W/Resources(10404): Preloaded drawable resource #0x10803ad (android:drawable/ic_media_route_connecting_material) that varies with configuration!!
W/Resources(10404): Preloaded drawable resource #0x10803ad (android:drawable/ic_media_route_connecting_material) that varies with configuration!!
W/Resources(10404): Preloaded drawable resource #0x10803b3 (android:drawable/ic_media_route_material) that varies with configuration!!
W/Resources(10404): Preloaded drawable resource #0x10803df (android:drawable/ic_menu_find_material) that varies with configuration!!
W/Resources(10404): Preloaded drawable resource #0x1080400 (android:drawable/ic_menu_search_material) that varies with configuration!!
W/Resources(10404): Preloaded drawable resource #0x108049b (android:drawable/list_divider_material) that varies with configuration!!
W/Resources(10404): Preloaded drawable resource #0x10804a8 (android:drawable/list_section_divider_material) that varies with configuration!!
W/Resources(10404): Preloaded drawable resource #0x108056e (android:drawable/progress_horizontal_material) that varies with configuration!!
W/Resources(10404): Preloaded drawable resource #0x10805c4 (android:drawable/ratingbar_full_empty_material) that varies with configuration!!
W/Resources(10404): Preloaded drawable resource #0x10805c8 (android:drawable/ratingbar_full_filled_material) that varies with configuration!!
W/Resources(10404): Preloaded drawable resource #0x10805c4 (android:drawable/ratingbar_full_empty_material) that varies with configuration!!
W/Resources(10404): Preloaded drawable resource #0x10805c4 (android:drawable/ratingbar_full_empty_material) that varies with configuration!!
W/Resources(10404): Preloaded drawable resource #0x10805c8 (android:drawable/ratingbar_full_filled_material) that varies with configuration!!
W/Resources(10404): Preloaded drawable resource #0x10805cb (android:drawable/ratingbar_full_material) that varies with configuration!!
W/Resources(10404): Preloaded drawable resource #0x10805e3 (android:drawable/scrubber_control_material_anim) that varies with configuration!!
W/Resources(10404): Preloaded drawable resource #0x10805eb (android:drawable/scrubber_control_selector_material) that varies with configuration!!
W/Resources(10404): Preloaded drawable resource #0x10805f6 (android:drawable/scrubber_progress_horizontal_material) that varies with configuration!!
W/Resources(10404): Preloaded drawable resource #0x108062e (android:drawable/spinner_background_material) that varies with configuration!!
W/Resources(10404): Preloaded drawable resource #0x108064b (android:drawable/spinner_textfield_background_material) that varies with configuration!!
W/Resources(10404): Preloaded drawable resource #0x10806bb (android:drawable/switch_thumb_material_anim) that varies with configuration!!
W/Resources(10404): Preloaded drawable resource #0x10806c0 (android:drawable/switch_track_material) that varies with configuration!!
W/Resources(10404): Preloaded drawable resource #0x10806ea (android:drawable/tab_indicator_material) that varies with configuration!!
W/Resources(10404): Preloaded drawable resource #0x1080701 (android:drawable/text_cursor_material) that varies with configuration!!
W/Resources(10404): Preloaded drawable resource #0x1080739 (android:drawable/textfield_search_material) that varies with configuration!!
W/Resources(10404): Preloaded drawable resource #0x1080707 (android:drawable/text_select_handle_left_material) that varies with configuration!!
W/Resources(10404): Preloaded drawable resource #0x108070a (android:drawable/text_select_handle_middle_material) that varies with configuration!!
W/Resources(10404): Preloaded drawable resource #0x108070d (android:drawable/text_select_handle_right_material) that varies with configuration!!
I/art (10404): WaitForGcToComplete blocked for 30.561ms for cause Explicit
I/art (10404): Explicit concurrent mark sweep GC freed 156(2MB) AllocSpace objects, 0(0B) LOS objects, 53% free, 3MB/7MB, paused 176us total 7.713ms
I/Zygote (10404): ...preloaded 343 resources in 613ms.
I/art (10404): Explicit concurrent mark sweep GC freed 727(1830KB) AllocSpace objects, 0(0B) LOS objects, 70% free, 1729KB/5MB, paused 189us total 10.814ms
I/Zygote (10404): ...preloaded 41 resources in 18ms.
I/art (10404): Counter: 0
D/libEGL (10404): loaded /vendor/lib/egl/libEGL_adreno.so
D/libEGL (10404): loaded /vendor/lib/egl/libGLESv1_CM_adreno.so
D/libEGL (10404): loaded /vendor/lib/egl/libGLESv2_adreno.so
I/Zygote (10404): Preloading shared libraries...
D/Zygote (10404): end preload
I/art (10404): Explicit concurrent mark sweep GC freed 509(22KB) AllocSpace objects, 0(0B) LOS objects, 70% free, 1715KB/5MB, paused 129us total 5.757ms
I/art (10404): Explicit concurrent mark sweep GC freed 41(1568B) AllocSpace objects, 0(0B) LOS objects, 70% free, 1713KB/5MB, paused 139us total 6.235ms
I/art (10404): Explicit concurrent mark sweep GC freed 5(160B) AllocSpace objects, 0(0B) LOS objects, 70% free, 1713KB/5MB, paused 139us total 6.126ms
E/NetlinkListener(10405): recvmsg failed (I/O error)
E/NetlinkListener( 687): recvmsg failed (I/O error)
I/Zygote (10404): System server process 10458 has been created
I/Zygote (10404): Accepting command socket connections
I/InstallerConnection(10458): disconnecting...
I/SystemServer(10458): Entered the Android system server!
V/Fingerprint-JNI(10458): FingerprintManager JNI ready.
I/ (10458): System server: starting sensor init.
D/SensorService(10458): nuSensorService starting...
I/SystemServiceManager(10458): Starting com.android.server.pm.Installer
I/Installer(10458): Waiting for installd to be ready.
I/InstallerConnection(10458): connecting...
I/installd( 5281): new connection
I/SystemServiceManager(10458): Starting com.android.server.am.ActivityManagerService$Lifecycle
E/qti_sensors_hal(10458): SensorsContext: Hal opened lib /system/lib/hw/sensors.oem.so failed!
I/XXXXXX (10458): choosing minFree values for 32 Bit
I/XXXXXX (10458): choosing minFree values for 32 Bit
I/XXXXXX (10458): choosing minFree values for 32 Bit
I/XXXXXX (10458): choosing minFree values for 32 Bit
I/XXXXXX (10458): choosing minFree values for 32 Bit
I/XXXXXX (10458): choosing minFree values for 32 Bit
E/Sensors ( 1010): sns_acm_mr.c(432):Transport error -45
E/Sensors ( 1010): sns_acm_mr.c(432):Transport error -45
I/ActivityManager(10458): Memory class: 128
E/Sensors ( 1010): sns_acm_mr.c(432):Transport error -45
I/ServiceThread(10458): Enabled StrictMode logging for ActivityManager looper.
E/Sensors ( 1010): sns_acm_mr.c(432):Transport error -45
E/Sensors ( 1010): sns_acm_mr.c(432):Transport error -45
E/Sensors ( 1010): sns_acm_mr.c(432):Transport error -45
E/Sensors ( 1010): sns_acm_mr.c(432):Transport error -45
E/Sensors ( 1010): sns_acm_mr.c(432):Transport error -45
E/Sensors ( 1010): sns_acm_mr.c(432):Transport error -45
E/Sensors ( 1010): sns_acm_mr.c(734):Request made to disabled service
E/Sensors ( 1010): sns_main.c(1331):Error writing request. sns_err 3 error 0 qmi_err 0
E/qti_sensors_hal(10458): SAMSensor_sensor1_cb: attributes request failed for handle 55
E/qti_sensors_hal(10458): processResp: Msg 36; Result: 1, Error: 3
W/qti_sensors_hal(10458): addSensor : Not supported sensor with handle 31!
W/qti_sensors_hal(10458): addSensor : Not supported sensor with handle 32!
E/Sensors ( 1010): sns_acm_mr.c(432):Transport error -45
E/Sensors ( 1010): sns_acm_mr.c(432):Transport error -45
E/Sensors ( 1010): sns_acm_mr.c(432):Transport error -45
E/Sensors ( 1010): sns_acm_mr.c(432):Transport error -45
E/Sensors ( 1010): sns_acm_mr.c(432):Transport error -45
E/Sensors ( 1010): sns_acm_mr.c(432):Transport error -45
E/Sensors ( 1010): sns_acm_mr.c(432):Transport error -45
E/Sensors ( 1010): sns_acm_mr.c(432):Transport error -45
E/Sensors ( 1010): sns_acm_mr.c(734):Request made to disabled service
E/Sensors ( 1010): sns_main.c(1331):Error writing request. sns_err 3 error 0 qmi_err 0
E/qti_sensors_hal(10458): SAMSensor_sensor1_cb: attributes request failed for handle 46
E/qti_sensors_hal(10458): processResp: Msg 36; Result: 1, Error: 3
I/AppOps (10458): No existing app ops /data/system/appops.xml; starting empty
E/qti_sensors_hal(10458): processSingleSensorInfoResp: either handle_wakeup is -1 or error is true or mSensors[handle_wakeup] is NULL!
E/qti_sensors_hal(10458): processSingleSensorInfoResp: either handle_wakeup is -1 or error is true or mSensors[handle_wakeup] is NULL!
E/qti_sensors_hal(10458): processSingleSensorInfoResp: either handle_wakeup is -1 or error is true or mSensors[handle_wakeup] is NULL!
E/qti_sensors_hal(10458): processSingleSensorInfoResp: either handle is -1 or error is true or mSensors[handle] is NULL!
E/qti_sensors_hal(10458): processSingleSensorInfoResp: either handle_wakeup is -1 or error is true or mSensors[handle_wakeup] is NULL!
E/qti_sensors_hal(10458): OEMAddSensors : The OEM_module is NULL!
W/qti_sensors_hal(10458): sensors_get_sensors_list: handle 51 is not registered!
W/qti_sensors_hal(10458): sensors_get_sensors_list: handle 52 is not registered!
W/qti_sensors_hal(10458): sensors_get_sensors_list: handle 17 is not registered!
W/qti_sensors_hal(10458): sensors_get_sensors_list: handle 26 is not registered!
W/qti_sensors_hal(10458): sensors_get_sensors_list: handle 27 is not registered!
W/qti_sensors_hal(10458): sensors_get_sensors_list: handle 65 is not registered!
W/qti_sensors_hal(10458): sensors_get_sensors_list: handle 66 is not registered!
W/qti_sensors_hal(10458): sensors_get_sensors_list: handle 19 is not registered!
W/qti_sensors_hal(10458): sensors_get_sensors_list: handle 24 is not registered!
W/qti_sensors_hal(10458): sensors_get_sensors_list: handle 64 is not registered!
W/qti_sensors_hal(10458): sensors_get_sensors_list: handle 18 is not registered!
W/qti_sensors_hal(10458): sensors_get_sensors_list: handle 20 is not registered!
W/qti_sensors_hal(10458): sensors_get_sensors_list: handle 25 is not registered!
W/qti_sensors_hal(10458): sensors_get_sensors_list: handle 28 is not registered!
W/qti_sensors_hal(10458): sensors_get_sensors_list: handle 57 is not registered!
W/qti_sensors_hal(10458): sensors_get_sensors_list: handle 58 is not registered!
W/qti_sensors_hal(10458): sensors_get_sensors_list: handle 59 is not registered!
W/qti_sensors_hal(10458): sensors_get_sensors_list: handle 62 is not registered!
W/qti_sensors_hal(10458): sensors_get_sensors_list: handle 63 is not registered!
W/qti_sensors_hal(10458): sensors_get_sensors_list: handle 60 is not registered!
W/qti_sensors_hal(10458): sensors_get_sensors_list: handle 61 is not registered!
W/qti_sensors_hal(10458): sensors_get_sensors_list: handle 56 is not registered!
W/qti_sensors_hal(10458): sensors_get_sensors_list: handle 21 is not registered!
W/qti_sensors_hal(10458): sensors_get_sensors_list: handle 22 is not registered!
W/qti_sensors_hal(10458): sensors_get_sensors_list: handle 23 is not registered!
W/qti_sensors_hal(10458): sensors_get_sensors_list: handle 31 is not registered!
W/qti_sensors_hal(10458): sensors_get_sensors_list: handle 32 is not registered!
W/qti_sensors_hal(10458): sensors_get_sensors_list: handle 35 is not registered!
W/qti_sensors_hal(10458): sensors_get_sensors_list: handle 41 is not registered!
W/qti_sensors_hal(10458): sensors_get_sensors_list: handle 54 is not registered!
I/ (10458): System server: sensor init done.
D/SensorService(10458): new thread SensorEventAckReceiver
D/SensorService(10458): nuSensorService thread starting...
I/IntentFirewall(10458): Read new rules (A:0 B:0 S:0)
I/ServiceThread(10458): Enabled StrictMode logging for android.ui looper.
I/ServiceThread(10458): Enabled StrictMode logging for android.display looper.
D/AppOps (10458): AppOpsService published
I/SystemServiceManager(10458): Starting com.android.server.power.PowerManagerService
I/ServiceThread(10458): Enabled StrictMode logging for PowerManagerService looper.
E/PowerManagerService-JNI(10458): Couldn't load power module (Operation not permitted)
W/libsuspend(10458): Error writing 'on' to /sys/power/state: Invalid argument
I/libsuspend(10458): Selected wakeup count
I/SystemServiceManager(10458): Starting com.android.server.display.DisplayManagerService
E/BatteryStatsService(10458): Failed to open /sys/kernel/wakeup_reasons/last_resume_reason
I/DisplayManagerService(10458): Display device added: DisplayDeviceInfo{"Built-in Screen": uniqueId="local:0", 1080 x 1920, 0.466 fps, supportedRefreshRates [0.466], density 480, 160.42105 x 159.89508 dpi, appVsyncOff 0, presDeadline 2146922789, touch INTERNAL, rotation 0, type BUILT_IN, state UNKNOWN, FLAG_DEFAULT_DISPLAY, FLAG_ROTATES_WITH_CONTENT, FLAG_SECURE, FLAG_SUPPORTS_PROTECTED_BUFFERS}
I/SystemServiceManager(10458): Starting phase 100
I/SystemServer(10458): Package Manager
E/SELinuxMMAC(10458): Error with hashing seapp_contexts.
E/SELinuxMMAC(10458): java.io.FileNotFoundException: /seapp_contexts: open failed: ENOENT (No such file or directory)
E/SELinuxMMAC(10458): at libcore.io.IoBridge.open(IoBridge.java:456)
E/SELinuxMMAC(10458): at libcore.io.IoUtils$FileReader.(IoUtils.java:209)
E/SELinuxMMAC(10458): at libcore.io.IoUtils.readFileAsByteArray(IoUtils.java:109)
E/SELinuxMMAC(10458): at com.android.server.pm.SELinuxMMAC.returnHash(SELinuxMMAC.java:456)
E/SELinuxMMAC(10458): at com.android.server.pm.SELinuxMMAC.shouldRestorecon(SELinuxMMAC.java:389)
E/SELinuxMMAC(10458): at com.android.server.pm.PackageManagerService.(PackageManagerService.java:419)
E/SELinuxMMAC(10458): at com.android.server.pm.PackageManagerService.main(PackageManagerService.java:1261)
E/SELinuxMMAC(10458): at com.android.server.SystemServer.startBootstrapServices(SystemServer.java:358)
E/SELinuxMMAC(10458): at com.android.server.SystemServer.run(SystemServer.java:263)
E/SELinuxMMAC(10458): at com.android.server.SystemServer.main(SystemServer.java:179)
E/SELinuxMMAC(10458): at java.lang.reflect.Method.invoke(Native Method)
E/SELinuxMMAC(10458): at java.lang.reflect.Method.invoke(Method.java:372)
E/SELinuxMMAC(10458): at com.android.internal.os.ZygoteInit$MethodAndArgsCaller.run(ZygoteInit.java:904)
E/SELinuxMMAC(10458): at com.android.internal.os.ZygoteInit.main(ZygoteInit.java:699)
E/SELinuxMMAC(10458): Caused by: android.system.ErrnoException: open failed: ENOENT (No such file or directory)
E/SELinuxMMAC(10458): at libcore.io.Posix.open(Native Method)
E/SELinuxMMAC(10458): at libcore.io.BlockGuardOs.open(BlockGuardOs.java:186)
E/SELinuxMMAC(10458): at libcore.io.IoBridge.open(IoBridge.java:442)
E/SELinuxMMAC(10458): ... 13 more
D/EntSec (10458): [QSB ] [QSB_CLIENT ] QualcommSecurityBridge: PackageManager
I/EntSec (10458): [QSB ] [PORT_SWITCH] QSB Client Thread created
I/EntSec (10458): [QSB ] [PORT_SWITCH] QSB Port Switching Thread start running...
D/EntSec (10458): [QSB ] [PORT_SWITCH] Creating NQS Communicator instance
D/EntSec (10458): [QSB ] [NQS_CONECTOR] Trying to open a local socket
E/EntSec (10458): [QSB ] [NQS_CONECTOR] Failed to create and connect a local socket. [Error Description: No such file or directory ]
E/EntSec (10458): [QSB ] [NQS_CONECTOR] Failed to connect to the NQS [Error Description: No such file or directory ]
D/EntSec (10458): [QSB ] [PORT_SWITCH] NQS Communicator is disconnected
E/EntSec (10458): [QSB ] [PORT_SWITCH] No connection with the NQS; QSB initializes with the default port
I/EntSec (10458): [QSB ] [QSB_CLIENT ] Revert Loading port completed successfully
E/EntSec (10458): [QSB ] [PORT_SWITCH] QSB Port Switching Thread stop running.
W/SystemConfig(10458): No directory /system/etc/sysconfig, skipping
D/SELinuxMMAC(10458): Using policy file /system/etc/security/mac_permissions.xml
E/art (10458): DexFile_isDexOptNeeded file '/system/framework/com.google.widevine.software.drm.jar' does not exist
W/PackageManager(10458): Library not found: /system/framework/com.google.widevine.software.drm.jar
E/art (10458): DexFile_isDexOptNeeded file '/system/framework/com.google.android.media.effects.jar' does not exist
W/PackageManager(10458): Library not found: /system/framework/com.google.android.media.effects.jar
E/art (10458): DexFile_isDexOptNeeded file '/system/framework/com.google.android.maps.jar' does not exist
W/PackageManager(10458): Library not found: /system/framework/com.google.android.maps.jar
E/art (10458): DexFile_isDexOptNeeded file '/system/framework/com.fairphone.hiccup.jar' does not exist
W/PackageManager(10458): Library not found: /system/framework/com.fairphone.hiccup.jar
D/PackageManager(10458): No files in app dir /vendor/overlay
I/PackageManager(10458): /usr/libexec/sfdroid/system/priv-app/Settings changed; collecting certs
W/PackageManager(10458): Trying to update system app code path from /system/priv-app/Settings to /usr/libexec/sfdroid/system/priv-app/Settings
W/PackageManager(10458): Failed to parse /usr/libexec/sfdroid/system/priv-app/Settings: Signature mismatch for shared user : SharedUserSetting{225c5b32 android.uid.system/1000}
I/PackageManager(10458): /system/priv-app/CNEService changed; collecting certs
W/PackageManager(10458): Failed to parse /system/priv-app/CNEService: Signature mismatch for shared user : SharedUserSetting{225c5b32 android.uid.system/1000}
W/ResourceType(10458): Failure getting entry for 0x7f0b0232 (t=10 e=562) (error -75)
W/PackageParser(10458): No actions in intent filter at /system/priv-app/Contacts/Contacts.apk Binary XML file line #364
W/PackageParser(10458): No actions in intent filter at /system/priv-app/Dialer/Dialer.apk Binary XML file line #168
W/PackageParser(10458): No actions in intent filter at /system/priv-app/ProximitySensorTools/ProximitySensorTools.apk Binary XML file line #54
V/WLAN_PSA( 673): NL MSG, len[048], NL type[0x11] WNI type[0x5050] len[028]
V/WLAN_PSA( 673): NL MSG, PID: 673
W/PackageManager(10458): Failed to parse /system/priv-app/Settings: Signature mismatch for shared user : SharedUserSetting{225c5b32 android.uid.system/1000}
W/ResourceType(10458): Failure getting entry for 0x7f08031d (t=7 e=797) (error -75)
W/PackageParser(10458): Unknown element under : android at /system/priv-app/Telecom/Telecom.apk Binary XML file line #233
I/PackageManager(10458): /system/priv-app/com.qualcomm.location changed; collecting certs
W/PackageManager(10458): Failed to parse /system/priv-app/com.qualcomm.location: Signature mismatch for shared user : SharedUserSetting{225c5b32 android.uid.system/1000}
I/PackageManager(10458): /system/priv-app/com.qualcomm.msapm changed; collecting certs
W/PackageManager(10458): Failed to parse /system/priv-app/com.qualcomm.msapm: Signature mismatch for shared user : SharedUserSetting{225c5b32 android.uid.system/1000}
W/PackageParser(10458): No actions in intent filter at /system/app/Bluetooth/Bluetooth.apk Binary XML file line #229
W/PackageParser(10458): Unknown element under : uses-feature at /system/app/BluetoothExt/BluetoothExt.apk Binary XML file line #57
W/PackageParser(10458): No actions in intent filter at /system/app/BluetoothExt/BluetoothExt.apk Binary XML file line #110
W/PackageParser(10458): No actions in intent filter at /system/app/BluetoothExt/BluetoothExt.apk Binary XML file line #134
W/PackageParser(10458): No actions in intent filter at /system/app/BluetoothExt/BluetoothExt.apk Binary XML file line #161
I/PackageManager(10458): /system/app/CABLService changed; collecting certs
W/PackageManager(10458): Failed to parse /system/app/CABLService: Signature mismatch for shared user : SharedUserSetting{225c5b32 android.uid.system/1000}
W/PackageParser(10458): Unknown element under : permission at /system/app/Gallery2/Gallery2.apk Binary XML file line #254
W/PackageParser(10458): Unknown element under : permission at /system/app/Gallery2/Gallery2.apk Binary XML file line #257
I/PackageManager(10458): /system/app/GsmTuneAway changed; collecting certs
W/PackageManager(10458): Failed to parse /system/app/GsmTuneAway: Signature mismatch for shared user : SharedUserSetting{3e838e21 android.uid.phone/1001}
I/PackageParser(10458): com.qualcomm.interfacepermissions: compat added android.permission.WRITE_EXTERNAL_STORAGE android.permission.READ_PHONE_STATE
I/PackageManager(10458): /system/app/NetworkSetting changed; collecting certs
W/PackageManager(10458): Failed to parse /system/app/NetworkSetting: Signature mismatch for shared user : SharedUserSetting{3e838e21 android.uid.phone/1001}
I/PackageParser(10458): com.qualcomm.qcom_qmi: compat added android.permission.WRITE_EXTERNAL_STORAGE android.permission.READ_PHONE_STATE
I/PackageManager(10458): /system/app/SVIService changed; collecting certs
W/PackageManager(10458): Failed to parse /system/app/SVIService: Signature mismatch for shared user : SharedUserSetting{225c5b32 android.uid.system/1000}
I/PackageManager(10458): /system/app/TimeService changed; collecting certs
W/PackageManager(10458): Failed to parse /system/app/TimeService: Signature mismatch for shared user : SharedUserSetting{225c5b32 android.uid.system/1000}
I/PackageManager(10458): /system/app/WfdService changed; collecting certs
W/PackageManager(10458): Failed to parse /system/app/WfdService: Signature mismatch for shared user : SharedUserSetting{225c5b32 android.uid.system/1000}
I/PackageManager(10458): /system/app/btmultisim changed; collecting certs
W/PackageManager(10458): Failed to parse /system/app/btmultisim: Signature mismatch for shared user : SharedUserSetting{3e838e21 android.uid.phone/1001}
I/PackageManager(10458): /system/app/com.qualcomm.qti.services.secureui changed; collecting certs
W/PackageManager(10458): Failed to parse /system/app/com.qualcomm.qti.services.secureui: Signature mismatch for shared user : SharedUserSetting{225c5b32 android.uid.system/1000}
I/PackageManager(10458): /system/app/fastdormancy changed; collecting certs
W/PackageManager(10458): Failed to parse /system/app/fastdormancy: Signature mismatch for shared user : SharedUserSetting{225c5b32 android.uid.system/1000}
I/PackageManager(10458): /system/app/qcrilmsgtunnel changed; collecting certs
W/PackageManager(10458): Failed to parse /system/app/qcrilmsgtunnel: Signature mismatch for shared user : SharedUserSetting{3e838e21 android.uid.phone/1001}
I/PackageManager(10458): /system/vendor/app/ims changed; collecting certs
W/PackageManager(10458): Failed to parse /system/vendor/app/ims: Signature mismatch for shared user : SharedUserSetting{3e838e21 android.uid.phone/1001}
D/PackageManager(10458): No files in app dir /oem/app
W/PackageManager(10458): System package com.android.settings no longer exists; wiping its data
D/PackageManager(10458): No files in app dir /data/app
D/PackageManager(10458): No files in app dir /data/app-private
W/PackageManager(10458): Package org.codeaurora.bluetooth desires unavailable shared library com.quicinc.wbc; ignoring!
W/PackageManager(10458): Package com.android.email desires unavailable shared library org.apache.http.legacy; ignoring!
I/PackageManager(10458): Adjusting ABI for : com.android.dialer to armeabi-v7a
I/PackageManager(10458): Adjusting ABI for : com.codeaurora.fmrecording to armeabi-v7a
I/PackageManager(10458): Adjusting ABI for : com.fairphone.psensor to armeabi-v7a
I/PackageManager(10458): Adjusting ABI for : com.android.inputdevices to armeabi-v7a
I/PackageManager(10458): Adjusting ABI for : com.fairphone.setupwizard to armeabi-v7a
I/PackageManager(10458): Adjusting ABI for : com.dsi.ant.server to armeabi-v7a
I/PackageManager(10458): Adjusting ABI for : com.android.soundrecorder to armeabi-v7a
I/PackageManager(10458): Adjusting ABI for : com.android.location.fused to armeabi-v7a
I/PackageManager(10458): Adjusting ABI for : com.fairphone.privacyimpact to armeabi-v7a
I/PackageManager(10458): Adjusting ABI for : com.android.keychain to armeabi-v7a
I/PackageManager(10458): Adjusting ABI for : com.android.providers.settings to armeabi-v7a
I/PackageManager(10458): Adjusting ABI for : com.android.server.telecom to armeabi-v7a
I/PackageManager(10458): Time to scan packages: 1.243 seconds
W/PackageManager(10458): Unknown permission com.google.android.googleapps.permission.GOOGLE_AUTH in package com.android.providers.calendar
W/PackageManager(10458): Unknown permission com.google.android.googleapps.permission.GOOGLE_AUTH.cl in package com.android.providers.calendar
W/PackageManager(10458): Unknown permission com.qualcomm.permission.USE_QCRIL_MSG_TUNNEL in package com.qualcomm.shutdownlistner
W/PackageManager(10458): Unknown permission android.permission.PREVENT_POWER_KEY in package com.fairphone.checkup
W/PackageManager(10458): Not granting permission android.permission.GLOBAL_SEARCH to package com.android.quicksearchbox (protectionLevel=18 flags=0x48be45)
W/PackageManager(10458): Not granting permission android.permission.ACCESS_DOWNLOAD_MANAGER to package com.android.browser (protectionLevel=18 flags=0x9be45)
W/PackageManager(10458): Not granting permission android.permission.SEND_DOWNLOAD_COMPLETED_INTENTS to package com.android.browser (protectionLevel=2 flags=0x9be45)
W/PackageManager(10458): Unknown permission android.permission.MMS_PUSH in package org.codeaurora.bluetooth
W/PackageManager(10458): Not granting permission android.permission.BIND_WALLPAPER to package com.android.camera2 (protectionLevel=18 flags=0x58bc45)
W/PackageManager(10458): Unknown permission android.permission.INSTALL_DRM in package com.android.mms
W/PackageManager(10458): Unknown permission com.google.android.googleapps.permission.GOOGLE_AUTH.mail in package com.android.calendar
W/PackageManager(10458): Unknown permission com.android.launcher.permission.READ_SETTINGS in package com.android.onetimeinitializer
W/PackageManager(10458): Unknown permission com.android.launcher.permission.WRITE_SETTINGS in package com.android.onetimeinitializer
W/PackageManager(10458): Not granting permission android.permission.DELETE_PACKAGES to package com.svox.pico (protectionLevel=18 flags=0x8be45)
W/PackageManager(10458): Unknown permission android.permission.ACCESS_THEME_MANAGER in package com.fairphone.setupwizard
W/PackageManager(10458): Unknown permission com.google.android.gallery3d.permission.PICASA_STORE in package com.android.dreams.phototable
W/PackageManager(10458): Unknown permission android.permission.ACCESS_SUPERUSER in package com.amaze.filemanager
W/PackageManager(10458): Unknown permission com.android.launcher.permission.READ_SETTINGS in package com.fairphone.fplauncher3
W/PackageManager(10458): Unknown permission com.android.launcher.permission.WRITE_SETTINGS in package com.fairphone.fplauncher3
W/PackageManager(10458): Unknown permission android.permission.ACCESS_SUPERUSER in package com.fairphone.updater
W/PackageManager(10458): Not granting permission android.permission.DEVICE_POWER to package com.android.deskclock (protectionLevel=2 flags=0x48be45)
W/PackageManager(10458): Unknown permission com.google.android.gallery3d.permission.GALLERY_PROVIDER in package com.android.bluetooth
I/art (10458): Explicit concurrent mark sweep GC freed 11590(774KB) AllocSpace objects, 6(96KB) LOS objects, 59% free, 2MB/6MB, paused 1.132ms total 17.842ms
I/SystemServer(10458): User Service
I/lowmemorykiller( 689): ActivityManager connected
I/SystemServiceManager(10458): Starting com.android.server.lights.LightsService
I/SystemServiceManager(10458): Starting com.android.server.BatteryService
I/SystemServiceManager(10458): Starting com.android.server.usage.UsageStatsService
I/UsageStatsService(10458): User[0] Rollover scheduled @ 2016-12-10 00:00:00(1481328000000)
I/SystemServiceManager(10458): Starting com.android.server.webkit.WebViewUpdateService
I/SystemServer(10458): Reading configuration...
I/SystemServer(10458): Scheduling Policy
I/SystemServiceManager(10458): Starting com.android.server.telecom.TelecomLoaderService
I/SystemServer(10458): Telephony Registry
I/SystemServer(10458): Entropy Mixer
I/EntropyMixer(10458): Writing entropy...
I/SystemServer(10458): Account Manager
I/SystemServer(10458): Content Manager
I/SystemServer(10458): System Content Providers
I/SystemServer(10458): Vibrator Service
I/SystemServer(10458): Consumer IR Service
E/ConsumerIrService(10458): Can't open consumer IR HW Module, error: sfdroid disabled
I/SystemServiceManager(10458): Starting com.android.server.AlarmManagerService
W/AlarmManager(10458): Failed to open alarm driver. Falling back to a handler.
I/SystemServer(10458): Init Watchdog
I/SystemServer(10458): Input Manager
I/InputManager(10458): Initializing input manager, mUseDevInputEventForAudioJack=true
I/SystemServer(10458): Window Manager
I/WindowManager(10458): No existing display settings /data/system/display_settings.xml; starting empty
E/SurfaceFlinger( 5244): Permission Denial: can't access SurfaceFlinger pid=10458, uid=1000
E/SurfaceFlinger( 5244): Permission Denial: can't access SurfaceFlinger pid=10458, uid=1000
E/WindowManager(10458): Exception creating Dim surface
E/WindowManager(10458): android.view.Surface$OutOfResourcesException
E/WindowManager(10458): at android.view.SurfaceControl.nativeCreate(Native Method)
E/WindowManager(10458): at android.view.SurfaceControl.(SurfaceControl.java:292)
E/WindowManager(10458): at com.android.server.wm.DimLayer.(DimLayer.java:81)
E/WindowManager(10458): at com.android.server.wm.TaskStack.attachDisplayContent(TaskStack.java:233)
E/WindowManager(10458): at com.android.server.wm.WindowManagerService.attachStack(WindowManagerService.java:5158)
E/WindowManager(10458): at com.android.server.am.ActivityStackSupervisor$ActivityContainer.attachToDisplayLocked(ActivityStackSupervisor.java:3766)
E/WindowManager(10458): at com.android.server.am.ActivityStackSupervisor.createStackOnDisplay(ActivityStackSupervisor.java:2649)
E/WindowManager(10458): at com.android.server.am.ActivityStackSupervisor.setWindowManager(ActivityStackSupervisor.java:394)
E/WindowManager(10458): at com.android.server.am.ActivityManagerService.setWindowManager(ActivityManagerService.java:1943)
E/WindowManager(10458): at com.android.server.SystemServer.startOtherServices(SystemServer.java:498)
E/WindowManager(10458): at com.android.server.SystemServer.run(SystemServer.java:265)
E/WindowManager(10458): at com.android.server.SystemServer.main(SystemServer.java:179)
E/WindowManager(10458): at java.lang.reflect.Method.invoke(Native Method)
E/WindowManager(10458): at java.lang.reflect.Method.invoke(Method.java:372)
E/WindowManager(10458): at com.android.internal.os.ZygoteInit$MethodAndArgsCaller.run(ZygoteInit.java:904)
E/WindowManager(10458): at com.android.internal.os.ZygoteInit.main(ZygoteInit.java:699)
E/SurfaceFlinger( 5244): Permission Denial: can't access SurfaceFlinger pid=10458, uid=1000
E/WindowManager(10458): Exception creating Dim surface
E/WindowManager(10458): android.view.Surface$OutOfResourcesException
E/WindowManager(10458): at android.view.SurfaceControl.nativeCreate(Native Method)
E/WindowManager(10458): at android.view.SurfaceControl.(SurfaceControl.java:292)
E/WindowManager(10458): at com.android.server.wm.DimLayer.(DimLayer.java:81)
E/WindowManager(10458): at com.android.server.wm.TaskStack.attachDisplayContent(TaskStack.java:234)
E/WindowManager(10458): at com.android.server.wm.WindowManagerService.attachStack(WindowManagerService.java:5158)
E/WindowManager(10458): at com.android.server.am.ActivityStackSupervisor$ActivityContainer.attachToDisplayLocked(ActivityStackSupervisor.java:3766)
E/WindowManager(10458): at com.android.server.am.ActivityStackSupervisor.createStackOnDisplay(ActivityStackSupervisor.java:2649)
E/WindowManager(10458): at com.android.server.am.ActivityStackSupervisor.setWindowManager(ActivityStackSupervisor.java:394)
E/WindowManager(10458): at com.android.server.am.ActivityManagerService.setWindowManager(ActivityManagerService.java:1943)
E/WindowManager(10458): at com.android.server.SystemServer.startOtherServices(SystemServer.java:498)
E/WindowManager(10458): at com.android.server.SystemServer.run(SystemServer.java:265)
E/WindowManager(10458): at com.android.server.SystemServer.main(SystemServer.java:179)
E/WindowManager(10458): at java.lang.reflect.Method.invoke(Native Method)
E/WindowManager(10458): at java.lang.reflect.Method.invoke(Method.java:372)
E/WindowManager(10458): at com.android.internal.os.ZygoteInit$MethodAndArgsCaller.run(ZygoteInit.java:904)
E/WindowManager(10458): at com.android.internal.os.ZygoteInit.main(ZygoteInit.java:699)
E/SurfaceFlinger( 5244): Permission Denial: can't access SurfaceFlinger pid=10458, uid=1000
I/InputManager(10458): Starting input manager
I/SystemServer(10458): sfdroid: Bluetooth Service disabled
I/SystemServer(10458): Input Method Service
E/EventHub(10458): could not open /dev/input/event4, Permission denied
E/EventHub(10458): could not open /dev/input/event3, Permission denied
E/EventHub(10458): could not open /dev/input/by-path, Is a directory
E/EventHub(10458): could not open /dev/input/event2, Permission denied
E/EventHub(10458): could not open /dev/input/event1, Permission denied
E/EventHub(10458): could not open /dev/input/event0, Permission denied
E/EventHub(10458): could not open /dev/input/mice, Permission denied
I/InputReader(10458): Device added: id=-1, name='Virtual', sources=0x00000301
W/InputMethodManagerService(10458): Couldn't create dir.: /data/system/inputmethod
I/SystemServer(10458): Accessibility Manager
I/XXXXXX (10458): choosing minFree values for 32 Bit
I/XXXXXX (10458): choosing minFree values for 32 Bit
I/XXXXXX (10458): choosing minFree values for 32 Bit
I/XXXXXX (10458): choosing minFree values for 32 Bit
I/XXXXXX (10458): choosing minFree values for 32 Bit
I/XXXXXX (10458): choosing minFree values for 32 Bit
I/ActivityManager(10458): Config changes=1df8 {1.0 ?mcc?mnc en_US ?layoutDir sw360dp w360dp h640dp 480dpi nrml long port ?uimode ?night -touch -keyb/v/h -nav/h s.2}
E/SurfaceFlinger( 5244): Permission Denial: can't access SurfaceFlinger pid=10458, uid=1000
E/SurfaceFlinger( 5244): Permission Denial: can't access SurfaceFlinger pid=10458, uid=1000
I/InputReader(10458): Reconfiguring input devices. changes=0x00000004
E/SurfaceFlinger( 5244): Permission Denial: can't access SurfaceFlinger pid=10458, uid=1000
E/SurfaceFlinger( 5244): Permission Denial: can't access SurfaceFlinger pid=10458, uid=1000
I/ActivityManager(10458): Config changes=500 {1.0 ?mcc?mnc en_US ?layoutDir sw360dp w360dp h567dp 480dpi nrml port ?uimode ?night -touch -keyb/v/h -nav/h s.3}
E/SurfaceFlinger( 5244): Permission Denial: can't access SurfaceFlinger pid=10458, uid=1000
E/SurfaceFlinger( 5244): Permission Denial: can't access SurfaceFlinger pid=10458, uid=1000
I/SystemServer(10458): Mount Service
D/MountService(10458): got storage path: /storage/sdcard0 description: Internal storage primary: true removable: false emulated: true mtpReserve: 100 allowMassStorage: false maxFileSize: 0 allowMtp: true
D/MountService(10458): addVolumeLocked() StorageVolume:
D/MountService(10458): mStorageId=65537 mPath=/storage/emulated/0 mDescriptionId=17040829
D/MountService(10458): mPrimary=true mRemovable=false mEmulated=true mMtpReserveSpace=100
D/MountService(10458): mAllowMassStorage=false mMaxFileSize=0 mOwner=UserHandle{0} mUuid=null
D/MountService(10458): mUserLabel=null mState=null mAllowMtp=true
D/MountService(10458): got storage path: /storage/sdcard1 description: SD card primary: false removable: true emulated: false mtpReserve: 0 allowMassStorage: true maxFileSize: 0 allowMtp: true
D/MountService(10458): addVolumeLocked() StorageVolume:
D/MountService(10458): mStorageId=0 mPath=/storage/sdcard1 mDescriptionId=17040830 mPrimary=false
D/MountService(10458): mRemovable=true mEmulated=false mMtpReserveSpace=0 mAllowMassStorage=true
D/MountService(10458): mMaxFileSize=0 mOwner=null mUuid=null mUserLabel=null mState=null
D/MountService(10458): mAllowMtp=true
D/MountService(10458): got storage path: /storage/usbotg description: USB storage primary: false removable: true emulated: false mtpReserve: 0 allowMassStorage: false maxFileSize: 0 allowMtp: true
D/MountService(10458): addVolumeLocked() StorageVolume:
D/MountService(10458): mStorageId=0 mPath=/storage/usbotg mDescriptionId=17040831 mPrimary=false
D/MountService(10458): mRemovable=true mEmulated=false mMtpReserveSpace=0 mAllowMassStorage=false
D/MountService(10458): mMaxFileSize=0 mOwner=null mUuid=null mUserLabel=null mState=null
D/MountService(10458): mAllowMtp=true
I/SystemServer(10458): LockSettingsService
F/WindowAnimator(10458): Unhandled exception in Window Manager
F/WindowAnimator(10458): java.lang.NullPointerException: Attempt to invoke virtual method 'void android.view.SurfaceControl.setLayer(int)' on a null object reference
F/WindowAnimator(10458): at com.android.server.wm.FocusedStackFrame.setLayer(FocusedStackFrame.java:140)
F/WindowAnimator(10458): at com.android.server.wm.WindowManagerService.setFocusedStackLayer(WindowManagerService.java:3985)
F/WindowAnimator(10458): at com.android.server.wm.WindowAnimator.animateLocked(WindowAnimator.java:708)
F/WindowAnimator(10458): at com.android.server.wm.WindowAnimator.access$000(WindowAnimator.java:54)
F/WindowAnimator(10458): at com.android.server.wm.WindowAnimator$1.run(WindowAnimator.java:126)
F/WindowAnimator(10458): at android.view.Choreographer$CallbackRecord.run(Choreographer.java:767)
F/WindowAnimator(10458): at android.view.Choreographer.doCallbacks(Choreographer.java:580)
F/WindowAnimator(10458): at android.view.Choreographer.doFrame(Choreographer.java:549)
F/WindowAnimator(10458): at android.view.Choreographer$FrameDisplayEventReceiver.run(Choreographer.java:753)
F/WindowAnimator(10458): at android.os.Handler.handleCallback(Handler.java:739)
F/WindowAnimator(10458): at android.os.Handler.dispatchMessage(Handler.java:95)
F/WindowAnimator(10458): at android.os.Looper.loop(Looper.java:135)
F/WindowAnimator(10458): at android.os.HandlerThread.run(HandlerThread.java:61)
F/WindowAnimator(10458): at com.android.server.ServiceThread.run(ServiceThread.java:46)
E/SurfaceFlinger( 5244): Permission Denial: can't access SurfaceFlinger pid=10458, uid=1000
I/SystemServiceManager(10458): Starting com.android.server.devicepolicy.DevicePolicyManagerService$Lifecycle
I/SystemServer(10458): Status Bar
I/PackageManager(10458): No secure containers found
W/PackageManager(10458): Unknown permission com.google.android.googleapps.permission.GOOGLE_AUTH in package com.android.providers.calendar
W/PackageManager(10458): Unknown permission com.google.android.googleapps.permission.GOOGLE_AUTH.cl in package com.android.providers.calendar
W/PackageManager(10458): Unknown permission com.qualcomm.permission.USE_QCRIL_MSG_TUNNEL in package com.qualcomm.shutdownlistner
W/PackageManager(10458): Unknown permission android.permission.PREVENT_POWER_KEY in package com.fairphone.checkup
W/PackageManager(10458): Not granting permission android.permission.GLOBAL_SEARCH to package com.android.quicksearchbox (protectionLevel=18 flags=0x48be45)
W/PackageManager(10458): Not granting permission android.permission.ACCESS_DOWNLOAD_MANAGER to package com.android.browser (protectionLevel=18 flags=0x9be45)
W/PackageManager(10458): Not granting permission android.permission.SEND_DOWNLOAD_COMPLETED_INTENTS to package com.android.browser (protectionLevel=2 flags=0x9be45)
W/PackageManager(10458): Unknown permission android.permission.MMS_PUSH in package org.codeaurora.bluetooth
W/PackageManager(10458): Not granting permission android.permission.BIND_WALLPAPER to package com.android.camera2 (protectionLevel=18 flags=0x58bc45)
W/PackageManager(10458): Unknown permission android.permission.INSTALL_DRM in package com.android.mms
W/PackageManager(10458): Unknown permission com.google.android.googleapps.permission.GOOGLE_AUTH.mail in package com.android.calendar
W/PackageManager(10458): Unknown permission com.android.launcher.permission.READ_SETTINGS in package com.android.onetimeinitializer
W/PackageManager(10458): Unknown permission com.android.launcher.permission.WRITE_SETTINGS in package com.android.onetimeinitializer
W/PackageManager(10458): Not granting permission android.permission.DELETE_PACKAGES to package com.svox.pico (protectionLevel=18 flags=0x8be45)
W/PackageManager(10458): Unknown permission android.permission.ACCESS_THEME_MANAGER in package com.fairphone.setupwizard
W/PackageManager(10458): Unknown permission com.google.android.gallery3d.permission.PICASA_STORE in package com.android.dreams.phototable
W/PackageManager(10458): Unknown permission android.permission.ACCESS_SUPERUSER in package com.amaze.filemanager
W/PackageManager(10458): Unknown permission com.android.launcher.permission.READ_SETTINGS in package com.fairphone.fplauncher3
W/PackageManager(10458): Unknown permission com.android.launcher.permission.WRITE_SETTINGS in package com.fairphone.fplauncher3
W/PackageManager(10458): Unknown permission android.permission.ACCESS_SUPERUSER in package com.fairphone.updater
W/PackageManager(10458): Not granting permission android.permission.DEVICE_POWER to package com.android.deskclock (protectionLevel=2 flags=0x48be45)
W/PackageManager(10458): Unknown permission com.google.android.gallery3d.permission.GALLERY_PROVIDER in package com.android.bluetooth
I/SystemServer(10458): Clipboard Service
D/EntSec (10458): [QSB ] [QSB_CLIENT ] QualcommSecurityBridge: ClipboardManager
I/EntSec (10458): [QSB ] [PORT_SWITCH] QSB Client Thread created
I/SystemServer(10458): Text Service Manager Service
I/EntSec (10458): [QSB ] [PORT_SWITCH] QSB Port Switching Thread start running...
D/EntSec (10458): [QSB ] [PORT_SWITCH] Creating NQS Communicator instance
D/EntSec (10458): [QSB ] [NQS_CONECTOR] Trying to open a local socket
E/EntSec (10458): [QSB ] [NQS_CONECTOR] Failed to create and connect a local socket. [Error Description: No such file or directory ]
E/EntSec (10458): [QSB ] [NQS_CONECTOR] Failed to connect to the NQS [Error Description: No such file or directory ]
D/EntSec (10458): [QSB ] [PORT_SWITCH] NQS Communicator is disconnected
E/EntSec (10458): [QSB ] [PORT_SWITCH] No connection with the NQS; QSB initializes with the default port
I/EntSec (10458): [QSB ] [QSB_CLIENT ] Revert Loading port completed successfully
E/EntSec (10458): [QSB ] [PORT_SWITCH] QSB Port Switching Thread stop running.
I/SystemServer(10458): Network Score Service
I/SystemServer(10458): NetworkStats Service
I/SystemServer(10458): NetworkPolicy Service
I/SystemServiceManager(10458): Starting com.android.server.wifi.p2p.WifiP2pService
I/WifiP2pService(10458): Registering wifip2p
I/SystemServiceManager(10458): Starting com.android.server.wifi.WifiService
E/WifiConfigStore(10458): associatedPartialScanPeriodMilli set to 20000
E/WifiStateMachine(10458): completeConstruction: E
E/WifiStateMachine(10458): completeConstruction: maxDepth=3
E/WifiStateMachine(10458): setupInitialStateStack: E mInitialState=InitialState
E/WifiStateMachine(10458): moveTempStackToStateStack: i=1,j=0
E/WifiStateMachine(10458): moveTempStackToStateStack: i=0,j=1
E/WifiStateMachine(10458): moveTempStackToStateStack: X mStateStackTop=1,startingIndex=0,Top=InitialState
E/WifiStateMachine(10458): completeConstruction: X
E/WifiStateMachine(10458): handleMessage: E msg.what=-2
E/WifiStateMachine(10458): invokeEnterMethods: DefaultState
E/WifiStateMachine(10458): invokeEnterMethods: InitialState
E/WifiStateMachine(10458): transitionTo: destState=ConnectedState
E/WifiStateMachine(10458): handleMessage: new destination call exit/enter
E/WifiStateMachine(10458): setupTempStateStackWithStatesToEnter: X mTempStateStackCount=1,curStateInfo: state=InitialState,active=true,parent=DefaultState
E/WifiStateMachine(10458): moveTempStackToStateStack: i=0,j=2
E/WifiStateMachine(10458): moveTempStackToStateStack: X mStateStackTop=2,startingIndex=2,Top=ConnectedState
E/WifiStateMachine(10458): invokeEnterMethods: ConnectedState
E/WifiStateMachine(10458): ConnectedState Enter mScreenOn=false scanperiod=20000
E/WifiStateMachine(10458): handleMessage: X
E/WifiStateMachine(10458): handleMessage: E msg.what=131154
E/WifiStateMachine(10458): processMsg: ConnectedState
E/WifiStateMachine(10458): handleMessage: X
I/WifiService(10458): Registering wifi
I/SystemServiceManager(10458): Starting com.android.server.wifi.WifiScanningService
I/WifiScanningService(10458): Creating wifiscanner
I/WifiScanningService(10458): Starting wifiscanner
I/SystemServiceManager(10458): Starting com.android.server.wifi.RttService
I/RttService(10458): Creating rttmanager
I/RttService(10458): Starting rttmanager
I/SystemServer(10458): Connectivity Service
D/ConnectivityService(10458): ConnectivityService starting up
D/ConnectivityService(10458): wifiOnly=true
D/ConnectivityService(10458): networkAttributes - ignoring mobile as this dev is wifiOnly 0
D/ConnectivityService(10458): networkAttributes - ignoring mobile as this dev is wifiOnly 2
D/ConnectivityService(10458): networkAttributes - ignoring mobile as this dev is wifiOnly 3
D/ConnectivityService(10458): networkAttributes - ignoring mobile as this dev is wifiOnly 4
D/ConnectivityService(10458): networkAttributes - ignoring mobile as this dev is wifiOnly 5
D/ConnectivityService(10458): networkAttributes - ignoring mobile as this dev is wifiOnly 10
D/ConnectivityService(10458): networkAttributes - ignoring mobile as this dev is wifiOnly 11
D/ConnectivityService(10458): networkAttributes - ignoring mobile as this dev is wifiOnly 12
E/ConnectivityService(10458): Ignoring protectedNetwork 10
E/ConnectivityService(10458): Ignoring protectedNetwork 11
E/ConnectivityService(10458): Ignoring protectedNetwork 12
E/ConnectivityService(10458): Ignoring protectedNetwork 14
E/ConnectivityService(10458): Ignoring protectedNetwork 15
I/SystemServer(10458): Network Service Discovery Service
D/NsdService(10458): Network service discovery enabled true
I/SystemServer(10458): DPM Service
I/SystemServer(10458): DPM configuration set to 0
I/SystemServer(10458): UpdateLock Service
I/SystemServiceManager(10458): Starting com.android.server.notification.NotificationManagerService
D/ZenLog (10458): set_zen_mode: off,setting
I/SystemServiceManager(10458): Starting com.android.server.storage.DeviceStorageMonitorService
I/SystemServer(10458): Location Manager
I/SystemServer(10458): Country Detector
I/SystemServer(10458): Search Service
I/SystemServer(10458): DropBox Service
I/SystemServer(10458): Wallpaper Service
I/SystemServer(10458): Audio Service
I/ServiceManager(10458): Waiting for service media.audio_policy...
W/TelecomManager(10458): Telecom Service not found.
E/AudioPolicyManager(10406): unknown stream type 13
I/AudioFlinger(10406): AudioFlinger's thread 0xb5a2e000 ready to run
E/AudioPolicyManager(10406): unknown stream type 13
E/AudioPolicyManager(10406): unknown stream type 13
D/audio_hw_primary(10406): out_standby: enter: stream (0xb5880b00) usecase(1: low-latency-playback)
E/AudioPolicyManager(10406): unknown stream type 13
D/audio_hw_primary(10406): out_set_parameters: enter: usecase(1: low-latency-playback) kvpairs: routing=2
E/AudioPolicyManager(10406): unknown stream type 13
D/audio_hw_primary(10406): adev_open_input_stream: enter: sample_rate(48000) channel_mask(0xc) devices(0x80000004) stream_handle(0xb586da20)
I/AudioFlinger(10406): AudioFlinger's thread 0xb5ac7000 ready to run
D/audio_hw_primary(10406): adev_close_input_stream: enter:stream_handle(0xb586da20)
D/audio_hw_primary(10406): in_standby: enter: stream (0xb586da20) usecase(7: audio-record)
I/audio_a2dp_hw(10406): adev_open: adev_open in A2dp_hw module
I/AudioFlinger(10406): loadHwModule() Loaded a2dp audio interface from A2DP Audio HW HAL (audio) handle 7
