I/AudioFlinger(10406): loadHwModule() Loaded usb audio interface from USB audio HW HAL (audio) handle 8
I/r_submix(10406): adev_open(name=audio_hw_if)
I/r_submix(10406): adev_init_check()
I/AudioFlinger(10406): loadHwModule() Loaded r_submix audio interface from Wifi Display audio HAL (audio) handle 9
D/r_submix(10406): adev_open_input_stream(addr=0)
D/r_submix(10406): submix_audio_device_create_pipe_l(addr=0, idx=9)
D/r_submix(10406): now using address 0 for route 9
I/AudioFlinger(10406): AudioFlinger's thread 0xb5b11000 ready to run
D/r_submix(10406): adev_close_input_stream()
D/r_submix(10406): submix_audio_device_release_pipe_l(idx=9) addr=0
D/r_submix(10406): submix_audio_device_destroy_pipe_l(): pipe destroyed
E/AudioPolicyManager(10406): unknown stream type 13
E/AudioPolicyManager(10406): unknown stream type 13
E/SoundTriggerHwService(10406): couldn't load sound trigger module sound_trigger.primary (No such file or directory)
D/audio_hw_primary(10406): adev_set_mic_mute state 0
E/NetlinkListener(10405): recvmsg failed (I/O error)
E/NetlinkListener( 687): recvmsg failed (I/O error)
E/AudioPolicyManager(10406): unknown stream type 13
E/AudioPolicyManager(10406): unknown stream type 13
E/AudioPolicyManager(10406): unknown stream type 13
E/AudioPolicyManager(10406): unknown stream type 13
E/AudioPolicyManager(10406): unknown stream type 13
E/AudioPolicyManager(10406): unknown stream type 13
E/AudioPolicyManager(10406): unknown stream type 13
E/AudioPolicyManager(10406): unknown stream type 13
E/AudioPolicyManager(10406): unknown stream type 13
E/AudioPolicyManager(10406): unknown stream type 13
E/AudioPolicyManager(10406): unknown stream type 13
E/AudioPolicyManager(10406): unknown stream type 13
E/AudioPolicyManager(10406): unknown stream type 13
E/AudioPolicyManager(10406): unknown stream type 13
E/AudioPolicyManager(10406): unknown stream type 13
E/AudioPolicyManager(10406): unknown stream type 13
E/AudioPolicyManager(10406): unknown stream type 13
E/AudioPolicyManager(10406): unknown stream type 13
E/AudioPolicyManager(10406): unknown stream type 13
E/AudioPolicyManager(10406): unknown stream type 13
E/AudioPolicyManager(10406): unknown stream type 13
E/AudioPolicyManager(10406): unknown stream type 13
E/AudioPolicyManager(10406): unknown stream type 13
E/AudioPolicyManager(10406): unknown stream type 13
E/AudioPolicyManager(10406): unknown stream type 13
E/AudioPolicyManager(10406): unknown stream type 13
E/AudioPolicyManager(10406): unknown stream type 13
E/AudioPolicyManager(10406): unknown stream type 13
E/AudioPolicyManager(10406): unknown stream type 13
E/AudioPolicyManager(10406): unknown stream type 13
E/AudioPolicyManager(10406): unknown stream type 13
E/AudioPolicyManager(10406): unknown stream type 13
E/AudioPolicyManager(10406): unknown stream type 13
E/AudioPolicyManager(10406): unknown stream type 13
E/AudioPolicyManager(10406): unknown stream type 13
E/AudioPolicyManager(10406): unknown stream type 13
E/AudioPolicyManager(10406): unknown stream type 13
E/AudioPolicyManager(10406): unknown stream type 13
E/AudioPolicyManager(10406): unknown stream type 13
E/AudioPolicyManager(10406): unknown stream type 13
E/AudioPolicyManager(10406): unknown stream type 13
E/AudioPolicyManager(10406): unknown stream type 13
E/AudioPolicyManager(10406): unknown stream type 13
E/AudioPolicyManager(10406): unknown stream type 13
E/AudioPolicyManager(10406): unknown stream type 13
E/AudioPolicyManager(10406): unknown stream type 13
E/AudioPolicyManager(10406): unknown stream type 13
E/AudioPolicyManager(10406): unknown stream type 13
E/AudioPolicyManager(10406): unknown stream type 13
E/AudioPolicyManager(10406): unknown stream type 13
E/AudioPolicyManager(10406): unknown stream type 13
E/AudioPolicyManager(10406): unknown stream type 13
E/AudioPolicyManager(10406): unknown stream type 13
E/AudioPolicyManager(10406): unknown stream type 13
E/AudioPolicyManager(10406): unknown stream type 13
E/AudioPolicyManager(10406): unknown stream type 13
E/AudioPolicyManager(10406): unknown stream type 13
E/AudioPolicyManager(10406): unknown stream type 13
E/AudioPolicyManager(10406): unknown stream type 13
E/AudioPolicyManager(10406): unknown stream type 13
E/AudioPolicyManager(10406): unknown stream type 13
E/AudioPolicyManager(10406): unknown stream type 13
E/AudioPolicyManager(10406): unknown stream type 13
E/AudioPolicyManager(10406): unknown stream type 13
E/AudioPolicyManager(10406): unknown stream type 13
E/AudioPolicyManager(10406): unknown stream type 13
E/AudioPolicyManager(10406): unknown stream type 13
E/AudioPolicyManager(10406): unknown stream type 13
E/AudioPolicyManager(10406): unknown stream type 13
E/AudioPolicyManager(10406): unknown stream type 13
E/AudioPolicyManager(10406): unknown stream type 13
E/AudioPolicyManager(10406): unknown stream type 13
D/audio_hw_primary(10406): out_set_parameters: enter: usecase(0: deep-buffer-playback) kvpairs: fm_volume=0.4253543019
D/audio_hw_extn(10406): audio_extn_set_anc_parameters: anc_enabled:0
D/audio_hw_fm(10406): audio_extn_fm_set_parameters: set_fm_volume usecase
D/audio_hw_fm(10406): fm_set_volume: (0.425354)
E/AudioPolicyManager(10406): unknown stream type 13
E/AudioPolicyManager(10406): unknown stream type 13
I/SystemServiceManager(10458): Starting com.android.server.DockObserver
W/DockObserver(10458): This kernel does not have dock station support
I/SystemServer(10458): Wired Accessory Manager
W/WiredAccessoryManager(10458): This kernel does not have usb audio support
W/WiredAccessoryManager(10458): This kernel does not have HDMI audio support
I/SystemServer(10458): Serial Service
I/SystemServiceManager(10458): Starting com.android.server.twilight.TwilightService
I/SystemServiceManager(10458): Starting com.android.server.UiModeManagerService
I/SystemServiceManager(10458): Starting com.android.server.job.JobSchedulerService
D/WifiService(10458): New client listening to asynchronous messages
E/WifiStateMachine(10458): handleMessage: E msg.what=131223
E/WifiStateMachine(10458): processMsg: ConnectedState
E/dbus_Helpers(10458): unhandled: name: MaxRate type: u
E/dbus_Helpers(10458): unhandled: name: Frequency type: q
D/ConnectivityService(10458): registerNetworkAgent NetworkAgentInfo{ ni{[type: WIFI[], state: UNKNOWN/IDLE, reason: (unspecified), extra: (none), roaming: false, failover: false, isAvailable: true, isConnectedToProvisioningNetwork: false]} network{null} lp{{InterfaceName: wlan0 LinkAddresses: [192.168.1.59/24,] Routes: [0.0.0.0/0 -> 192.168.1.1 wlan0,] DnsAddresses: [195.197.54.100,192.168.1.1,] Domains: null MTU: 1500}} nc{[ Transports: WIFI Capabilities: INTERNET&NOT_RESTRICTED&TRUSTED&NOT_VPN LinkUpBandwidth>=1048576Kbps LinkDnBandwidth>=1048576Kbps]} Score{20} everValidated{false} lastValidated{false} created{false} explicitlySelected{false} }
D/ConnectivityService(10458): NetworkAgentInfo [WIFI () - 100] EVENT_NETWORK_INFO_CHANGED, going from null to UNKNOWN
E/WifiStateMachine(10458): setDetailed state, old =IDLE and new state=CONNECTED hidden=false
E/WifiStateMachine(10458): setWifiState: enabled
E/WifiStateMachine(10458): wifi info recent enough
I/SystemServiceManager(10458): Starting com.android.server.backup.BackupManagerService$Lifecycle
E/WifiStateMachine(10458): handleMessage: X
D/ConnectivityService(10458): NetworkAgentInfo [WIFI () - 100] EVENT_NETWORK_INFO_CHANGED, going from UNKNOWN to CONNECTED
D/ConnectivityService(10458): notifyType IP_CHANGED for NetworkAgentInfo [WIFI () - 100]
D/ConnectivityService(10458): notifyType PRECHECK for NetworkAgentInfo [WIFI () - 100]
D/ConnectivityService(10458): rematching NetworkAgentInfo [WIFI () - 100]
D/ConnectivityService(10458): accepting network in place of null
D/ConnectivityService(10458): Switching to new default network: NetworkAgentInfo{ ni{[type: WIFI[], state: CONNECTED/CONNECTED, reason: (unspecified), extra: "marsu", roaming: false, failover: false, isAvailable: true, isConnectedToProvisioningNetwork: false]} network{100} lp{{InterfaceName: wlan0 LinkAddresses: [192.168.1.59/24,] Routes: [0.0.0.0/0 -> 192.168.1.1 wlan0,] DnsAddresses: [195.197.54.100,192.168.1.1,] Domains: null MTU: 1500}} nc{[ Transports: WIFI Capabilities: INTERNET&NOT_RESTRICTED&TRUSTED&NOT_VPN LinkUpBandwidth>=1048576Kbps LinkDnBandwidth>=1048576Kbps]} Score{100} everValidated{false} lastValidated{false} created{true} explicitlySelected{true} }
D/ConnectivityService(10458): Invalid tcpBufferSizes string: null, using defaults
D/ConnectivityService(10458): Setting tx/rx TCP buffers to 4096,87380,110208,4096,16384,110208 D/NetworkMonitor/NetworkAgentInfo [WIFI () - 100](10458): DefaultState{ when=-4ms what=532481 target=com.android.internal.util.StateMachine$SmHandler } D/NetworkMonitor/NetworkAgentInfo [WIFI () - 100](10458): Connected D/NetworkMonitor/NetworkAgentInfo [WIFI () - 100](10458): EvaluatingState{ when=0 what=532486 arg1=1 target=com.android.internal.util.StateMachine$SmHandler } D/NetworkMonitor/NetworkAgentInfo [WIFI () - 100](10458): Validated
I/SystemServiceManager(10458): Starting com.android.server.appwidget.AppWidgetService
D/ConnectivityService(10458): notifyType AVAILABLE for NetworkAgentInfo [WIFI () - 100]
D/CSLegacyTypeTracker(10458): Sending connected broadcast for type 1 NetworkAgentInfo [WIFI () - 100] isDefaultNetwork=true
D/ConnectivityService(10458): sendStickyBroadcast: action=android.net.conn.CONNECTIVITY_CHANGE_IMMEDIATE
D/ConnectivityService(10458): sendStickyBroadcast: action=android.net.conn.CONNECTIVITY_CHANGE
D/ConnectivityService(10458): setProvNotificationVisibleIntent: E visible=false networkType=0 extraInfo=null
I/SystemServiceManager(10458): Starting com.android.server.voiceinteraction.VoiceInteractionManagerService
E/NetlinkListener( 687): recvmsg failed (I/O error)
E/NetlinkListener(10405): recvmsg failed (I/O error)
D/ConnectivityService(10458): Validated NetworkAgentInfo [WIFI () - 100]
D/ConnectivityService(10458): rematching NetworkAgentInfo [WIFI () - 100]
D/ConnectivityService(10458): Network NetworkAgentInfo [WIFI () - 100] was already satisfying request 1. No change.
D/ConnectivityService(10458): notifyType AVAILABLE for NetworkAgentInfo [WIFI () - 100]
D/ConnectivityService(10458): sendStickyBroadcast: action=android.net.conn.INET_CONDITION_ACTION
D/WifiNetworkAgent(10458): NetworkAgent: WifiNetworkAgent -> Wifi networkStatus valid, score= 0
E/WifiStateMachine(10458): handleMessage: E msg.what=131220
E/WifiStateMachine(10458): processMsg: ConnectedState
E/WifiStateMachine(10458): handleMessage: X
W/SoundTriggerHelper(10458): listModules status=0, # of modules=0
I/SystemServer(10458): DiskStats Service
I/SystemServer(10458): SamplingProfiler Service
I/SystemServer(10458): NetworkTimeUpdateService
I/SystemServer(10458): CommonTimeManagementService
I/SystemServer(10458): CertBlacklister
I/SystemServiceManager(10458): Starting com.android.server.dreams.DreamManagerService
I/SystemServer(10458): Assets Atlas Service
I/SystemServiceManager(10458): Starting com.android.server.print.PrintManagerService
D/AssetAtlas(10458): Loaded configuration: SliceMinArea (768x768) flags=0x2 count=2
I/SystemServiceManager(10458): Starting com.android.server.restrictions.RestrictionsManagerService
I/SystemServiceManager(10458): Starting com.android.server.media.MediaSessionService
I/SystemServer(10458): Media Router Service
I/SystemServiceManager(10458): Starting com.android.server.trust.TrustManagerService
I/SystemServiceManager(10458): Starting com.android.server.fingerprint.FingerprintService
V/Fingerprint-JNI(10458): nativeInit()
V/Fingerprint-JNI(10458): nativeOpenHal()
E/Fingerprint-JNI(10458): Can't open fingerprint HW Module, error: -2
I/SystemServer(10458): BackgroundDexOptService
I/SystemServiceManager(10458): Starting com.android.server.pm.LauncherAppsService
D/SystemServer(10458): Wipower not supported
I/SystemServer(10458): Digital Pen Service
D/DigitalPenService(10458): Loaded DigitalPenService library
I/Adreno-EGL(10458): : EGL 1.4 QUALCOMM build: ()
I/Adreno-EGL(10458): OpenGL ES Shader Compiler Version: E031.25.03.06
I/Adreno-EGL(10458): Build Date: 01/14/16 Thu I/Adreno-EGL(10458): Local Branch:
I/Adreno-EGL(10458): Remote Branch:
I/Adreno-EGL(10458): Local Patches:
I/Adreno-EGL(10458): Reconstruct Branch:
I/DigitalPenService(10458): startPostBootThread called
I/SystemServer(10458): Successfully loaded DigitalPenService class
I/SystemServiceManager(10458): Starting com.android.server.media.projection.MediaProjectionManagerService
I/SystemServer(10458): PrivacyImpactService
I/PrivacyImpactService(10458): Starting PrivacyImpactService
D/PrivacyImpactService(10458): Started PrivacyImpactService
I/WindowManager(10458): SAFE MODE not enabled
I/SystemServiceManager(10458): Starting com.android.server.MmsServiceBroker
E/GlobalSettingsPersister(10458): FileNotFoundException while opening xml
W/System.err(10458): java.io.FileNotFoundException: /data/usf/epos/cfg_mtp/service_settings_mtp.xml: open failed: ENOENT (No such file or directory)
W/System.err(10458): at libcore.io.IoBridge.open(IoBridge.java:456)
W/System.err(10458): at java.io.FileInputStream.(FileInputStream.java:76)
W/System.err(10458): at android.util.AtomicFile.openRead(AtomicFile.java:199)
W/System.err(10458): at com.qti.snapdragon.digitalpen.GlobalSettingsPersister.deserialize(GlobalSettingsPersister.java:69)
W/System.err(10458): at com.qti.snapdragon.digitalpen.DigitalPenService.setGlobalConfigFromPersister(DigitalPenService.java:1008)
W/System.err(10458): at com.qti.snapdragon.digitalpen.DigitalPenService.access$1600(DigitalPenService.java:68)
W/System.err(10458): at com.qti.snapdragon.digitalpen.DigitalPenService$PollingPostBootThread.run(DigitalPenService.java:902)
W/System.err(10458): Caused by: android.system.ErrnoException: open failed: ENOENT (No such file or directory)
W/System.err(10458): at libcore.io.Posix.open(Native Method)
W/System.err(10458): at libcore.io.BlockGuardOs.open(BlockGuardOs.java:186)
W/System.err(10458): at libcore.io.IoBridge.open(IoBridge.java:442)
W/System.err(10458): ... 6 more
E/GlobalSettingsPersister(10458): Error deserializing XML: /data/usf/epos/service_settings.xml getting default DigitalPenConfig
E/SQLiteLog(10458): (283) recovered 14 frames from WAL file /data/system/locksettings.db-wal
I/DigitalPenService(10458): isEnabled called
W/DigitalPenService(10458): Ignoring changeConfig when service not enabled
E/DigitalPenService(10458): Could not set off screen display dimensions since callback is null
E/LockSettingsStorage(10458): Cannot read file java.io.FileNotFoundException: /data/system/password.key: open failed: ENOENT (No such file or directory)
E/LockSettingsStorage(10458): Cannot read file java.io.FileNotFoundException: /data/system/gesture.key: open failed: ENOENT (No such file or directory)
I/SystemServiceManager(10458): Starting phase 480
I/SystemServiceManager(10458): Starting phase 500
I/WifiService(10458): WifiService starting up with Wi-Fi enabled
I/art (10458): Background partial concurrent mark sweep GC freed 21096(1868KB) AllocSpace objects, 2(32KB) LOS objects, 43% free, 5MB/9MB, paused 14.912ms total 121.042ms
D/WifiService(10458): setWifiEnabled: true pid=10458, uid=1000
E/WifiService(10458): Invoking mWifiStateMachine.setWifiEnabled
I/WifiScanningService(10458): Registering wifiscanner
D/WifiScanningService(10458): New client, channel: null messenger: null
I/RttService(10458): Registering rttmanager
D/WifiChangeStateMachine(10458): Entering IdleState
D/WifiScanningService(10458): DefaultState
I/ActivityManager(10458): Config changes=200 {1.0 ?mcc?mnc en_US ?layoutDir sw360dp w360dp h567dp 480dpi nrml port -touch -keyb/v/h -nav/h s.4}
E/SurfaceFlinger( 5244): Permission Denial: can't access SurfaceFlinger pid=10458, uid=1000
E/SurfaceFlinger( 5244): Permission Denial: can't access SurfaceFlinger pid=10458, uid=1000
D/AssetAtlas(10458): Rendered atlas in 163.62ms (0.20+163.42ms)
V/BackupManagerService(10458): No ancestral data
D/BackupManagerService(10458): Now staging backup of com.android.browser
F/WindowAnimator(10458): Unhandled exception in Window Manager
F/WindowAnimator(10458): java.lang.NullPointerException: Attempt to invoke virtual method 'void android.view.SurfaceControl.setLayer(int)' on a null object reference
F/WindowAnimator(10458): at com.android.server.wm.FocusedStackFrame.setLayer(FocusedStackFrame.java:140)
F/WindowAnimator(10458): at com.android.server.wm.WindowManagerService.setFocusedStackLayer(WindowManagerService.java:3985)
F/WindowAnimator(10458): at com.android.server.wm.WindowAnimator.animateLocked(WindowAnimator.java:708)
F/WindowAnimator(10458): at com.android.server.wm.WindowAnimator.access$000(WindowAnimator.java:54)
F/WindowAnimator(10458): at com.android.server.wm.WindowAnimator$1.run(WindowAnimator.java:126)
F/WindowAnimator(10458): at android.view.Choreographer$CallbackRecord.run(Choreographer.java:767)
F/WindowAnimator(10458): at android.view.Choreographer.doCallbacks(Choreographer.java:580)
F/WindowAnimator(10458): at android.view.Choreographer.doFrame(Choreographer.java:549)
F/WindowAnimator(10458): at android.view.Choreographer$FrameDisplayEventReceiver.run(Choreographer.java:753)
F/WindowAnimator(10458): at android.os.Handler.handleCallback(Handler.java:739)
F/WindowAnimator(10458): at android.os.Handler.dispatchMessage(Handler.java:95)
F/WindowAnimator(10458): at android.os.Looper.loop(Looper.java:135)
F/WindowAnimator(10458): at android.os.HandlerThread.run(HandlerThread.java:61)
F/WindowAnimator(10458): at com.android.server.ServiceThread.run(ServiceThread.java:46)
E/SurfaceFlinger( 5244): Permission Denial: can't access SurfaceFlinger pid=10458, uid=1000
D/BackupManagerService(10458): Now staging backup of android
D/BackupManagerService(10458): Now staging backup of com.android.mms
D/BackupManagerService(10458): Now staging backup of com.android.calendar
D/BackupManagerService(10458): Now staging backup of com.android.providers.settings
D/BackupManagerService(10458): Now staging backup of com.android.sharedstoragebackup
D/BackupManagerService(10458): Now staging backup of com.android.dialer
D/BackupManagerService(10458): Now staging backup of com.qti.backupagent
D/BackupManagerService(10458): Now staging backup of com.android.providers.userdictionary
V/BackupManagerService(10458): Starting with transport android/com.android.internal.backup.LocalTransport
V/BackupManagerService(10458): Found transports: 1
I/BackupManagerService(10458): Binding to transport host ComponentInfo{android/com.android.internal.backup.LocalTransportService}
I/BackupManagerService(10458): Found stale backup journal, scheduling
E/SurfaceFlinger( 5244): Permission Denial: can't access SurfaceFlinger pid=10458, uid=1000
E/SurfaceFlinger( 5244): Permission Denial: can't access SurfaceFlinger pid=10458, uid=1000
W/DisplayPowerController(10458): config_screenBrightnessDark (10) should be less than or equal to the first value of config_autoBrightnessLcdBacklightValues (3).
E/SurfaceFlinger( 5244): Permission Denial: can't access SurfaceFlinger pid=10458, uid=1000
I/ActivityManager(10458): System now ready
E/SurfaceFlinger( 5244): Permission Denial: can't access SurfaceFlinger pid=10458, uid=1000
I/DigitalPenService(10458): registerOffScreenDimensionsCallback called
E/SurfaceFlinger( 5244): Permission Denial: can't access SurfaceFlinger pid=10458, uid=1000
E/SurfaceFlinger( 5244): Permission Denial: can't access SurfaceFlinger pid=10458, uid=1000
I/SystemServer(10458): Making services ready
I/SystemServiceManager(10458): Starting phase 550
I/SystemServer(10458): WebViewFactory preparation
I/Zygote (10458): Process: zygote socket opened, supported ABIS: armeabi-v7a,armeabi
E/libprocessgroup(10594): failed to open /acct/uid_1037/pid_10594/cgroup.procs: No such file or directory
E/Zygote (10594): createProcessGroup(1037, 0) failed: No such file or directory
I/ActivityManager(10458): Start proc 10594:WebViewLoader-armeabi-v7a/1037 [android.webkit.WebViewFactory$RelroFileCreator] for
V/WebViewFactory(10594): RelroFileCreator (64bit = false), 32-bit lib: /system/app/webview/lib/arm/libwebviewchromium.so, 64-bit lib:
E/libprocessgroup(10612): failed to open /acct/uid_10018/pid_10612/cgroup.procs: No such file or directory
E/Zygote (10612): createProcessGroup(10018, 0) failed: No such file or directory
I/ActivityManager(10458): Start proc 10612:com.android.systemui/u0a18 for service com.android.systemui/.SystemUIService
I/DigitalPenOffScreenDisplayAdapter(10458): mInfo is null, getting a new one
I/DisplayManagerService(10458): Display device added: DisplayDeviceInfo{"Digital Pen off-screen display": uniqueId="null", 480 x 640, 60.0 fps, supportedRefreshRates [], density 160, 160.0 x 160.0 dpi, appVsyncOff 0, presDeadline 0, touch EXTERNAL, rotation 0, type BUILT_IN, state ON, FLAG_ROTATES_WITH_CONTENT}
W/NetworkStats(10458): bandwidth controls disabled, unable to track stats
W/NetworkPolicy(10458): bandwidth controls disabled, unable to enforce policy
F/WindowAnimator(10458): Unhandled exception in Window Manager
F/WindowAnimator(10458): java.lang.NullPointerException: Attempt to invoke virtual method 'void android.view.SurfaceControl.setLayer(int)' on a null object reference
F/WindowAnimator(10458): at com.android.server.wm.FocusedStackFrame.setLayer(FocusedStackFrame.java:140)
F/WindowAnimator(10458): at com.android.server.wm.WindowManagerService.setFocusedStackLayer(WindowManagerService.java:3985)
F/WindowAnimator(10458): at com.android.server.wm.WindowAnimator.animateLocked(WindowAnimator.java:708)
F/WindowAnimator(10458): at com.android.server.wm.WindowAnimator.access$000(WindowAnimator.java:54)
F/WindowAnimator(10458): at com.android.server.wm.WindowAnimator$1.run(WindowAnimator.java:126)
F/WindowAnimator(10458): at android.view.Choreographer$CallbackRecord.run(Choreographer.java:767)
F/WindowAnimator(10458): at android.view.Choreographer.doCallbacks(Choreographer.java:580)
F/WindowAnimator(10458): at android.view.Choreographer.doFrame(Choreographer.java:549)
F/WindowAnimator(10458): at android.view.Choreographer$FrameDisplayEventReceiver.run(Choreographer.java:753)
F/WindowAnimator(10458): at android.os.Handler.handleCallback(Handler.java:739)
F/WindowAnimator(10458): at android.os.Handler.dispatchMessage(Handler.java:95)
F/WindowAnimator(10458): at android.os.Looper.loop(Looper.java:135)
F/WindowAnimator(10458): at android.os.HandlerThread.run(HandlerThread.java:61)
F/WindowAnimator(10458): at com.android.server.ServiceThread.run(ServiceThread.java:46)
E/SurfaceFlinger( 5244): Permission Denial: can't access SurfaceFlinger pid=10458, uid=1000
E/MountService(10458): Boot-time mount failed (-1)
E/MountService(10458): Boot-time mount failed (-1)
W/MountService(10458): Duplicate state transition (mounted -> mounted) for /storage/emulated/0
W/SystemServer(10458): ***********************************************
F/SystemServer(10458): BOOT FAILURE making Connectivity Service ready
F/SystemServer(10458): java.lang.NullPointerException: Attempt to invoke interface method 'int android.security.IKeystoreService.exist(java.lang.String, int)' on a null object reference
F/SystemServer(10458): at android.security.KeyStore.contains(KeyStore.java:137)
F/SystemServer(10458): at android.security.KeyStore.contains(KeyStore.java:145)
F/SystemServer(10458): at com.android.server.net.LockdownVpnTracker.isEnabled(LockdownVpnTracker.java:88)
F/SystemServer(10458): at com.android.server.ConnectivityService.updateLockdownVpn(ConnectivityService.java:3129)
F/SystemServer(10458): at com.android.server.ConnectivityService.systemReady(ConnectivityService.java:1629)
F/SystemServer(10458): at com.android.server.SystemServer$2.run(SystemServer.java:1181)
F/SystemServer(10458): at com.android.server.am.ActivityManagerService.systemReady(ActivityManagerService.java:11334)
F/SystemServer(10458): at com.android.server.SystemServer.startOtherServices(SystemServer.java:1134)
F/SystemServer(10458): at com.android.server.SystemServer.run(SystemServer.java:265)
F/SystemServer(10458): at com.android.server.SystemServer.main(SystemServer.java:179)
F/SystemServer(10458): at java.lang.reflect.Method.invoke(Native Method)
F/SystemServer(10458): at java.lang.reflect.Method.invoke(Method.java:372)
F/SystemServer(10458): at com.android.internal.os.ZygoteInit$MethodAndArgsCaller.run(ZygoteInit.java:904)
F/SystemServer(10458): at com.android.internal.os.ZygoteInit.main(ZygoteInit.java:699)
F/WindowManager(10458): Unhandled exception in Window Manager
F/WindowManager(10458): java.lang.IllegalArgumentException: displayToken must not be null
F/WindowManager(10458): at android.view.SurfaceControl.setDisplayLayerStack(SurfaceControl.java:588)
F/WindowManager(10458): at com.android.server.display.DisplayDevice.setLayerStackInTransactionLocked(DisplayDevice.java:140)
F/WindowManager(10458): at com.android.server.display.LogicalDisplay.configureDisplayInTransactionLocked(LogicalDisplay.java:262)
F/WindowManager(10458): at com.android.server.display.DisplayManagerService.configureDisplayInTransactionLocked(DisplayManagerService.java:884)
F/WindowManager(10458): at com.android.server.display.DisplayManagerService.performTraversalInTransactionLocked(DisplayManagerService.java:806)
F/WindowManager(10458): at com.android.server.display.DisplayManagerService.performTraversalInTransactionFromWindowManagerInternal(DisplayManagerService.java:317)
F/WindowManager(10458): at com.android.server.display.DisplayManagerService.access$4200(DisplayManagerService.java:112)
F/WindowManager(10458): at com.android.server.display.DisplayManagerService$LocalService.performTraversalInTransactionFromWindowManager(DisplayManagerService.java:1539)
F/WindowManager(10458): at com.android.server.wm.WindowManagerService.performLayoutAndPlaceSurfacesLockedInner(WindowManagerService.java:9960)
F/WindowManager(10458): at com.android.server.wm.WindowManagerService.performLayoutAndPlaceSurfacesLockedLoop(WindowManagerService.java:8828)
F/WindowManager(10458): at com.android.server.wm.WindowManagerService.performLayoutAndPlaceSurfacesLocked(WindowManagerService.java:8770)
F/WindowManager(10458): at com.android.server.wm.WindowManagerService.access$400(WindowManagerService.java:163)
F/WindowManager(10458): at com.android.server.wm.WindowManagerService$H.handleMessage(WindowManagerService.java:7736)
F/WindowManager(10458): at android.os.Handler.dispatchMessage(Handler.java:102)
F/WindowManager(10458): at android.os.Looper.loop(Looper.java:135)
F/WindowManager(10458): at android.os.HandlerThread.run(HandlerThread.java:61)
F/WindowManager(10458): at com.android.server.ServiceThread.run(ServiceThread.java:46)
E/SurfaceFlinger( 5244): Permission Denial: can't access SurfaceFlinger pid=10458, uid=1000
I/SystemServiceManager(10458): Starting phase 600
E/SurfaceFlinger( 5244): Permission Denial: can't access SurfaceFlinger pid=10458, uid=1000
E/BluetoothAdapter(10458): Bluetooth binder is null
E/BluetoothAdapter(10458): Bluetooth binder is null
I/BackupManagerService(10458): Backup enabled => false
I/BackupManagerService(10458): Opting out of backup
F/WindowAnimator(10458): Unhandled exception in Window Manager
F/WindowAnimator(10458): java.lang.NullPointerException: Attempt to invoke virtual method 'void android.view.SurfaceControl.setLayer(int)' on a null object reference
F/WindowAnimator(10458): at com.android.server.wm.FocusedStackFrame.setLayer(FocusedStackFrame.java:140)
F/WindowAnimator(10458): at com.android.server.wm.WindowManagerService.setFocusedStackLayer(WindowManagerService.java:3985)
F/WindowAnimator(10458): at com.android.server.wm.WindowAnimator.animateLocked(WindowAnimator.java:708)
F/WindowAnimator(10458): at com.android.server.wm.WindowAnimator.access$000(WindowAnimator.java:54)
F/WindowAnimator(10458): at com.android.server.wm.WindowAnimator$1.run(WindowAnimator.java:126)
F/WindowAnimator(10458): at android.view.Choreographer$CallbackRecord.run(Choreographer.java:767)
F/WindowAnimator(10458): at android.view.Choreographer.doCallbacks(Choreographer.java:580)
F/WindowAnimator(10458): at android.view.Choreographer.doFrame(Choreographer.java:549)
F/WindowAnimator(10458): at android.view.Choreographer$FrameDisplayEventReceiver.run(Choreographer.java:753)
F/WindowAnimator(10458): at android.os.Handler.handleCallback(Handler.java:739)
F/WindowAnimator(10458): at android.os.Handler.dispatchMessage(Handler.java:95)
F/WindowAnimator(10458): at android.os.Looper.loop(Looper.java:135)
F/WindowAnimator(10458): at android.os.HandlerThread.run(HandlerThread.java:61)
F/WindowAnimator(10458): at com.android.server.ServiceThread.run(ServiceThread.java:46)
E/SurfaceFlinger( 5244): Permission Denial: can't access SurfaceFlinger pid=10458, uid=1000
E/InputMethodManagerService(10458): Ignoring setImeWindowStatus due to an invalid token. uid:1000 token:null
D/Utils ( 7779): printFileName fd(7) -> /system/media/audio/ui/Effect_Tick.ogg
E/libprocessgroup(10641): failed to open /acct/uid_10039/pid_10641/cgroup.procs: No such file or directory
E/Zygote (10641): createProcessGroup(10039, 0) failed: No such file or directory
I/ActivityManager(10458): Start proc 10641:com.android.inputmethod.latin/u0a39 for service com.android.inputmethod.latin/.LatinIME
V/InputMethodManagerService(10458): Adding window token: android.os.Binder@13dfdfe8
D/GpsLocationProvider(10458): Reset GPS properties, previous size = 0
D/GpsLocationProvider(10458): GpsParamsResource: SUPL_HOST=supl.google.com
D/GpsLocationProvider(10458): GpsParamsResource: SUPL_PORT=7275
D/GpsLocationProvider(10458): GpsParamsResource: NTP_SERVER=north-america.pool.ntp.org
D/GpsLocationProvider(10458): GpsParamsResource: SUPL_VER=0x20000
D/GpsLocationProvider(10458): GpsParamsResource: SUPL_MODE=1
D/GpsLocationProvider(10458): GPS properties reloaded, size = 16
E/GpsLocationProvider(10458): no AGPS interface in set_agps_server
E/GpsLocationProvider(10458): no GPS configuration interface in configuraiton_update
D/GpsLocationProvider(10458): final config = #Fri Dec 09 19:53:48 GMT+00:00 2016
D/GpsLocationProvider(10458): SUPL_HOST=supl.google.com
D/GpsLocationProvider(10458): SUPL_PORT=7275
D/GpsLocationProvider(10458): XTRA_VERSION_CHECK=0
D/GpsLocationProvider(10458): DEBUG_LEVEL=3
D/GpsLocationProvider(10458): SUPL_ES=1
D/GpsLocationProvider(10458): NMEA_PROVIDER=0
D/GpsLocationProvider(10458): CAPABILITIES=0x37
D/GpsLocationProvider(10458): SUPL_VER=0x10000
D/GpsLocationProvider(10458): ERR_ESTIMATE=0
D/GpsLocationProvider(10458): A_GLONASS_POS_PROTOCOL_SELECT=bitmap 3 set
D/GpsLocationProvider(10458): INTERMEDIATE_POS=0
D/GpsLocationProvider(10458): SGLTE_TARGET=0
D/GpsLocationProvider(10458): LPP_PROFILE=3
D/GpsLocationProvider(10458): USE_EMERGENCY_PDN_FOR_EMERGENCY_SUPL=1
D/GpsLocationProvider(10458): NTP_SERVER=time.gpsonextra.net
D/GpsLocationProvider(10458): SUPL_MODE=1
E/NetlinkListener( 687): recvmsg failed (I/O error)
E/NetlinkListener(10405): recvmsg failed (I/O error)
E/WifiStateMachine(10458): wifi info recent enough
E/NetlinkListener(10405): recvmsg failed (I/O error)
E/NetlinkListener( 687): recvmsg failed (I/O error)
W/ServiceWatcher(10458): com.google.android.gms not found
W/ServiceWatcher(10458): com.google.android.gms not found
W/LocationManagerService(10458): no network location provider found
W/ServiceWatcher(10458): com.qualcomm.location not found
E/LocationManagerService(10458): no fused location provider found
E/LocationManagerService(10458): java.lang.IllegalStateException: Location service needs a fused location provider
E/LocationManagerService(10458): at com.android.server.LocationManagerService.loadProvidersLocked(LocationManagerService.java:504)
E/LocationManagerService(10458): at com.android.server.LocationManagerService.systemRunning(LocationManagerService.java:295)
E/LocationManagerService(10458): at com.android.server.SystemServer$2.run(SystemServer.java:1208)
E/LocationManagerService(10458): at com.android.server.am.ActivityManagerService.systemReady(ActivityManagerService.java:11334)
E/LocationManagerService(10458): at com.android.server.SystemServer.startOtherServices(SystemServer.java:1134)
E/LocationManagerService(10458): at com.android.server.SystemServer.run(SystemServer.java:265)
E/LocationManagerService(10458): at com.android.server.SystemServer.main(SystemServer.java:179)
E/LocationManagerService(10458): at java.lang.reflect.Method.invoke(Native Method)
E/LocationManagerService(10458): at java.lang.reflect.Method.invoke(Method.java:372)
E/LocationManagerService(10458): at com.android.internal.os.ZygoteInit$MethodAndArgsCaller.run(ZygoteInit.java:904)
E/LocationManagerService(10458): at com.android.internal.os.ZygoteInit.main(ZygoteInit.java:699)
W/ServiceWatcher(10458): com.google.android.gms not found
E/LocationManagerService(10458): no geocoder provider found
E/FlpHardwareProvider(10458): Error hw_get_module 'flp': sfdroid disabled
E/LocationManagerService(10458): FLP HAL not supported
W/ServiceWatcher(10458): com.google.android.gms not found
E/LocationManagerService(10458): Unable to bind FLP Geofence proxy.
E/Sensors ( 1010): sns_acm_mr.c(432):Transport error -45
W/ServiceWatcher(10458): com.google.android.gms not found
E/ActivityRecognitionProxy(10458): ServiceWatcher could not start.
E/LocationManagerService(10458): Unable to bind ActivityRecognitionProxy.
E/WifiStateMachine(10458): wifi info recent enough
E/WifiStateMachine(10458): wifi info recent enough
I/CommonTimeManagementService(10458): No common time service detected on this platform. Common time services will be unavailable.
I/art (10594): System.exit called, status: 0
I/AndroidRuntime(10594): VM exiting with result code 0, cleanup skipped.
D/ExtendedUtils( 7779): extended extractor not needed, return default
D/AudioPolicyManager( 7779): isOffloadSupported: stream_type != MUSIC, returning false
D/OMXCodec( 7779): Successfully allocated OMX node 'OMX.google.vorbis.decoder'
I/ExtendedUtils( 7779): decision 1 mime 
I/AudioPlayer( 7779): start of Playback, useOffload 0
I/AudioPlayer( 7779): Pause Playback at 78666
I/AudioPlayer( 7779): reset: mPlaying=0 mReachedEOS=1 useOffload=0
D/Utils ( 7779): printFileName fd(7) -> /system/media/audio/ui/KeypressStandard.ogg
W/AlarmManager(10458): Not setting time since no alarm driver is available.
E/libprocessgroup(10681): failed to open /acct/uid_1001/pid_10681/cgroup.procs: No such file or directory
E/Zygote (10681): createProcessGroup(1001, 0) failed: No such file or directory
I/ActivityManager(10458): Start proc 10681:com.android.phone/1001 for content provider com.android.providers.telephony/.TelephonyProvider
D/ExtendedUtils( 7779): extended extractor not needed, return default
V/SystemUIService(10612): Starting SystemUI services.
I/MmsServiceBroker(10458): systemRunning
W/VoiceInteractionManagerService(10458): no available voice interaction services found for user 0
W/VoiceInteractionManagerService(10458): no available voice recognition services found for user 0
D/AudioPolicyManager( 7779): isOffloadSupported: stream_type != MUSIC, returning false
D/OMXCodec( 7779): Successfully allocated OMX node 'OMX.google.vorbis.decoder'
I/ExtendedUtils( 7779): decision 1 mime 
I/InputReader(10458): Reconfiguring input devices. changes=0x00000030
I/AudioPlayer( 7779): start of Playback, useOffload 0
I/AudioPlayer( 7779): Pause Playback at 105333
I/AudioPlayer( 7779): reset: mPlaying=0 mReachedEOS=1 useOffload=0
D/Utils ( 7779): printFileName fd(7) -> /system/media/audio/ui/KeypressSpacebar.ogg
E/libprocessgroup(10704): failed to open /acct/uid_1000/pid_10704/cgroup.procs: No such file or directory
E/Zygote (10704): createProcessGroup(1000, 0) failed: No such file or directory
I/ActivityManager(10458): Start proc 10704:com.android.server.telecom/1000 for added application com.android.server.telecom
D/ExtendedUtils( 7779): extended extractor not needed, return default
D/AudioPolicyManager( 7779): isOffloadSupported: stream_type != MUSIC, returning false
D/OMXCodec( 7779): Successfully allocated OMX node 'OMX.google.vorbis.decoder'
I/ExtendedUtils( 7779): decision 1 mime 
I/AudioPlayer( 7779): start of Playback, useOffload 0
I/AudioPlayer( 7779): Pause Playback at 89333
I/AudioPlayer( 7779): reset: mPlaying=0 mReachedEOS=1 useOffload=0
D/Utils ( 7779): printFileName fd(7) -> /system/media/audio/ui/KeypressDelete.ogg
D/ExtendedUtils( 7779): extended extractor not needed, return default
D/AudioPolicyManager( 7779): isOffloadSupported: stream_type != MUSIC, returning false
D/OMXCodec( 7779): Successfully allocated OMX node 'OMX.google.vorbis.decoder'
I/ExtendedUtils( 7779): decision 1 mime 
I/AudioPlayer( 7779): start of Playback, useOffload 0
I/AudioPlayer( 7779): Pause Playback at 105333
I/AudioPlayer( 7779): reset: mPlaying=0 mReachedEOS=1 useOffload=0
E/libprocessgroup(10730): failed to open /acct/uid_1001/pid_10730/cgroup.procs: No such file or directory
E/Zygote (10730): createProcessGroup(1001, 0) failed: No such file or directory
D/Utils ( 7779): printFileName fd(7) -> /system/media/audio/ui/KeypressReturn.ogg
I/ActivityManager(10458): Start proc 10730:com.android.phone/1001 for added application com.android.phone
I/ActivityManager(10458): START u0 {act=android.intent.action.MAIN cat=[android.intent.category.HOME] flg=0x10000000 cmp=com.fairphone.setupwizard/.ui.SetupWizardActivity} from uid 0 on display 0
V/WindowManager(10458): addAppToken: AppWindowToken{1f9b7354 token=Token{175e42a7 ActivityRecord{28863f66 u0 com.fairphone.setupwizard/.ui.SetupWizardActivity t1}}} to stack=0 task=1 at 0
D/ExtendedUtils( 7779): extended extractor not needed, return default
D/AudioPolicyManager( 7779): isOffloadSupported: stream_type != MUSIC, returning false
D/OMXCodec( 7779): Successfully allocated OMX node 'OMX.google.vorbis.decoder'
I/ExtendedUtils( 7779): decision 1 mime 
I/AudioPlayer( 7779): start of Playback, useOffload 0
I/AudioPlayer( 7779): Pause Playback at 100000
I/AudioPlayer( 7779): reset: mPlaying=0 mReachedEOS=1 useOffload=0
D/Utils ( 7779): printFileName fd(7) -> /system/media/audio/ui/KeypressInvalid.ogg
E/libprocessgroup(10754): failed to open /acct/uid_1000/pid_10754/cgroup.procs: No such file or directory
E/Zygote (10754): createProcessGroup(1000, 0) failed: No such file or directory
I/ActivityManager(10458): Start proc 10754:com.fairphone.setupwizard/1000 for activity com.fairphone.setupwizard/.ui.SetupWizardActivity
D/ExtendedUtils( 7779): extended extractor not needed, return default
D/AudioPolicyManager( 7779): isOffloadSupported: stream_type != MUSIC, returning false
I/SystemServer(10458): Enabled StrictMode for system server main thread.
W/art (10458): Long monitor contention event with owner method=void com.android.server.am.ActivityManagerService.systemReady(java.lang.Runnable) from ActivityManagerService.java:11342 waiters=2 for 126ms
V/ActivityManager(10458): Display changed displayId=0
W/ActivityManager(10458): No pending application record for pid 10681 (IApplicationThread android.app.ApplicationThreadProxy@3126ebf2); dropping process
E/WifiStateMachine(10458): wifi info recent enough
E/WifiStateMachine(10458): wifi info recent enough
D/Tethering(10458): MasterInitialState.processMessage what=3
E/WifiStateMachine(10458): wifi info recent enough
E/WifiStateMachine(10458): wifi info recent enough
E/WifiStateMachine(10458): wifi info recent enough
E/WifiStateMachine(10458): wifi info recent enough
D/WifiScanningService(10458): SCAN_AVAILABLE : 1
D/OMXCodec( 7779): Successfully allocated OMX node 'OMX.google.vorbis.decoder'
I/ExtendedUtils( 7779): decision 1 mime 
D/WifiScanningService(10458): DefaultState got{ when=-3ms what=160007 target=com.android.internal.util.StateMachine$SmHandler }
D/RttService(10458): SCAN_AVAILABLE : 1
D/RttService(10458): DefaultState got{ when=0 what=160513 target=com.android.internal.util.StateMachine$SmHandler }
I/AudioPlayer( 7779): start of Playback, useOffload 0
E/SurfaceFlinger( 5244): Permission Denial: can't access SurfaceFlinger pid=10458, uid=1000
E/SurfaceFlinger( 5244): Permission Denial: can't access SurfaceFlinger pid=10458, uid=1000
V/ActivityManager(10458): Display changed displayId=0
E/SurfaceFlinger( 5244): Permission Denial: can't access SurfaceFlinger pid=10458, uid=1000
E/SurfaceFlinger( 5244): Permission Denial: can't access SurfaceFlinger pid=10458, uid=1000
W/WindowStateAnimator(10458): OutOfResourcesException creating surface
I/WindowManager(10458): Out of memory for surface! Looking for leaks...
W/WindowManager(10458): No leaked surfaces; killing applicatons!
W/WindowManager(10458): Due to memory failure, waiting a bit for next layout
I/LatinIME(10641): Hardware accelerated drawing: true
I/AudioPlayer( 7779): Pause Playback at 169795
I/AudioPlayer( 7779): reset: mPlaying=0 mReachedEOS=1 useOffload=0
V/FingerprintService(10458): startListening(android.service.fingerprint.IFingerprintServiceReceiver$Stub$Proxy@331e09ee)
D/Utils ( 7779): printFileName fd(7) -> /system/media/audio/ui/Lock.ogg
E/WifiStateMachine(10458): wifi info recent enough
E/WifiStateMachine(10458): wifi info recent enough
D/ExtendedUtils( 7779): extended extractor not needed, return default
D/AudioPolicyManager( 7779): isOffloadSupported: stream_type != MUSIC, returning false
D/OMXCodec( 7779): Successfully allocated OMX node 'OMX.google.vorbis.decoder'
I/ExtendedUtils( 7779): decision 1 mime 
I/AudioPlayer( 7779): start of Playback, useOffload 0
I/AudioPlayer( 7779): Pause Playback at 213333
I/AudioPlayer( 7779): reset: mPlaying=0 mReachedEOS=1 useOffload=0
D/Utils ( 7779): printFileName fd(7) -> /system/media/audio/ui/Unlock.ogg
D/ExtendedUtils( 7779): extended extractor not needed, return default
D/AudioPolicyManager( 7779): isOffloadSupported: stream_type != MUSIC, returning false
D/OMXCodec( 7779): Successfully allocated OMX node 'OMX.google.vorbis.decoder'
I/ExtendedUtils( 7779): decision 1 mime 
I/AudioPlayer( 7779): start of Playback, useOffload 0
I/AudioPlayer( 7779): Pause Playback at 175600
I/AudioPlayer( 7779): reset: mPlaying=0 mReachedEOS=1 useOffload=0
D/Utils ( 7779): printFileName fd(7) -> /system/media/audio/ui/Trusted.ogg
D/ExtendedUtils( 7779): extended extractor not needed, return default
D/AudioPolicyManager( 7779): isOffloadSupported: stream_type != MUSIC, returning false
D/OMXCodec( 7779): Successfully allocated OMX node 'OMX.google.vorbis.decoder'
I/ExtendedUtils( 7779): decision 1 mime 
I/AudioPlayer( 7779): start of Playback, useOffload 0
I/AudioPlayer( 7779): Pause Playback at 60000
I/AudioPlayer( 7779): reset: mPlaying=0 mReachedEOS=1 useOffload=0
V/WLAN_PSA( 673): NL MSG, len[4025], NL type[0x1C] WNI type[0x5900] len[41231]
V/WLAN_PSA( 673): NL MSG, PID: 673
E/SurfaceFlinger( 5244): Permission Denial: can't access SurfaceFlinger pid=10458, uid=1000
E/SurfaceFlinger( 5244): Permission Denial: can't access SurfaceFlinger pid=10458, uid=1000
W/art (10458): Long monitor contention event with owner method=int com.android.server.wm.WindowManagerService.relayoutWindow(com.android.server.wm.Session, android.view.IWindow, int, android.view.WindowManager$LayoutParams, int, int, int, int, android.graphics.Rect, android.graphics.Rect, android.graphics.Rect, android.graphics.Rect, android.graphics.Rect, android.content.res.Configuration, android.view.Surface) from WindowManagerService.java:3013 waiters=1 for 207ms
F/WindowAnimator(10458): Unhandled exception in Window Manager
F/WindowAnimator(10458): java.lang.NullPointerException: Attempt to invoke virtual method 'void android.view.SurfaceControl.setLayer(int)' on a null object reference
F/WindowAnimator(10458): at com.android.server.wm.FocusedStackFrame.setLayer(FocusedStackFrame.java:140)
F/WindowAnimator(10458): at com.android.server.wm.WindowManagerService.setFocusedStackLayer(WindowManagerService.java:3985)
F/WindowAnimator(10458): at com.android.server.wm.WindowAnimator.animateLocked(WindowAnimator.java:708)
F/WindowAnimator(10458): at com.android.server.wm.WindowAnimator.access$000(WindowAnimator.java:54)
F/WindowAnimator(10458): at com.android.server.wm.WindowAnimator$1.run(WindowAnimator.java:126)
F/WindowAnimator(10458): at android.view.Choreographer$CallbackRecord.run(Choreographer.java:767)
F/WindowAnimator(10458): at android.view.Choreographer.doCallbacks(Choreographer.java:580)
F/WindowAnimator(10458): at android.view.Choreographer.doFrame(Choreographer.java:549)
F/WindowAnimator(10458): at android.view.Choreographer$FrameDisplayEventReceiver.run(Choreographer.java:753)
F/WindowAnimator(10458): at android.os.Handler.handleCallback(Handler.java:739)
F/WindowAnimator(10458): at android.os.Handler.dispatchMessage(Handler.java:95)
F/WindowAnimator(10458): at android.os.Looper.loop(Looper.java:135)
F/WindowAnimator(10458): at android.os.HandlerThread.run(HandlerThread.java:61)
F/WindowAnimator(10458): at com.android.server.ServiceThread.run(ServiceThread.java:46)
E/SurfaceFlinger( 5244): Permission Denial: can't access SurfaceFlinger pid=10458, uid=1000
E/SurfaceFlinger( 5244): Permission Denial: can't access SurfaceFlinger pid=10458, uid=1000
E/SurfaceFlinger( 5244): Permission Denial: can't access SurfaceFlinger pid=10458, uid=1000
W/InputMethodManagerService(10458): Focus gain on non-focused client android.view.inputmethod.InputMethodManager$1@201b854b (uid=1000 pid=10458)
F/WindowManager(10458): Unhandled exception in Window Manager
F/WindowManager(10458): java.lang.IllegalArgumentException: displayToken must not be null
F/WindowManager(10458): at android.view.SurfaceControl.setDisplayProjection(SurfaceControl.java:573)
F/WindowManager(10458): at com.android.server.display.DisplayDevice.setProjectionInTransactionLocked(DisplayDevice.java:173)
F/WindowManager(10458): at com.android.server.display.LogicalDisplay.configureDisplayInTransactionLocked(LogicalDisplay.java:316)
F/WindowManager(10458): at com.android.server.display.DisplayManagerService.configureDisplayInTransactionLocked(DisplayManagerService.java:884)
F/WindowManager(10458): at com.android.server.display.DisplayManagerService.performTraversalInTransactionLocked(DisplayManagerService.java:806)
F/WindowManager(10458): at com.android.server.display.DisplayManagerService.performTraversalInTransactionFromWindowManagerInternal(DisplayManagerService.java:317)
F/WindowManager(10458): at com.android.server.display.DisplayManagerService.access$4200(DisplayManagerService.java:112)
F/WindowManager(10458): at com.android.server.display.DisplayManagerService$LocalService.performTraversalInTransactionFromWindowManager(DisplayManagerService.java:1539)
F/WindowManager(10458): at com.android.server.wm.WindowManagerService.performLayoutAndPlaceSurfacesLockedInner(WindowManagerService.java:9960)
F/WindowManager(10458): at com.android.server.wm.WindowManagerService.performLayoutAndPlaceSurfacesLockedLoop(WindowManagerService.java:8828)
F/WindowManager(10458): at com.android.server.wm.WindowManagerService.performLayoutAndPlaceSurfacesLocked(WindowManagerService.java:8770)
F/WindowManager(10458): at com.android.server.wm.WindowManagerService.executeAppTransition(WindowManagerService.java:4152)
F/WindowManager(10458): at com.android.server.am.ActivityStackSupervisor.reportResumedActivityLocked(ActivityStackSupervisor.java:2915)
F/WindowManager(10458): at com.android.server.am.ActivityStack.completeResumeLocked(ActivityStack.java:1067)
F/WindowManager(10458): at com.android.server.am.ActivityStack.minimalResumeActivityLocked(ActivityStack.java:650)
F/WindowManager(10458): at com.android.server.am.ActivityStackSupervisor.realStartActivityLocked(ActivityStackSupervisor.java:1265)
F/WindowManager(10458): at com.android.server.am.ActivityStackSupervisor.attachApplicationLocked(ActivityStackSupervisor.java:581)
F/WindowManager(10458): at com.android.server.am.ActivityManagerService.attachApplicationLocked(ActivityManagerService.java:6043)
F/WindowManager(10458): at com.android.server.am.ActivityManagerService.attachApplication(ActivityManagerService.java:6105)
F/WindowManager(10458): at android.app.ActivityManagerNative.onTransact(ActivityManagerNative.java:482)
F/WindowManager(10458): at com.android.server.am.ActivityManagerService.onTransact(ActivityManagerService.java:2211)
F/WindowManager(10458): at android.os.Binder.execTransact(Binder.java:446)
E/SurfaceFlinger( 5244): Permission Denial: can't access SurfaceFlinger pid=10458, uid=1000
E/SurfaceFlinger( 5244): Permission Denial: can't access SurfaceFlinger pid=10458, uid=1000
E/SurfaceFlinger( 5244): Permission Denial: can't access SurfaceFlinger pid=10458, uid=1000
E/SurfaceFlinger( 5244): Permission Denial: can't access SurfaceFlinger pid=10458, uid=1000
E/SurfaceFlinger( 5244): Permission Denial: can't access SurfaceFlinger pid=10458, uid=1000
E/SurfaceFlinger( 5244): Permission Denial: can't access SurfaceFlinger pid=10458, uid=1000
D/Telecom (10458): TelecomService: onCreate
F/WindowAnimator(10458): Unhandled exception in Window Manager
F/WindowAnimator(10458): java.lang.NullPointerException: Attempt to invoke virtual method 'void android.view.SurfaceControl.setLayer(int)' on a null object reference
F/WindowAnimator(10458): at com.android.server.wm.FocusedStackFrame.setLayer(FocusedStackFrame.java:140)
F/WindowAnimator(10458): at com.android.server.wm.WindowManagerService.setFocusedStackLayer(WindowManagerService.java:3985)
F/WindowAnimator(10458): at com.android.server.wm.WindowAnimator.animateLocked(WindowAnimator.java:708)
F/WindowAnimator(10458): at com.android.server.wm.WindowAnimator.access$000(WindowAnimator.java:54)
F/WindowAnimator(10458): at com.android.server.wm.WindowAnimator$1.run(WindowAnimator.java:126)
F/WindowAnimator(10458): at android.view.Choreographer$CallbackRecord.run(Choreographer.java:767)
F/WindowAnimator(10458): at android.view.Choreographer.doCallbacks(Choreographer.java:580)
F/WindowAnimator(10458): at android.view.Choreographer.doFrame(Choreographer.java:549)
