D/MountService( 7665): addVolumeLocked() StorageVolume:
D/MountService( 7665): mStorageId=0 mPath=/storage/sdcard1 mDescriptionId=17040830 mPrimary=false
D/MountService( 7665): mRemovable=true mEmulated=false mMtpReserveSpace=0 mAllowMassStorage=true
D/MountService( 7665): mMaxFileSize=0 mOwner=null mUuid=null mUserLabel=null mState=null
D/MountService( 7665): mAllowMtp=true
D/MountService( 7665): got storage path: /storage/usbotg description: USB storage primary: false removable: true emulated: false mtpReserve: 0 allowMassStorage: false maxFileSize: 0 allowMtp: true
D/MountService( 7665): addVolumeLocked() StorageVolume:
D/MountService( 7665): mStorageId=0 mPath=/storage/usbotg mDescriptionId=17040831 mPrimary=false
D/MountService( 7665): mRemovable=true mEmulated=false mMtpReserveSpace=0 mAllowMassStorage=false
D/MountService( 7665): mMaxFileSize=0 mOwner=null mUuid=null mUserLabel=null mState=null
D/MountService( 7665): mAllowMtp=true
I/SystemServer( 7665): LockSettingsService
I/SystemServiceManager( 7665): Starting com.android.server.devicepolicy.DevicePolicyManagerService$Lifecycle
F/WindowAnimator( 7665): Unhandled exception in Window Manager
F/WindowAnimator( 7665): java.lang.NullPointerException: Attempt to invoke virtual method 'void android.view.SurfaceControl.setLayer(int)' on a null object reference
F/WindowAnimator( 7665): at com.android.server.wm.FocusedStackFrame.setLayer(FocusedStackFrame.java:140)
F/WindowAnimator( 7665): at com.android.server.wm.WindowManagerService.setFocusedStackLayer(WindowManagerService.java:3985)
F/WindowAnimator( 7665): at com.android.server.wm.WindowAnimator.animateLocked(WindowAnimator.java:708)
F/WindowAnimator( 7665): at com.android.server.wm.WindowAnimator.access$000(WindowAnimator.java:54)
F/WindowAnimator( 7665): at com.android.server.wm.WindowAnimator$1.run(WindowAnimator.java:126)
F/WindowAnimator( 7665): at android.view.Choreographer$CallbackRecord.run(Choreographer.java:767)
F/WindowAnimator( 7665): at android.view.Choreographer.doCallbacks(Choreographer.java:580)
F/WindowAnimator( 7665): at android.view.Choreographer.doFrame(Choreographer.java:549)
F/WindowAnimator( 7665): at android.view.Choreographer$FrameDisplayEventReceiver.run(Choreographer.java:753)
F/WindowAnimator( 7665): at android.os.Handler.handleCallback(Handler.java:739)
F/WindowAnimator( 7665): at android.os.Handler.dispatchMessage(Handler.java:95)
F/WindowAnimator( 7665): at android.os.Looper.loop(Looper.java:135)
F/WindowAnimator( 7665): at android.os.HandlerThread.run(HandlerThread.java:61)
F/WindowAnimator( 7665): at com.android.server.ServiceThread.run(ServiceThread.java:46)
E/SurfaceFlinger( 5244): Permission Denial: can't access SurfaceFlinger pid=7665, uid=1000
I/SystemServer( 7665): Status Bar
I/SystemServer( 7665): Clipboard Service
D/EntSec ( 7665): [QSB ] [QSB_CLIENT ] QualcommSecurityBridge: ClipboardManager
I/EntSec ( 7665): [QSB ] [PORT_SWITCH] QSB Client Thread created
I/SystemServer( 7665): Text Service Manager Service
I/PackageManager( 7665): No secure containers found
W/PackageManager( 7665): Unknown permission com.google.android.googleapps.permission.GOOGLE_AUTH in package com.android.providers.calendar
W/PackageManager( 7665): Unknown permission com.google.android.googleapps.permission.GOOGLE_AUTH.cl in package com.android.providers.calendar
W/PackageManager( 7665): Unknown permission com.qualcomm.permission.USE_QCRIL_MSG_TUNNEL in package com.qualcomm.shutdownlistner
W/PackageManager( 7665): Unknown permission android.permission.PREVENT_POWER_KEY in package com.fairphone.checkup
W/PackageManager( 7665): Not granting permission android.permission.GLOBAL_SEARCH to package com.android.quicksearchbox (protectionLevel=18 flags=0x48be45)
W/PackageManager( 7665): Not granting permission android.permission.ACCESS_DOWNLOAD_MANAGER to package com.android.browser (protectionLevel=18 flags=0x9be45)
W/PackageManager( 7665): Not granting permission android.permission.SEND_DOWNLOAD_COMPLETED_INTENTS to package com.android.browser (protectionLevel=2 flags=0x9be45)
W/PackageManager( 7665): Unknown permission android.permission.MMS_PUSH in package org.codeaurora.bluetooth
I/SystemServer( 7665): Network Score Service
W/PackageManager( 7665): Not granting permission android.permission.BIND_WALLPAPER to package com.android.camera2 (protectionLevel=18 flags=0x58bc45)
W/PackageManager( 7665): Unknown permission android.permission.INSTALL_DRM in package com.android.mms
W/PackageManager( 7665): Unknown permission com.google.android.googleapps.permission.GOOGLE_AUTH.mail in package com.android.calendar
W/PackageManager( 7665): Unknown permission com.android.launcher.permission.READ_SETTINGS in package com.android.onetimeinitializer
W/PackageManager( 7665): Unknown permission com.android.launcher.permission.WRITE_SETTINGS in package com.android.onetimeinitializer
W/PackageManager( 7665): Not granting permission android.permission.DELETE_PACKAGES to package com.svox.pico (protectionLevel=18 flags=0x8be45)
W/PackageManager( 7665): Unknown permission android.permission.ACCESS_THEME_MANAGER in package com.fairphone.setupwizard
I/SystemServer( 7665): NetworkStats Service
I/EntSec ( 7665): [QSB ] [PORT_SWITCH] QSB Port Switching Thread start running...
D/EntSec ( 7665): [QSB ] [PORT_SWITCH] Creating NQS Communicator instance
D/EntSec ( 7665): [QSB ] [NQS_CONECTOR] Trying to open a local socket
E/EntSec ( 7665): [QSB ] [NQS_CONECTOR] Failed to create and connect a local socket. [Error Description: No such file or directory ]
E/EntSec ( 7665): [QSB ] [NQS_CONECTOR] Failed to connect to the NQS [Error Description: No such file or directory ]
D/EntSec ( 7665): [QSB ] [PORT_SWITCH] NQS Communicator is disconnected
E/EntSec ( 7665): [QSB ] [PORT_SWITCH] No connection with the NQS; QSB initializes with the default port
I/EntSec ( 7665): [QSB ] [QSB_CLIENT ] Revert Loading port completed successfully
E/EntSec ( 7665): [QSB ] [PORT_SWITCH] QSB Port Switching Thread stop running.
W/PackageManager( 7665): Unknown permission com.google.android.gallery3d.permission.PICASA_STORE in package com.android.dreams.phototable
W/PackageManager( 7665): Unknown permission android.permission.ACCESS_SUPERUSER in package com.amaze.filemanager
W/PackageManager( 7665): Unknown permission com.android.launcher.permission.READ_SETTINGS in package com.fairphone.fplauncher3
W/PackageManager( 7665): Unknown permission com.android.launcher.permission.WRITE_SETTINGS in package com.fairphone.fplauncher3
W/PackageManager( 7665): Unknown permission android.permission.ACCESS_SUPERUSER in package com.fairphone.updater
W/PackageManager( 7665): Not granting permission android.permission.DEVICE_POWER to package com.android.deskclock (protectionLevel=2 flags=0x48be45)
W/PackageManager( 7665): Unknown permission com.google.android.gallery3d.permission.GALLERY_PROVIDER in package com.android.bluetooth
I/SystemServer( 7665): NetworkPolicy Service
I/SystemServiceManager( 7665): Starting com.android.server.wifi.p2p.WifiP2pService
V/WLAN_PSA( 673): NL MSG, len[4013], NL type[0x1C] WNI type[0x5900] len[38159]
V/WLAN_PSA( 673): NL MSG, PID: 673
I/WifiP2pService( 7665): Registering wifip2p
I/SystemServiceManager( 7665): Starting com.android.server.wifi.WifiService
E/WifiConfigStore( 7665): associatedPartialScanPeriodMilli set to 20000
E/WifiStateMachine( 7665): completeConstruction: E
E/WifiStateMachine( 7665): completeConstruction: maxDepth=3
E/WifiStateMachine( 7665): setupInitialStateStack: E mInitialState=InitialState
E/WifiStateMachine( 7665): moveTempStackToStateStack: i=1,j=0
E/WifiStateMachine( 7665): moveTempStackToStateStack: i=0,j=1
E/WifiStateMachine( 7665): moveTempStackToStateStack: X mStateStackTop=1,startingIndex=0,Top=InitialState
E/WifiStateMachine( 7665): completeConstruction: X
E/WifiStateMachine( 7665): handleMessage: E msg.what=-2
E/WifiStateMachine( 7665): invokeEnterMethods: DefaultState
E/WifiStateMachine( 7665): invokeEnterMethods: InitialState
E/WifiStateMachine( 7665): transitionTo: destState=ConnectedState
E/WifiStateMachine( 7665): handleMessage: new destination call exit/enter
E/WifiStateMachine( 7665): setupTempStateStackWithStatesToEnter: X mTempStateStackCount=1,curStateInfo: state=InitialState,active=true,parent=DefaultState
E/WifiStateMachine( 7665): moveTempStackToStateStack: i=0,j=2
E/WifiStateMachine( 7665): moveTempStackToStateStack: X mStateStackTop=2,startingIndex=2,Top=ConnectedState
E/WifiStateMachine( 7665): invokeEnterMethods: ConnectedState
E/WifiStateMachine( 7665): ConnectedState Enter mScreenOn=false scanperiod=20000
E/WifiStateMachine( 7665): handleMessage: X
E/WifiStateMachine( 7665): handleMessage: E msg.what=131154
E/WifiStateMachine( 7665): processMsg: ConnectedState
E/WifiStateMachine( 7665): handleMessage: X
I/WifiService( 7665): Registering wifi
I/SystemServiceManager( 7665): Starting com.android.server.wifi.WifiScanningService
I/WifiScanningService( 7665): Creating wifiscanner
I/WifiScanningService( 7665): Starting wifiscanner
I/SystemServiceManager( 7665): Starting com.android.server.wifi.RttService
I/RttService( 7665): Creating rttmanager
I/RttService( 7665): Starting rttmanager
I/SystemServer( 7665): Connectivity Service
D/ConnectivityService( 7665): ConnectivityService starting up
D/ConnectivityService( 7665): wifiOnly=true
D/ConnectivityService( 7665): networkAttributes - ignoring mobile as this dev is wifiOnly 0
D/ConnectivityService( 7665): networkAttributes - ignoring mobile as this dev is wifiOnly 2
D/ConnectivityService( 7665): networkAttributes - ignoring mobile as this dev is wifiOnly 3
D/ConnectivityService( 7665): networkAttributes - ignoring mobile as this dev is wifiOnly 4
D/ConnectivityService( 7665): networkAttributes - ignoring mobile as this dev is wifiOnly 5
D/ConnectivityService( 7665): networkAttributes - ignoring mobile as this dev is wifiOnly 10
D/ConnectivityService( 7665): networkAttributes - ignoring mobile as this dev is wifiOnly 11
D/ConnectivityService( 7665): networkAttributes - ignoring mobile as this dev is wifiOnly 12
E/ConnectivityService( 7665): Ignoring protectedNetwork 10
E/ConnectivityService( 7665): Ignoring protectedNetwork 11
E/ConnectivityService( 7665): Ignoring protectedNetwork 12
E/ConnectivityService( 7665): Ignoring protectedNetwork 14
E/ConnectivityService( 7665): Ignoring protectedNetwork 15
I/SystemServer( 7665): Network Service Discovery Service
D/NsdService( 7665): Network service discovery enabled true
I/SystemServer( 7665): DPM Service
I/SystemServer( 7665): DPM configuration set to 0
I/SystemServer( 7665): UpdateLock Service
I/SystemServiceManager( 7665): Starting com.android.server.notification.NotificationManagerService
D/ZenLog ( 7665): set_zen_mode: off,setting
I/SystemServiceManager( 7665): Starting com.android.server.storage.DeviceStorageMonitorService
I/SystemServer( 7665): Location Manager
I/SystemServer( 7665): Country Detector
I/SystemServer( 7665): Search Service
I/SystemServer( 7665): DropBox Service
I/SystemServer( 7665): Wallpaper Service
I/SystemServer( 7665): Audio Service
W/TelecomManager( 7665): Telecom Service not found.
E/AudioPolicyManager( 7229): unknown stream type 13
E/AudioPolicyManager( 7229): unknown stream type 13
E/AudioPolicyManager( 7229): unknown stream type 13
E/AudioPolicyManager( 7229): unknown stream type 13
E/AudioPolicyManager( 7229): unknown stream type 13
E/AudioPolicyManager( 7229): unknown stream type 13
F/libc ( 7229): Fatal signal 11 (SIGSEGV), code 1, fault addr 0xc4 in tid 7510 (Binder_4)
I/DEBUG ( 666): *** *** *** *** *** *** *** *** *** *** *** *** *** *** *** ***
I/DEBUG ( 666): Build fingerprint: 'Fairphone/FP2/FP2:5.1/FP2/fp2-sibon-16.11.0:userdebug/release-keys'
I/DEBUG ( 666): Revision: '0'
I/DEBUG ( 666): ABI: 'arm'
I/DEBUG ( 666): pid: 7229, tid: 7510, name: Binder_4 >>> /usr/libexec/droid-hybris/system/bin/minimediaservice <<<
I/DEBUG ( 666): signal 11 (SIGSEGV), code 1 (SEGV_MAPERR), fault addr 0xc4
I/DEBUG ( 666): r0 00000000 r1 00000002 r2 00000000 r3 00000008
I/DEBUG ( 666): r4 00000000 r5 00000000 r6 00000002 r7 00000000
I/DEBUG ( 666): r8 00000000 r9 00000000 sl 00000001 fp 00001c3d
I/DEBUG ( 666): ip b37fd7e0 sp b37fdc90 lr b68678eb pc b686784e cpsr 600f0030
I/DEBUG ( 666):
I/DEBUG ( 666): backtrace:
I/DEBUG ( 666): #00 pc 0000f84e /system/lib/libaudiopolicymanagerdefault.so (_ZNK7android18AudioPolicyManager21AudioOutputDescriptor14isStreamActiveE19audio_stream_type_tjx+9)
I/DEBUG ( 666): #01 pc 0000f8e7 /system/lib/libaudiopolicymanagerdefault.so (_ZNK7android18AudioPolicyManager21AudioOutputDescriptor16isStrategyActiveENS0_16routing_strategyEjx+62)
I/DEBUG ( 666): #02 pc 000139f1 /system/lib/libaudiopolicymanagerdefault.so (_ZN7android18AudioPolicyManager18getNewOutputDeviceEib+260)
I/DEBUG ( 666): #03 pc 00017651 /system/lib/libaudiopolicymanagerdefault.so (_ZN7android18AudioPolicyManager11setForceUseE24audio_policy_force_use_t25audio_policy_forced_cfg_t+296)
I/DEBUG ( 666): #04 pc 00008e49 /system/lib/libaudiopolicyservice.so
I/DEBUG ( 666): #05 pc 0006667d /system/lib/libmedia.so (_ZN7android20BnAudioPolicyService10onTransactEjRKNS_6ParcelEPS1_j+1464)
I/DEBUG ( 666): #06 pc 00017fad /system/lib/libbinder.so (_ZN7android7BBinder8transactEjRKNS_6ParcelEPS1_j+60)
I/DEBUG ( 666): #07 pc 0001cf89 /system/lib/libbinder.so (_ZN7android14IPCThreadState14executeCommandEi+564)
I/DEBUG ( 666): #08 pc 0001d0bb /system/lib/libbinder.so (_ZN7android14IPCThreadState20getAndExecuteCommandEv+38)
I/DEBUG ( 666): #09 pc 0001d0fd /system/lib/libbinder.so (_ZN7android14IPCThreadState14joinThreadPoolEb+48)
I/DEBUG ( 666): #10 pc 0002127f /system/lib/libbinder.so
I/DEBUG ( 666): #11 pc 0000ef5d /system/lib/libutils.so (_ZN7android6Thread11_threadLoopEPv+112)
I/DEBUG ( 666): #12 pc 0000eacd /system/lib/libutils.so
I/DEBUG ( 666): #13 pc 00013fc3 /system/lib/libc.so (_ZL15__pthread_startPv+30)
I/DEBUG ( 666): #14 pc 00011f0b /system/lib/libc.so (__start_thread+6)
E/AudioPolicyManager( 7638): unknown stream type 13
E/AudioPolicyManager( 7638): unknown stream type 13
E/AudioPolicyManager( 7638): unknown stream type 13
E/AudioPolicyManager( 7638): unknown stream type 13
I/AudioFlinger( 7638): AudioFlinger's thread 0xb5a30000 ready to run
D/audio_hw_primary( 7638): out_set_parameters: enter: usecase(1: low-latency-playback) kvpairs: routing=2
D/audio_hw_primary( 7638): out_standby: enter: stream (0xb5880b00) usecase(1: low-latency-playback)
E/AudioPolicyManager( 7638): unknown stream type 13
D/audio_hw_primary( 7638): adev_open_input_stream: enter: sample_rate(48000) channel_mask(0xc) devices(0x80000004) stream_handle(0xb586da20)
I/AudioFlinger( 7638): AudioFlinger's thread 0xb5ac9000 ready to run
D/audio_hw_primary( 7638): adev_close_input_stream: enter:stream_handle(0xb586da20)
D/audio_hw_primary( 7638): in_standby: enter: stream (0xb586da20) usecase(7: audio-record)
I/audio_a2dp_hw( 7638): adev_open: adev_open in A2dp_hw module
I/AudioFlinger( 7638): loadHwModule() Loaded a2dp audio interface from A2DP Audio HW HAL (audio) handle 7
I/AudioFlinger( 7638): loadHwModule() Loaded usb audio interface from USB audio HW HAL (audio) handle 8
I/r_submix( 7638): adev_open(name=audio_hw_if)
I/r_submix( 7638): adev_init_check()
I/AudioFlinger( 7638): loadHwModule() Loaded r_submix audio interface from Wifi Display audio HAL (audio) handle 9
D/r_submix( 7638): adev_open_input_stream(addr=0)
D/r_submix( 7638): submix_audio_device_create_pipe_l(addr=0, idx=9)
D/r_submix( 7638): now using address 0 for route 9
I/AudioFlinger( 7638): AudioFlinger's thread 0xb5b13000 ready to run
D/r_submix( 7638): adev_close_input_stream()
D/r_submix( 7638): submix_audio_device_release_pipe_l(idx=9) addr=0
D/r_submix( 7638): submix_audio_device_destroy_pipe_l(): pipe destroyed
E/AudioPolicyManager( 7638): unknown stream type 13
E/AudioPolicyManager( 7638): unknown stream type 13
E/ServiceManager( 5238): add_service('media.audio_policy',3d) uid=1013 - ALREADY REGISTERED, OVERRIDE
I/ServiceManager( 5238): service 'media.audio_policy' died
E/SoundTriggerHwService( 7638): couldn't load sound trigger module sound_trigger.primary (No such file or directory)
D/audio_hw_primary( 7638): adev_set_mic_mute state 0
I/DEBUG ( 666):
I/DEBUG ( 666): Tombstone written to: /data/tombstones/tombstone_02
I/ServiceManager( 5238): service 'media.player' died
I/ServiceManager( 5238): service 'media.camera' died
W/AudioSystem( 7665): AudioPolicyService server died!
E/AudioPolicyManager( 7638): unknown stream type 13
E/AudioPolicyManager( 7638): unknown stream type 13
E/AudioPolicyManager( 7638): unknown stream type 13
E/AudioPolicyManager( 7638): unknown stream type 13
E/AudioPolicyManager( 7638): unknown stream type 13
E/AudioPolicyManager( 7638): unknown stream type 13
E/AudioPolicyManager( 7638): unknown stream type 13
E/AudioPolicyManager( 7638): unknown stream type 13
E/AudioPolicyManager( 7638): unknown stream type 13
E/AudioPolicyManager( 7638): unknown stream type 13
E/AudioPolicyManager( 7638): unknown stream type 13
E/AudioPolicyManager( 7638): unknown stream type 13
E/AudioPolicyManager( 7638): unknown stream type 13
E/AudioPolicyManager( 7638): unknown stream type 13
E/AudioPolicyManager( 7638): unknown stream type 13
E/AudioPolicyManager( 7638): unknown stream type 13
E/AudioPolicyManager( 7638): unknown stream type 13
E/AudioPolicyManager( 7638): unknown stream type 13
E/AudioPolicyManager( 7638): unknown stream type 13
E/AudioPolicyManager( 7638): unknown stream type 13
E/AudioPolicyManager( 7638): unknown stream type 13
E/AudioPolicyManager( 7638): unknown stream type 13
E/AudioPolicyManager( 7638): unknown stream type 13
E/AudioPolicyManager( 7638): unknown stream type 13
E/AudioPolicyManager( 7638): unknown stream type 13
E/AudioPolicyManager( 7638): unknown stream type 13
E/AudioPolicyManager( 7638): unknown stream type 13
E/AudioPolicyManager( 7638): unknown stream type 13
E/AudioPolicyManager( 7638): unknown stream type 13
E/AudioPolicyManager( 7638): unknown stream type 13
E/AudioPolicyManager( 7638): unknown stream type 13
E/AudioPolicyManager( 7638): unknown stream type 13
E/AudioPolicyManager( 7638): unknown stream type 13
E/AudioPolicyManager( 7638): unknown stream type 13
E/AudioPolicyManager( 7638): unknown stream type 13
E/AudioPolicyManager( 7638): unknown stream type 13
D/audio_hw_primary( 7638): out_set_parameters: enter: usecase(0: deep-buffer-playback) kvpairs: fm_volume=0.4253543019
D/audio_hw_extn( 7638): audio_extn_set_anc_parameters: anc_enabled:0
D/audio_hw_fm( 7638): audio_extn_fm_set_parameters: set_fm_volume usecase
D/audio_hw_fm( 7638): fm_set_volume: (0.425354)
E/AudioPolicyManager( 7638): unknown stream type 13
E/AudioPolicyManager( 7638): unknown stream type 13
I/SystemServiceManager( 7665): Starting com.android.server.DockObserver
W/DockObserver( 7665): This kernel does not have dock station support
I/SystemServer( 7665): Wired Accessory Manager
W/WiredAccessoryManager( 7665): This kernel does not have usb audio support
W/WiredAccessoryManager( 7665): This kernel does not have HDMI audio support
I/SystemServer( 7665): Serial Service
I/SystemServiceManager( 7665): Starting com.android.server.twilight.TwilightService
I/SystemServiceManager( 7665): Starting com.android.server.UiModeManagerService
I/SystemServiceManager( 7665): Starting com.android.server.job.JobSchedulerService
D/WifiService( 7665): New client listening to asynchronous messages
E/WifiStateMachine( 7665): handleMessage: E msg.what=131223
E/WifiStateMachine( 7665): processMsg: ConnectedState
E/dbus_Helpers( 7665): unhandled: name: MaxRate type: u
E/dbus_Helpers( 7665): unhandled: name: Frequency type: q
D/ConnectivityService( 7665): registerNetworkAgent NetworkAgentInfo{ ni{[type: WIFI[], state: UNKNOWN/IDLE, reason: (unspecified), extra: (none), roaming: false, failover: false, isAvailable: true, isConnectedToProvisioningNetwork: false]} network{null} lp{{InterfaceName: wlan0 LinkAddresses: [192.168.1.59/24,] Routes: [0.0.0.0/0 -> 192.168.1.1 wlan0,] DnsAddresses: [195.197.54.100,192.168.1.1,] Domains: null MTU: 1500}} nc{[ Transports: WIFI Capabilities: INTERNET&NOT_RESTRICTED&TRUSTED&NOT_VPN LinkUpBandwidth>=1048576Kbps LinkDnBandwidth>=1048576Kbps]} Score{20} everValidated{false} lastValidated{false} created{false} explicitlySelected{false} }
D/ConnectivityService( 7665): NetworkAgentInfo [WIFI () - 100] EVENT_NETWORK_INFO_CHANGED, going from null to UNKNOWN
E/WifiStateMachine( 7665): setDetailed state, old =IDLE and new state=CONNECTED hidden=false
E/WifiStateMachine( 7665): setWifiState: enabled
E/WifiStateMachine( 7665): handleMessage: X
E/WifiStateMachine( 7665): wifi info recent enough
D/ConnectivityService( 7665): NetworkAgentInfo [WIFI () - 100] EVENT_NETWORK_INFO_CHANGED, going from UNKNOWN to CONNECTED
D/ConnectivityService( 7665): notifyType IP_CHANGED for NetworkAgentInfo [WIFI () - 100]
D/ConnectivityService( 7665): notifyType PRECHECK for NetworkAgentInfo [WIFI () - 100] D/NetworkMonitor/NetworkAgentInfo [WIFI () - 100]( 7665): DefaultState{ when=-2ms what=532481 target=com.android.internal.util.StateMachine$SmHandler } D/NetworkMonitor/NetworkAgentInfo [WIFI () - 100]( 7665): Connected D/NetworkMonitor/NetworkAgentInfo [WIFI () - 100]( 7665): EvaluatingState{ when=0 what=532486 arg1=1 target=com.android.internal.util.StateMachine$SmHandler } D/NetworkMonitor/NetworkAgentInfo [WIFI () - 100]( 7665): Validated
D/ConnectivityService( 7665): rematching NetworkAgentInfo [WIFI () - 100]
D/ConnectivityService( 7665): accepting network in place of null
I/SystemServiceManager( 7665): Starting com.android.server.backup.BackupManagerService$Lifecycle
D/ConnectivityService( 7665): Switching to new default network: NetworkAgentInfo{ ni{[type: WIFI[], state: CONNECTED/CONNECTED, reason: (unspecified), extra: "marsu", roaming: false, failover: false, isAvailable: true, isConnectedToProvisioningNetwork: false]} network{100} lp{{InterfaceName: wlan0 LinkAddresses: [192.168.1.59/24,] Routes: [0.0.0.0/0 -> 192.168.1.1 wlan0,] DnsAddresses: [195.197.54.100,192.168.1.1,] Domains: null MTU: 1500}} nc{[ Transports: WIFI Capabilities: INTERNET&NOT_RESTRICTED&TRUSTED&NOT_VPN LinkUpBandwidth>=1048576Kbps LinkDnBandwidth>=1048576Kbps]} Score{100} everValidated{false} lastValidated{false} created{true} explicitlySelected{true} }
D/ConnectivityService( 7665): Invalid tcpBufferSizes string: null, using defaults
D/ConnectivityService( 7665): Setting tx/rx TCP buffers to 4096,87380,110208,4096,16384,110208
I/SystemServiceManager( 7665): Starting com.android.server.appwidget.AppWidgetService
I/SystemServiceManager( 7665): Starting com.android.server.voiceinteraction.VoiceInteractionManagerService
D/ConnectivityService( 7665): notifyType AVAILABLE for NetworkAgentInfo [WIFI () - 100]
D/CSLegacyTypeTracker( 7665): Sending connected broadcast for type 1 NetworkAgentInfo [WIFI () - 100] isDefaultNetwork=true
D/ConnectivityService( 7665): sendStickyBroadcast: action=android.net.conn.CONNECTIVITY_CHANGE_IMMEDIATE
D/ConnectivityService( 7665): sendStickyBroadcast: action=android.net.conn.CONNECTIVITY_CHANGE
D/ConnectivityService( 7665): setProvNotificationVisibleIntent: E visible=false networkType=0 extraInfo=null
D/ConnectivityService( 7665): Validated NetworkAgentInfo [WIFI () - 100]
D/ConnectivityService( 7665): rematching NetworkAgentInfo [WIFI () - 100]
D/ConnectivityService( 7665): Network NetworkAgentInfo [WIFI () - 100] was already satisfying request 1. No change.
D/ConnectivityService( 7665): notifyType AVAILABLE for NetworkAgentInfo [WIFI () - 100]
D/ConnectivityService( 7665): sendStickyBroadcast: action=android.net.conn.INET_CONDITION_ACTION
D/WifiNetworkAgent( 7665): NetworkAgent: WifiNetworkAgent -> Wifi networkStatus valid, score= 0
E/WifiStateMachine( 7665): handleMessage: E msg.what=131220
E/WifiStateMachine( 7665): processMsg: ConnectedState
E/WifiStateMachine( 7665): handleMessage: X
W/SoundTriggerHelper( 7665): listModules status=0, # of modules=0
I/SystemServer( 7665): DiskStats Service
I/SystemServer( 7665): SamplingProfiler Service
E/NetlinkListener( 7637): recvmsg failed (I/O error)
E/NetlinkListener( 687): recvmsg failed (I/O error)
I/SystemServer( 7665): NetworkTimeUpdateService
I/SystemServer( 7665): CommonTimeManagementService
I/SystemServer( 7665): CertBlacklister
I/SystemServiceManager( 7665): Starting com.android.server.dreams.DreamManagerService
I/SystemServer( 7665): Assets Atlas Service
I/SystemServiceManager( 7665): Starting com.android.server.print.PrintManagerService
D/AssetAtlas( 7665): Loaded configuration: SliceMinArea (768x768) flags=0x2 count=2
I/SystemServiceManager( 7665): Starting com.android.server.restrictions.RestrictionsManagerService
I/SystemServiceManager( 7665): Starting com.android.server.media.MediaSessionService
I/SystemServer( 7665): Media Router Service
I/SystemServiceManager( 7665): Starting com.android.server.trust.TrustManagerService
I/SystemServiceManager( 7665): Starting com.android.server.fingerprint.FingerprintService
V/Fingerprint-JNI( 7665): nativeInit()
V/Fingerprint-JNI( 7665): nativeOpenHal()
E/Fingerprint-JNI( 7665): Can't open fingerprint HW Module, error: -2
I/SystemServer( 7665): BackgroundDexOptService
I/SystemServiceManager( 7665): Starting com.android.server.pm.LauncherAppsService
D/SystemServer( 7665): Wipower not supported
I/SystemServer( 7665): Digital Pen Service
I/Adreno-EGL( 7665): : EGL 1.4 QUALCOMM build: ()
I/Adreno-EGL( 7665): OpenGL ES Shader Compiler Version: E031.25.03.06
I/Adreno-EGL( 7665): Build Date: 01/14/16 Thu I/Adreno-EGL( 7665): Local Branch:
I/Adreno-EGL( 7665): Remote Branch:
I/Adreno-EGL( 7665): Local Patches:
I/Adreno-EGL( 7665): Reconstruct Branch:
D/DigitalPenService( 7665): Loaded DigitalPenService library
E/MediaPlayerFactory( 7779): calling dlopen on FACTORY_LIB
E/MediaPlayerFactory( 7779): calling dlsym on pFactoryLib for FACTORY_CREATE_FN
E/MediaPlayerFactory( 7779): registering DASH Player factory...
I/CameraService( 7779): CameraService started (pid=7779)
D/mm-camera-intf( 7779): get_num_of_cameras gMmCameraIntfLogLevel=1
E/mm-camera-intf( 7779): entity id 1
E/mm-camera-intf( 7779): entity name video0 type 65537 group id 2
E/mm-camera-intf( 7779): entity id 2
E/mm-camera-intf( 7779): entity name msm_cci type 131072 group id 0
E/mm-camera-intf( 7779): entity id 3
E/mm-camera-intf( 7779): entity name v4l-subdev0 type 131072 group id 0
E/mm-camera-intf( 7779): entity id 4
E/mm-camera-intf( 7779): entity name v4l-subdev1 type 131072 group id 0
E/mm-camera-intf( 7779): entity id 5
E/mm-camera-intf( 7779): entity name v4l-subdev2 type 131072 group id 0
E/mm-camera-intf( 7779): entity id 6
E/mm-camera-intf( 7779): entity name v4l-subdev3 type 131072 group id 1
E/mm-camera-intf( 7779): entity id 7
E/mm-camera-intf( 7779): entity name v4l-subdev4 type 131072 group id 1
E/mm-camera-intf( 7779): entity id 8
E/mm-camera-intf( 7779): entity name v4l-subdev5 type 131072 group id 1
E/mm-camera-intf( 7779): entity id 9
E/mm-camera-intf( 7779): entity name v4l-subdev6 type 131072 group id 1
E/mm-camera-intf( 7779): entity id 10
E/mm-camera-intf( 7779): entity name v4l-subdev7 type 131072 group id 7
E/mm-camera-intf( 7779): entity id 11
E/mm-camera-intf( 7779): entity name v4l-subdev8 type 131072 group id 7
E/mm-camera-intf( 7779): entity id 12
E/mm-camera-intf( 7779): entity name v4l-subdev9 type 131072 group id 11
E/mm-camera-intf( 7779): entity id 13
E/mm-camera-intf( 7779): entity name v4l-subdev10 type 131072 group id 8
E/mm-camera-intf( 7779): entity id 14
E/mm-camera-intf( 7779): entity name v4l-subdev11 type 131072 group id 14
E/mm-camera-intf( 7779): entity id 1
E/mm-camera-intf( 7779): entity name video1 type 65537 group id 2
E/mm-camera-intf( 7779): entity id 2
E/mm-camera-intf( 7779): Done enumerating media entities
E/mm-camera-intf( 7779): entity id 1
E/mm-camera-intf( 7779): entity name video2 type 65537 group id 2
E/mm-camera-intf( 7779): entity id 2
E/mm-camera-intf( 7779): Done enumerating media entities
D/mm-camera-intf( 7779): index = 0 flag = 1 mount_angle = 90 facing = 0
D/mm-camera-intf( 7779): index = 1 flag = 103 mount_angle = 270 facing = 1
I/CameraService( 7779): Loaded "QCamera Module" camera module
I/AudioPolicyService( 7779): AudioPolicyService CSTOR in new mode
I/AudioPolicyManager( 7779): loadAudioPolicyConfig() loaded /system/etc/audio_policy.conf
W/AudioFlinger( 7638): loadHwModule() module primary already loaded
D/audio_hw_primary( 7638): adev_open_output_stream: enter: sample_rate(48000) channel_mask(0x3) devices(0x2) flags(0x2) stream_handle(0xb4c43140)
E/audio_hw_primary( 7638): adev_open_output_stream: Primary output is already opened
D/audio_hw_primary( 7638): adev_open_output_stream: exit: ret -17
W/AudioPolicyManager( 7779): Cannot open output stream for device 00000002 on hw module primary
D/audio_hw_primary( 7638): adev_open_output_stream: enter: sample_rate(48000) channel_mask(0x3) devices(0x2) flags(0x4) stream_handle(0xb5880c40)
D/audio_hw_primary( 7638): adev_open_output_stream: Stream (0xb5880c40) picks up usecase (low-latency-playback)
I/AudioFlinger( 7638): HAL output buffer size 240 frames, normal sink buffer size 960 frames
E/AudioPolicyManager( 7779): unknown stream type 13
E/AudioPolicyManager( 7779): unknown stream type 13
E/AudioPolicyManager( 7779): unknown stream type 13
I/AudioFlinger( 7638): AudioFlinger's thread 0xb5b13000 ready to run
D/audio_hw_primary( 7638): out_standby: enter: stream (0xb5880c40) usecase(1: low-latency-playback)
I/DigitalPenService( 7665): startPostBootThread called
I/art ( 7665): Background sticky concurrent mark sweep GC freed 18654(1704KB) AllocSpace objects, 5(80KB) LOS objects, 23% free, 5MB/6MB, paused 7.714ms total 48.537ms
D/audio_hw_primary( 7638): out_set_parameters: enter: usecase(1: low-latency-playback) kvpairs: routing=2
I/SystemServer( 7665): Successfully loaded DigitalPenService class
I/SystemServiceManager( 7665): Starting com.android.server.media.projection.MediaProjectionManagerService
W/AudioFlinger( 7638): setStreamVolume() pid 7779 cannot use internal stream type 10
W/AudioFlinger( 7638): setStreamVolume() pid 7779 cannot use internal stream type 11
E/AudioPolicyManager( 7779): unknown stream type 13
W/AudioFlinger( 7638): setStreamVolume() pid 7779 cannot use internal stream type 13
D/audio_hw_primary( 7638): adev_open_input_stream: enter: sample_rate(48000) channel_mask(0xc) devices(0x80000004) stream_handle(0xb4c352a0)
I/AudioFlinger( 7638): AudioFlinger's thread 0xb4c4a000 ready to run
D/audio_hw_primary( 7638): adev_close_input_stream: enter:stream_handle(0xb4c352a0)
D/audio_hw_primary( 7638): in_standby: enter: stream (0xb4c352a0) usecase(7: audio-record)
W/AudioFlinger( 7638): loadHwModule() module a2dp already loaded
W/AudioFlinger( 7638): loadHwModule() module usb already loaded
W/AudioFlinger( 7638): loadHwModule() module r_submix already loaded
D/r_submix( 7638): adev_open_input_stream(addr=0)
D/r_submix( 7638): submix_audio_device_create_pipe_l(addr=0, idx=9)
D/r_submix( 7638): now using address 0 for route 9
I/AudioFlinger( 7638): AudioFlinger's thread 0xb5b9d000 ready to run
D/r_submix( 7638): adev_close_input_stream()
D/r_submix( 7638): submix_audio_device_release_pipe_l(idx=9) addr=0
D/r_submix( 7638): submix_audio_device_destroy_pipe_l(): pipe destroyed
E/AudioPolicyManager( 7779): Failed to open primary output
E/AudioPolicyManager( 7779): unknown stream type 13
E/ServiceManager( 5238): add_service('media.audio_policy',53) uid=1013 - ALREADY REGISTERED, OVERRIDE
I/ServiceManager( 5238): service 'media.audio_policy' died
I/SystemServer( 7665): PrivacyImpactService
V/WLAN_PSA( 673): NL MSG, len[048], NL type[0x11] WNI type[0x5050] len[028]
V/WLAN_PSA( 673): NL MSG, PID: 673
I/PrivacyImpactService( 7665): Starting PrivacyImpactService
D/PrivacyImpactService( 7665): Started PrivacyImpactService
I/WindowManager( 7665): SAFE MODE not enabled
I/SystemServiceManager( 7665): Starting com.android.server.MmsServiceBroker
E/GlobalSettingsPersister( 7665): FileNotFoundException while opening xml
E/SQLiteLog( 7665): (283) recovered 14 frames from WAL file /data/system/locksettings.db-wal
W/System.err( 7665): java.io.FileNotFoundException: /data/usf/epos/cfg_mtp/service_settings_mtp.xml: open failed: ENOENT (No such file or directory)
W/System.err( 7665): at libcore.io.IoBridge.open(IoBridge.java:456)
W/System.err( 7665): at java.io.FileInputStream.(FileInputStream.java:76)
W/System.err( 7665): at android.util.AtomicFile.openRead(AtomicFile.java:199)
W/System.err( 7665): at com.qti.snapdragon.digitalpen.GlobalSettingsPersister.deserialize(GlobalSettingsPersister.java:69)
W/System.err( 7665): at com.qti.snapdragon.digitalpen.DigitalPenService.setGlobalConfigFromPersister(DigitalPenService.java:1008)
W/System.err( 7665): at com.qti.snapdragon.digitalpen.DigitalPenService.access$1600(DigitalPenService.java:68)
W/System.err( 7665): at com.qti.snapdragon.digitalpen.DigitalPenService$PollingPostBootThread.run(DigitalPenService.java:902)
W/System.err( 7665): Caused by: android.system.ErrnoException: open failed: ENOENT (No such file or directory)
W/System.err( 7665): at libcore.io.Posix.open(Native Method)
W/System.err( 7665): at libcore.io.BlockGuardOs.open(BlockGuardOs.java:186)
W/System.err( 7665): at libcore.io.IoBridge.open(IoBridge.java:442)
W/System.err( 7665): ... 6 more
E/GlobalSettingsPersister( 7665): Error deserializing XML: /data/usf/epos/service_settings.xml getting default DigitalPenConfig
I/DigitalPenService( 7665): isEnabled called
W/DigitalPenService( 7665): Ignoring changeConfig when service not enabled
E/DigitalPenService( 7665): Could not set off screen display dimensions since callback is null
E/LockSettingsStorage( 7665): Cannot read file java.io.FileNotFoundException: /data/system/password.key: open failed: ENOENT (No such file or directory)
E/LockSettingsStorage( 7665): Cannot read file java.io.FileNotFoundException: /data/system/gesture.key: open failed: ENOENT (No such file or directory)
I/SystemServiceManager( 7665): Starting phase 480
I/SystemServiceManager( 7665): Starting phase 500
I/WifiService( 7665): WifiService starting up with Wi-Fi enabled
D/WifiService( 7665): setWifiEnabled: true pid=7665, uid=1000
E/WifiService( 7665): Invoking mWifiStateMachine.setWifiEnabled
I/WifiScanningService( 7665): Registering wifiscanner
D/WifiScanningService( 7665): New client, channel: null messenger: null
I/RttService( 7665): Registering rttmanager
D/WifiChangeStateMachine( 7665): Entering IdleState
D/WifiScanningService( 7665): DefaultState
I/ActivityManager( 7665): Config changes=200 {1.0 ?mcc?mnc en_US ?layoutDir sw360dp w360dp h567dp 480dpi nrml port -touch -keyb/v/h -nav/h s.4}
E/SurfaceFlinger( 5244): Permission Denial: can't access SurfaceFlinger pid=7665, uid=1000
E/SurfaceFlinger( 5244): Permission Denial: can't access SurfaceFlinger pid=7665, uid=1000
D/AssetAtlas( 7665): Rendered atlas in 127.67ms (0.14+127.53ms)
V/BackupManagerService( 7665): No ancestral data
D/BackupManagerService( 7665): Now staging backup of com.android.browser
F/WindowAnimator( 7665): Unhandled exception in Window Manager
F/WindowAnimator( 7665): java.lang.NullPointerException: Attempt to invoke virtual method 'void android.view.SurfaceControl.setLayer(int)' on a null object reference
F/WindowAnimator( 7665): at com.android.server.wm.FocusedStackFrame.setLayer(FocusedStackFrame.java:140)
F/WindowAnimator( 7665): at com.android.server.wm.WindowManagerService.setFocusedStackLayer(WindowManagerService.java:3985)
F/WindowAnimator( 7665): at com.android.server.wm.WindowAnimator.animateLocked(WindowAnimator.java:708)
F/WindowAnimator( 7665): at com.android.server.wm.WindowAnimator.access$000(WindowAnimator.java:54)
F/WindowAnimator( 7665): at com.android.server.wm.WindowAnimator$1.run(WindowAnimator.java:126)
F/WindowAnimator( 7665): at android.view.Choreographer$CallbackRecord.run(Choreographer.java:767)
F/WindowAnimator( 7665): at android.view.Choreographer.doCallbacks(Choreographer.java:580)
F/WindowAnimator( 7665): at android.view.Choreographer.doFrame(Choreographer.java:549)
F/WindowAnimator( 7665): at android.view.Choreographer$FrameDisplayEventReceiver.run(Choreographer.java:753)
F/WindowAnimator( 7665): at android.os.Handler.handleCallback(Handler.java:739)
F/WindowAnimator( 7665): at android.os.Handler.dispatchMessage(Handler.java:95)
F/WindowAnimator( 7665): at android.os.Looper.loop(Looper.java:135)
F/WindowAnimator( 7665): at android.os.HandlerThread.run(HandlerThread.java:61)
F/WindowAnimator( 7665): at com.android.server.ServiceThread.run(ServiceThread.java:46)
E/SurfaceFlinger( 5244): Permission Denial: can't access SurfaceFlinger pid=7665, uid=1000
D/BackupManagerService( 7665): Now staging backup of android
D/BackupManagerService( 7665): Now staging backup of com.android.mms
D/BackupManagerService( 7665): Now staging backup of com.android.calendar
D/BackupManagerService( 7665): Now staging backup of com.android.providers.settings
D/BackupManagerService( 7665): Now staging backup of com.android.sharedstoragebackup
D/BackupManagerService( 7665): Now staging backup of com.android.dialer
D/BackupManagerService( 7665): Now staging backup of com.qti.backupagent
D/BackupManagerService( 7665): Now staging backup of com.android.providers.userdictionary
V/BackupManagerService( 7665): Starting with transport android/com.android.internal.backup.LocalTransport
V/BackupManagerService( 7665): Found transports: 1
I/BackupManagerService( 7665): Binding to transport host ComponentInfo{android/com.android.internal.backup.LocalTransportService}
I/BackupManagerService( 7665): Found stale backup journal, scheduling
E/SurfaceFlinger( 5244): Permission Denial: can't access SurfaceFlinger pid=7665, uid=1000
E/SurfaceFlinger( 5244): Permission Denial: can't access SurfaceFlinger pid=7665, uid=1000
W/DisplayPowerController( 7665): config_screenBrightnessDark (10) should be less than or equal to the first value of config_autoBrightnessLcdBacklightValues (3).
E/SurfaceFlinger( 5244): Permission Denial: can't access SurfaceFlinger pid=7665, uid=1000
I/ActivityManager( 7665): System now ready
E/SurfaceFlinger( 5244): Permission Denial: can't access SurfaceFlinger pid=7665, uid=1000
I/DigitalPenService( 7665): registerOffScreenDimensionsCallback called
E/SurfaceFlinger( 5244): Permission Denial: can't access SurfaceFlinger pid=7665, uid=1000
E/SurfaceFlinger( 5244): Permission Denial: can't access SurfaceFlinger pid=7665, uid=1000
I/SystemServer( 7665): Making services ready
I/SystemServiceManager( 7665): Starting phase 550
F/WindowAnimator( 7665): Unhandled exception in Window Manager
F/WindowAnimator( 7665): java.lang.NullPointerException: Attempt to invoke virtual method 'void android.view.SurfaceControl.setLayer(int)' on a null object reference
F/WindowAnimator( 7665): at com.android.server.wm.FocusedStackFrame.setLayer(FocusedStackFrame.java:140)
F/WindowAnimator( 7665): at com.android.server.wm.WindowManagerService.setFocusedStackLayer(WindowManagerService.java:3985)
F/WindowAnimator( 7665): at com.android.server.wm.WindowAnimator.animateLocked(WindowAnimator.java:708)
F/WindowAnimator( 7665): at com.android.server.wm.WindowAnimator.access$000(WindowAnimator.java:54)
F/WindowAnimator( 7665): at com.android.server.wm.WindowAnimator$1.run(WindowAnimator.java:126)
F/WindowAnimator( 7665): at android.view.Choreographer$CallbackRecord.run(Choreographer.java:767)
F/WindowAnimator( 7665): at android.view.Choreographer.doCallbacks(Choreographer.java:580)
F/WindowAnimator( 7665): at android.view.Choreographer.doFrame(Choreographer.java:549)
F/WindowAnimator( 7665): at android.view.Choreographer$FrameDisplayEventReceiver.run(Choreographer.java:753)
F/WindowAnimator( 7665): at android.os.Handler.handleCallback(Handler.java:739)
F/WindowAnimator( 7665): at android.os.Handler.dispatchMessage(Handler.java:95)
F/WindowAnimator( 7665): at android.os.Looper.loop(Looper.java:135)
F/WindowAnimator( 7665): at android.os.HandlerThread.run(HandlerThread.java:61)
F/WindowAnimator( 7665): at com.android.server.ServiceThread.run(ServiceThread.java:46)
E/SurfaceFlinger( 5244): Permission Denial: can't access SurfaceFlinger pid=7665, uid=1000
I/DigitalPenOffScreenDisplayAdapter( 7665): mInfo is null, getting a new one
I/DisplayManagerService( 7665): Display device added: DisplayDeviceInfo{"Digital Pen off-screen display": uniqueId="null", 480 x 640, 60.0 fps, supportedRefreshRates [], density 160, 160.0 x 160.0 dpi, appVsyncOff 0, presDeadline 0, touch EXTERNAL, rotation 0, type BUILT_IN, state ON, FLAG_ROTATES_WITH_CONTENT}
F/WindowManager( 7665): Unhandled exception in Window Manager
F/WindowManager( 7665): java.lang.IllegalArgumentException: displayToken must not be null
F/WindowManager( 7665): at android.view.SurfaceControl.setDisplayLayerStack(SurfaceControl.java:588)
F/WindowManager( 7665): at com.android.server.display.DisplayDevice.setLayerStackInTransactionLocked(DisplayDevice.java:140)
F/WindowManager( 7665): at com.android.server.display.LogicalDisplay.configureDisplayInTransactionLocked(LogicalDisplay.java:262)
F/WindowManager( 7665): at com.android.server.display.DisplayManagerService.configureDisplayInTransactionLocked(DisplayManagerService.java:884)
F/WindowManager( 7665): at com.android.server.display.DisplayManagerService.performTraversalInTransactionLocked(DisplayManagerService.java:806)
F/WindowManager( 7665): at com.android.server.display.DisplayManagerService.performTraversalInTransactionFromWindowManagerInternal(DisplayManagerService.java:317)
F/WindowManager( 7665): at com.android.server.display.DisplayManagerService.access$4200(DisplayManagerService.java:112)
F/WindowManager( 7665): at com.android.server.display.DisplayManagerService$LocalService.performTraversalInTransactionFromWindowManager(DisplayManagerService.java:1539)
F/WindowManager( 7665): at com.android.server.wm.WindowManagerService.performLayoutAndPlaceSurfacesLockedInner(WindowManagerService.java:9960)
F/WindowManager( 7665): at com.android.server.wm.WindowManagerService.performLayoutAndPlaceSurfacesLockedLoop(WindowManagerService.java:8828)
F/WindowManager( 7665): at com.android.server.wm.WindowManagerService.performLayoutAndPlaceSurfacesLocked(WindowManagerService.java:8770)
F/WindowManager( 7665): at com.android.server.wm.WindowManagerService.access$400(WindowManagerService.java:163)
F/WindowManager( 7665): at com.android.server.wm.WindowManagerService$H.handleMessage(WindowManagerService.java:7736)
F/WindowManager( 7665): at android.os.Handler.dispatchMessage(Handler.java:102)
F/WindowManager( 7665): at android.os.Looper.loop(Looper.java:135)
F/WindowManager( 7665): at android.os.HandlerThread.run(HandlerThread.java:61)
F/WindowManager( 7665): at com.android.server.ServiceThread.run(ServiceThread.java:46)
I/SystemServer( 7665): WebViewFactory preparation
E/SurfaceFlinger( 5244): Permission Denial: can't access SurfaceFlinger pid=7665, uid=1000
E/SurfaceFlinger( 5244): Permission Denial: can't access SurfaceFlinger pid=7665, uid=1000
I/art ( 7665): Background partial concurrent mark sweep GC freed 20043(1832KB) AllocSpace objects, 1(16KB) LOS objects, 41% free, 5MB/9MB, paused 9.347ms total 55.714ms
I/Zygote ( 7665): Process: zygote socket opened, supported ABIS: armeabi-v7a,armeabi
F/WindowAnimator( 7665): Unhandled exception in Window Manager
F/WindowAnimator( 7665): java.lang.NullPointerException: Attempt to invoke virtual method 'void android.view.SurfaceControl.setLayer(int)' on a null object reference
F/WindowAnimator( 7665): at com.android.server.wm.FocusedStackFrame.setLayer(FocusedStackFrame.java:140)
F/WindowAnimator( 7665): at com.android.server.wm.WindowManagerService.setFocusedStackLayer(WindowManagerService.java:3985)
F/WindowAnimator( 7665): at com.android.server.wm.WindowAnimator.animateLocked(WindowAnimator.java:708)
F/WindowAnimator( 7665): at com.android.server.wm.WindowAnimator.access$000(WindowAnimator.java:54)
F/WindowAnimator( 7665): at com.android.server.wm.WindowAnimator$1.run(WindowAnimator.java:126)
F/WindowAnimator( 7665): at android.view.Choreographer$CallbackRecord.run(Choreographer.java:767)
F/WindowAnimator( 7665): at android.view.Choreographer.doCallbacks(Choreographer.java:580)
F/WindowAnimator( 7665): at android.view.Choreographer.doFrame(Choreographer.java:549)
F/WindowAnimator( 7665): at android.view.Choreographer$FrameDisplayEventReceiver.run(Choreographer.java:753)
F/WindowAnimator( 7665): at android.os.Handler.handleCallback(Handler.java:739)
F/WindowAnimator( 7665): at android.os.Handler.dispatchMessage(Handler.java:95)
F/WindowAnimator( 7665): at android.os.Looper.loop(Looper.java:135)
F/WindowAnimator( 7665): at android.os.HandlerThread.run(HandlerThread.java:61)
F/WindowAnimator( 7665): at com.android.server.ServiceThread.run(ServiceThread.java:46)
E/SurfaceFlinger( 5244): Permission Denial: can't access SurfaceFlinger pid=7665, uid=1000
E/libprocessgroup( 7821): failed to open /acct/uid_1037/pid_7821/cgroup.procs: No such file or directory
E/Zygote ( 7821): createProcessGroup(1037, 0) failed: No such file or directory
I/ActivityManager( 7665): Start proc 7821:WebViewLoader-armeabi-v7a/1037 [android.webkit.WebViewFactory$RelroFileCreator] for
V/WebViewFactory( 7821): RelroFileCreator (64bit = false), 32-bit lib: /system/app/webview/lib/arm/libwebviewchromium.so, 64-bit lib:
I/ActivityManager( 7665): Start proc 7839:com.android.systemui/u0a18 for service com.android.systemui/.SystemUIService
W/NetworkStats( 7665): bandwidth controls disabled, unable to track stats
W/NetworkPolicy( 7665): bandwidth controls disabled, unable to enforce policy
W/SystemServer( 7665): ***********************************************
E/libprocessgroup( 7839): failed to open /acct/uid_10018/pid_7839/cgroup.procs: No such file or directory
E/Zygote ( 7839): createProcessGroup(10018, 0) failed: No such file or directory
F/SystemServer( 7665): BOOT FAILURE making Connectivity Service ready
F/SystemServer( 7665): java.lang.NullPointerException: Attempt to invoke interface method 'int android.security.IKeystoreService.exist(java.lang.String, int)' on a null object reference
F/SystemServer( 7665): at android.security.KeyStore.contains(KeyStore.java:137)
F/SystemServer( 7665): at android.security.KeyStore.contains(KeyStore.java:145)
F/SystemServer( 7665): at com.android.server.net.LockdownVpnTracker.isEnabled(LockdownVpnTracker.java:88)
F/SystemServer( 7665): at com.android.server.ConnectivityService.updateLockdownVpn(ConnectivityService.java:3129)
F/SystemServer( 7665): at com.android.server.ConnectivityService.systemReady(ConnectivityService.java:1629)
F/SystemServer( 7665): at com.android.server.SystemServer$2.run(SystemServer.java:1181)
F/SystemServer( 7665): at com.android.server.am.ActivityManagerService.systemReady(ActivityManagerService.java:11334)
F/SystemServer( 7665): at com.android.server.SystemServer.startOtherServices(SystemServer.java:1134)
F/SystemServer( 7665): at com.android.server.SystemServer.run(SystemServer.java:265)
F/SystemServer( 7665): at com.android.server.SystemServer.main(SystemServer.java:179)
F/SystemServer( 7665): at java.lang.reflect.Method.invoke(Native Method)
F/SystemServer( 7665): at java.lang.reflect.Method.invoke(Method.java:372)
F/SystemServer( 7665): at com.android.internal.os.ZygoteInit$MethodAndArgsCaller.run(ZygoteInit.java:904)
F/SystemServer( 7665): at com.android.internal.os.ZygoteInit.main(ZygoteInit.java:699)
E/MountService( 7665): Boot-time mount failed (-1)
I/SystemServiceManager( 7665): Starting phase 600
E/MountService( 7665): Boot-time mount failed (-1)
W/MountService( 7665): Duplicate state transition (mounted -> mounted) for /storage/emulated/0
I/BackupManagerService( 7665): Backup enabled => false
I/BackupManagerService( 7665): Opting out of backup
E/BluetoothAdapter( 7665): Bluetooth binder is null
E/BluetoothAdapter( 7665): Bluetooth binder is null
E/NetlinkListener( 687): recvmsg failed (I/O error)
E/NetlinkListener( 7637): recvmsg failed (I/O error)
E/InputMethodManagerService( 7665): Ignoring setImeWindowStatus due to an invalid token. uid:1000 token:null
E/OMXMaster( 7779): A component of name 'OMX.qcom.audio.decoder.aac' already exists, ignoring this one.
D/Utils ( 7779): printFileName fd(7) -> /system/media/audio/ui/Effect_Tick.ogg
E/libprocessgroup( 7865): failed to open /acct/uid_10039/pid_7865/cgroup.procs: No such file or directory
E/Zygote ( 7865): createProcessGroup(10039, 0) failed: No such file or directory
I/ActivityManager( 7665): Start proc 7865:com.android.inputmethod.latin/u0a39 for service com.android.inputmethod.latin/.LatinIME
V/InputMethodManagerService( 7665): Adding window token: android.os.Binder@2cc199b1
D/GpsLocationProvider( 7665): Reset GPS properties, previous size = 0
D/GpsLocationProvider( 7665): GpsParamsResource: SUPL_HOST=supl.google.com
D/GpsLocationProvider( 7665): GpsParamsResource: SUPL_PORT=7275
D/GpsLocationProvider( 7665): GpsParamsResource: NTP_SERVER=north-america.pool.ntp.org
D/GpsLocationProvider( 7665): GpsParamsResource: SUPL_VER=0x20000
D/GpsLocationProvider( 7665): GpsParamsResource: SUPL_MODE=1
D/GpsLocationProvider( 7665): GPS properties reloaded, size = 16
E/GpsLocationProvider( 7665): no AGPS interface in set_agps_server
E/GpsLocationProvider( 7665): no GPS configuration interface in configuraiton_update
D/GpsLocationProvider( 7665): final config = #Fri Dec 09 19:51:45 GMT+00:00 2016
D/GpsLocationProvider( 7665): SUPL_HOST=supl.google.com
D/GpsLocationProvider( 7665): SUPL_PORT=7275
D/GpsLocationProvider( 7665): XTRA_VERSION_CHECK=0
D/GpsLocationProvider( 7665): DEBUG_LEVEL=3
D/GpsLocationProvider( 7665): SUPL_ES=1
D/GpsLocationProvider( 7665): NMEA_PROVIDER=0
D/GpsLocationProvider( 7665): CAPABILITIES=0x37
D/GpsLocationProvider( 7665): SUPL_VER=0x10000
D/GpsLocationProvider( 7665): ERR_ESTIMATE=0
D/GpsLocationProvider( 7665): A_GLONASS_POS_PROTOCOL_SELECT=bitmap 3 set
D/GpsLocationProvider( 7665): INTERMEDIATE_POS=0
