F/WindowAnimator( 8323): at android.os.Looper.loop(Looper.java:135)
F/WindowAnimator( 8323): at android.os.HandlerThread.run(HandlerThread.java:61)
F/WindowAnimator( 8323): at com.android.server.ServiceThread.run(ServiceThread.java:46)
E/SurfaceFlinger( 5244): Permission Denial: can't access SurfaceFlinger pid=8323, uid=1000
E/SurfaceFlinger( 5244): Permission Denial: can't access SurfaceFlinger pid=8323, uid=1000
E/SurfaceFlinger( 5244): Permission Denial: can't access SurfaceFlinger pid=8323, uid=1000
F/WindowAnimator( 8323): Unhandled exception in Window Manager
F/WindowAnimator( 8323): java.lang.NullPointerException: Attempt to invoke virtual method 'void android.view.SurfaceControl.setLayer(int)' on a null object reference
F/WindowAnimator( 8323): at com.android.server.wm.FocusedStackFrame.setLayer(FocusedStackFrame.java:140)
F/WindowAnimator( 8323): at com.android.server.wm.WindowManagerService.setFocusedStackLayer(WindowManagerService.java:3985)
F/WindowAnimator( 8323): at com.android.server.wm.WindowAnimator.animateLocked(WindowAnimator.java:708)
F/WindowAnimator( 8323): at com.android.server.wm.WindowAnimator.access$000(WindowAnimator.java:54)
F/WindowAnimator( 8323): at com.android.server.wm.WindowAnimator$1.run(WindowAnimator.java:126)
F/WindowAnimator( 8323): at android.view.Choreographer$CallbackRecord.run(Choreographer.java:767)
F/WindowAnimator( 8323): at android.view.Choreographer.doCallbacks(Choreographer.java:580)
F/WindowAnimator( 8323): at android.view.Choreographer.doFrame(Choreographer.java:549)
F/WindowAnimator( 8323): at android.view.Choreographer$FrameDisplayEventReceiver.run(Choreographer.java:753)
F/WindowAnimator( 8323): at android.os.Handler.handleCallback(Handler.java:739)
F/WindowAnimator( 8323): at android.os.Handler.dispatchMessage(Handler.java:95)
F/WindowAnimator( 8323): at android.os.Looper.loop(Looper.java:135)
F/WindowAnimator( 8323): at android.os.HandlerThread.run(HandlerThread.java:61)
F/WindowAnimator( 8323): at com.android.server.ServiceThread.run(ServiceThread.java:46)
E/SurfaceFlinger( 5244): Permission Denial: can't access SurfaceFlinger pid=8323, uid=1000
E/NetlinkListener( 8193): recvmsg failed (I/O error)
E/NetlinkListener( 687): recvmsg failed (I/O error)
E/NetlinkListener( 8193): recvmsg failed (I/O error)
E/NetlinkListener( 687): recvmsg failed (I/O error)
E/AudioPolicyManager( 8194): unknown stream type 13
E/AudioPolicyManager( 8194): unknown stream type 13
E/AudioPolicyManager( 8194): unknown stream type 13
E/AudioPolicyManager( 8194): unknown stream type 13
I/AudioFlinger( 8194): AudioFlinger's thread 0xb5a2e000 ready to run
D/audio_hw_primary( 8194): out_set_parameters: enter: usecase(1: low-latency-playback) kvpairs: routing=2
D/audio_hw_primary( 8194): out_standby: enter: stream (0xb5880b00) usecase(1: low-latency-playback)
E/AudioPolicyManager( 8194): unknown stream type 13
D/audio_hw_primary( 8194): adev_open_input_stream: enter: sample_rate(48000) channel_mask(0xc) devices(0x80000004) stream_handle(0xb586da20)
I/AudioFlinger( 8194): AudioFlinger's thread 0xb5ac7000 ready to run
D/audio_hw_primary( 8194): adev_close_input_stream: enter:stream_handle(0xb586da20)
D/audio_hw_primary( 8194): in_standby: enter: stream (0xb586da20) usecase(7: audio-record)
I/audio_a2dp_hw( 8194): adev_open: adev_open in A2dp_hw module
I/AudioFlinger( 8194): loadHwModule() Loaded a2dp audio interface from A2DP Audio HW HAL (audio) handle 7
I/AudioFlinger( 8194): loadHwModule() Loaded usb audio interface from USB audio HW HAL (audio) handle 8
I/r_submix( 8194): adev_open(name=audio_hw_if)
I/r_submix( 8194): adev_init_check()
I/AudioFlinger( 8194): loadHwModule() Loaded r_submix audio interface from Wifi Display audio HAL (audio) handle 9
D/r_submix( 8194): adev_open_input_stream(addr=0)
D/r_submix( 8194): submix_audio_device_create_pipe_l(addr=0, idx=9)
D/r_submix( 8194): now using address 0 for route 9
I/AudioFlinger( 8194): AudioFlinger's thread 0xb5b11000 ready to run
D/r_submix( 8194): adev_close_input_stream()
D/r_submix( 8194): submix_audio_device_release_pipe_l(idx=9) addr=0
D/r_submix( 8194): submix_audio_device_destroy_pipe_l(): pipe destroyed
E/AudioPolicyManager( 8194): unknown stream type 13
E/AudioPolicyManager( 8194): unknown stream type 13
E/ServiceManager( 5238): add_service('media.audio_policy',24) uid=1013 - ALREADY REGISTERED, OVERRIDE
I/ServiceManager( 5238): service 'media.audio_policy' died
E/SoundTriggerHwService( 8194): couldn't load sound trigger module sound_trigger.primary (No such file or directory)
I/dex2oat ( 9023): dex2oat took 577.288ms (threads: 4) arena alloc=129KB java alloc=360KB native alloc=2MB free=5MB
I/PackageManager( 8323): Running dexopt on: /system/priv-app/DefaultContainerService/DefaultContainerService.apk pkg=com.android.defcontainer isa=arm vmSafeMode=false
I/dex2oat ( 9046): /system/bin/dex2oat --zip-fd=5 --zip-location=/system/priv-app/DefaultContainerService/DefaultContainerService.apk --oat-fd=6 --oat-location=/data/dalvik-cache/arm/system@priv-app@DefaultContainerService@DefaultContainerService.apk@classes.dex --instruction-set=arm --instruction-set-features=div --runtime-arg -Xms64m --runtime-arg -Xmx512m --swap-fd=7
I/dex2oat ( 9046): Decided to run without swap.
I/dex2oat ( 9046): dex2oat took 42.477ms (threads: 4) arena alloc=66KB java alloc=28KB native alloc=1002KB free=7MB
I/PackageManager( 8323): Running dexopt on: /system/priv-app/SystemUI/SystemUI.apk pkg=com.android.systemui isa=arm vmSafeMode=false
I/dex2oat ( 9051): /system/bin/dex2oat --zip-fd=5 --zip-location=/system/priv-app/SystemUI/SystemUI.apk --oat-fd=6 --oat-location=/data/dalvik-cache/arm/system@priv-app@SystemUI@SystemUI.apk@classes.dex --instruction-set=arm --instruction-set-features=div --runtime-arg -Xms64m --runtime-arg -Xmx512m --swap-fd=7
I/dex2oat ( 9051): Decided to run without swap.
E/NetlinkListener( 8193): recvmsg failed (I/O error)
E/NetlinkListener( 687): recvmsg failed (I/O error)
E/NetlinkListener( 687): recvmsg failed (I/O error)
E/NetlinkListener( 8193): recvmsg failed (I/O error)
E/NetlinkListener( 8193): recvmsg failed (I/O error)
E/NetlinkListener( 687): recvmsg failed (I/O error)
I/dex2oat ( 9051): dex2oat took 1.942s (threads: 4) arena alloc=340KB java alloc=3MB native alloc=6MB free=9MB
I/PackageManager( 8323): Running dexopt on: /system/priv-app/TelephonyProvider/TelephonyProvider.apk pkg=com.android.providers.telephony isa=arm vmSafeMode=false
I/dex2oat ( 9069): /system/bin/dex2oat --zip-fd=5 --zip-location=/system/priv-app/TelephonyProvider/TelephonyProvider.apk --oat-fd=6 --oat-location=/data/dalvik-cache/arm/system@priv-app@TelephonyProvider@TelephonyProvider.apk@classes.dex --instruction-set=arm --instruction-set-features=div --runtime-arg -Xms64m --runtime-arg -Xmx512m --swap-fd=7
I/dex2oat ( 9069): Decided to run without swap.
I/dex2oat ( 9069): dex2oat took 209.125ms (threads: 4) arena alloc=915KB java alloc=114KB native alloc=1917KB free=6MB
I/PackageManager( 8323): Running dexopt on: /system/priv-app/TeleService/TeleService.apk pkg=com.android.phone isa=arm vmSafeMode=false
I/dex2oat ( 9074): /system/bin/dex2oat --zip-fd=5 --zip-location=/system/priv-app/TeleService/TeleService.apk --oat-fd=6 --oat-location=/data/dalvik-cache/arm/system@priv-app@TeleService@TeleService.apk@classes.dex --instruction-set=arm --instruction-set-features=div --runtime-arg -Xms64m --runtime-arg -Xmx512m --swap-fd=7
I/dex2oat ( 9074): Decided to run without swap.
E/NetlinkListener( 687): recvmsg failed (I/O error)
E/NetlinkListener( 8193): recvmsg failed (I/O error)
I/dex2oat ( 9074): dex2oat took 743.815ms (threads: 4) arena alloc=182KB java alloc=1719KB native alloc=3MB free=4MB
I/PackageManager( 8323): Running dexopt on: /system/priv-app/MmsService/MmsService.apk pkg=com.android.mms.service isa=arm vmSafeMode=false
I/dex2oat ( 9085): /system/bin/dex2oat --zip-fd=5 --zip-location=/system/priv-app/MmsService/MmsService.apk --oat-fd=6 --oat-location=/data/dalvik-cache/arm/system@priv-app@MmsService@MmsService.apk@classes.dex --instruction-set=arm --instruction-set-features=div --runtime-arg -Xms64m --runtime-arg -Xmx512m --swap-fd=7
I/dex2oat ( 9085): Decided to run without swap.
V/WLAN_PSA( 673): NL MSG, len[048], NL type[0x11] WNI type[0x5050] len[028]
V/WLAN_PSA( 673): NL MSG, PID: 673
E/NetlinkListener( 8193): recvmsg failed (I/O error)
E/NetlinkListener( 687): recvmsg failed (I/O error)
I/dex2oat ( 9085): dex2oat took 148.223ms (threads: 4) arena alloc=86KB java alloc=121KB native alloc=1664KB free=6MB
I/PackageManager( 8323): Running dexopt on: /system/priv-app/ProxyHandler/ProxyHandler.apk pkg=com.android.proxyhandler isa=arm vmSafeMode=false
I/dex2oat ( 9093): /system/bin/dex2oat --zip-fd=5 --zip-location=/system/priv-app/ProxyHandler/ProxyHandler.apk --oat-fd=6 --oat-location=/data/dalvik-cache/arm/system@priv-app@ProxyHandler@ProxyHandler.apk@classes.dex --instruction-set=arm --instruction-set-features=div --runtime-arg -Xms64m --runtime-arg -Xmx512m --swap-fd=7
I/dex2oat ( 9093): Decided to run without swap.
I/dex2oat ( 9093): dex2oat took 74.660ms (threads: 4) arena alloc=244KB java alloc=17KB native alloc=1127KB free=6MB
I/PackageManager( 8323): Running dexopt on: /system/app/LatinIME/LatinIME.apk pkg=com.android.inputmethod.latin isa=arm vmSafeMode=false
I/dex2oat ( 9098): /system/bin/dex2oat --zip-fd=5 --zip-location=/system/app/LatinIME/LatinIME.apk --oat-fd=6 --oat-location=/data/dalvik-cache/arm/system@app@LatinIME@LatinIME.apk@classes.dex --instruction-set=arm --instruction-set-features=div --runtime-arg -Xms64m --runtime-arg -Xmx512m --swap-fd=7
I/dex2oat ( 9098): Decided to run without swap.
E/NetlinkListener( 8193): recvmsg failed (I/O error)
E/NetlinkListener( 687): recvmsg failed (I/O error)
E/NetlinkListener( 8193): recvmsg failed (I/O error)
E/NetlinkListener( 687): recvmsg failed (I/O error)
V/WLAN_PSA( 673): NL MSG, len[4006], NL type[0x1C] WNI type[0x5900] len[36367]
V/WLAN_PSA( 673): NL MSG, PID: 673
E/NetlinkListener( 8193): recvmsg failed (I/O error)
E/NetlinkListener( 687): recvmsg failed (I/O error)
I/dex2oat ( 9098): dex2oat took 1.067s (threads: 4) arena alloc=73KB java alloc=1660KB native alloc=3MB free=4MB
I/PackageManager( 8323): Running dexopt on: /system/priv-app/CalendarProvider/CalendarProvider.apk pkg=com.android.providers.calendar isa=arm vmSafeMode=false
E/NetlinkListener( 8193): recvmsg failed (I/O error)
E/NetlinkListener( 687): recvmsg failed (I/O error)
I/dex2oat ( 9119): /system/bin/dex2oat --zip-fd=5 --zip-location=/system/priv-app/CalendarProvider/CalendarProvider.apk --oat-fd=6 --oat-location=/data/dalvik-cache/arm/system@priv-app@CalendarProvider@CalendarProvider.apk@classes.dex --instruction-set=arm --instruction-set-features=div --runtime-arg -Xms64m --runtime-arg -Xmx512m --swap-fd=7
I/dex2oat ( 9119): Decided to run without swap.
E/NetlinkListener( 8193): recvmsg failed (I/O error)
E/NetlinkListener( 687): recvmsg failed (I/O error)
E/NetlinkListener( 8193): recvmsg failed (I/O error)
E/NetlinkListener( 687): recvmsg failed (I/O error)
E/NetlinkListener( 8193): recvmsg failed (I/O error)
E/NetlinkListener( 687): recvmsg failed (I/O error)
E/NetlinkListener( 687): recvmsg failed (I/O error)
E/NetlinkListener( 8193): recvmsg failed (I/O error)
E/NetlinkListener( 8193): recvmsg failed (I/O error)
E/NetlinkListener( 687): recvmsg failed (I/O error)
I/dex2oat ( 9119): dex2oat took 1.738s (threads: 4) arena alloc=576KB java alloc=441KB native alloc=2MB free=5MB
I/PackageManager( 8323): Running dexopt on: /system/priv-app/MediaProvider/MediaProvider.apk pkg=com.android.providers.media isa=arm vmSafeMode=false
I/dex2oat ( 9149): /system/bin/dex2oat --zip-fd=5 --zip-location=/system/priv-app/MediaProvider/MediaProvider.apk --oat-fd=6 --oat-location=/data/dalvik-cache/arm/system@priv-app@MediaProvider@MediaProvider.apk@classes.dex --instruction-set=arm --instruction-set-features=div --runtime-arg -Xms64m --runtime-arg -Xmx512m --swap-fd=7
I/dex2oat ( 9149): Decided to run without swap.
E/NetlinkListener( 8193): recvmsg failed (I/O error)
E/NetlinkListener( 687): recvmsg failed (I/O error)
I/dex2oat ( 9149): dex2oat took 295.253ms (threads: 4) arena alloc=940KB java alloc=150KB native alloc=1845KB free=6MB
I/PackageManager( 8323): Running dexopt on: /system/priv-app/ManagedProvisioning/ManagedProvisioning.apk pkg=com.android.managedprovisioning isa=arm vmSafeMode=false
I/dex2oat ( 9160): /system/bin/dex2oat --zip-fd=5 --zip-location=/system/priv-app/ManagedProvisioning/ManagedProvisioning.apk --oat-fd=6 --oat-location=/data/dalvik-cache/arm/system@priv-app@ManagedProvisioning@ManagedProvisioning.apk@classes.dex --instruction-set=arm --instruction-set-features=div --runtime-arg -Xms64m --runtime-arg -Xmx512m --swap-fd=7
I/dex2oat ( 9160): Decided to run without swap.
E/NetlinkListener( 687): recvmsg failed (I/O error)
E/NetlinkListener( 8193): recvmsg failed (I/O error)
E/NetlinkListener( 8193): recvmsg failed (I/O error)
E/NetlinkListener( 687): recvmsg failed (I/O error)
E/NetlinkListener( 687): recvmsg failed (I/O error)
E/NetlinkListener( 8193): recvmsg failed (I/O error)
I/dex2oat ( 9160): dex2oat took 656.123ms (threads: 4) arena alloc=88KB java alloc=547KB native alloc=2MB free=5MB
I/PackageManager( 8323): Running dexopt on: /system/priv-app/ContactsProvider/ContactsProvider.apk pkg=com.android.providers.contacts isa=arm vmSafeMode=false
I/dex2oat ( 9179): /system/bin/dex2oat --zip-fd=5 --zip-location=/system/priv-app/ContactsProvider/ContactsProvider.apk --oat-fd=6 --oat-location=/data/dalvik-cache/arm/system@priv-app@ContactsProvider@ContactsProvider.apk@classes.dex --instruction-set=arm --instruction-set-features=div --runtime-arg -Xms64m --runtime-arg -Xmx512m --swap-fd=7
I/dex2oat ( 9179): Decided to run without swap.
E/NetlinkListener( 8193): recvmsg failed (I/O error)
E/NetlinkListener( 687): recvmsg failed (I/O error)
E/NetlinkListener( 8193): recvmsg failed (I/O error)
E/NetlinkListener( 687): recvmsg failed (I/O error)
I/dex2oat ( 9179): dex2oat took 767.227ms (threads: 4) arena alloc=1157KB java alloc=743KB native alloc=4MB free=3MB
I/PackageManager( 8323): Running dexopt on: /system/app/DownloadProviderUi/DownloadProviderUi.apk pkg=com.android.providers.downloads.ui isa=arm vmSafeMode=false
I/dex2oat ( 9194): /system/bin/dex2oat --zip-fd=5 --zip-location=/system/app/DownloadProviderUi/DownloadProviderUi.apk --oat-fd=6 --oat-location=/data/dalvik-cache/arm/system@app@DownloadProviderUi@DownloadProviderUi.apk@classes.dex --instruction-set=arm --instruction-set-features=div --runtime-arg -Xms64m --runtime-arg -Xmx512m --swap-fd=7
V/WLAN_PSA( 673): NL MSG, len[048], NL type[0x11] WNI type[0x5050] len[028]
V/WLAN_PSA( 673): NL MSG, PID: 673
I/dex2oat ( 9194): Decided to run without swap.
I/dex2oat ( 9194): dex2oat took 58.387ms (threads: 4) arena alloc=153KB java alloc=51KB native alloc=1383KB free=6MB
I/PackageManager( 8323): Running dexopt on: /system/app/Camera2/Camera2.apk pkg=com.android.camera2 isa=arm vmSafeMode=false
E/NetlinkListener( 8193): recvmsg failed (I/O error)
E/NetlinkListener( 687): recvmsg failed (I/O error)
I/dex2oat ( 9199): /system/bin/dex2oat --zip-fd=5 --zip-location=/system/app/Camera2/Camera2.apk --oat-fd=6 --oat-location=/data/dalvik-cache/arm/system@app@Camera2@Camera2.apk@classes.dex --instruction-set=arm --instruction-set-features=div --runtime-arg -Xms64m --runtime-arg -Xmx512m --swap-fd=7
I/dex2oat ( 9199): Decided to run without swap.
E/NetlinkListener( 8193): recvmsg failed (I/O error)
E/NetlinkListener( 687): recvmsg failed (I/O error)
E/NetlinkListener( 687): recvmsg failed (I/O error)
E/NetlinkListener( 8193): recvmsg failed (I/O error)
E/NetlinkListener( 687): recvmsg failed (I/O error)
E/NetlinkListener( 8193): recvmsg failed (I/O error)
E/NetlinkListener( 8193): recvmsg failed (I/O error)
E/NetlinkListener( 687): recvmsg failed (I/O error)
E/NetlinkListener( 8193): recvmsg failed (I/O error)
E/NetlinkListener( 687): recvmsg failed (I/O error)
E/NetlinkListener( 8193): recvmsg failed (I/O error)
E/NetlinkListener( 687): recvmsg failed (I/O error)
E/NetlinkListener( 8193): recvmsg failed (I/O error)
E/NetlinkListener( 687): recvmsg failed (I/O error)
E/NetlinkListener( 8193): recvmsg failed (I/O error)
E/NetlinkListener( 687): recvmsg failed (I/O error)
E/NetlinkListener( 687): recvmsg failed (I/O error)
E/NetlinkListener( 8193): recvmsg failed (I/O error)
V/WLAN_PSA( 673): NL MSG, len[4025], NL type[0x1C] WNI type[0x5900] len[41231]
V/WLAN_PSA( 673): NL MSG, PID: 673
I/dex2oat ( 9199): dex2oat took 1.526s (threads: 4) arena alloc=290KB java alloc=2MB native alloc=4MB free=3MB
E/NetlinkListener( 8193): recvmsg failed (I/O error)
E/NetlinkListener( 687): recvmsg failed (I/O error)
I/PackageManager( 8323): Running dexopt on: /system/priv-app/Checkup/Checkup.apk pkg=com.fairphone.checkup isa=arm vmSafeMode=false
I/dex2oat ( 9244): /system/bin/dex2oat --zip-fd=5 --zip-location=/system/priv-app/Checkup/Checkup.apk --oat-fd=6 --oat-location=/data/dalvik-cache/arm/system@priv-app@Checkup@Checkup.apk@classes.dex --instruction-set=arm --instruction-set-features=div --runtime-arg -Xms64m --runtime-arg -Xmx512m --swap-fd=7
E/NetlinkListener( 8193): recvmsg failed (I/O error)
E/NetlinkListener( 687): recvmsg failed (I/O error)
I/dex2oat ( 9244): Decided to run without swap.
E/NetlinkListener( 8193): recvmsg failed (I/O error)
E/NetlinkListener( 687): recvmsg failed (I/O error)
E/NetlinkListener( 8193): recvmsg failed (I/O error)
E/NetlinkListener( 687): recvmsg failed (I/O error)
I/dex2oat ( 9244): dex2oat took 743.638ms (threads: 4) arena alloc=432KB java alloc=881KB native alloc=2MB free=5MB
I/PackageManager( 8323): Running dexopt on: /system/app/Gallery2/Gallery2.apk pkg=com.android.gallery3d isa=arm vmSafeMode=false
I/dex2oat ( 9265): /system/bin/dex2oat --zip-fd=5 --zip-location=/system/app/Gallery2/Gallery2.apk --oat-fd=6 --oat-location=/data/dalvik-cache/arm/system@app@Gallery2@Gallery2.apk@classes.dex --instruction-set=arm --instruction-set-features=div --runtime-arg -Xms64m --runtime-arg -Xmx512m --swap-fd=7
E/NetlinkListener( 8193): recvmsg failed (I/O error)
E/NetlinkListener( 687): recvmsg failed (I/O error)
I/dex2oat ( 9265): Decided to run without swap.
E/NetlinkListener( 687): recvmsg failed (I/O error)
E/NetlinkListener( 8193): recvmsg failed (I/O error)
E/NetlinkListener( 8193): recvmsg failed (I/O error)
E/NetlinkListener( 687): recvmsg failed (I/O error)
E/NetlinkListener( 687): recvmsg failed (I/O error)
E/NetlinkListener( 8193): recvmsg failed (I/O error)
E/NetlinkListener( 687): recvmsg failed (I/O error)
E/NetlinkListener( 8193): recvmsg failed (I/O error)
E/NetlinkListener( 8193): recvmsg failed (I/O error)
E/NetlinkListener( 687): recvmsg failed (I/O error)
E/qdhwcomposer( 1587): isValidDimension: layer handle is NULL
E/qdhwcomposer( 1587): isValidDimension: layer handle is NULL
E/qdoverlay( 1587): Bad ov dump: mdp_overlay z=0 fg=0 alpha=255 mask=-1 flags=0x220000 id=8
E/qdoverlay( 1587): src msmfb_img w=1152 h=1920 format=13 MDP_RGBA_8888
E/qdoverlay( 1587): src_rect mdp_rect x=0 y=0 w=1080 h=1920
E/qdoverlay( 1587): dst_rect mdp_rect x=0 y=0 w=1080 h=1920
V/WLAN_PSA( 673): NL MSG, len[048], NL type[0x11] WNI type[0x5050] len[028]
V/WLAN_PSA( 673): NL MSG, PID: 673
E/NetlinkListener( 687): recvmsg failed (I/O error)
E/NetlinkListener( 8193): recvmsg failed (I/O error)
I/dex2oat ( 9265): dex2oat took 2.793s (threads: 4) arena alloc=183KB java alloc=3MB native alloc=6MB free=9MB
E/NetlinkListener( 8193): recvmsg failed (I/O error)
E/NetlinkListener( 687): recvmsg failed (I/O error)
I/PackageManager( 8323): Running dexopt on: /system/priv-app/FairphoneLauncher3/FairphoneLauncher3.apk pkg=com.fairphone.fplauncher3 isa=arm vmSafeMode=false
I/dex2oat ( 9303): /system/bin/dex2oat --zip-fd=5 --zip-location=/system/priv-app/FairphoneLauncher3/FairphoneLauncher3.apk --oat-fd=6 --oat-location=/data/dalvik-cache/arm/system@priv-app@FairphoneLauncher3@FairphoneLauncher3.apk@classes.dex --instruction-set=arm --instruction-set-features=div --runtime-arg -Xms64m --runtime-arg -Xmx512m --swap-fd=7
I/dex2oat ( 9303): Decided to run without swap.
E/NetlinkListener( 8193): recvmsg failed (I/O error)
E/NetlinkListener( 687): recvmsg failed (I/O error)
V/WLAN_PSA( 673): NL MSG, len[4009], NL type[0x1C] WNI type[0x5900] len[37135]
V/WLAN_PSA( 673): NL MSG, PID: 673
E/NetlinkListener( 8193): recvmsg failed (I/O error)
E/NetlinkListener( 687): recvmsg failed (I/O error)
I/dex2oat ( 9303): dex2oat took 1.464s (threads: 4) arena alloc=519KB java alloc=2MB native alloc=6MB free=9MB
I/PackageManager( 8323): Running dexopt on: /system/app/PhaseBeam/PhaseBeam.apk pkg=com.android.phasebeam isa=arm vmSafeMode=false
E/NetlinkListener( 8193): recvmsg failed (I/O error)
E/NetlinkListener( 687): recvmsg failed (I/O error)
I/dex2oat ( 9321): /system/bin/dex2oat --zip-fd=5 --zip-location=/system/app/PhaseBeam/PhaseBeam.apk --oat-fd=6 --oat-location=/data/dalvik-cache/arm/system@app@PhaseBeam@PhaseBeam.apk@classes.dex --instruction-set=arm --instruction-set-features=div --runtime-arg -Xms64m --runtime-arg -Xmx512m --swap-fd=7
I/dex2oat ( 9321): Decided to run without swap.
E/NetlinkListener( 8193): recvmsg failed (I/O error)
E/NetlinkListener( 687): recvmsg failed (I/O error)
I/dex2oat ( 9321): dex2oat took 111.783ms (threads: 4) arena alloc=95KB java alloc=140KB native alloc=1398KB free=6MB
I/PackageManager( 8323): Running dexopt on: /system/app/UserDictionaryProvider/UserDictionaryProvider.apk pkg=com.android.providers.userdictionary isa=arm vmSafeMode=false
I/dex2oat ( 9332): /system/bin/dex2oat --zip-fd=5 --zip-location=/system/app/UserDictionaryProvider/UserDictionaryProvider.apk --oat-fd=6 --oat-location=/data/dalvik-cache/arm/system@app@UserDictionaryProvider@UserDictionaryProvider.apk@classes.dex --instruction-set=arm --instruction-set-features=div --runtime-arg -Xms64m --runtime-arg -Xmx512m --swap-fd=7
I/dex2oat ( 9332): Decided to run without swap.
I/dex2oat ( 9332): dex2oat took 82.361ms (threads: 4) arena alloc=108KB java alloc=20KB native alloc=1128KB free=6MB
I/PackageManager( 8323): Running dexopt on: /system/app/Browser/Browser.apk pkg=com.android.browser isa=arm vmSafeMode=false
I/dex2oat ( 9337): /system/bin/dex2oat --zip-fd=5 --zip-location=/system/app/Browser/Browser.apk --oat-fd=6 --oat-location=/data/dalvik-cache/arm/system@app@Browser@Browser.apk@classes.dex --instruction-set=arm --instruction-set-features=div --runtime-arg -Xms64m --runtime-arg -Xmx512m --swap-fd=7
I/dex2oat ( 9337): Decided to run without swap.
E/NetlinkListener( 8193): recvmsg failed (I/O error)
E/NetlinkListener( 687): recvmsg failed (I/O error)
E/NetlinkListener( 687): recvmsg failed (I/O error)
E/NetlinkListener( 8193): recvmsg failed (I/O error)
E/NetlinkListener( 8193): recvmsg failed (I/O error)
E/NetlinkListener( 687): recvmsg failed (I/O error)
E/NetlinkListener( 687): recvmsg failed (I/O error)
E/NetlinkListener( 8193): recvmsg failed (I/O error)
I/dex2oat ( 9337): dex2oat took 1.275s (threads: 4) arena alloc=90KB java alloc=2011KB native alloc=3MB free=4MB
I/PackageManager( 8323): Running dexopt on: /system/app/BasicDreams/BasicDreams.apk pkg=com.android.dreams.basic isa=arm vmSafeMode=false
I/dex2oat ( 9365): /system/bin/dex2oat --zip-fd=5 --zip-location=/system/app/BasicDreams/BasicDreams.apk --oat-fd=6 --oat-location=/data/dalvik-cache/arm/system@app@BasicDreams@BasicDreams.apk@classes.dex --instruction-set=arm --instruction-set-features=div --runtime-arg -Xms64m --runtime-arg -Xmx512m --swap-fd=7
I/dex2oat ( 9365): Decided to run without swap.
E/NetlinkListener( 687): recvmsg failed (I/O error)
E/NetlinkListener( 8193): recvmsg failed (I/O error)
I/dex2oat ( 9365): dex2oat took 86.694ms (threads: 4) arena alloc=55KB java alloc=29KB native alloc=1391KB free=6MB
I/PackageManager( 8323): Running dexopt on: /system/app/QtiBackupAgent/QtiBackupAgent.apk pkg=com.qti.backupagent isa=arm vmSafeMode=false
I/dex2oat ( 9374): /system/bin/dex2oat --zip-fd=5 --zip-location=/system/app/QtiBackupAgent/QtiBackupAgent.apk --oat-fd=6 --oat-location=/data/dalvik-cache/arm/system@app@QtiBackupAgent@QtiBackupAgent.apk@classes.dex --instruction-set=arm --instruction-set-features=div --runtime-arg -Xms64m --runtime-arg -Xmx512m --swap-fd=7
I/dex2oat ( 9374): Decided to run without swap.
I/dex2oat ( 9374): dex2oat took 103.544ms (threads: 4) arena alloc=205KB java alloc=64KB native alloc=1431KB free=6MB
I/PackageManager( 8323): Running dexopt on: /system/priv-app/CellBroadcastReceiver/CellBroadcastReceiver.apk pkg=com.android.cellbroadcastreceiver isa=arm vmSafeMode=false
I/dex2oat ( 9379): /system/bin/dex2oat --zip-fd=5 --zip-location=/system/priv-app/CellBroadcastReceiver/CellBroadcastReceiver.apk --oat-fd=6 --oat-location=/data/dalvik-cache/arm/system@priv-app@CellBroadcastReceiver@CellBroadcastReceiver.apk@classes.dex --instruction-set=arm --instruction-set-features=div --runtime-arg -Xms64m --runtime-arg -Xmx512m --swap-fd=7
I/dex2oat ( 9379): Decided to run without swap.
I/dex2oat ( 9379): dex2oat took 157.126ms (threads: 4) arena alloc=458KB java alloc=217KB native alloc=1652KB free=6MB
I/PackageManager( 8323): Running dexopt on: /system/app/QuickSearchBox/QuickSearchBox.apk pkg=com.android.quicksearchbox isa=arm vmSafeMode=false
I/dex2oat ( 9384): /system/bin/dex2oat --zip-fd=5 --zip-location=/system/app/QuickSearchBox/QuickSearchBox.apk --oat-fd=6 --oat-location=/data/dalvik-cache/arm/system@app@QuickSearchBox@QuickSearchBox.apk@classes.dex --instruction-set=arm --instruction-set-features=div --runtime-arg -Xms64m --runtime-arg -Xmx512m --swap-fd=7
I/dex2oat ( 9384): Decided to run without swap.
E/NetlinkListener( 8193): recvmsg failed (I/O error)
E/NetlinkListener( 687): recvmsg failed (I/O error)
I/dex2oat ( 9384): dex2oat took 505.198ms (threads: 4) arena alloc=90KB java alloc=592KB native alloc=2MB free=5MB
I/PackageManager( 8323): Running dexopt on: /system/app/shutdownlistener/shutdownlistener.apk pkg=com.qualcomm.shutdownlistner isa=arm vmSafeMode=false
I/dex2oat ( 9395): /system/bin/dex2oat --zip-fd=5 --zip-location=/system/app/shutdownlistener/shutdownlistener.apk --oat-fd=6 --oat-location=/data/dalvik-cache/arm/system@app@shutdownlistener@shutdownlistener.apk@classes.dex --instruction-set=arm --instruction-set-features=div --runtime-arg -Xms64m --runtime-arg -Xmx512m --swap-fd=7
I/dex2oat ( 9395): Decided to run without swap.
I/dex2oat ( 9395): dex2oat took 62.550ms (threads: 4) arena alloc=67KB java alloc=11KB native alloc=853KB free=7MB
I/PackageManager( 8323): Running dexopt on: /system/app/NoiseField/NoiseField.apk pkg=com.android.noisefield isa=arm vmSafeMode=false
I/dex2oat ( 9400): /system/bin/dex2oat --zip-fd=5 --zip-location=/system/app/NoiseField/NoiseField.apk --oat-fd=6 --oat-location=/data/dalvik-cache/arm/system@app@NoiseField@NoiseField.apk@classes.dex --instruction-set=arm --instruction-set-features=div --runtime-arg -Xms64m --runtime-arg -Xmx512m --swap-fd=7
E/NetlinkListener( 687): recvmsg failed (I/O error)
E/NetlinkListener( 8193): recvmsg failed (I/O error)
I/dex2oat ( 9400): Decided to run without swap.
I/dex2oat ( 9400): dex2oat took 89.376ms (threads: 4) arena alloc=141KB java alloc=135KB native alloc=1407KB free=6MB
I/PackageManager( 8323): Running dexopt on: /system/priv-app/VpnDialogs/VpnDialogs.apk pkg=com.android.vpndialogs isa=arm vmSafeMode=false
I/dex2oat ( 9408): /system/bin/dex2oat --zip-fd=5 --zip-location=/system/priv-app/VpnDialogs/VpnDialogs.apk --oat-fd=6 --oat-location=/data/dalvik-cache/arm/system@priv-app@VpnDialogs@VpnDialogs.apk@classes.dex --instruction-set=arm --instruction-set-features=div --runtime-arg -Xms64m --runtime-arg -Xmx512m --swap-fd=7
I/dex2oat ( 9408): Decided to run without swap.
I/dex2oat ( 9408): dex2oat took 88.368ms (threads: 4) arena alloc=220KB java alloc=32KB native alloc=915KB free=7MB
I/PackageManager( 8323): Running dexopt on: /system/app/DocumentsUI/DocumentsUI.apk pkg=com.android.documentsui isa=arm vmSafeMode=false
I/dex2oat ( 9413): /system/bin/dex2oat --zip-fd=5 --zip-location=/system/app/DocumentsUI/DocumentsUI.apk --oat-fd=6 --oat-location=/data/dalvik-cache/arm/system@app@DocumentsUI@DocumentsUI.apk@classes.dex --instruction-set=arm --instruction-set-features=div --runtime-arg -Xms64m --runtime-arg -Xmx512m --swap-fd=7
I/dex2oat ( 9413): Decided to run without swap.
V/WLAN_PSA( 673): NL MSG, len[048], NL type[0x11] WNI type[0x5050] len[028]
V/WLAN_PSA( 673): NL MSG, PID: 673
E/NetlinkListener( 687): recvmsg failed (I/O error)
E/NetlinkListener( 8193): recvmsg failed (I/O error)
E/NetlinkListener( 8193): recvmsg failed (I/O error)
E/NetlinkListener( 687): recvmsg failed (I/O error)
E/NetlinkListener( 687): recvmsg failed (I/O error)
E/NetlinkListener( 8193): recvmsg failed (I/O error)
I/dex2oat ( 9413): dex2oat took 906.088ms (threads: 4) arena alloc=105KB java alloc=989KB native alloc=2MB free=5MB
I/PackageManager( 8323): Running dexopt on: /system/priv-app/MyContactsWidget/MyContactsWidget.apk pkg=com.fairphone.mycontacts isa=arm vmSafeMode=false
I/dex2oat ( 9434): /system/bin/dex2oat --zip-fd=5 --zip-location=/system/priv-app/MyContactsWidget/MyContactsWidget.apk --oat-fd=6 --oat-location=/data/dalvik-cache/arm/system@priv-app@MyContactsWidget@MyContactsWidget.apk@classes.dex --instruction-set=arm --instruction-set-features=div --runtime-arg -Xms64m --runtime-arg -Xmx512m --swap-fd=7
I/dex2oat ( 9434): Decided to run without swap.
E/NetlinkListener( 687): recvmsg failed (I/O error)
E/NetlinkListener( 8193): recvmsg failed (I/O error)
W/dex2oat ( 9434): Before Android 4.1, method int android.support.v7.internal.widget.ListViewCompat.lookForSelectablePosition(int, boolean) would have incorrectly overridden the package-private method in android.widget.ListView
E/NetlinkListener( 8193): recvmsg failed (I/O error)
E/NetlinkListener( 687): recvmsg failed (I/O error)
V/WLAN_PSA( 673): NL MSG, len[4091], NL type[0x1C] WNI type[0x5900] len[58127]
V/WLAN_PSA( 673): NL MSG, PID: 673
E/NetlinkListener( 8193): recvmsg failed (I/O error)
E/NetlinkListener( 687): recvmsg failed (I/O error)
E/NetlinkListener( 687): recvmsg failed (I/O error)
E/NetlinkListener( 8193): recvmsg failed (I/O error)
I/dex2oat ( 9434): dex2oat took 1.209s (threads: 4) arena alloc=166KB java alloc=1459KB native alloc=3MB free=4MB
I/PackageManager( 8323): Running dexopt on: /system/priv-app/ExternalStorageProvider/ExternalStorageProvider.apk pkg=com.android.externalstorage isa=arm vmSafeMode=false
I/dex2oat ( 9458): /system/bin/dex2oat --zip-fd=5 --zip-location=/system/priv-app/ExternalStorageProvider/ExternalStorageProvider.apk --oat-fd=6 --oat-location=/data/dalvik-cache/arm/system@priv-app@ExternalStorageProvider@ExternalStorageProvider.apk@classes.dex --instruction-set=arm --instruction-set-features=div --runtime-arg -Xms64m --runtime-arg -Xmx512m --swap-fd=7
I/dex2oat ( 9458): Decided to run without swap.
E/NetlinkListener( 8193): recvmsg failed (I/O error)
E/NetlinkListener( 687): recvmsg failed (I/O error)
I/dex2oat ( 9458): dex2oat took 130.934ms (threads: 4) arena alloc=97KB java alloc=37KB native alloc=1312KB free=6MB
I/PackageManager( 8323): Running dexopt on: /system/app/Provision/Provision.apk pkg=com.android.provision isa=arm vmSafeMode=false
I/dex2oat ( 9466): /system/bin/dex2oat --zip-fd=5 --zip-location=/system/app/Provision/Provision.apk --oat-fd=6 --oat-location=/data/dalvik-cache/arm/system@app@Provision@Provision.apk@classes.dex --instruction-set=arm --instruction-set-features=div --runtime-arg -Xms64m --runtime-arg -Xmx512m --swap-fd=7
I/dex2oat ( 9466): Decided to run without swap.
I/dex2oat ( 9466): dex2oat took 46.151ms (threads: 4) arena alloc=35KB java alloc=7KB native alloc=587KB free=7MB
I/PackageManager( 8323): Running dexopt on: /system/priv-app/ProgrammableButton/ProgrammableButton.apk pkg=com.fairphone.programmablebutton isa=arm vmSafeMode=false
I/dex2oat ( 9472): /system/bin/dex2oat --zip-fd=5 --zip-location=/system/priv-app/ProgrammableButton/ProgrammableButton.apk --oat-fd=6 --oat-location=/data/dalvik-cache/arm/system@priv-app@ProgrammableButton@ProgrammableButton.apk@classes.dex --instruction-set=arm --instruction-set-features=div --runtime-arg -Xms64m --runtime-arg -Xmx512m --swap-fd=7
E/NetlinkListener( 8193): recvmsg failed (I/O error)
E/NetlinkListener( 687): recvmsg failed (I/O error)
I/dex2oat ( 9472): Decided to run without swap.
E/NetlinkListener( 687): recvmsg failed (I/O error)
E/NetlinkListener( 8193): recvmsg failed (I/O error)
E/NetlinkListener( 8193): recvmsg failed (I/O error)
E/NetlinkListener( 687): recvmsg failed (I/O error)
E/NetlinkListener( 8193): recvmsg failed (I/O error)
E/NetlinkListener( 687): recvmsg failed (I/O error)
E/NetlinkListener( 687): recvmsg failed (I/O error)
E/NetlinkListener( 8193): recvmsg failed (I/O error)
E/NetlinkListener( 8193): recvmsg failed (I/O error)
E/NetlinkListener( 687): recvmsg failed (I/O error)
E/NetlinkListener( 687): recvmsg failed (I/O error)
E/NetlinkListener( 8193): recvmsg failed (I/O error)
I/dex2oat ( 9472): dex2oat took 730.316ms (threads: 4) arena alloc=184KB java alloc=393KB native alloc=2MB free=5MB
I/PackageManager( 8323): Running dexopt on: /system/priv-app/Mms/Mms.apk pkg=com.android.mms isa=arm vmSafeMode=false
I/dex2oat ( 9509): /system/bin/dex2oat --zip-fd=5 --zip-location=/system/priv-app/Mms/Mms.apk --oat-fd=6 --oat-location=/data/dalvik-cache/arm/system@priv-app@Mms@Mms.apk@classes.dex --instruction-set=arm --instruction-set-features=div --runtime-arg -Xms64m --runtime-arg -Xmx512m --swap-fd=7
I/dex2oat ( 9509): Decided to run without swap.
E/NetlinkListener( 8193): recvmsg failed (I/O error)
E/NetlinkListener( 687): recvmsg failed (I/O error)
E/NetlinkListener( 8193): recvmsg failed (I/O error)
E/NetlinkListener( 687): recvmsg failed (I/O error)
I/dex2oat ( 9509): dex2oat took 1.514s (threads: 4) arena alloc=207KB java alloc=2019KB native alloc=4MB free=3MB
I/PackageManager( 8323): Running dexopt on: /system/app/LiveWallpapersPicker/LiveWallpapersPicker.apk pkg=com.android.wallpaper.livepicker isa=arm vmSafeMode=false
I/dex2oat ( 9525): /system/bin/dex2oat --zip-fd=5 --zip-location=/system/app/LiveWallpapersPicker/LiveWallpapersPicker.apk --oat-fd=6 --oat-location=/data/dalvik-cache/arm/system@app@LiveWallpapersPicker@LiveWallpapersPicker.apk@classes.dex --instruction-set=arm --instruction-set-features=div --runtime-arg -Xms64m --runtime-arg -Xmx512m --swap-fd=7
I/dex2oat ( 9525): Decided to run without swap.
E/NetlinkListener( 8193): recvmsg failed (I/O error)
E/NetlinkListener( 687): recvmsg failed (I/O error)
I/dex2oat ( 9525): dex2oat took 61.095ms (threads: 4) arena alloc=152KB java alloc=57KB native alloc=1398KB free=6MB
I/PackageManager( 8323): Running dexopt on: /system/app/PackageInstaller/PackageInstaller.apk pkg=com.android.packageinstaller isa=arm vmSafeMode=false
I/dex2oat ( 9533): /system/bin/dex2oat --zip-fd=5 --zip-location=/system/app/PackageInstaller/PackageInstaller.apk --oat-fd=6 --oat-location=/data/dalvik-cache/arm/system@app@PackageInstaller@PackageInstaller.apk@classes.dex --instruction-set=arm --instruction-set-features=div --runtime-arg -Xms64m --runtime-arg -Xmx512m --swap-fd=7
E/NetlinkListener( 8193): recvmsg failed (I/O error)
E/NetlinkListener( 687): recvmsg failed (I/O error)
I/dex2oat ( 9533): Decided to run without swap.
V/WLAN_PSA( 673): NL MSG, len[048], NL type[0x11] WNI type[0x5050] len[028]
V/WLAN_PSA( 673): NL MSG, PID: 673
E/NetlinkListener( 687): recvmsg failed (I/O error)
E/NetlinkListener( 8193): recvmsg failed (I/O error)
E/NetlinkListener( 8193): recvmsg failed (I/O error)
E/NetlinkListener( 687): recvmsg failed (I/O error)
I/dex2oat ( 9533): dex2oat took 426.459ms (threads: 4) arena alloc=92KB java alloc=542KB native alloc=2MB free=5MB
I/PackageManager( 8323): Running dexopt on: /system/app/Protips/Protips.apk pkg=com.android.protips isa=arm vmSafeMode=false
I/dex2oat ( 9553): /system/bin/dex2oat --zip-fd=5 --zip-location=/system/app/Protips/Protips.apk --oat-fd=6 --oat-location=/data/dalvik-cache/arm/system@app@Protips@Protips.apk@classes.dex --instruction-set=arm --instruction-set-features=div --runtime-arg -Xms64m --runtime-arg -Xmx512m --swap-fd=7
I/dex2oat ( 9553): Decided to run without swap.
I/dex2oat ( 9553): dex2oat took 62.171ms (threads: 4) arena alloc=111KB java alloc=5KB native alloc=859KB free=7MB
I/PackageManager( 8323): Running dexopt on: /system/app/RootPA/RootPA.apk pkg=com.gd.mobicore.pa isa=arm vmSafeMode=false
I/dex2oat ( 9559): /system/bin/dex2oat --zip-fd=5 --zip-location=/system/app/RootPA/RootPA.apk --oat-fd=6 --oat-location=/data/dalvik-cache/arm/system@app@RootPA@RootPA.apk@classes.dex --instruction-set=arm --instruction-set-features=div --runtime-arg -Xms64m --runtime-arg -Xmx512m --swap-fd=7
I/dex2oat ( 9559): Decided to run without swap.
E/NetlinkListener( 687): recvmsg failed (I/O error)
E/NetlinkListener( 8193): recvmsg failed (I/O error)
I/dex2oat ( 9559): dex2oat took 154.668ms (threads: 4) arena alloc=58KB java alloc=86KB native alloc=1414KB free=6MB
I/PackageManager( 8323): Running dexopt on: /system/priv-app/DownloadProvider/DownloadProvider.apk pkg=com.android.providers.downloads isa=arm vmSafeMode=false
I/dex2oat ( 9567): /system/bin/dex2oat --zip-fd=5 --zip-location=/system/priv-app/DownloadProvider/DownloadProvider.apk --oat-fd=6 --oat-location=/data/dalvik-cache/arm/system@priv-app@DownloadProvider@DownloadProvider.apk@classes.dex --instruction-set=arm --instruction-set-features=div --runtime-arg -Xms64m --runtime-arg -Xmx512m --swap-fd=7
I/dex2oat ( 9567): Decided to run without swap.
E/NetlinkListener( 687): recvmsg failed (I/O error)
E/NetlinkListener( 8193): recvmsg failed (I/O error)
I/dex2oat ( 9567): dex2oat took 444.554ms (threads: 4) arena alloc=185KB java alloc=423KB native alloc=2MB free=5MB
I/PackageManager( 8323): Running dexopt on: /system/app/HTMLViewer/HTMLViewer.apk pkg=com.android.htmlviewer isa=arm vmSafeMode=false
I/dex2oat ( 9579): /system/bin/dex2oat --zip-fd=5 --zip-location=/system/app/HTMLViewer/HTMLViewer.apk --oat-fd=6 --oat-location=/data/dalvik-cache/arm/system@app@HTMLViewer@HTMLViewer.apk@classes.dex --instruction-set=arm --instruction-set-features=div --runtime-arg -Xms64m --runtime-arg -Xmx512m --swap-fd=7
I/dex2oat ( 9579): Decided to run without swap.
I/dex2oat ( 9579): dex2oat took 59.830ms (threads: 4) arena alloc=121KB java alloc=52KB native alloc=1118KB free=6MB
I/PackageManager( 8323): Running dexopt on: /system/app/Calendar/Calendar.apk pkg=com.android.calendar isa=arm vmSafeMode=false
I/dex2oat ( 9584): /system/bin/dex2oat --zip-fd=5 --zip-location=/system/app/Calendar/Calendar.apk --oat-fd=6 --oat-location=/data/dalvik-cache/arm/system@app@Calendar@Calendar.apk@classes.dex --instruction-set=arm --instruction-set-features=div --runtime-arg -Xms64m --runtime-arg -Xmx512m --swap-fd=7
E/NetlinkListener( 8193): recvmsg failed (I/O error)
E/NetlinkListener( 687): recvmsg failed (I/O error)
E/NetlinkListener( 8193): recvmsg failed (I/O error)
E/NetlinkListener( 687): recvmsg failed (I/O error)
I/dex2oat ( 9584): Decided to run without swap.
V/WLAN_PSA( 673): NL MSG, len[4031], NL type[0x1C] WNI type[0x5900] len[42767]
V/WLAN_PSA( 673): NL MSG, PID: 673
E/NetlinkListener( 8193): recvmsg failed (I/O error)
E/NetlinkListener( 687): recvmsg failed (I/O error)
E/NetlinkListener( 8193): recvmsg failed (I/O error)
E/NetlinkListener( 687): recvmsg failed (I/O error)
I/dex2oat ( 9584): dex2oat took 1.367s (threads: 4) arena alloc=61KB java alloc=1975KB native alloc=4MB free=3MB
I/PackageManager( 8323): Running dexopt on: /system/priv-app/ClockWidget/ClockWidget.apk pkg=com.fairphone.clock isa=arm vmSafeMode=false
I/dex2oat ( 9608): /system/bin/dex2oat --zip-fd=5 --zip-location=/system/priv-app/ClockWidget/ClockWidget.apk --oat-fd=6 --oat-location=/data/dalvik-cache/arm/system@priv-app@ClockWidget@ClockWidget.apk@classes.dex --instruction-set=arm --instruction-set-features=div --runtime-arg -Xms64m --runtime-arg -Xmx512m --swap-fd=7
E/NetlinkListener( 8193): recvmsg failed (I/O error)
E/NetlinkListener( 687): recvmsg failed (I/O error)
I/dex2oat ( 9608): Decided to run without swap.
E/NetlinkListener( 8193): recvmsg failed (I/O error)
E/NetlinkListener( 687): recvmsg failed (I/O error)
E/NetlinkListener( 8193): recvmsg failed (I/O error)
E/NetlinkListener( 687): recvmsg failed (I/O error)
E/NetlinkListener( 8193): recvmsg failed (I/O error)
E/NetlinkListener( 687): recvmsg failed (I/O error)
I/dex2oat ( 9608): dex2oat took 619.112ms (threads: 4) arena alloc=138KB java alloc=404KB native alloc=2MB free=5MB
I/PackageManager( 8323): Running dexopt on: /system/app/HoloSpiralWallpaper/HoloSpiralWallpaper.apk pkg=com.android.wallpaper.holospiral isa=arm vmSafeMode=false
I/dex2oat ( 9632): /system/bin/dex2oat --zip-fd=5 --zip-location=/system/app/HoloSpiralWallpaper/HoloSpiralWallpaper.apk --oat-fd=6 --oat-location=/data/dalvik-cache/arm/system@app@HoloSpiralWallpaper@HoloSpiralWallpaper.apk@classes.dex --instruction-set=arm --instruction-set-features=div --runtime-arg -Xms64m --runtime-arg -Xmx512m --swap-fd=7
I/dex2oat ( 9632): Decided to run without swap.
I/dex2oat ( 9632): dex2oat took 86.008ms (threads: 4) arena alloc=133KB java alloc=130KB native alloc=1402KB free=6MB
I/PackageManager( 8323): Running dexopt on: /system/app/Galaxy4/Galaxy4.apk pkg=com.android.galaxy4 isa=arm vmSafeMode=false
I/dex2oat ( 9637): /system/bin/dex2oat --zip-fd=5 --zip-location=/system/app/Galaxy4/Galaxy4.apk --oat-fd=6 --oat-location=/data/dalvik-cache/arm/system@app@Galaxy4@Galaxy4.apk@classes.dex --instruction-set=arm --instruction-set-features=div --runtime-arg -Xms64m --runtime-arg -Xmx512m --swap-fd=7
E/NetlinkListener( 8193): recvmsg failed (I/O error)
E/NetlinkListener( 687): recvmsg failed (I/O error)
I/dex2oat ( 9637): Decided to run without swap.
I/dex2oat ( 9637): dex2oat took 76.562ms (threads: 4) arena alloc=90KB java alloc=141KB native alloc=1391KB free=6MB
I/PackageManager( 8323): Running dexopt on: /system/app/VisualizationWallpapers/VisualizationWallpapers.apk pkg=com.android.musicvis isa=arm vmSafeMode=false
I/dex2oat ( 9645): /system/bin/dex2oat --zip-fd=5 --zip-location=/system/app/VisualizationWallpapers/VisualizationWallpapers.apk --oat-fd=6 --oat-location=/data/dalvik-cache/arm/system@app@VisualizationWallpapers@VisualizationWallpapers.apk@classes.dex --instruction-set=arm --instruction-set-features=div --runtime-arg -Xms64m --runtime-arg -Xmx512m --swap-fd=7
I/dex2oat ( 9645): Decided to run without swap.
I/dex2oat ( 9645): dex2oat took 237.503ms (threads: 4) arena alloc=82KB java alloc=132KB native alloc=1440KB free=6MB
I/PackageManager( 8323): Running dexopt on: /system/app/FM2/FM2.apk pkg=com.caf.fmradio isa=arm vmSafeMode=false
I/dex2oat ( 9650): /system/bin/dex2oat --zip-fd=5 --zip-location=/system/app/FM2/FM2.apk --oat-fd=6 --oat-location=/data/dalvik-cache/arm/system@app@FM2@FM2.apk@classes.dex --instruction-set=arm --instruction-set-features=div --runtime-arg -Xms64m --runtime-arg -Xmx512m --swap-fd=7
I/dex2oat ( 9650): Decided to run without swap.
E/NetlinkListener( 687): recvmsg failed (I/O error)
E/NetlinkListener( 8193): recvmsg failed (I/O error)
I/dex2oat ( 9650): dex2oat took 468.974ms (threads: 4) arena alloc=198KB java alloc=530KB native alloc=3MB free=4MB
I/PackageManager( 8323): Running dexopt on: /system/priv-app/MusicFX/MusicFX.apk pkg=com.android.musicfx isa=arm vmSafeMode=false
I/dex2oat ( 9662): /system/bin/dex2oat --zip-fd=5 --zip-location=/system/priv-app/MusicFX/MusicFX.apk --oat-fd=6 --oat-location=/data/dalvik-cache/arm/system@priv-app@MusicFX@MusicFX.apk@classes.dex --instruction-set=arm --instruction-set-features=div --runtime-arg -Xms64m --runtime-arg -Xmx512m --swap-fd=7
I/dex2oat ( 9662): Decided to run without swap.
I/dex2oat ( 9662): dex2oat took 122.714ms (threads: 4) arena alloc=1152KB java alloc=105KB native alloc=2039KB free=6MB
E/NetlinkListener( 687): recvmsg failed (I/O error)
E/NetlinkListener( 8193): recvmsg failed (I/O error)
I/PackageManager( 8323): Running dexopt on: /system/app/Exchange2/Exchange2.apk pkg=com.android.exchange isa=arm vmSafeMode=false
I/dex2oat ( 9670): /system/bin/dex2oat --zip-fd=5 --zip-location=/system/app/Exchange2/Exchange2.apk --oat-fd=6 --oat-location=/data/dalvik-cache/arm/system@app@Exchange2@Exchange2.apk@classes.dex --instruction-set=arm --instruction-set-features=div --runtime-arg -Xms64m --runtime-arg -Xmx512m --swap-fd=7
I/dex2oat ( 9670): Decided to run without swap.
V/WLAN_PSA( 673): NL MSG, len[048], NL type[0x11] WNI type[0x5050] len[028]
V/WLAN_PSA( 673): NL MSG, PID: 673
E/NetlinkListener( 687): recvmsg failed (I/O error)
E/NetlinkListener( 8193): recvmsg failed (I/O error)
V/WLAN_PSA( 673): NL MSG, len[4077], NL type[0x1C] WNI type[0x5900] len[54543]
V/WLAN_PSA( 673): NL MSG, PID: 673
E/NetlinkListener( 687): recvmsg failed (I/O error)
E/NetlinkListener( 8193): recvmsg failed (I/O error)
I/dex2oat ( 9670): dex2oat took 2.703s (threads: 4) arena alloc=229KB java alloc=3MB native alloc=6MB free=9MB
I/PackageManager( 8323): Running dexopt on: /system/app/webview/webview.apk pkg=com.android.webview isa=arm vmSafeMode=false
I/dex2oat ( 9684): /system/bin/dex2oat --zip-fd=5 --zip-location=/system/app/webview/webview.apk --oat-fd=6 --oat-location=/data/dalvik-cache/arm/system@app@webview@webview.apk@classes.dex --instruction-set=arm --instruction-set-features=div --runtime-arg -Xms64m --runtime-arg -Xmx512m --swap-fd=7
I/dex2oat ( 9684): Decided to run without swap.
E/NetlinkListener( 8193): recvmsg failed (I/O error)
E/NetlinkListener( 687): recvmsg failed (I/O error)
I/dex2oat ( 9684): dex2oat took 879.215ms (threads: 4) arena alloc=64KB java alloc=1368KB native alloc=3MB free=4MB
I/PackageManager( 8323): Running dexopt on: /system/app/WAPPushManager/WAPPushManager.apk pkg=com.android.smspush isa=arm vmSafeMode=false
I/dex2oat ( 9695): /system/bin/dex2oat --zip-fd=5 --zip-location=/system/app/WAPPushManager/WAPPushManager.apk --oat-fd=6 --oat-location=/data/dalvik-cache/arm/system@app@WAPPushManager@WAPPushManager.apk@classes.dex --instruction-set=arm --instruction-set-features=div --runtime-arg -Xms64m --runtime-arg -Xmx512m --swap-fd=7
I/dex2oat ( 9695): Decided to run without swap.
E/NetlinkListener( 8193): recvmsg failed (I/O error)
E/NetlinkListener( 687): recvmsg failed (I/O error)
E/NetlinkListener( 8193): recvmsg failed (I/O error)
E/NetlinkListener( 687): recvmsg failed (I/O error)
I/dex2oat ( 9695): dex2oat took 185.282ms (threads: 4) arena alloc=273KB java alloc=65KB native alloc=1457KB free=6MB
I/PackageManager( 8323): Running dexopt on: /system/app/Email/Email.apk pkg=com.android.email isa=arm vmSafeMode=false
I/dex2oat ( 9706): /system/bin/dex2oat --zip-fd=5 --zip-location=/system/app/Email/Email.apk --oat-fd=6 --oat-location=/data/dalvik-cache/arm/system@app@Email@Email.apk@classes.dex --instruction-set=arm --instruction-set-features=div --runtime-arg -Xms64m --runtime-arg -Xmx512m --swap-fd=7
E/NetlinkListener( 8193): recvmsg failed (I/O error)
E/NetlinkListener( 687): recvmsg failed (I/O error)
I/dex2oat ( 9706): Decided to run without swap.
E/NetlinkListener( 8193): recvmsg failed (I/O error)
E/NetlinkListener( 687): recvmsg failed (I/O error)
E/NetlinkListener( 8193): recvmsg failed (I/O error)
E/NetlinkListener( 687): recvmsg failed (I/O error)
V/WLAN_PSA( 673): NL MSG, len[048], NL type[0x11] WNI type[0x5050] len[028]
V/WLAN_PSA( 673): NL MSG, PID: 673
E/NetlinkListener( 687): recvmsg failed (I/O error)
E/NetlinkListener( 8193): recvmsg failed (I/O error)
E/NetlinkListener( 8193): recvmsg failed (I/O error)
E/NetlinkListener( 687): recvmsg failed (I/O error)
E/NetlinkListener( 687): recvmsg failed (I/O error)
E/NetlinkListener( 8193): recvmsg failed (I/O error)
E/NetlinkListener( 687): recvmsg failed (I/O error)
E/NetlinkListener( 8193): recvmsg failed (I/O error)
E/NetlinkListener( 8193): recvmsg failed (I/O error)
E/NetlinkListener( 687): recvmsg failed (I/O error)
I/dex2oat ( 9706): dex2oat took 3.741s (threads: 4) arena alloc=106KB java alloc=5MB native alloc=10MB free=5MB
I/PackageManager( 8323): Running dexopt on: /system/priv-app/WallpaperCropper/WallpaperCropper.apk pkg=com.android.wallpapercropper isa=arm vmSafeMode=false
I/dex2oat ( 9750): /system/bin/dex2oat --zip-fd=5 --zip-location=/system/priv-app/WallpaperCropper/WallpaperCropper.apk --oat-fd=6 --oat-location=/data/dalvik-cache/arm/system@priv-app@WallpaperCropper@WallpaperCropper.apk@classes.dex --instruction-set=arm --instruction-set-features=div --runtime-arg -Xms64m --runtime-arg -Xmx512m --swap-fd=7
I/dex2oat ( 9750): Decided to run without swap.
E/NetlinkListener( 8193): recvmsg failed (I/O error)
E/NetlinkListener( 687): recvmsg failed (I/O error)
E/NetlinkListener( 687): recvmsg failed (I/O error)
E/NetlinkListener( 8193): recvmsg failed (I/O error)
V/WLAN_PSA( 673): NL MSG, len[4025], NL type[0x1C] WNI type[0x5900] len[41231]
V/WLAN_PSA( 673): NL MSG, PID: 673
I/dex2oat ( 9750): dex2oat took 553.925ms (threads: 4) arena alloc=204KB java alloc=484KB native alloc=2MB free=5MB
I/PackageManager( 8323): Running dexopt on: /system/app/Stk/Stk.apk pkg=com.android.stk isa=arm vmSafeMode=false
I/dex2oat ( 9768): /system/bin/dex2oat --zip-fd=5 --zip-location=/system/app/Stk/Stk.apk --oat-fd=6 --oat-location=/data/dalvik-cache/arm/system@app@Stk@Stk.apk@classes.dex --instruction-set=arm --instruction-set-features=div --runtime-arg -Xms64m --runtime-arg -Xmx512m --swap-fd=7
I/dex2oat ( 9768): Decided to run without swap.
I/dex2oat ( 9768): dex2oat took 116.416ms (threads: 4) arena alloc=87KB java alloc=143KB native alloc=1503KB free=6MB
I/PackageManager( 8323): Running dexopt on: /system/app/Bluetooth/Bluetooth.apk pkg=com.android.bluetooth isa=arm vmSafeMode=false
