I/dex2oat (11025): /system/bin/dex2oat --zip-fd=5 --zip-location=/usr/libexec/sfdroid/system/framework/wifi-service.jar --oat-fd=6 --oat-location=/data/dalvik-cache/arm/usr@libexec@sfdroid@system@framework@wifi-service.jar@classes.dex --instruction-set=arm --instruction-set-features=div --runtime-arg -Xms64m --runtime-arg -Xmx512m --swap-fd=7
I/dex2oat (11025): Decided to run without swap.
E/NetlinkListener( 687): recvmsg failed (I/O error)
E/NetlinkListener(10859): recvmsg failed (I/O error)
E/NetlinkListener( 687): recvmsg failed (I/O error)
E/NetlinkListener(10859): recvmsg failed (I/O error)
E/QCALOG ( 959): [MessageQ] ProcessNewMessage: [LOWI-SERVER] unknown deliver target [OS-Agent]
I/dex2oat (11025): dex2oat took 660.262ms (threads: 4) arena alloc=1574KB java alloc=906KB native alloc=4MB free=3MB
I/InstallerConnection(10969): disconnecting...
E/installd( 5281): eof
E/installd( 5281): failed to read size
I/installd( 5281): closing connection
I/SystemServer(10969): Entered the Android system server!
E/NetlinkListener(10859): recvmsg failed (I/O error)
E/NetlinkListener( 687): recvmsg failed (I/O error)
V/Fingerprint-JNI(10969): FingerprintManager JNI ready.
I/ (10969): System server: starting sensor init.
D/SensorService(10969): nuSensorService starting...
I/SystemServiceManager(10969): Starting com.android.server.pm.Installer
I/Installer(10969): Waiting for installd to be ready.
I/InstallerConnection(10969): connecting...
I/installd( 5281): new connection
I/SystemServiceManager(10969): Starting com.android.server.am.ActivityManagerService$Lifecycle
E/qti_sensors_hal(10969): SensorsContext: Hal opened lib /system/lib/hw/sensors.oem.so failed!
E/Sensors ( 1010): sns_acm_mr.c(432):Transport error -45
E/Sensors ( 1010): sns_acm_mr.c(432):Transport error -45
E/Sensors ( 1010): sns_acm_mr.c(432):Transport error -45
E/Sensors ( 1010): sns_acm_mr.c(432):Transport error -45
E/Sensors ( 1010): sns_acm_mr.c(432):Transport error -45
E/Sensors ( 1010): sns_acm_mr.c(432):Transport error -45
I/XXXXXX (10969): choosing minFree values for 32 Bit
I/XXXXXX (10969): choosing minFree values for 32 Bit
I/XXXXXX (10969): choosing minFree values for 32 Bit
I/XXXXXX (10969): choosing minFree values for 32 Bit
I/XXXXXX (10969): choosing minFree values for 32 Bit
I/XXXXXX (10969): choosing minFree values for 32 Bit
E/Sensors ( 1010): sns_acm_mr.c(432):Transport error -45
E/Sensors ( 1010): sns_acm_mr.c(432):Transport error -45
E/Sensors ( 1010): sns_acm_mr.c(432):Transport error -45
E/Sensors ( 1010): sns_acm_mr.c(734):Request made to disabled service
E/Sensors ( 1010): sns_main.c(1331):Error writing request. sns_err 3 error 0 qmi_err 0
E/qti_sensors_hal(10969): SAMSensor_sensor1_cb: attributes request failed for handle 55
E/qti_sensors_hal(10969): processResp: Msg 36; Result: 1, Error: 3
W/qti_sensors_hal(10969): addSensor : Not supported sensor with handle 31!
W/qti_sensors_hal(10969): addSensor : Not supported sensor with handle 32!
I/ActivityManager(10969): Memory class: 128
E/Sensors ( 1010): sns_acm_mr.c(432):Transport error -45
I/ServiceThread(10969): Enabled StrictMode logging for ActivityManager looper.
E/Sensors ( 1010): sns_acm_mr.c(432):Transport error -45
E/Sensors ( 1010): sns_acm_mr.c(432):Transport error -45
E/Sensors ( 1010): sns_acm_mr.c(432):Transport error -45
E/Sensors ( 1010): sns_acm_mr.c(432):Transport error -45
E/Sensors ( 1010): sns_acm_mr.c(432):Transport error -45
E/Sensors ( 1010): sns_acm_mr.c(432):Transport error -45
E/Sensors ( 1010): sns_acm_mr.c(432):Transport error -45
E/Sensors ( 1010): sns_acm_mr.c(734):Request made to disabled service
E/Sensors ( 1010): sns_main.c(1331):Error writing request. sns_err 3 error 0 qmi_err 0
E/qti_sensors_hal(10969): SAMSensor_sensor1_cb: attributes request failed for handle 46
E/qti_sensors_hal(10969): processResp: Msg 36; Result: 1, Error: 3
E/qti_sensors_hal(10969): processSingleSensorInfoResp: either handle_wakeup is -1 or error is true or mSensors[handle_wakeup] is NULL!
E/qti_sensors_hal(10969): processSingleSensorInfoResp: either handle_wakeup is -1 or error is true or mSensors[handle_wakeup] is NULL!
E/qti_sensors_hal(10969): processSingleSensorInfoResp: either handle_wakeup is -1 or error is true or mSensors[handle_wakeup] is NULL!
E/qti_sensors_hal(10969): processSingleSensorInfoResp: either handle is -1 or error is true or mSensors[handle] is NULL!
E/qti_sensors_hal(10969): processSingleSensorInfoResp: either handle_wakeup is -1 or error is true or mSensors[handle_wakeup] is NULL!
E/qti_sensors_hal(10969): OEMAddSensors : The OEM_module is NULL!
I/AppOps (10969): No existing app ops /data/system/appops.xml; starting empty
W/qti_sensors_hal(10969): sensors_get_sensors_list: handle 51 is not registered!
W/qti_sensors_hal(10969): sensors_get_sensors_list: handle 52 is not registered!
W/qti_sensors_hal(10969): sensors_get_sensors_list: handle 17 is not registered!
W/qti_sensors_hal(10969): sensors_get_sensors_list: handle 26 is not registered!
W/qti_sensors_hal(10969): sensors_get_sensors_list: handle 27 is not registered!
W/qti_sensors_hal(10969): sensors_get_sensors_list: handle 65 is not registered!
W/qti_sensors_hal(10969): sensors_get_sensors_list: handle 66 is not registered!
W/qti_sensors_hal(10969): sensors_get_sensors_list: handle 19 is not registered!
W/qti_sensors_hal(10969): sensors_get_sensors_list: handle 24 is not registered!
W/qti_sensors_hal(10969): sensors_get_sensors_list: handle 64 is not registered!
W/qti_sensors_hal(10969): sensors_get_sensors_list: handle 18 is not registered!
W/qti_sensors_hal(10969): sensors_get_sensors_list: handle 20 is not registered!
W/qti_sensors_hal(10969): sensors_get_sensors_list: handle 25 is not registered!
W/qti_sensors_hal(10969): sensors_get_sensors_list: handle 28 is not registered!
W/qti_sensors_hal(10969): sensors_get_sensors_list: handle 57 is not registered!
W/qti_sensors_hal(10969): sensors_get_sensors_list: handle 58 is not registered!
W/qti_sensors_hal(10969): sensors_get_sensors_list: handle 59 is not registered!
W/qti_sensors_hal(10969): sensors_get_sensors_list: handle 62 is not registered!
W/qti_sensors_hal(10969): sensors_get_sensors_list: handle 63 is not registered!
W/qti_sensors_hal(10969): sensors_get_sensors_list: handle 60 is not registered!
W/qti_sensors_hal(10969): sensors_get_sensors_list: handle 61 is not registered!
W/qti_sensors_hal(10969): sensors_get_sensors_list: handle 56 is not registered!
W/qti_sensors_hal(10969): sensors_get_sensors_list: handle 21 is not registered!
W/qti_sensors_hal(10969): sensors_get_sensors_list: handle 22 is not registered!
W/qti_sensors_hal(10969): sensors_get_sensors_list: handle 23 is not registered!
W/qti_sensors_hal(10969): sensors_get_sensors_list: handle 31 is not registered!
W/qti_sensors_hal(10969): sensors_get_sensors_list: handle 32 is not registered!
W/qti_sensors_hal(10969): sensors_get_sensors_list: handle 35 is not registered!
W/qti_sensors_hal(10969): sensors_get_sensors_list: handle 41 is not registered!
W/qti_sensors_hal(10969): sensors_get_sensors_list: handle 54 is not registered!
I/ (10969): System server: sensor init done.
D/SensorService(10969): nuSensorService thread starting...
D/SensorService(10969): new thread SensorEventAckReceiver
I/IntentFirewall(10969): Read new rules (A:0 B:0 S:0)
I/ServiceThread(10969): Enabled StrictMode logging for android.ui looper.
I/ServiceThread(10969): Enabled StrictMode logging for android.display looper.
D/AppOps (10969): AppOpsService published
I/SystemServiceManager(10969): Starting com.android.server.power.PowerManagerService
I/ServiceThread(10969): Enabled StrictMode logging for PowerManagerService looper.
E/PowerManagerService-JNI(10969): Couldn't load power module (Operation not permitted)
W/libsuspend(10969): Error writing 'on' to /sys/power/state: Invalid argument
I/libsuspend(10969): Selected wakeup count
I/SystemServiceManager(10969): Starting com.android.server.display.DisplayManagerService
E/BatteryStatsService(10969): Failed to open /sys/kernel/wakeup_reasons/last_resume_reason
I/SystemServiceManager(10969): Starting phase 100
I/DisplayManagerService(10969): Display device added: DisplayDeviceInfo{"Built-in Screen": uniqueId="local:0", 1080 x 1920, 0.466 fps, supportedRefreshRates [0.466], density 480, 160.42105 x 159.89508 dpi, appVsyncOff 0, presDeadline 2146922789, touch INTERNAL, rotation 0, type BUILT_IN, state UNKNOWN, FLAG_DEFAULT_DISPLAY, FLAG_ROTATES_WITH_CONTENT, FLAG_SECURE, FLAG_SUPPORTS_PROTECTED_BUFFERS}
I/SystemServer(10969): Package Manager
E/SELinuxMMAC(10969): Error with hashing seapp_contexts.
E/SELinuxMMAC(10969): java.io.FileNotFoundException: /seapp_contexts: open failed: ENOENT (No such file or directory)
E/SELinuxMMAC(10969): at libcore.io.IoBridge.open(IoBridge.java:456)
E/SELinuxMMAC(10969): at libcore.io.IoUtils$FileReader.(IoUtils.java:209)
E/SELinuxMMAC(10969): at libcore.io.IoUtils.readFileAsByteArray(IoUtils.java:109)
E/SELinuxMMAC(10969): at com.android.server.pm.SELinuxMMAC.returnHash(SELinuxMMAC.java:456)
E/SELinuxMMAC(10969): at com.android.server.pm.SELinuxMMAC.shouldRestorecon(SELinuxMMAC.java:389)
E/SELinuxMMAC(10969): at com.android.server.pm.PackageManagerService.(PackageManagerService.java:419)
E/SELinuxMMAC(10969): at com.android.server.pm.PackageManagerService.main(PackageManagerService.java:1261)
E/SELinuxMMAC(10969): at com.android.server.SystemServer.startBootstrapServices(SystemServer.java:358)
E/SELinuxMMAC(10969): at com.android.server.SystemServer.run(SystemServer.java:263)
E/SELinuxMMAC(10969): at com.android.server.SystemServer.main(SystemServer.java:179)
E/SELinuxMMAC(10969): at java.lang.reflect.Method.invoke(Native Method)
E/SELinuxMMAC(10969): at java.lang.reflect.Method.invoke(Method.java:372)
E/SELinuxMMAC(10969): at com.android.internal.os.ZygoteInit$MethodAndArgsCaller.run(ZygoteInit.java:904)
E/SELinuxMMAC(10969): at com.android.internal.os.ZygoteInit.main(ZygoteInit.java:699)
E/SELinuxMMAC(10969): Caused by: android.system.ErrnoException: open failed: ENOENT (No such file or directory)
E/SELinuxMMAC(10969): at libcore.io.Posix.open(Native Method)
E/SELinuxMMAC(10969): at libcore.io.BlockGuardOs.open(BlockGuardOs.java:186)
E/SELinuxMMAC(10969): at libcore.io.IoBridge.open(IoBridge.java:442)
E/SELinuxMMAC(10969): ... 13 more
D/EntSec (10969): [QSB ] [QSB_CLIENT ] QualcommSecurityBridge: PackageManager
I/EntSec (10969): [QSB ] [PORT_SWITCH] QSB Client Thread created
I/EntSec (10969): [QSB ] [PORT_SWITCH] QSB Port Switching Thread start running...
D/EntSec (10969): [QSB ] [PORT_SWITCH] Creating NQS Communicator instance
D/EntSec (10969): [QSB ] [NQS_CONECTOR] Trying to open a local socket
E/EntSec (10969): [QSB ] [NQS_CONECTOR] Failed to create and connect a local socket. [Error Description: No such file or directory ]
E/EntSec (10969): [QSB ] [NQS_CONECTOR] Failed to connect to the NQS [Error Description: No such file or directory ]
D/EntSec (10969): [QSB ] [PORT_SWITCH] NQS Communicator is disconnected
E/EntSec (10969): [QSB ] [PORT_SWITCH] No connection with the NQS; QSB initializes with the default port
I/EntSec (10969): [QSB ] [QSB_CLIENT ] Revert Loading port completed successfully
E/EntSec (10969): [QSB ] [PORT_SWITCH] QSB Port Switching Thread stop running.
E/NetlinkListener(10859): recvmsg failed (I/O error)
W/SystemConfig(10969): No directory /system/etc/sysconfig, skipping
E/NetlinkListener( 687): recvmsg failed (I/O error)
D/SELinuxMMAC(10969): Using policy file /system/etc/security/mac_permissions.xml
I/dex2oat (11114): /system/bin/dex2oat --zip-fd=5 --zip-location=/system/framework/qcnvitems.jar --oat-fd=6 --oat-location=/data/dalvik-cache/arm/system@framework@qcnvitems.jar@classes.dex --instruction-set=arm --instruction-set-features=div --runtime-arg -Xms64m --runtime-arg -Xmx512m --swap-fd=7
I/dex2oat (11114): Decided to run without swap.
E/NetlinkListener( 687): recvmsg failed (I/O error)
E/NetlinkListener(10859): recvmsg failed (I/O error)
I/dex2oat (11114): dex2oat took 217.422ms (threads: 4) arena alloc=74KB java alloc=472KB native alloc=1781KB free=6MB
E/art (10969): DexFile_isDexOptNeeded file '/system/framework/com.google.widevine.software.drm.jar' does not exist
W/PackageManager(10969): Library not found: /system/framework/com.google.widevine.software.drm.jar
I/dex2oat (11125): /system/bin/dex2oat --zip-fd=5 --zip-location=/system/framework/dpmapi.jar --oat-fd=6 --oat-location=/data/dalvik-cache/arm/system@framework@dpmapi.jar@classes.dex --instruction-set=arm --instruction-set-features=div --runtime-arg -Xms64m --runtime-arg -Xmx512m --swap-fd=7
I/dex2oat (11125): Decided to run without swap.
I/dex2oat (11125): dex2oat took 57.611ms (threads: 4) arena alloc=123KB java alloc=15KB native alloc=1257KB free=6MB
I/dex2oat (11130): /system/bin/dex2oat --zip-fd=5 --zip-location=/system/framework/btmultisimlibrary.jar --oat-fd=6 --oat-location=/data/dalvik-cache/arm/system@framework@btmultisimlibrary.jar@classes.dex --instruction-set=arm --instruction-set-features=div --runtime-arg -Xms64m --runtime-arg -Xmx512m --swap-fd=7
I/dex2oat (11130): Decided to run without swap.
I/dex2oat (11130): dex2oat took 84.182ms (threads: 4) arena alloc=47KB java alloc=6KB native alloc=881KB free=7MB
E/art (10969): DexFile_isDexOptNeeded file '/system/framework/com.google.android.media.effects.jar' does not exist
W/PackageManager(10969): Library not found: /system/framework/com.google.android.media.effects.jar
I/dex2oat (11136): /system/bin/dex2oat --zip-fd=5 --zip-location=/system/framework/com.android.location.provider.jar --oat-fd=6 --oat-location=/data/dalvik-cache/arm/system@framework@com.android.location.provider.jar@classes.dex --instruction-set=arm --instruction-set-features=div --runtime-arg -Xms64m --runtime-arg -Xmx512m --swap-fd=7
I/dex2oat (11136): Decided to run without swap.
E/NetlinkListener( 687): recvmsg failed (I/O error)
E/NetlinkListener(10859): recvmsg failed (I/O error)
I/dex2oat (11136): dex2oat took 81.154ms (threads: 4) arena alloc=133KB java alloc=73KB native alloc=1405KB free=6MB
I/dex2oat (11144): /system/bin/dex2oat --zip-fd=5 --zip-location=/system/framework/cneapiclient.jar --oat-fd=6 --oat-location=/data/dalvik-cache/arm/system@framework@cneapiclient.jar@classes.dex --instruction-set=arm --instruction-set-features=div --runtime-arg -Xms64m --runtime-arg -Xmx512m --swap-fd=7
I/dex2oat (11144): Decided to run without swap.
I/dex2oat (11144): dex2oat took 50.951ms (threads: 4) arena alloc=85KB java alloc=23KB native alloc=1126KB free=6MB
I/dex2oat (11149): /system/bin/dex2oat --zip-fd=5 --zip-location=/system/framework/DigitalPenService.jar --oat-fd=6 --oat-location=/data/dalvik-cache/arm/system@framework@DigitalPenService.jar@classes.dex --instruction-set=arm --instruction-set-features=div --runtime-arg -Xms64m --runtime-arg -Xmx512m --swap-fd=7
I/dex2oat (11149): Decided to run without swap.
E/NetlinkListener( 687): recvmsg failed (I/O error)
E/NetlinkListener(10859): recvmsg failed (I/O error)
V/WLAN_PSA( 673): NL MSG, len[4089], NL type[0x1C] WNI type[0x5900] len[57615]
V/WLAN_PSA( 673): NL MSG, PID: 673
E/NetlinkListener( 687): recvmsg failed (I/O error)
E/NetlinkListener(10859): recvmsg failed (I/O error)
I/dex2oat (11149): dex2oat took 485.439ms (threads: 4) arena alloc=51KB java alloc=692KB native alloc=2MB free=5MB
I/dex2oat (11166): /system/bin/dex2oat --zip-fd=5 --zip-location=/system/framework/com.android.future.usb.accessory.jar --oat-fd=6 --oat-location=/data/dalvik-cache/arm/system@framework@com.android.future.usb.accessory.jar@classes.dex --instruction-set=arm --instruction-set-features=div --runtime-arg -Xms64m --runtime-arg -Xmx512m --swap-fd=7
I/dex2oat (11166): Decided to run without swap.
I/dex2oat (11166): dex2oat took 80.900ms (threads: 4) arena alloc=93KB java alloc=11KB native alloc=858KB free=7MB
I/dex2oat (11173): /system/bin/dex2oat --zip-fd=5 --zip-location=/system/framework/javax.obex.jar --oat-fd=6 --oat-location=/data/dalvik-cache/arm/system@framework@javax.obex.jar@classes.dex --instruction-set=arm --instruction-set-features=div --runtime-arg -Xms64m --runtime-arg -Xmx512m --swap-fd=7
I/dex2oat (11173): Decided to run without swap.
E/NetlinkListener(10859): recvmsg failed (I/O error)
E/NetlinkListener( 687): recvmsg failed (I/O error)
I/dex2oat (11173): dex2oat took 127.785ms (threads: 4) arena alloc=473KB java alloc=39KB native alloc=1861KB free=6MB
I/dex2oat (11181): /system/bin/dex2oat --zip-fd=5 --zip-location=/system/framework/javax.btobex.jar --oat-fd=6 --oat-location=/data/dalvik-cache/arm/system@framework@javax.btobex.jar@classes.dex --instruction-set=arm --instruction-set-features=div --runtime-arg -Xms64m --runtime-arg -Xmx512m --swap-fd=7
I/dex2oat (11181): Decided to run without swap.
V/WLAN_PSA( 673): NL MSG, len[048], NL type[0x11] WNI type[0x5050] len[028]
V/WLAN_PSA( 673): NL MSG, PID: 673
I/dex2oat (11181): dex2oat took 120.685ms (threads: 4) arena alloc=737KB java alloc=48KB native alloc=2MB free=5MB
I/dex2oat (11186): /system/bin/dex2oat --zip-fd=5 --zip-location=/system/framework/imscmlibrary.jar --oat-fd=6 --oat-location=/data/dalvik-cache/arm/system@framework@imscmlibrary.jar@classes.dex --instruction-set=arm --instruction-set-features=div --runtime-arg -Xms64m --runtime-arg -Xmx512m --swap-fd=7
I/dex2oat (11186): Decided to run without swap.
I/dex2oat (11186): dex2oat took 41.316ms (threads: 4) arena alloc=88KB java alloc=7KB native alloc=1110KB free=6MB
I/dex2oat (11191): /system/bin/dex2oat --zip-fd=5 --zip-location=/system/framework/qcrilhook.jar --oat-fd=6 --oat-location=/data/dalvik-cache/arm/system@framework@qcrilhook.jar@classes.dex --instruction-set=arm --instruction-set-features=div --runtime-arg -Xms64m --runtime-arg -Xmx512m --swap-fd=7
I/dex2oat (11191): Decided to run without swap.
I/dex2oat (11191): dex2oat took 279.015ms (threads: 4) arena alloc=72KB java alloc=147KB native alloc=1757KB free=6MB
I/dex2oat (11196): /system/bin/dex2oat --zip-fd=5 --zip-location=/system/framework/android.test.runner.jar --oat-fd=6 --oat-location=/data/dalvik-cache/arm/system@framework@android.test.runner.jar@classes.dex --instruction-set=arm --instruction-set-features=div --runtime-arg -Xms64m --runtime-arg -Xmx512m --swap-fd=7
I/dex2oat (11196): Decided to run without swap.
I/dex2oat (11196): dex2oat took 392.055ms (threads: 4) arena alloc=57KB java alloc=243KB native alloc=1984KB free=6MB
E/art (10969): DexFile_isDexOptNeeded file '/system/framework/com.google.android.maps.jar' does not exist
W/PackageManager(10969): Library not found: /system/framework/com.google.android.maps.jar
I/dex2oat (11201): /system/bin/dex2oat --zip-fd=5 --zip-location=/system/framework/com.android.media.remotedisplay.jar --oat-fd=6 --oat-location=/data/dalvik-cache/arm/system@framework@com.android.media.remotedisplay.jar@classes.dex --instruction-set=arm --instruction-set-features=div --runtime-arg -Xms64m --runtime-arg -Xmx512m --swap-fd=7
I/dex2oat (11201): Decided to run without swap.
I/dex2oat (11201): dex2oat took 66.797ms (threads: 4) arena alloc=41KB java alloc=15KB native alloc=867KB free=7MB
E/art (10969): DexFile_isDexOptNeeded file '/system/framework/com.fairphone.hiccup.jar' does not exist
W/PackageManager(10969): Library not found: /system/framework/com.fairphone.hiccup.jar
I/dex2oat (11206): /system/bin/dex2oat --zip-fd=5 --zip-location=/system/framework/com.quicinc.cne.jar --oat-fd=6 --oat-location=/data/dalvik-cache/arm/system@framework@com.quicinc.cne.jar@classes.dex --instruction-set=arm --instruction-set-features=div --runtime-arg -Xms64m --runtime-arg -Xmx512m --swap-fd=7
I/dex2oat (11206): Decided to run without swap.
E/NetlinkListener(10859): recvmsg failed (I/O error)
E/NetlinkListener( 687): recvmsg failed (I/O error)
I/dex2oat (11206): dex2oat took 227.311ms (threads: 4) arena alloc=519KB java alloc=182KB native alloc=1838KB free=6MB
I/dex2oat (11217): /system/bin/dex2oat --zip-fd=5 --zip-location=/system/framework/com.android.mediadrm.signer.jar --oat-fd=6 --oat-location=/data/dalvik-cache/arm/system@framework@com.android.mediadrm.signer.jar@classes.dex --instruction-set=arm --instruction-set-features=div --runtime-arg -Xms64m --runtime-arg -Xmx512m --swap-fd=7
I/dex2oat (11217): Decided to run without swap.
I/dex2oat (11217): dex2oat took 69.320ms (threads: 4) arena alloc=77KB java alloc=5KB native alloc=1115KB free=6MB
I/dex2oat (11223): /system/bin/dex2oat --zip-fd=5 --zip-location=/system/framework/am.jar --oat-fd=6 --oat-location=/data/dalvik-cache/arm/system@framework@am.jar@classes.dex --instruction-set=arm --instruction-set-features=div --runtime-arg -Xms64m --runtime-arg -Xmx512m --swap-fd=7
E/NetlinkListener(10859): recvmsg failed (I/O error)
E/NetlinkListener( 687): recvmsg failed (I/O error)
I/dex2oat (11223): Decided to run without swap.
E/NetlinkListener(10859): recvmsg failed (I/O error)
E/NetlinkListener( 687): recvmsg failed (I/O error)
I/dex2oat (11223): dex2oat took 212.042ms (threads: 4) arena alloc=427KB java alloc=35KB native alloc=1360KB free=6MB
I/dex2oat (11234): /system/bin/dex2oat --zip-fd=5 --zip-location=/system/framework/appops.jar --oat-fd=6 --oat-location=/data/dalvik-cache/arm/system@framework@appops.jar@classes.dex --instruction-set=arm --instruction-set-features=div --runtime-arg -Xms64m --runtime-arg -Xmx512m --swap-fd=7
I/dex2oat (11234): Decided to run without swap.
I/dex2oat (11234): dex2oat took 69.945ms (threads: 4) arena alloc=26KB java alloc=9KB native alloc=605KB free=7MB
I/dex2oat (11239): /system/bin/dex2oat --zip-fd=5 --zip-location=/system/framework/appwidget.jar --oat-fd=6 --oat-location=/data/dalvik-cache/arm/system@framework@appwidget.jar@classes.dex --instruction-set=arm --instruction-set-features=div --runtime-arg -Xms64m --runtime-arg -Xmx512m --swap-fd=7
I/dex2oat (11239): Decided to run without swap.
I/dex2oat (11239): dex2oat took 60.088ms (threads: 4) arena alloc=97KB java alloc=5KB native alloc=1254KB free=6MB
I/dex2oat (11244): /system/bin/dex2oat --zip-fd=5 --zip-location=/system/framework/bmgr.jar --oat-fd=6 --oat-location=/data/dalvik-cache/arm/system@framework@bmgr.jar@classes.dex --instruction-set=arm --instruction-set-features=div --runtime-arg -Xms64m --runtime-arg -Xmx512m --swap-fd=7
I/dex2oat (11244): Decided to run without swap.
I/dex2oat (11244): dex2oat took 65.982ms (threads: 4) arena alloc=74KB java alloc=15KB native alloc=636KB free=7MB
I/dex2oat (11249): /system/bin/dex2oat --zip-fd=5 --zip-location=/system/framework/bu.jar --oat-fd=6 --oat-location=/data/dalvik-cache/arm/system@framework@bu.jar@classes.dex --instruction-set=arm --instruction-set-features=div --runtime-arg -Xms64m --runtime-arg -Xmx512m --swap-fd=7
I/dex2oat (11249): Decided to run without swap.
I/dex2oat (11249): dex2oat took 47.456ms (threads: 4) arena alloc=51KB java alloc=8KB native alloc=598KB free=7MB
I/dex2oat (11254): /system/bin/dex2oat --zip-fd=5 --zip-location=/system/framework/com.qti.dpmframework.jar --oat-fd=6 --oat-location=/data/dalvik-cache/arm/system@framework@com.qti.dpmframework.jar@classes.dex --instruction-set=arm --instruction-set-features=div --runtime-arg -Xms64m --runtime-arg -Xmx512m --swap-fd=7
I/dex2oat (11254): Decided to run without swap.
E/NetlinkListener(10859): recvmsg failed (I/O error)
E/NetlinkListener( 687): recvmsg failed (I/O error)
I/dex2oat (11254): dex2oat took 192.073ms (threads: 4) arena alloc=372KB java alloc=90KB native alloc=1700KB free=6MB
I/dex2oat (11264): /system/bin/dex2oat --zip-fd=5 --zip-location=/system/framework/content.jar --oat-fd=6 --oat-location=/data/dalvik-cache/arm/system@framework@content.jar@classes.dex --instruction-set=arm --instruction-set-features=div --runtime-arg -Xms64m --runtime-arg -Xmx512m --swap-fd=7
I/dex2oat (11264): Decided to run without swap.
E/NetlinkListener(10859): recvmsg failed (I/O error)
E/NetlinkListener( 687): recvmsg failed (I/O error)
I/dex2oat (11264): dex2oat took 208.336ms (threads: 4) arena alloc=141KB java alloc=13KB native alloc=1132KB free=6MB
I/dex2oat (11273): /system/bin/dex2oat --zip-fd=5 --zip-location=/system/framework/dpm.jar --oat-fd=6 --oat-location=/data/dalvik-cache/arm/system@framework@dpm.jar@classes.dex --instruction-set=arm --instruction-set-features=div --runtime-arg -Xms64m --runtime-arg -Xmx512m --swap-fd=7
I/dex2oat (11273): Decided to run without swap.
I/dex2oat (11273): dex2oat took 76.118ms (threads: 4) arena alloc=26KB java alloc=4KB native alloc=616KB free=7MB
I/dex2oat (11278): /system/bin/dex2oat --zip-fd=5 --zip-location=/system/framework/ethernet-service.jar --oat-fd=6 --oat-location=/data/dalvik-cache/arm/system@framework@ethernet-service.jar@classes.dex --instruction-set=arm --instruction-set-features=div --runtime-arg -Xms64m --runtime-arg -Xmx512m --swap-fd=7
I/dex2oat (11278): Decided to run without swap.
I/dex2oat (11278): dex2oat took 93.291ms (threads: 4) arena alloc=229KB java alloc=67KB native alloc=1409KB free=6MB
I/dex2oat (11283): /system/bin/dex2oat --zip-fd=5 --zip-location=/system/framework/ext.jar --oat-fd=6 --oat-location=/data/dalvik-cache/arm/system@framework@ext.jar@classes.dex --instruction-set=arm --instruction-set-features=div --runtime-arg -Xms64m --runtime-arg -Xmx512m --swap-fd=7
I/dex2oat (11283): Decided to run without swap.
I/dex2oat (11283): dex2oat took 282.143ms (threads: 4) arena alloc=0B java alloc=1295KB native alloc=212KB free=7MB
I/dex2oat (11288): /system/bin/dex2oat --zip-fd=5 --zip-location=/system/framework/framework.jar --oat-fd=6 --oat-location=/data/dalvik-cache/arm/system@framework@framework.jar@classes.dex --instruction-set=arm --instruction-set-features=div --runtime-arg -Xms64m --runtime-arg -Xmx512m --swap-fd=7
I/dex2oat (11288): Decided to run without swap.
E/NetlinkListener(10859): recvmsg failed (I/O error)
E/NetlinkListener( 687): recvmsg failed (I/O error)
E/NetlinkListener(10859): recvmsg failed (I/O error)
E/NetlinkListener( 687): recvmsg failed (I/O error)
V/WLAN_PSA( 673): NL MSG, len[4027], NL type[0x1C] WNI type[0x5900] len[41743]
V/WLAN_PSA( 673): NL MSG, PID: 673
E/NetlinkListener( 687): recvmsg failed (I/O error)
E/NetlinkListener(10859): recvmsg failed (I/O error)
V/WLAN_PSA( 673): NL MSG, len[048], NL type[0x11] WNI type[0x5050] len[028]
V/WLAN_PSA( 673): NL MSG, PID: 673
E/NetlinkListener(10859): recvmsg failed (I/O error)
E/NetlinkListener( 687): recvmsg failed (I/O error)
I/dex2oat (11288): dex2oat took 2.041s (threads: 4) arena alloc=62KB java alloc=10MB native alloc=1447KB free=10MB
I/dex2oat (11311): /system/bin/dex2oat --zip-fd=5 --zip-location=/system/framework/ime.jar --oat-fd=6 --oat-location=/data/dalvik-cache/arm/system@framework@ime.jar@classes.dex --instruction-set=arm --instruction-set-features=div --runtime-arg -Xms64m --runtime-arg -Xmx512m --swap-fd=7
I/dex2oat (11311): Decided to run without swap.
I/dex2oat (11311): dex2oat took 59.837ms (threads: 4) arena alloc=62KB java alloc=6KB native alloc=620KB free=7MB
I/dex2oat (11316): /system/bin/dex2oat --zip-fd=5 --zip-location=/system/framework/input.jar --oat-fd=6 --oat-location=/data/dalvik-cache/arm/system@framework@input.jar@classes.dex --instruction-set=arm --instruction-set-features=div --runtime-arg -Xms64m --runtime-arg -Xmx512m --swap-fd=7
I/dex2oat (11316): Decided to run without swap.
I/dex2oat (11316): dex2oat took 65.553ms (threads: 4) arena alloc=59KB java alloc=5KB native alloc=609KB free=7MB
I/dex2oat (11321): /system/bin/dex2oat --zip-fd=5 --zip-location=/system/framework/media_cmd.jar --oat-fd=6 --oat-location=/data/dalvik-cache/arm/system@framework@media_cmd.jar@classes.dex --instruction-set=arm --instruction-set-features=div --runtime-arg -Xms64m --runtime-arg -Xmx512m --swap-fd=7
I/dex2oat (11321): Decided to run without swap.
I/dex2oat (11321): dex2oat took 75.019ms (threads: 4) arena alloc=171KB java alloc=31KB native alloc=1129KB free=6MB
I/dex2oat (11326): /system/bin/dex2oat --zip-fd=5 --zip-location=/system/framework/monkey.jar --oat-fd=6 --oat-location=/data/dalvik-cache/arm/system@framework@monkey.jar@classes.dex --instruction-set=arm --instruction-set-features=div --runtime-arg -Xms64m --runtime-arg -Xmx512m --swap-fd=7
I/dex2oat (11326): Decided to run without swap.
E/NetlinkListener(10859): recvmsg failed (I/O error)
E/NetlinkListener( 687): recvmsg failed (I/O error)
I/dex2oat (11326): dex2oat took 178.114ms (threads: 4) arena alloc=941KB java alloc=120KB native alloc=1929KB free=6MB
I/dex2oat (11336): /system/bin/dex2oat --zip-fd=5 --zip-location=/system/framework/pm.jar --oat-fd=6 --oat-location=/data/dalvik-cache/arm/system@framework@pm.jar@classes.dex --instruction-set=arm --instruction-set-features=div --runtime-arg -Xms64m --runtime-arg -Xmx512m --swap-fd=7
I/dex2oat (11336): Decided to run without swap.
I/dex2oat (11336): dex2oat took 101.666ms (threads: 4) arena alloc=129KB java alloc=38KB native alloc=1505KB free=6MB
I/dex2oat (11341): /system/bin/dex2oat --zip-fd=5 --zip-location=/system/framework/qmapbridge.jar --oat-fd=6 --oat-location=/data/dalvik-cache/arm/system@framework@qmapbridge.jar@classes.dex --instruction-set=arm --instruction-set-features=div --runtime-arg -Xms64m --runtime-arg -Xmx512m --swap-fd=7
I/dex2oat (11341): Decided to run without swap.
E/NetlinkListener( 687): recvmsg failed (I/O error)
E/NetlinkListener(10859): recvmsg failed (I/O error)
I/dex2oat (11341): dex2oat took 70.785ms (threads: 4) arena alloc=62KB java alloc=64KB native alloc=1292KB free=6MB
I/dex2oat (11350): /system/bin/dex2oat --zip-fd=5 --zip-location=/system/framework/rcsimssettings.jar --oat-fd=6 --oat-location=/data/dalvik-cache/arm/system@framework@rcsimssettings.jar@classes.dex --instruction-set=arm --instruction-set-features=div --runtime-arg -Xms64m --runtime-arg -Xmx512m --swap-fd=7
I/dex2oat (11350): Decided to run without swap.
I/dex2oat (11350): dex2oat took 96.122ms (threads: 4) arena alloc=67KB java alloc=60KB native alloc=1489KB free=6MB
I/dex2oat (11355): /system/bin/dex2oat --zip-fd=5 --zip-location=/system/framework/rcsservice.jar --oat-fd=6 --oat-location=/data/dalvik-cache/arm/system@framework@rcsservice.jar@classes.dex --instruction-set=arm --instruction-set-features=div --runtime-arg -Xms64m --runtime-arg -Xmx512m --swap-fd=7
I/dex2oat (11355): Decided to run without swap.
E/NetlinkListener(10859): recvmsg failed (I/O error)
E/NetlinkListener( 687): recvmsg failed (I/O error)
E/NetlinkListener(10859): recvmsg failed (I/O error)
E/NetlinkListener( 687): recvmsg failed (I/O error)
I/dex2oat (11355): dex2oat took 361.788ms (threads: 4) arena alloc=134KB java alloc=591KB native alloc=2MB free=5MB
I/dex2oat (11373): /system/bin/dex2oat --zip-fd=5 --zip-location=/system/framework/requestsync.jar --oat-fd=6 --oat-location=/data/dalvik-cache/arm/system@framework@requestsync.jar@classes.dex --instruction-set=arm --instruction-set-features=div --runtime-arg -Xms64m --runtime-arg -Xmx512m --swap-fd=7
I/dex2oat (11373): Decided to run without swap.
I/dex2oat (11373): dex2oat took 43.460ms (threads: 4) arena alloc=27KB java alloc=3KB native alloc=605KB free=7MB
I/dex2oat (11378): /system/bin/dex2oat --zip-fd=5 --zip-location=/system/framework/services.jar --oat-fd=6 --oat-location=/data/dalvik-cache/arm/system@framework@services.jar@classes.dex --instruction-set=arm --instruction-set-features=div --runtime-arg -Xms64m --runtime-arg -Xmx512m --swap-fd=7
E/NetlinkListener( 687): recvmsg failed (I/O error)
E/NetlinkListener(10859): recvmsg failed (I/O error)
E/NetlinkListener(10859): recvmsg failed (I/O error)
E/NetlinkListener( 687): recvmsg failed (I/O error)
I/dex2oat (11378): Decided to run without swap.
E/NetlinkListener(10859): recvmsg failed (I/O error)
E/NetlinkListener( 687): recvmsg failed (I/O error)
E/NetlinkListener(10859): recvmsg failed (I/O error)
E/NetlinkListener( 687): recvmsg failed (I/O error)
E/NetlinkListener(10859): recvmsg failed (I/O error)
E/NetlinkListener( 687): recvmsg failed (I/O error)
E/NetlinkListener(10859): recvmsg failed (I/O error)
E/NetlinkListener( 687): recvmsg failed (I/O error)
V/WLAN_PSA( 673): NL MSG, len[4095], NL type[0x1C] WNI type[0x5900] len[59151]
V/WLAN_PSA( 673): NL MSG, PID: 673
V/WLAN_PSA( 673): NL MSG, len[048], NL type[0x11] WNI type[0x5050] len[028]
V/WLAN_PSA( 673): NL MSG, PID: 673
E/NetlinkListener( 687): recvmsg failed (I/O error)
E/NetlinkListener(10859): recvmsg failed (I/O error)
E/NetlinkListener(10859): recvmsg failed (I/O error)
E/NetlinkListener( 687): recvmsg failed (I/O error)
I/dex2oat (11378): dex2oat took 4.266s (threads: 4) arena alloc=2MB java alloc=4MB native alloc=16MB free=7MB
I/dex2oat (11419): /system/bin/dex2oat --zip-fd=5 --zip-location=/system/framework/settings.jar --oat-fd=6 --oat-location=/data/dalvik-cache/arm/system@framework@settings.jar@classes.dex --instruction-set=arm --instruction-set-features=div --runtime-arg -Xms64m --runtime-arg -Xmx512m --swap-fd=7
I/dex2oat (11419): Decided to run without swap.
I/dex2oat (11419): dex2oat took 46.481ms (threads: 4) arena alloc=240KB java alloc=5KB native alloc=744KB free=7MB
I/dex2oat (11424): /system/bin/dex2oat --zip-fd=5 --zip-location=/system/framework/svc.jar --oat-fd=6 --oat-location=/data/dalvik-cache/arm/system@framework@svc.jar@classes.dex --instruction-set=arm --instruction-set-features=div --runtime-arg -Xms64m --runtime-arg -Xmx512m --swap-fd=7
I/dex2oat (11424): Decided to run without swap.
I/dex2oat (11424): dex2oat took 63.300ms (threads: 4) arena alloc=47KB java alloc=13KB native alloc=1252KB free=6MB
I/dex2oat (11429): /system/bin/dex2oat --zip-fd=5 --zip-location=/system/framework/uiautomator.jar --oat-fd=6 --oat-location=/data/dalvik-cache/arm/system@framework@uiautomator.jar@classes.dex --instruction-set=arm --instruction-set-features=div --runtime-arg -Xms64m --runtime-arg -Xmx512m --swap-fd=7
I/dex2oat (11429): Decided to run without swap.
E/NetlinkListener(10859): recvmsg failed (I/O error)
E/NetlinkListener( 687): recvmsg failed (I/O error)
E/NetlinkListener(10859): recvmsg failed (I/O error)
E/NetlinkListener( 687): recvmsg failed (I/O error)
I/dex2oat (11429): dex2oat took 206.519ms (threads: 4) arena alloc=285KB java alloc=131KB native alloc=1578KB free=6MB
I/dex2oat (11445): /system/bin/dex2oat --zip-fd=5 --zip-location=/system/framework/wifi-service.jar --oat-fd=6 --oat-location=/data/dalvik-cache/arm/system@framework@wifi-service.jar@classes.dex --instruction-set=arm --instruction-set-features=div --runtime-arg -Xms64m --runtime-arg -Xmx512m --swap-fd=7
I/dex2oat (11445): Decided to run without swap.
I/dex2oat (11445): dex2oat took 746.328ms (threads: 4) arena alloc=2MB java alloc=911KB native alloc=5MB free=2MB
E/NetlinkListener(10859): recvmsg failed (I/O error)
E/NetlinkListener( 687): recvmsg failed (I/O error)
I/dex2oat (11451): /system/bin/dex2oat --zip-fd=5 --zip-location=/system/framework/wm.jar --oat-fd=6 --oat-location=/data/dalvik-cache/arm/system@framework@wm.jar@classes.dex --instruction-set=arm --instruction-set-features=div --runtime-arg -Xms64m --runtime-arg -Xmx512m --swap-fd=7
I/dex2oat (11451): Decided to run without swap.
E/NetlinkListener(10859): recvmsg failed (I/O error)
E/NetlinkListener( 687): recvmsg failed (I/O error)
I/dex2oat (11451): dex2oat took 69.272ms (threads: 4) arena alloc=26KB java alloc=3KB native alloc=624KB free=7MB
D/PackageManager(10969): No files in app dir /vendor/overlay
I/PackageManager(10969): /usr/libexec/sfdroid/system/priv-app/Settings changed; collecting certs
W/PackageManager(10969): Failed to parse /usr/libexec/sfdroid/system/priv-app/Settings: Signature mismatch for shared user : SharedUserSetting{d5713dc android.uid.system/1000}
I/PackageManager(10969): /system/priv-app/CNEService changed; collecting certs
W/PackageManager(10969): Failed to parse /system/priv-app/CNEService: Signature mismatch for shared user : SharedUserSetting{d5713dc android.uid.system/1000}
W/ResourceType(10969): Failure getting entry for 0x7f0b0232 (t=10 e=562) (error -75)
W/PackageParser(10969): No actions in intent filter at /system/priv-app/Contacts/Contacts.apk Binary XML file line #364
W/PackageParser(10969): No actions in intent filter at /system/priv-app/Dialer/Dialer.apk Binary XML file line #168
W/PackageParser(10969): No actions in intent filter at /system/priv-app/ProximitySensorTools/ProximitySensorTools.apk Binary XML file line #54
I/PackageManager(10969): /system/priv-app/Settings changed; collecting certs
W/ResourceType(10969): Failure getting entry for 0x7f08031d (t=7 e=797) (error -75)
W/PackageParser(10969): Unknown element under : android at /system/priv-app/Telecom/Telecom.apk Binary XML file line #233
I/PackageManager(10969): /system/priv-app/com.qualcomm.location changed; collecting certs
W/PackageManager(10969): Failed to parse /system/priv-app/com.qualcomm.location: Signature mismatch for shared user : SharedUserSetting{d5713dc android.uid.system/1000}
I/PackageManager(10969): /system/priv-app/com.qualcomm.msapm changed; collecting certs
W/PackageManager(10969): Failed to parse /system/priv-app/com.qualcomm.msapm: Signature mismatch for shared user : SharedUserSetting{d5713dc android.uid.system/1000}
W/PackageParser(10969): No actions in intent filter at /system/app/Bluetooth/Bluetooth.apk Binary XML file line #229
W/PackageParser(10969): Unknown element under : uses-feature at /system/app/BluetoothExt/BluetoothExt.apk Binary XML file line #57
W/PackageParser(10969): No actions in intent filter at /system/app/BluetoothExt/BluetoothExt.apk Binary XML file line #110
W/PackageParser(10969): No actions in intent filter at /system/app/BluetoothExt/BluetoothExt.apk Binary XML file line #134
W/PackageParser(10969): No actions in intent filter at /system/app/BluetoothExt/BluetoothExt.apk Binary XML file line #161
I/PackageManager(10969): /system/app/CABLService changed; collecting certs
W/PackageManager(10969): Failed to parse /system/app/CABLService: Signature mismatch for shared user : SharedUserSetting{d5713dc android.uid.system/1000}
W/PackageParser(10969): Unknown element under : permission at /system/app/Gallery2/Gallery2.apk Binary XML file line #254
W/PackageParser(10969): Unknown element under : permission at /system/app/Gallery2/Gallery2.apk Binary XML file line #257
I/PackageManager(10969): /system/app/GsmTuneAway changed; collecting certs
W/PackageManager(10969): Failed to parse /system/app/GsmTuneAway: Signature mismatch for shared user : SharedUserSetting{137fa7b7 android.uid.phone/1001}
I/PackageParser(10969): com.qualcomm.interfacepermissions: compat added android.permission.WRITE_EXTERNAL_STORAGE android.permission.READ_PHONE_STATE
I/PackageManager(10969): /system/app/NetworkSetting changed; collecting certs
W/PackageManager(10969): Failed to parse /system/app/NetworkSetting: Signature mismatch for shared user : SharedUserSetting{137fa7b7 android.uid.phone/1001}
I/PackageParser(10969): com.qualcomm.qcom_qmi: compat added android.permission.WRITE_EXTERNAL_STORAGE android.permission.READ_PHONE_STATE
I/PackageManager(10969): /system/app/SVIService changed; collecting certs
W/PackageManager(10969): Failed to parse /system/app/SVIService: Signature mismatch for shared user : SharedUserSetting{d5713dc android.uid.system/1000}
I/PackageManager(10969): /system/app/TimeService changed; collecting certs
W/PackageManager(10969): Failed to parse /system/app/TimeService: Signature mismatch for shared user : SharedUserSetting{d5713dc android.uid.system/1000}
I/PackageManager(10969): /system/app/WfdService changed; collecting certs
W/PackageManager(10969): Failed to parse /system/app/WfdService: Signature mismatch for shared user : SharedUserSetting{d5713dc android.uid.system/1000}
I/PackageManager(10969): /system/app/btmultisim changed; collecting certs
W/PackageManager(10969): Failed to parse /system/app/btmultisim: Signature mismatch for shared user : SharedUserSetting{137fa7b7 android.uid.phone/1001}
I/PackageManager(10969): /system/app/com.qualcomm.qti.services.secureui changed; collecting certs
W/PackageManager(10969): Failed to parse /system/app/com.qualcomm.qti.services.secureui: Signature mismatch for shared user : SharedUserSetting{d5713dc android.uid.system/1000}
I/PackageManager(10969): /system/app/fastdormancy changed; collecting certs
W/PackageManager(10969): Failed to parse /system/app/fastdormancy: Signature mismatch for shared user : SharedUserSetting{d5713dc android.uid.system/1000}
I/PackageManager(10969): /system/app/qcrilmsgtunnel changed; collecting certs
W/PackageManager(10969): Failed to parse /system/app/qcrilmsgtunnel: Signature mismatch for shared user : SharedUserSetting{137fa7b7 android.uid.phone/1001}
I/PackageManager(10969): /system/vendor/app/ims changed; collecting certs
W/PackageManager(10969): Failed to parse /system/vendor/app/ims: Signature mismatch for shared user : SharedUserSetting{137fa7b7 android.uid.phone/1001}
D/PackageManager(10969): No files in app dir /oem/app
D/PackageManager(10969): No files in app dir /data/app
D/PackageManager(10969): No files in app dir /data/app-private
W/PackageManager(10969): Package org.codeaurora.bluetooth desires unavailable shared library com.quicinc.wbc; ignoring!
W/PackageManager(10969): Package com.android.email desires unavailable shared library org.apache.http.legacy; ignoring!
I/PackageManager(10969): Adjusting ABI for : com.android.location.fused to armeabi-v7a
I/PackageManager(10969): Running dexopt on: /system/priv-app/FusedLocation/FusedLocation.apk pkg=com.android.location.fused isa=arm vmSafeMode=false
I/dex2oat (11462): /system/bin/dex2oat --zip-fd=5 --zip-location=/system/priv-app/FusedLocation/FusedLocation.apk --oat-fd=6 --oat-location=/data/dalvik-cache/arm/system@priv-app@FusedLocation@FusedLocation.apk@classes.dex --instruction-set=arm --instruction-set-features=div --runtime-arg -Xms64m --runtime-arg -Xmx512m --swap-fd=7
I/dex2oat (11462): Decided to run without swap.
I/dex2oat (11462): dex2oat took 69.385ms (threads: 4) arena alloc=73KB java alloc=44KB native alloc=1381KB free=6MB
I/PackageManager(10969): Adjusting ABI for : com.android.settings to armeabi-v7a
I/PackageManager(10969): Running dexopt on: /system/priv-app/Settings/Settings.apk pkg=com.android.settings isa=arm vmSafeMode=false
I/dex2oat (11467): /system/bin/dex2oat --zip-fd=5 --zip-location=/system/priv-app/Settings/Settings.apk --oat-fd=6 --oat-location=/data/dalvik-cache/arm/system@priv-app@Settings@Settings.apk@classes.dex --instruction-set=arm --instruction-set-features=div --runtime-arg -Xms64m --runtime-arg -Xmx512m --swap-fd=7
I/dex2oat (11467): Decided to run without swap.
E/NetlinkListener(10859): recvmsg failed (I/O error)
E/NetlinkListener( 687): recvmsg failed (I/O error)
E/NetlinkListener(10859): recvmsg failed (I/O error)
E/NetlinkListener( 687): recvmsg failed (I/O error)
V/WLAN_PSA( 673): NL MSG, len[048], NL type[0x11] WNI type[0x5050] len[028]
V/WLAN_PSA( 673): NL MSG, PID: 673
E/NetlinkListener(10859): recvmsg failed (I/O error)
E/NetlinkListener( 687): recvmsg failed (I/O error)
V/WLAN_PSA( 673): NL MSG, len[4047], NL type[0x1C] WNI type[0x5900] len[46863]
V/WLAN_PSA( 673): NL MSG, PID: 673
I/dex2oat (11467): dex2oat took 1.976s (threads: 4) arena alloc=460KB java alloc=4MB native alloc=6MB free=9MB
E/NetlinkListener(10859): recvmsg failed (I/O error)
E/NetlinkListener( 687): recvmsg failed (I/O error)
I/PackageManager(10969): Adjusting ABI for : com.dsi.ant.server to armeabi-v7a
I/PackageManager(10969): Running dexopt on: /system/app/AntHalService/AntHalService.apk pkg=com.dsi.ant.server isa=arm vmSafeMode=false
I/dex2oat (11491): /system/bin/dex2oat --zip-fd=5 --zip-location=/system/app/AntHalService/AntHalService.apk --oat-fd=6 --oat-location=/data/dalvik-cache/arm/system@app@AntHalService@AntHalService.apk@classes.dex --instruction-set=arm --instruction-set-features=div --runtime-arg -Xms64m --runtime-arg -Xmx512m --swap-fd=7
I/dex2oat (11491): Decided to run without swap.
I/dex2oat (11491): dex2oat took 173.090ms (threads: 4) arena alloc=66KB java alloc=34KB native alloc=1434KB free=6MB
I/PackageManager(10969): Adjusting ABI for : com.android.dialer to armeabi-v7a
I/PackageManager(10969): Running dexopt on: /system/priv-app/Dialer/Dialer.apk pkg=com.android.dialer isa=arm vmSafeMode=false
I/dex2oat (11496): /system/bin/dex2oat --zip-fd=5 --zip-location=/system/priv-app/Dialer/Dialer.apk --oat-fd=6 --oat-location=/data/dalvik-cache/arm/system@priv-app@Dialer@Dialer.apk@classes.dex --instruction-set=arm --instruction-set-features=div --runtime-arg -Xms64m --runtime-arg -Xmx512m --swap-fd=7
I/dex2oat (11496): Decided to run without swap.
E/NetlinkListener(10859): recvmsg failed (I/O error)
E/NetlinkListener( 687): recvmsg failed (I/O error)
E/NetlinkListener(10859): recvmsg failed (I/O error)
E/NetlinkListener( 687): recvmsg failed (I/O error)
E/NetlinkListener(10859): recvmsg failed (I/O error)
E/NetlinkListener( 687): recvmsg failed (I/O error)
E/NetlinkListener( 687): recvmsg failed (I/O error)
E/NetlinkListener(10859): recvmsg failed (I/O error)
E/NetlinkListener(10859): recvmsg failed (I/O error)
E/NetlinkListener( 687): recvmsg failed (I/O error)
I/dex2oat (11496): dex2oat took 2.146s (threads: 4) arena alloc=87KB java alloc=2MB native alloc=5MB free=6MB
I/PackageManager(10969): Adjusting ABI for : com.codeaurora.fmrecording to armeabi-v7a
I/PackageManager(10969): Running dexopt on: /system/app/FMRecord/FMRecord.apk pkg=com.codeaurora.fmrecording isa=arm vmSafeMode=false
I/dex2oat (11525): /system/bin/dex2oat --zip-fd=5 --zip-location=/system/app/FMRecord/FMRecord.apk --oat-fd=6 --oat-location=/data/dalvik-cache/arm/system@app@FMRecord@FMRecord.apk@classes.dex --instruction-set=arm --instruction-set-features=div --runtime-arg -Xms64m --runtime-arg -Xmx512m --swap-fd=7
I/dex2oat (11525): Decided to run without swap.
I/dex2oat (11525): dex2oat took 69.214ms (threads: 4) arena alloc=118KB java alloc=31KB native alloc=1420KB free=6MB
I/PackageManager(10969): Adjusting ABI for : com.fairphone.psensor to armeabi-v7a
I/PackageManager(10969): Running dexopt on: /system/priv-app/ProximitySensorTools/ProximitySensorTools.apk pkg=com.fairphone.psensor isa=arm vmSafeMode=false
I/dex2oat (11532): /system/bin/dex2oat --zip-fd=5 --zip-location=/system/priv-app/ProximitySensorTools/ProximitySensorTools.apk --oat-fd=6 --oat-location=/data/dalvik-cache/arm/system@priv-app@ProximitySensorTools@ProximitySensorTools.apk@classes.dex --instruction-set=arm --instruction-set-features=div --runtime-arg -Xms64m --runtime-arg -Xmx512m --swap-fd=7
I/dex2oat (11532): Decided to run without swap.
E/NetlinkListener(10859): recvmsg failed (I/O error)
E/NetlinkListener( 687): recvmsg failed (I/O error)
E/NetlinkListener( 687): recvmsg failed (I/O error)
E/NetlinkListener(10859): recvmsg failed (I/O error)
E/NetlinkListener( 687): recvmsg failed (I/O error)
E/NetlinkListener(10859): recvmsg failed (I/O error)
I/dex2oat (11532): dex2oat took 1.044s (threads: 4) arena alloc=188KB java alloc=1406KB native alloc=3MB free=4MB
I/PackageManager(10969): Adjusting ABI for : com.android.inputdevices to armeabi-v7a
I/PackageManager(10969): Running dexopt on: /system/priv-app/InputDevices/InputDevices.apk pkg=com.android.inputdevices isa=arm vmSafeMode=false
I/dex2oat (11552): /system/bin/dex2oat --zip-fd=5 --zip-location=/system/priv-app/InputDevices/InputDevices.apk --oat-fd=6 --oat-location=/data/dalvik-cache/arm/system@priv-app@InputDevices@InputDevices.apk@classes.dex --instruction-set=arm --instruction-set-features=div --runtime-arg -Xms64m --runtime-arg -Xmx512m --swap-fd=7
I/dex2oat (11552): Decided to run without swap.
E/NetlinkListener( 687): recvmsg failed (I/O error)
E/NetlinkListener(10859): recvmsg failed (I/O error)
I/dex2oat (11552): dex2oat took 73.769ms (threads: 4) arena alloc=23KB java alloc=1984B native alloc=585KB free=7MB
I/PackageManager(10969): Adjusting ABI for : com.android.soundrecorder to armeabi-v7a
I/PackageManager(10969): Running dexopt on: /system/app/SoundRecorder/SoundRecorder.apk pkg=com.android.soundrecorder isa=arm vmSafeMode=false
I/dex2oat (11561): /system/bin/dex2oat --zip-fd=5 --zip-location=/system/app/SoundRecorder/SoundRecorder.apk --oat-fd=6 --oat-location=/data/dalvik-cache/arm/system@app@SoundRecorder@SoundRecorder.apk@classes.dex --instruction-set=arm --instruction-set-features=div --runtime-arg -Xms64m --runtime-arg -Xmx512m --swap-fd=7
E/NetlinkListener(10859): recvmsg failed (I/O error)
E/NetlinkListener( 687): recvmsg failed (I/O error)
I/dex2oat (11561): Decided to run without swap.
I/dex2oat (11561): dex2oat took 142.948ms (threads: 4) arena alloc=120KB java alloc=66KB native alloc=1460KB free=6MB
I/PackageManager(10969): Adjusting ABI for : com.fairphone.setupwizard to armeabi-v7a
I/PackageManager(10969): Running dexopt on: /system/priv-app/FairphoneSetupWizard/FairphoneSetupWizard.apk pkg=com.fairphone.setupwizard isa=arm vmSafeMode=false
I/dex2oat (11569): /system/bin/dex2oat --zip-fd=5 --zip-location=/system/priv-app/FairphoneSetupWizard/FairphoneSetupWizard.apk --oat-fd=6 --oat-location=/data/dalvik-cache/arm/system@priv-app@FairphoneSetupWizard@FairphoneSetupWizard.apk@classes.dex --instruction-set=arm --instruction-set-features=div --runtime-arg -Xms64m --runtime-arg -Xmx512m --swap-fd=7
I/dex2oat (11569): Decided to run without swap.
E/NetlinkListener( 687): recvmsg failed (I/O error)
E/NetlinkListener(10859): recvmsg failed (I/O error)
V/WLAN_PSA( 673): NL MSG, len[4086], NL type[0x1C] WNI type[0x5900] len[56847]
V/WLAN_PSA( 673): NL MSG, PID: 673
E/NetlinkListener( 687): recvmsg failed (I/O error)
E/NetlinkListener(10859): recvmsg failed (I/O error)
I/dex2oat (11569): dex2oat took 473.982ms (threads: 4) arena alloc=86KB java alloc=568KB native alloc=2MB free=5MB
I/PackageManager(10969): Adjusting ABI for : com.android.server.telecom to armeabi-v7a
I/PackageManager(10969): Running dexopt on: /system/priv-app/Telecom/Telecom.apk pkg=com.android.server.telecom isa=arm vmSafeMode=false
