W/Settings( 7947): at android.database.sqlite.SQLiteOpenHelper.getReadableDatabase(SQLiteOpenHelper.java:196)
W/Settings( 7947): at com.android.providers.telephony.TelephonyProvider.query(TelephonyProvider.java:791)
W/Settings( 7947): at android.content.ContentProvider.query(ContentProvider.java:1001)
W/Settings( 7947): at android.content.ContentProvider$Transport.query(ContentProvider.java:215)
W/Settings( 7947): at android.content.ContentProviderNative.onTransact(ContentProviderNative.java:112)
W/Settings( 7947): at android.os.Binder.execTransact(Binder.java:446)
W/Settings( 7947): Can't get key multi_sim_data_call from content://settings/global
W/Settings( 7947): android.os.DeadObjectException
W/Settings( 7947): at android.os.BinderProxy.transactNative(Native Method)
W/Settings( 7947): at android.os.BinderProxy.transact(Binder.java:496)
W/Settings( 7947): at android.content.ContentProviderProxy.query(ContentProviderNative.java:419)
W/Settings( 7947): at android.provider.Settings$NameValueCache.getStringForUser(Settings.java:1166)
W/Settings( 7947): at android.provider.Settings$Global.getStringForUser(Settings.java:6866)
W/Settings( 7947): at android.provider.Settings$Global.getString(Settings.java:6855)
W/Settings( 7947): at android.provider.Settings$Global.getInt(Settings.java:6922)
W/Settings( 7947): at com.android.internal.telephony.SubscriptionController.getDefaultDataSubId(SubscriptionController.java:1408)
W/Settings( 7947): at android.telephony.SubscriptionManager.getDefaultDataSubId(SubscriptionManager.java:993)
W/Settings( 7947): at com.android.providers.telephony.TelephonyProvider$DatabaseHelper.setDefaultValue(TelephonyProvider.java:630)
W/Settings( 7947): at com.android.providers.telephony.TelephonyProvider$DatabaseHelper.insertAddingDefaults(TelephonyProvider.java:658)
W/Settings( 7947): at com.android.providers.telephony.TelephonyProvider$DatabaseHelper.loadApns(TelephonyProvider.java:564)
W/Settings( 7947): at com.android.providers.telephony.TelephonyProvider$DatabaseHelper.initDatabase(TelephonyProvider.java:304)
W/Settings( 7947): at com.android.providers.telephony.TelephonyProvider$DatabaseHelper.onCreate(TelephonyProvider.java:162)
W/Settings( 7947): at android.database.sqlite.SQLiteOpenHelper.getDatabaseLocked(SQLiteOpenHelper.java:265)
W/Settings( 7947): at android.database.sqlite.SQLiteOpenHelper.getReadableDatabase(SQLiteOpenHelper.java:196)
W/Settings( 7947): at com.android.providers.telephony.TelephonyProvider.query(TelephonyProvider.java:791)
W/Settings( 7947): at android.content.ContentProvider.query(ContentProvider.java:1001)
W/Settings( 7947): at android.content.ContentProvider$Transport.query(ContentProvider.java:215)
W/Settings( 7947): at android.content.ContentProviderNative.onTransact(ContentProviderNative.java:112)
W/Settings( 7947): at android.os.Binder.execTransact(Binder.java:446)
E/AndroidRuntime( 7947): FATAL EXCEPTION: main
E/AndroidRuntime( 7947): Process: com.android.phone, PID: 7947
E/AndroidRuntime( 7947): java.lang.RuntimeException: Unable to create application com.android.phone.PhoneApp: java.lang.RuntimeException: Package manager has died
E/AndroidRuntime( 7947): at android.app.ActivityThread.handleBindApplication(ActivityThread.java:4556)
E/AndroidRuntime( 7947): at android.app.ActivityThread.access$1500(ActivityThread.java:151)
E/AndroidRuntime( 7947): at android.app.ActivityThread$H.handleMessage(ActivityThread.java:1364)
E/AndroidRuntime( 7947): at android.os.Handler.dispatchMessage(Handler.java:102)
E/AndroidRuntime( 7947): at android.os.Looper.loop(Looper.java:135)
E/AndroidRuntime( 7947): at android.app.ActivityThread.main(ActivityThread.java:5254)
E/AndroidRuntime( 7947): at java.lang.reflect.Method.invoke(Native Method)
E/AndroidRuntime( 7947): at java.lang.reflect.Method.invoke(Method.java:372)
E/AndroidRuntime( 7947): at com.android.internal.os.ZygoteInit$MethodAndArgsCaller.run(ZygoteInit.java:904)
E/AndroidRuntime( 7947): at com.android.internal.os.ZygoteInit.main(ZygoteInit.java:699)
E/AndroidRuntime( 7947): Caused by: java.lang.RuntimeException: Package manager has died
E/AndroidRuntime( 7947): at android.app.ApplicationPackageManager.getPackagesForUid(ApplicationPackageManager.java:466)
E/AndroidRuntime( 7947): at com.android.providers.telephony.TelephonyProvider.checkPermission(TelephonyProvider.java:1187)
E/AndroidRuntime( 7947): at com.android.providers.telephony.TelephonyProvider.query(TelephonyProvider.java:787)
E/AndroidRuntime( 7947): at android.content.ContentProvider.query(ContentProvider.java:1001)
E/AndroidRuntime( 7947): at android.content.ContentProvider$Transport.query(ContentProvider.java:215)
E/AndroidRuntime( 7947): at android.content.ContentResolver.query(ContentResolver.java:478)
E/AndroidRuntime( 7947): at android.content.ContentResolver.query(ContentResolver.java:422)
E/AndroidRuntime( 7947): at com.android.internal.telephony.dataconnection.DcTracker.initEmergencyApnSetting(DcTracker.java:3256)
E/AndroidRuntime( 7947): at com.android.internal.telephony.dataconnection.DcTracker.(DcTracker.java:237)
E/AndroidRuntime( 7947): at com.android.internal.telephony.gsm.GSMPhone.(GSMPhone.java:199)
E/AndroidRuntime( 7947): at com.android.internal.telephony.gsm.GSMPhone.(GSMPhone.java:183)
E/AndroidRuntime( 7947): at com.android.internal.telephony.PhoneFactory.makeDefaultPhone(PhoneFactory.java:183)
E/AndroidRuntime( 7947): at com.android.internal.telephony.PhoneFactory.makeDefaultPhones(PhoneFactory.java:80)
E/AndroidRuntime( 7947): at com.android.phone.PhoneGlobals.onCreate(PhoneGlobals.java:338)
E/AndroidRuntime( 7947): at com.android.phone.PhoneApp.onCreate(PhoneApp.java:41)
E/AndroidRuntime( 7947): at android.app.Instrumentation.callApplicationOnCreate(Instrumentation.java:1012)
E/AndroidRuntime( 7947): at android.app.ActivityThread.handleBindApplication(ActivityThread.java:4553)
E/AndroidRuntime( 7947): ... 9 more
E/AndroidRuntime( 7947): Caused by: android.os.DeadObjectException
E/AndroidRuntime( 7947): at android.os.BinderProxy.transactNative(Native Method)
E/AndroidRuntime( 7947): at android.os.BinderProxy.transact(Binder.java:496)
E/AndroidRuntime( 7947): at android.content.pm.IPackageManager$Stub$Proxy.getPackagesForUid(IPackageManager.java:2313)
E/AndroidRuntime( 7947): at android.app.ApplicationPackageManager.getPackagesForUid(ApplicationPackageManager.java:464)
E/AndroidRuntime( 7947): ... 25 more
E/AndroidRuntime( 7947): Error reporting crash
E/AndroidRuntime( 7947): android.os.DeadObjectException
E/AndroidRuntime( 7947): at android.os.BinderProxy.transactNative(Native Method)
E/AndroidRuntime( 7947): at android.os.BinderProxy.transact(Binder.java:496)
E/AndroidRuntime( 7947): at android.app.ActivityManagerProxy.handleApplicationCrash(ActivityManagerNative.java:4207)
E/AndroidRuntime( 7947): at com.android.internal.os.RuntimeInit$UncaughtHandler.uncaughtException(RuntimeInit.java:89)
E/AndroidRuntime( 7947): at java.lang.ThreadGroup.uncaughtException(ThreadGroup.java:693)
E/AndroidRuntime( 7947): at java.lang.ThreadGroup.uncaughtException(ThreadGroup.java:690)
I/Process ( 7947): Sending signal. PID: 7947 SIG: 9
I/ServiceManager( 5238): service 'isub' died
E/AndroidRuntime( 8068): FATAL EXCEPTION: ContactsProviderWorker
E/AndroidRuntime( 8068): Process: android.process.acore, PID: 8068
E/AndroidRuntime( 8068): java.lang.NullPointerException: Attempt to invoke interface method 'android.accounts.Account[] android.accounts.IAccountManager.getAccounts(java.lang.String)' on a null object reference
E/AndroidRuntime( 8068): at android.accounts.AccountManager.getAccounts(AccountManager.java:407)
E/AndroidRuntime( 8068): at com.android.providers.contacts.ContactsProvider2.performBackgroundTask(ContactsProvider2.java:1667)
E/AndroidRuntime( 8068): at com.android.providers.contacts.ContactsProvider2$1.handleMessage(ContactsProvider2.java:1496)
E/AndroidRuntime( 8068): at android.os.Handler.dispatchMessage(Handler.java:102)
E/AndroidRuntime( 8068): at android.os.Looper.loop(Looper.java:135)
E/AndroidRuntime( 8068): at android.os.HandlerThread.run(HandlerThread.java:61)
E/AndroidRuntime( 8068): Error reporting crash
E/AndroidRuntime( 8068): android.os.DeadObjectException
E/AndroidRuntime( 8068): at android.os.BinderProxy.transactNative(Native Method)
E/AndroidRuntime( 8068): at android.os.BinderProxy.transact(Binder.java:496)
E/AndroidRuntime( 8068): at android.app.ActivityManagerProxy.handleApplicationCrash(ActivityManagerNative.java:4207)
E/AndroidRuntime( 8068): at com.android.internal.os.RuntimeInit$UncaughtHandler.uncaughtException(RuntimeInit.java:89)
E/AndroidRuntime( 8068): at java.lang.ThreadGroup.uncaughtException(ThreadGroup.java:693)
E/AndroidRuntime( 8068): at java.lang.ThreadGroup.uncaughtException(ThreadGroup.java:690)
I/Process ( 8068): Sending signal. PID: 8068 SIG: 9
D/AndroidRuntime( 7974): Shutting down VM
E/AndroidRuntime( 7974): FATAL EXCEPTION: main
E/AndroidRuntime( 7974): Process: com.fairphone.setupwizard, PID: 7974
E/AndroidRuntime( 7974): java.lang.RuntimeException: Unable to resume activity {com.fairphone.setupwizard/com.fairphone.setupwizard.ui.SetupWizardActivity}: java.lang.RuntimeException: Package manager has died
E/AndroidRuntime( 7974): at android.app.ActivityThread.performResumeActivity(ActivityThread.java:2986)
E/AndroidRuntime( 7974): at android.app.ActivityThread.handleResumeActivity(ActivityThread.java:3017)
E/AndroidRuntime( 7974): at android.app.ActivityThread.handleLaunchActivity(ActivityThread.java:2392)
E/AndroidRuntime( 7974): at android.app.ActivityThread.access$800(ActivityThread.java:151)
E/AndroidRuntime( 7974): at android.app.ActivityThread$H.handleMessage(ActivityThread.java:1303)
E/AndroidRuntime( 7974): at android.os.Handler.dispatchMessage(Handler.java:102)
E/AndroidRuntime( 7974): at android.os.Looper.loop(Looper.java:135)
E/AndroidRuntime( 7974): at android.app.ActivityThread.main(ActivityThread.java:5254)
E/AndroidRuntime( 7974): at java.lang.reflect.Method.invoke(Native Method)
E/AndroidRuntime( 7974): at java.lang.reflect.Method.invoke(Method.java:372)
E/AndroidRuntime( 7974): at com.android.internal.os.ZygoteInit$MethodAndArgsCaller.run(ZygoteInit.java:904)
E/AndroidRuntime( 7974): at com.android.internal.os.ZygoteInit.main(ZygoteInit.java:699)
E/AndroidRuntime( 7974): Caused by: java.lang.RuntimeException: Package manager has died
E/AndroidRuntime( 7974): at android.app.ApplicationPackageManager.hasSystemFeature(ApplicationPackageManager.java:385)
E/AndroidRuntime( 7974): at com.fairphone.setupwizard.util.SetupWizardUtils.hasTelephony(SetupWizardUtils.java:99)
E/AndroidRuntime( 7974): at com.fairphone.setupwizard.ui.SetupWizardActivity.updateButtonBar(SetupWizardActivity.java:255)
E/AndroidRuntime( 7974): at com.fairphone.setupwizard.ui.SetupWizardActivity.onPageTreeChanged(SetupWizardActivity.java:237)
E/AndroidRuntime( 7974): at com.fairphone.setupwizard.ui.SetupWizardActivity.onResume(SetupWizardActivity.java:172)
E/AndroidRuntime( 7974): at android.app.Instrumentation.callActivityOnResume(Instrumentation.java:1257)
E/AndroidRuntime( 7974): at android.app.Activity.performResume(Activity.java:6077)
E/AndroidRuntime( 7974): at android.app.ActivityThread.performResumeActivity(ActivityThread.java:2975)
E/AndroidRuntime( 7974): ... 11 more
E/AndroidRuntime( 7974): Caused by: android.os.DeadObjectException
E/AndroidRuntime( 7974): at android.os.BinderProxy.transactNative(Native Method)
E/AndroidRuntime( 7974): at android.os.BinderProxy.transact(Binder.java:496)
E/AndroidRuntime( 7974): at android.content.pm.IPackageManager$Stub$Proxy.hasSystemFeature(IPackageManager.java:3693)
E/AndroidRuntime( 7974): at android.app.ApplicationPackageManager.hasSystemFeature(ApplicationPackageManager.java:383)
E/AndroidRuntime( 7974): ... 18 more
E/AndroidRuntime( 7974): Error reporting crash
E/AndroidRuntime( 7974): android.os.DeadObjectException
E/AndroidRuntime( 7974): at android.os.BinderProxy.transactNative(Native Method)
E/AndroidRuntime( 7974): at android.os.BinderProxy.transact(Binder.java:496)
E/AndroidRuntime( 7974): at android.app.ActivityManagerProxy.handleApplicationCrash(ActivityManagerNative.java:4207)
E/AndroidRuntime( 7974): at com.android.internal.os.RuntimeInit$UncaughtHandler.uncaughtException(RuntimeInit.java:89)
E/AndroidRuntime( 7974): at java.lang.ThreadGroup.uncaughtException(ThreadGroup.java:693)
E/AndroidRuntime( 7974): at java.lang.ThreadGroup.uncaughtException(ThreadGroup.java:690)
I/Process ( 7974): Sending signal. PID: 7974 SIG: 9
I/lowmemorykiller( 689): ActivityManager disconnected
I/lowmemorykiller( 689): Closing Activity Manager data connection
E/Zygote ( 7636): Exit zygote because system server (7665) has terminated
I/ServiceManager( 5238): service 'media.audio_flinger' died
W/AudioSystem( 7779): AudioFlinger server died!
I/ServiceManager( 5238): service 'media.sound_trigger_hw' died
I/Netd ( 8193): Netd 1.0 starting
D/MDnsDS ( 8193): MDnsSdListener::Hander starting up
D/MDnsDS ( 8193): MDnsSdListener starting to monitor
D/MDnsDS ( 8193): Going to poll with pollCount 1
D/AndroidRuntime( 8192): >>>>>> START com.android.internal.os.ZygoteInit uid 0 <<<<<<
D/AndroidRuntime( 8192): CheckJNI is OFF
I/art ( 8192): option[0]=-Xzygote
I/art ( 8192): option[1]=-Xstacktracefile:/data/anr/traces.txt
I/art ( 8192): option[2]=exit
I/art ( 8192): option[3]=vfprintf
I/art ( 8192): option[4]=sensitiveThread
I/art ( 8192): option[5]=-verbose:gc
I/art ( 8192): option[6]=-Xms8m
I/art ( 8192): option[7]=-Xmx256m
I/art ( 8192): option[8]=-XX:mainThreadStackSize=24K
I/art ( 8192): option[9]=-XX:HeapGrowthLimit=128m
I/art ( 8192): option[10]=-XX:HeapMinFree=2m
I/art ( 8192): option[11]=-XX:HeapMaxFree=8m
I/art ( 8192): option[12]=-XX:HeapTargetUtilization=0.75
I/art ( 8192): option[13]=-agentlib:jdwp=transport=dt_android_adb,suspend=n,server=y
I/art ( 8192): option[14]=-Xlockprofthreshold:500
I/art ( 8192): option[15]=-Ximage-compiler-option
I/art ( 8192): option[16]=--runtime-arg
I/art ( 8192): option[17]=-Ximage-compiler-option
I/art ( 8192): option[18]=-Xms64m
I/art ( 8192): option[19]=-Ximage-compiler-option
I/art ( 8192): option[20]=--runtime-arg
I/art ( 8192): option[21]=-Ximage-compiler-option
I/art ( 8192): option[22]=-Xmx64m
I/art ( 8192): option[23]=-Ximage-compiler-option
I/art ( 8192): option[24]=--image-classes=/system/etc/preloaded-classes
I/art ( 8192): option[25]=-Xcompiler-option
I/art ( 8192): option[26]=--runtime-arg
I/art ( 8192): option[27]=-Xcompiler-option
I/art ( 8192): option[28]=-Xms64m
I/art ( 8192): option[29]=-Xcompiler-option
I/art ( 8192): option[30]=--runtime-arg
I/art ( 8192): option[31]=-Xcompiler-option
I/art ( 8192): option[32]=-Xmx512m
I/art ( 8192): option[33]=-Duser.language=en
I/art ( 8192): option[34]=-Duser.region=US
W/art ( 8192): Incomplete boot detected. Pruning dalvik cache
V/MediaUtils( 8194): physMem: 1961033728
V/MediaUtils( 8194): requested limit: 1274671905
V/MediaUtils( 8194): actual limit: 1274671905
V/MediaUtils( 8194): original limits: 4294967295/4294967295
V/MediaUtils( 8194): new limits: 1274671905/4294967295
I/mediaserver( 8194): ServiceManager: 0xb58700c0
I/AudioFlinger( 8194): Using default 3000 mSec as standby time.
I/AudioPolicyService( 8194): AudioPolicyService CSTOR in new mode
I/AudioPolicyManager( 8194): loadAudioPolicyConfig() loaded /system/etc/audio_policy.conf
D/audio_hw_primary( 8194): adev_open: enter
E/audio_route( 8194): Control 'SLIMBUS_0_RX Port Mixer INT_BT_SCO_TX' doesn't exist - skipping
E/audio_route( 8194): Control 'INTERNAL_BT_SCO_RX Audio Mixer Multimedia6' doesn't exist - skipping
E/audio_route( 8194): Control 'MultiMedia4 Mixer MI2S_TX' doesn't exist - skipping
E/audio_route( 8194): Control 'RX4 DSM MUX' doesn't exist - skipping
E/audio_route( 8194): Control 'RX6 DSM MUX' doesn't exist - skipping
E/audio_route( 8194): Control 'RX4 DSM MUX' doesn't exist - skipping
E/audio_route( 8194): Control 'RX6 DSM MUX' doesn't exist - skipping
D/msm8974_platform( 8194): platform_init: Opened sound card:0
D/ACDB-LOADER( 8194): ACDB -> Load file: /etc/acdbdata/MTP/MTP_Bluetooth_cal.acdb
D/ACDB-LOADER( 8194): ACDB -> Load file: /etc/acdbdata/MTP/MTP_General_cal.acdb
D/ACDB-LOADER( 8194): ACDB -> Load file: /etc/acdbdata/MTP/MTP_Global_cal.acdb
D/ACDB-LOADER( 8194): ACDB -> Load file: /etc/acdbdata/MTP/MTP_Handset_cal.acdb
D/ACDB-LOADER( 8194): ACDB -> Load file: /etc/acdbdata/MTP/MTP_Hdmi_cal.acdb
D/ACDB-LOADER( 8194): ACDB -> Load file: /etc/acdbdata/MTP/MTP_Headset_cal.acdb
D/ACDB-LOADER( 8194): ACDB -> Load file: /etc/acdbdata/MTP/MTP_Speaker_cal.acdb
D/ACDB-LOADER( 8194): ACDB -> ACDB_CMD_INITIALIZE_V2
D/ ( 8194): [ACDB Command]->SW Minor/Major/Revision version mismatch warning /etc/acdbdata/MTP/MTP_Bluetooth_cal.acdb
D/ ( 8194): [ACDB Command]->ACDB Sw Major = 3, ACDB Sw Minor = 0, ACDB Sw Revision = 0
D/ ( 8194): [ACDB Command]->ACDB File Major = 3, ACDB File Minor = 0, ACDB File Revision = 2
D/ ( 8194): [ACDB Command]->SW Minor/Major/Revision version mismatch warning /etc/acdbdata/MTP/MTP_General_cal.acdb
D/ ( 8194): [ACDB Command]->ACDB Sw Major = 3, ACDB Sw Minor = 0, ACDB Sw Revision = 0
D/ ( 8194): [ACDB Command]->ACDB File Major = 3, ACDB File Minor = 0, ACDB File Revision = 2
D/ ( 8194): [ACDB Command]->SW Minor/Major/Revision version mismatch warning /etc/acdbdata/MTP/MTP_Global_cal.acdb
D/ ( 8194): [ACDB Command]->ACDB Sw Major = 3, ACDB Sw Minor = 0, ACDB Sw Revision = 0
D/ ( 8194): [ACDB Command]->ACDB File Major = 3, ACDB File Minor = 0, ACDB File Revision = 2
D/ ( 8194): [ACDB Command]->SW Minor/Major/Revision version mismatch warning /etc/acdbdata/MTP/MTP_Handset_cal.acdb
D/ ( 8194): [ACDB Command]->ACDB Sw Major = 3, ACDB Sw Minor = 0, ACDB Sw Revision = 0
D/ ( 8194): [ACDB Command]->ACDB File Major = 3, ACDB File Minor = 0, ACDB File Revision = 2
D/ ( 8194): [ACDB Command]->SW Minor/Major/Revision version mismatch warning /etc/acdbdata/MTP/MTP_Hdmi_cal.acdb
D/ ( 8194): [ACDB Command]->ACDB Sw Major = 3, ACDB Sw Minor = 0, ACDB Sw Revision = 0
D/ ( 8194): [ACDB Command]->ACDB File Major = 3, ACDB File Minor = 0, ACDB File Revision = 2
D/ ( 8194): [ACDB Command]->SW Minor/Major/Revision version mismatch warning /etc/acdbdata/MTP/MTP_Headset_cal.acdb
D/ ( 8194): [ACDB Command]->ACDB Sw Major = 3, ACDB Sw Minor = 0, ACDB Sw Revision = 0
D/ ( 8194): [ACDB Command]->ACDB File Major = 3, ACDB File Minor = 0, ACDB File Revision = 2
D/ ( 8194): [ACDB Command]->SW Minor/Major/Revision version mismatch warning /etc/acdbdata/MTP/MTP_Speaker_cal.acdb
D/ ( 8194): [ACDB Command]->ACDB Sw Major = 3, ACDB Sw Minor = 0, ACDB Sw Revision = 0
D/ ( 8194): [ACDB Command]->ACDB File Major = 3, ACDB File Minor = 0, ACDB File Revision = 2
D/ACDB-LOADER( 8194): ACDB -> ACPH INIT
D/ ( 8194): [ACPH]->Online service registered with ACPH
D/ ( 8194): [ACPH]->ACPH init success
D/ACDB-LOADER( 8194): ACDB -> RTAC INIT
D/ ( 8194): [ACPH]->DSP RTC service registered with ACPH
D/ACDB-LOADER( 8194): ACDB -> ADIE RTAC INIT
D/ ( 8194): [ACPH]->ADIE RTC service registered with ACPH
D/ACDB-LOADER( 8194): No existing ION info in ACDB driver
D/ACDB-LOADER( 8194): ACDB -> ION_IOC_ALLOC
D/ACDB-LOADER( 8194): ACDB -> ION_IOC_SHARE
D/ACDB-LOADER( 8194): ACDB -> MMAP ADDR
D/ACDB-LOADER( 8194): ACDB -> register MEM to ACDB driver: 0xb60cd000
D/ACDB-LOADER( 8194): ACDB -> send_asm_topology
D/ACDB-LOADER( 8194): ACDB -> ACDB_CMD_GET_AUDPROC_STREAM_TOPOLOGY_ID
D/ACDB-LOADER( 8194): ACDB -> send_adm_custom_topology
D/ACDB-LOADER( 8194): ACDB -> ACDB_CMD_GET_AUDIO_COPP_TOPOLOGIES
D/ ( 8194): ACDBFILE_MGR: Property for the pid 00012E47 not found
D/ ( 8194): ACDB_COMMAND: Failed to fetch the property info for pid 00012E47
E/ACDB-LOADER( 8194): Error: ACDB get adm topologies returned = -18
D/ACDB-LOADER( 8194): ACDB -> AUDIO_SET_ADM_CUSTOM_TOPOLOGY
D/ACDB-LOADER( 8194): ACDB -> send_asm_custom_topology
D/ACDB-LOADER( 8194): ACDB -> ACDB_CMD_GET_AUDIO_POPP_TOPOLOGIES
D/ACDB-LOADER( 8194): ACDB -> AUDIO_SET_ASM_CUSTOM_TOPOLOGY
D/ACDB-LOADER( 8194): ACDB -> init done!
D/platform_parser( 8194): platform_info_init: Failed to open /system/etc/platform_info.xml, using defaults.
D/audio_hw_spkr_prot( 8194): audio_extn_spkr_prot_init: Initialize speaker protection module
D/audio_hw_spkr_prot( 8194): audio_extn_spkr_prot_init: Speaker protection disabled
E/msm8974_platform( 8194): hw_util_open Opening device /dev/snd/hwC0D1000
E/msm8974_platform( 8194): hw_util_open success
D/ACDB-LOADER( 8194): ACDB -> ACDB_CMD_GET_ANC_SETTING
D/ACDB-LOADER( 8194): ACDB -> ACDB_CMD_GET_ANC_SETTING
D/ACDB-LOADER( 8194): ACDB -> ACDB_CMD_GET_ANC_SETTING
D/ACDB-LOADER( 8194): ACDB -> ACDB_CMD_GET_ANC_SETTING
D/ACDB-LOADER( 8194): ACDB -> ACDB_CMD_GET_ANC_SETTING
D/ACDB-LOADER( 8194): ACDB -> ACDB_CMD_GET_ANC_SETTING
D/ACDB-LOADER( 8194): ACDB -> ACDB_CMD_GET_ANC_SETTING
E/msm8974_platform( 8194): send_codec_cal cal sent for anc_cal
E/ACDB-LOADER( 8194): ACDB -> send_codec_cal
D/ACDB-LOADER( 8194): ACDB -> ACDB_CMD_GET_CODEC_CAL_DATA
E/msm8974_platform( 8194): send_codec_cal cal sent for mad_cal
D/ACDB-LOADER( 8194): send mbhc data
D/ACDB-LOADER( 8194): ACDB -> MBHC ACDB_PID_GENERAL_CONFIG
D/ACDB-LOADER( 8194): ACDB -> MBHC ACDB_PID_PLUG_REMOVAL_DETECTION
D/ACDB-LOADER( 8194): ACDB -> MBHC ACDB_PID_PLUG_TYPE_DETECTION
D/ACDB-LOADER( 8194): ACDB -> MBHC ACDB_PID_BUTTON_PRESS_DETECTION
D/ACDB-LOADER( 8194): ACDB -> MBHC ACDB_PID_IMPEDANCE_DETECTION
E/msm8974_platform( 8194): send_codec_cal cal sent for mbhc_cal
I/AudioFlinger( 8194): loadHwModule() Loaded primary audio interface from QCOM Audio HAL (audio) handle 1
D/audio_hw_primary( 8194): adev_open_output_stream: enter: sample_rate(48000) channel_mask(0x3) devices(0x2) flags(0x2) stream_handle(0xb58809c0)
D/audio_hw_primary( 8194): adev_open_output_stream: Stream (0xb58809c0) picks up usecase (deep-buffer-playback)
I/AudioFlinger( 8194): HAL output buffer size 960 frames, normal sink buffer size 960 frames
I/AudioMixer( 8194): found effect "Multichannel Downmix To Stereo" from The Android Open Source Project
I/AudioFlinger( 8194): Using module 1 has the primary audio interface
E/AudioPolicyManager( 8194): unknown stream type 13
E/AudioPolicyManager( 8194): unknown stream type 13
E/AudioPolicyManager( 8194): unknown stream type 13
I/AudioFlinger( 8194): AudioFlinger's thread 0xb59e5000 ready to run
W/AudioFlinger( 8194): Thread AudioOut_2 cannot connect to the power manager service
D/audio_hw_primary( 8194): out_standby: enter: stream (0xb58809c0) usecase(0: deep-buffer-playback)
W/AudioFlinger( 8194): Thread AudioOut_2 cannot connect to the power manager service
D/audio_hw_primary( 8194): out_set_parameters: enter: usecase(0: deep-buffer-playback) kvpairs: routing=2
D/audio_hw_extn( 8194): audio_extn_set_anc_parameters: anc_enabled:0
W/AudioFlinger( 8194): Thread AudioOut_2 cannot connect to the power manager service
E/AudioFlinger( 8194): no wake lock to update!
D/audio_hw_primary( 8194): out_set_parameters: enter: usecase(0: deep-buffer-playback) kvpairs: fm_volume=0.0000000000
D/audio_hw_extn( 8194): audio_extn_set_anc_parameters: anc_enabled:0
D/audio_hw_fm( 8194): audio_extn_fm_set_parameters: set_fm_volume usecase
D/audio_hw_fm( 8194): fm_set_volume: (0.000000)
E/AudioPolicyManager( 8194): unknown stream type 13
D/audio_hw_primary( 8194): adev_open_output_stream: enter: sample_rate(48000) channel_mask(0x3) devices(0x2) flags(0x4) stream_handle(0xb5880b00)
D/audio_hw_primary( 8194): adev_open_output_stream: Stream (0xb5880b00) picks up usecase (low-latency-playback)
I/AudioFlinger( 8194): HAL output buffer size 240 frames, normal sink buffer size 960 frames
E/MonoPipe( 8194): Failed to fetch local time frequency when constructing a MonoPipe (res = -32). getNextWriteTimestamp calls will be non-functional
E/NetlinkListener( 687): recvmsg failed (I/O error)
E/NetlinkListener( 8193): recvmsg failed (I/O error)
W/art ( 8192): Invalid image header in '/data/dalvik-cache/arm/system@framework@boot.art'
I/art ( 8192): Pruning dalvik-cache since we are generating an image and will need to recompile
I/art ( 8192): Using an offset of 0xff2d4000 from default art base address of 0x70000000
I/art ( 8192): GenerateImage: /system/bin/dex2oat --image=/data/dalvik-cache/arm/system@framework@boot.art --dex-file=/system/framework/core-libart.jar --dex-file=/system/framework/conscrypt.jar --dex-file=/system/framework/okhttp.jar --dex-file=/system/framework/core-junit.jar --dex-file=/system/framework/bouncycastle.jar --dex-file=/usr/libexec/sfdroid/system/framework/ext.jar --dex-file=/usr/libexec/sfdroid/system/framework/framework.jar --dex-file=/system/framework/telephony-common.jar --dex-file=/system/framework/voip-common.jar --dex-file=/system/framework/ims-common.jar --dex-file=/system/framework/mms-common.jar --dex-file=/system/framework/android.policy.jar --dex-file=/system/framework/apache-xml.jar --dex-file=/system/framework/qcmediaplayer.jar --dex-file=/system/framework/org.codeaurora.Performance.jar --dex-file=/system/framework/vcard.jar --dex-file=/system/framework/tcmiface.jar --dex-file=/system/framework/WfdCommon.jar --dex-file=/system/framework/qcom.fmradio.jar --dex-file=/system/framework/security-bri
I/dex2oat ( 8211): /system/bin/dex2oat --image=/data/dalvik-cache/arm/system@framework@boot.art --dex-file=/system/framework/core-libart.jar --dex-file=/system/framework/conscrypt.jar --dex-file=/system/framework/okhttp.jar --dex-file=/system/framework/core-junit.jar --dex-file=/system/framework/bouncycastle.jar --dex-file=/usr/libexec/sfdroid/system/framework/ext.jar --dex-file=/usr/libexec/sfdroid/system/framework/framework.jar --dex-file=/system/framework/telephony-common.jar --dex-file=/system/framework/voip-common.jar --dex-file=/system/framework/ims-common.jar --dex-file=/system/framework/mms-common.jar --dex-file=/system/framework/android.policy.jar --dex-file=/system/framework/apache-xml.jar --dex-file=/system/framework/qcmediaplayer.jar --dex-file=/system/framework/org.codeaurora.Performance.jar --dex-file=/system/framework/vcard.jar --dex-file=/system/framework/tcmiface.jar --dex-file=/system/framework/WfdCommon.jar --dex-file=/system/framework/qcom.fmradio.jar --dex-file=/system/framework/security-bridge.jar --dex-f
E/NetlinkListener( 687): recvmsg failed (I/O error)
E/NetlinkListener( 8193): recvmsg failed (I/O error)
V/WLAN_PSA( 673): NL MSG, len[4095], NL type[0x1C] WNI type[0x5900] len[59151]
V/WLAN_PSA( 673): NL MSG, PID: 673
E/NetlinkListener( 687): recvmsg failed (I/O error)
E/NetlinkListener( 8193): recvmsg failed (I/O error)
E/NetlinkListener( 8193): recvmsg failed (I/O error)
E/NetlinkListener( 687): recvmsg failed (I/O error)
W/dex2oat ( 8211): Skipping class org.codeaurora.camera.ExtendedFace from /system/framework/org.codeaurora.Performance.jar previously found in /usr/libexec/sfdroid/system/framework/framework.jar:classes2.dex
W/dex2oat ( 8211): Skipping class org.codeaurora.camera.QCFace from /system/framework/org.codeaurora.Performance.jar previously found in /usr/libexec/sfdroid/system/framework/framework.jar:classes2.dex
W/dex2oat ( 8211): Skipping class org.codeaurora.Performance from /system/framework/org.codeaurora.Performance.jar previously found in /usr/libexec/sfdroid/system/framework/framework.jar:classes2.dex
V/WLAN_PSA( 673): NL MSG, len[048], NL type[0x11] WNI type[0x5050] len[028]
V/WLAN_PSA( 673): NL MSG, PID: 673
E/NetlinkListener( 687): recvmsg failed (I/O error)
E/NetlinkListener( 8193): recvmsg failed (I/O error)
E/NetlinkListener( 8193): recvmsg failed (I/O error)
E/NetlinkListener( 687): recvmsg failed (I/O error)
E/NetlinkListener( 8193): recvmsg failed (I/O error)
E/NetlinkListener( 687): recvmsg failed (I/O error)
W/dex2oat ( 8211): Skipping class org.codeaurora.Performance from /system/framework/org.codeaurora.Performance.jar previously found in /usr/libexec/sfdroid/system/framework/framework.jar:classes2.dex
W/dex2oat ( 8211): Skipping class org.codeaurora.camera.QCFace from /system/framework/org.codeaurora.Performance.jar previously found in /usr/libexec/sfdroid/system/framework/framework.jar:classes2.dex
W/dex2oat ( 8211): Skipping class org.codeaurora.camera.ExtendedFace from /system/framework/org.codeaurora.Performance.jar previously found in /usr/libexec/sfdroid/system/framework/framework.jar:classes2.dex
E/NetlinkListener( 8193): recvmsg failed (I/O error)
E/NetlinkListener( 687): recvmsg failed (I/O error)
V/WLAN_PSA( 673): NL MSG, len[4025], NL type[0x1C] WNI type[0x5900] len[41231]
V/WLAN_PSA( 673): NL MSG, PID: 673
V/WLAN_PSA( 673): NL MSG, len[048], NL type[0x11] WNI type[0x5050] len[028]
V/WLAN_PSA( 673): NL MSG, PID: 673
E/NetlinkListener( 8193): recvmsg failed (I/O error)
E/NetlinkListener( 687): recvmsg failed (I/O error)
E/NetlinkListener( 8193): recvmsg failed (I/O error)
E/NetlinkListener( 687): recvmsg failed (I/O error)
W/dex2oat ( 8211): Skipping class org.codeaurora.Performance from /system/framework/org.codeaurora.Performance.jar previously found in /usr/libexec/sfdroid/system/framework/framework.jar:classes2.dex
W/dex2oat ( 8211): Skipping class org.codeaurora.camera.ExtendedFace from /system/framework/org.codeaurora.Performance.jar previously found in /usr/libexec/sfdroid/system/framework/framework.jar:classes2.dex
W/dex2oat ( 8211): Skipping class org.codeaurora.camera.QCFace from /system/framework/org.codeaurora.Performance.jar previously found in /usr/libexec/sfdroid/system/framework/framework.jar:classes2.dex
I/dex2oat ( 8211): Explicit concurrent mark sweep GC freed 43938(5MB) AllocSpace objects, 0(0B) LOS objects, 15% free, 21MB/25MB, paused 152us total 113.713ms
E/NetlinkListener( 687): recvmsg failed (I/O error)
E/NetlinkListener( 8193): recvmsg failed (I/O error)
E/NetlinkListener( 8193): recvmsg failed (I/O error)
E/NetlinkListener( 687): recvmsg failed (I/O error)
I/dex2oat ( 8211): Method exceeds compiler instruction limit: 21296 in void org.ccil.cowan.tagsoup.HTMLSchema.()
V/WLAN_PSA( 673): NL MSG, len[4009], NL type[0x1C] WNI type[0x5900] len[37135]
V/WLAN_PSA( 673): NL MSG, PID: 673
E/qdhwcomposer( 1587): isValidDimension: layer handle is NULL
E/qdhwcomposer( 1587): isValidDimension: layer handle is NULL
E/qdoverlay( 1587): Bad ov dump: mdp_overlay z=0 fg=0 alpha=255 mask=-1 flags=0x220000 id=8
E/qdoverlay( 1587): src msmfb_img w=1152 h=1920 format=13 MDP_RGBA_8888
E/qdoverlay( 1587): src_rect mdp_rect x=0 y=0 w=1080 h=1920
E/qdoverlay( 1587): dst_rect mdp_rect x=0 y=0 w=1080 h=1920
V/WLAN_PSA( 673): NL MSG, len[048], NL type[0x11] WNI type[0x5050] len[028]
V/WLAN_PSA( 673): NL MSG, PID: 673
V/WLAN_PSA( 673): NL MSG, len[4091], NL type[0x1C] WNI type[0x5900] len[58127]
V/WLAN_PSA( 673): NL MSG, PID: 673
V/WLAN_PSA( 673): NL MSG, len[048], NL type[0x11] WNI type[0x5050] len[028]
V/WLAN_PSA( 673): NL MSG, PID: 673
W/dex2oat ( 8211): Skipping class org.codeaurora.Performance from /system/framework/org.codeaurora.Performance.jar previously found in /usr/libexec/sfdroid/system/framework/framework.jar:classes2.dex
W/dex2oat ( 8211): Skipping class org.codeaurora.camera.QCFace from /system/framework/org.codeaurora.Performance.jar previously found in /usr/libexec/sfdroid/system/framework/framework.jar:classes2.dex
W/dex2oat ( 8211): Skipping class org.codeaurora.camera.ExtendedFace from /system/framework/org.codeaurora.Performance.jar previously found in /usr/libexec/sfdroid/system/framework/framework.jar:classes2.dex
E/NetlinkListener( 8193): recvmsg failed (I/O error)
E/NetlinkListener( 687): recvmsg failed (I/O error)
E/NetlinkListener( 8193): recvmsg failed (I/O error)
E/NetlinkListener( 687): recvmsg failed (I/O error)
I/dex2oat ( 8211): Explicit concurrent mark sweep GC freed 233602(16MB) AllocSpace objects, 0(0B) LOS objects, 26% free, 11MB/15MB, paused 158us total 59.882ms
V/WLAN_PSA( 673): NL MSG, len[4031], NL type[0x1C] WNI type[0x5900] len[42767]
V/WLAN_PSA( 673): NL MSG, PID: 673
V/WLAN_PSA( 673): NL MSG, len[048], NL type[0x11] WNI type[0x5050] len[028]
V/WLAN_PSA( 673): NL MSG, PID: 673
E/NetlinkListener( 8193): recvmsg failed (I/O error)
E/NetlinkListener( 687): recvmsg failed (I/O error)
I/dex2oat ( 8211): dex2oat took 24.894s (threads: 4) arena alloc=2MB java alloc=11MB native alloc=68MB free=19MB
I/SamplingProfilerIntegration( 8192): Profiling disabled.
D/Zygote ( 8192): begin preload
I/Zygote ( 8192): Preloading classes...
I/art ( 8192): Explicit concurrent mark sweep GC freed 824(38KB) AllocSpace objects, 0(0B) LOS objects, 98% free, 52KB/4MB, paused 102us total 3.928ms
I/art ( 8192): Counter: 1
I/art ( 8192): Explicit concurrent mark sweep GC freed 96(4KB) AllocSpace objects, 0(0B) LOS objects, 98% free, 72KB/4MB, paused 98us total 2.487ms
I/art ( 8192): Explicit concurrent mark sweep GC freed 457(29KB) AllocSpace objects, 0(0B) LOS objects, 98% free, 72KB/4MB, paused 101us total 1.610ms
I/art ( 8192): Explicit concurrent mark sweep GC freed 5(160B) AllocSpace objects, 0(0B) LOS objects, 98% free, 72KB/4MB, paused 102us total 1.634ms
W/Zygote ( 8192): Class not found for preloading: android.app.ContextImpl$62
I/art ( 8192): Explicit concurrent mark sweep GC freed 633(41KB) AllocSpace objects, 0(0B) LOS objects, 98% free, 80KB/4MB, paused 104us total 3.015ms
I/art ( 8192): Explicit concurrent mark sweep GC freed 5(160B) AllocSpace objects, 0(0B) LOS objects, 98% free, 80KB/4MB, paused 96us total 1.568ms
I/art ( 8192): Explicit concurrent mark sweep GC freed 443(26KB) AllocSpace objects, 0(0B) LOS objects, 97% free, 110KB/4MB, paused 101us total 2.267ms
I/art ( 8192): Explicit concurrent mark sweep GC freed 25(1056B) AllocSpace objects, 0(0B) LOS objects, 97% free, 110KB/4MB, paused 97us total 1.646ms
E/NetlinkListener( 8193): recvmsg failed (I/O error)
E/NetlinkListener( 687): recvmsg failed (I/O error)
E/Minikin ( 8192): addFont failed to create font /system/fonts/NanumGothic.ttf
E/Minikin ( 8192): addFont failed to create font /system/fonts/DroidSansFallback.ttf
I/art ( 8192): Explicit concurrent mark sweep GC freed 1773(128KB) AllocSpace objects, 0(0B) LOS objects, 97% free, 121KB/4MB, paused 113us total 2.639ms
I/art ( 8192): Explicit concurrent mark sweep GC freed 26(880B) AllocSpace objects, 0(0B) LOS objects, 97% free, 121KB/4MB, paused 107us total 1.862ms
I/art ( 8192): Explicit concurrent mark sweep GC freed 1910(91KB) AllocSpace objects, 0(0B) LOS objects, 96% free, 162KB/4MB, paused 109us total 3.450ms
I/art ( 8192): Explicit concurrent mark sweep GC freed 5(160B) AllocSpace objects, 0(0B) LOS objects, 96% free, 162KB/4MB, paused 105us total 1.912ms
I/art ( 8192): Explicit concurrent mark sweep GC freed 1975(87KB) AllocSpace objects, 0(0B) LOS objects, 95% free, 197KB/4MB, paused 107us total 3.322ms
I/art ( 8192): Explicit concurrent mark sweep GC freed 5(160B) AllocSpace objects, 0(0B) LOS objects, 95% free, 197KB/4MB, paused 102us total 2.085ms
I/art ( 8192): Explicit concurrent mark sweep GC freed 369(19KB) AllocSpace objects, 0(0B) LOS objects, 94% free, 230KB/4MB, paused 99us total 3.180ms
I/art ( 8192): Explicit concurrent mark sweep GC freed 5(160B) AllocSpace objects, 0(0B) LOS objects, 94% free, 230KB/4MB, paused 103us total 2.112ms
I/art ( 8192): Thread[1,tid=8192,WaitingForJniOnLoad,Thread*=0xb4827800,peer=0x12c411c0,"main"] recursive attempt to load library "/system/lib/libmedia_jni.so"
D/MtpDeviceJNI( 8192): register_android_mtp_MtpDevice
I/art ( 8192): Thread[1,tid=8192,WaitingForJniOnLoad,Thread*=0xb4827800,peer=0x12c411c0,"main"] recursive attempt to load library "/system/lib/libmedia_jni.so"
I/art ( 8192): Thread[1,tid=8192,WaitingForJniOnLoad,Thread*=0xb4827800,peer=0x12c411c0,"main"] recursive attempt to load library "/system/lib/libmedia_jni.so"
I/art ( 8192): Explicit concurrent mark sweep GC freed 748(43KB) AllocSpace objects, 0(0B) LOS objects, 94% free, 239KB/4MB, paused 108us total 3.257ms
I/art ( 8192): Explicit concurrent mark sweep GC freed 7(288B) AllocSpace objects, 0(0B) LOS objects, 94% free, 239KB/4MB, paused 108us total 2.322ms
I/art ( 8192): Explicit concurrent mark sweep GC freed 541(27KB) AllocSpace objects, 0(0B) LOS objects, 94% free, 260KB/4MB, paused 107us total 3.242ms
I/art ( 8192): Explicit concurrent mark sweep GC freed 5(160B) AllocSpace objects, 0(0B) LOS objects, 94% free, 260KB/4MB, paused 106us total 2.261ms
I/art ( 8192): Explicit concurrent mark sweep GC freed 641(35KB) AllocSpace objects, 0(0B) LOS objects, 93% free, 274KB/4MB, paused 104us total 3.921ms
I/art ( 8192): Explicit concurrent mark sweep GC freed 5(160B) AllocSpace objects, 0(0B) LOS objects, 93% free, 274KB/4MB, paused 106us total 2.356ms
I/art ( 8192): Explicit concurrent mark sweep GC freed 222(13KB) AllocSpace objects, 0(0B) LOS objects, 92% free, 312KB/4MB, paused 101us total 2.647ms
I/art ( 8192): Explicit concurrent mark sweep GC freed 5(160B) AllocSpace objects, 0(0B) LOS objects, 92% free, 312KB/4MB, paused 100us total 2.217ms
I/art ( 8192): Explicit concurrent mark sweep GC freed 1815(105KB) AllocSpace objects, 0(0B) LOS objects, 89% free, 462KB/4MB, paused 118us total 3.853ms
I/art ( 8192): Explicit concurrent mark sweep GC freed 5(160B) AllocSpace objects, 0(0B) LOS objects, 89% free, 462KB/4MB, paused 110us total 2.857ms
E/EmojiFactory_jni( 8192): Failed to load libemoji.so: dlopen failed: library "libemoji.so" not found
I/art ( 8192): Explicit concurrent mark sweep GC freed 356(45KB) AllocSpace objects, 0(0B) LOS objects, 84% free, 760KB/4MB, paused 119us total 5.545ms
I/art ( 8192): Explicit concurrent mark sweep GC freed 9(272B) AllocSpace objects, 0(0B) LOS objects, 84% free, 759KB/4MB, paused 112us total 3.894ms
I/art ( 8192): Explicit concurrent mark sweep GC freed 432(30KB) AllocSpace objects, 0(0B) LOS objects, 84% free, 778KB/4MB, paused 117us total 4.544ms
I/art ( 8192): Explicit concurrent mark sweep GC freed 5(160B) AllocSpace objects, 0(0B) LOS objects, 84% free, 778KB/4MB, paused 110us total 3.927ms
I/art ( 8192): Explicit concurrent mark sweep GC freed 787(49KB) AllocSpace objects, 0(0B) LOS objects, 84% free, 780KB/4MB, paused 108us total 4.258ms
I/art ( 8192): Explicit concurrent mark sweep GC freed 5(160B) AllocSpace objects, 0(0B) LOS objects, 84% free, 780KB/4MB, paused 98us total 3.745ms
I/art ( 8192): Explicit concurrent mark sweep GC freed 957(105KB) AllocSpace objects, 0(0B) LOS objects, 83% free, 822KB/4MB, paused 104us total 4.822ms
I/art ( 8192): Explicit concurrent mark sweep GC freed 37(1744B) AllocSpace objects, 0(0B) LOS objects, 83% free, 821KB/4MB, paused 100us total 3.514ms
I/art ( 8192): Explicit concurrent mark sweep GC freed 528(39KB) AllocSpace objects, 0(0B) LOS objects, 83% free, 830KB/4MB, paused 104us total 3.786ms
I/art ( 8192): Explicit concurrent mark sweep GC freed 5(160B) AllocSpace objects, 0(0B) LOS objects, 83% free, 830KB/4MB, paused 99us total 3.612ms
I/art ( 8192): Explicit concurrent mark sweep GC freed 360(25KB) AllocSpace objects, 0(0B) LOS objects, 82% free, 859KB/4MB, paused 104us total 3.750ms
I/art ( 8192): Explicit concurrent mark sweep GC freed 5(160B) AllocSpace objects, 0(0B) LOS objects, 82% free, 859KB/4MB, paused 101us total 3.655ms
I/art ( 8192): Explicit concurrent mark sweep GC freed 10831(530KB) AllocSpace objects, 0(0B) LOS objects, 76% free, 1238KB/5MB, paused 110us total 5.998ms
I/art ( 8192): Explicit concurrent mark sweep GC freed 11(432B) AllocSpace objects, 0(0B) LOS objects, 76% free, 1238KB/5MB, paused 117us total 4.504ms
I/art ( 8192): Explicit concurrent mark sweep GC freed 570(33KB) AllocSpace objects, 0(0B) LOS objects, 76% free, 1254KB/5MB, paused 116us total 5.262ms
I/art ( 8192): Explicit concurrent mark sweep GC freed 5(160B) AllocSpace objects, 0(0B) LOS objects, 76% free, 1254KB/5MB, paused 108us total 4.588ms
I/art ( 8192): Explicit concurrent mark sweep GC freed 739(45KB) AllocSpace objects, 0(0B) LOS objects, 76% free, 1257KB/5MB, paused 111us total 5.403ms
I/art ( 8192): Explicit concurrent mark sweep GC freed 5(160B) AllocSpace objects, 0(0B) LOS objects, 76% free, 1257KB/5MB, paused 114us total 5.110ms
E/NetlinkListener( 8193): recvmsg failed (I/O error)
E/NetlinkListener( 687): recvmsg failed (I/O error)
I/System ( 8192): Loaded time zone names for "" in 47ms (45ms in ICU)
I/System ( 8192): Loaded time zone names for "en_US" in 32ms (29ms in ICU)
I/art ( 8192): Explicit concurrent mark sweep GC freed 2343(178KB) AllocSpace objects, 0(0B) LOS objects, 74% free, 1416KB/5MB, paused 127us total 6.251ms
I/art ( 8192): Explicit concurrent mark sweep GC freed 5(160B) AllocSpace objects, 0(0B) LOS objects, 74% free, 1416KB/5MB, paused 123us total 5.424ms
I/art ( 8192): Explicit concurrent mark sweep GC freed 136(12KB) AllocSpace objects, 0(0B) LOS objects, 73% free, 1481KB/5MB, paused 127us total 5.676ms
I/art ( 8192): Explicit concurrent mark sweep GC freed 5(160B) AllocSpace objects, 0(0B) LOS objects, 73% free, 1481KB/5MB, paused 124us total 5.573ms
I/art ( 8192): Explicit concurrent mark sweep GC freed 286(24KB) AllocSpace objects, 0(0B) LOS objects, 72% free, 1526KB/5MB, paused 127us total 6.329ms
I/art ( 8192): Explicit concurrent mark sweep GC freed 13(416B) AllocSpace objects, 0(0B) LOS objects, 72% free, 1526KB/5MB, paused 120us total 5.504ms
I/art ( 8192): Explicit concurrent mark sweep GC freed 667(47KB) AllocSpace objects, 0(0B) LOS objects, 72% free, 1528KB/5MB, paused 124us total 5.814ms
I/art ( 8192): Explicit concurrent mark sweep GC freed 25(800B) AllocSpace objects, 0(0B) LOS objects, 72% free, 1527KB/5MB, paused 121us total 5.543ms
I/Zygote ( 8192): ...preloaded 3004 classes in 710ms.
I/art ( 8192): VMRuntime.preloadDexCaches starting
I/art ( 8192): VMRuntime.preloadDexCaches strings total=223573 before=41006 after=41006
I/art ( 8192): VMRuntime.preloadDexCaches types total=19030 before=6653 after=6697
I/art ( 8192): VMRuntime.preloadDexCaches fields total=88636 before=32658 after=33035
I/art ( 8192): VMRuntime.preloadDexCaches methods total=156114 before=67685 after=68621
I/art ( 8192): VMRuntime.preloadDexCaches finished
I/art ( 8192): Counter: 0
I/art ( 8192): Counter: 1
I/art ( 8192): Explicit concurrent mark sweep GC freed 41(15KB) AllocSpace objects, 0(0B) LOS objects, 73% free, 1514KB/5MB, paused 114us total 6.488ms
D/idmap ( 8313): error: no read access to /vendor/overlay: No such file or directory
I/Zygote ( 8192): Preloading resources...
W/Resources( 8192): Preloaded drawable resource #0x1080096 (android:drawable/toast_frame) that varies with configuration!!
W/Resources( 8192): Preloaded drawable resource #0x108010d (android:drawable/btn_check_on_pressed_holo_light) that varies with configuration!!
W/Resources( 8192): Preloaded drawable resource #0x108010c (android:drawable/btn_check_on_pressed_holo_dark) that varies with configuration!!
W/Resources( 8192): Preloaded drawable resource #0x108010a (android:drawable/btn_check_on_holo_light) that varies with configuration!!
W/Resources( 8192): Preloaded drawable resource #0x1080109 (android:drawable/btn_check_on_holo_dark) that varies with configuration!!
W/Resources( 8192): Preloaded drawable resource #0x1080107 (android:drawable/btn_check_on_focused_holo_light) that varies with configuration!!
W/Resources( 8192): Preloaded drawable resource #0x1080106 (android:drawable/btn_check_on_focused_holo_dark) that varies with configuration!!
W/Resources( 8192): Preloaded drawable resource #0x1080105 (android:drawable/btn_check_on_disabled_holo_light) that varies with configuration!!
W/Resources( 8192): Preloaded drawable resource #0x1080104 (android:drawable/btn_check_on_disabled_holo_dark) that varies with configuration!!
W/Resources( 8192): Preloaded drawable resource #0x1080103 (android:drawable/btn_check_on_disabled_focused_holo_light) that varies with configuration!!
W/Resources( 8192): Preloaded drawable resource #0x1080102 (android:drawable/btn_check_on_disabled_focused_holo_dark) that varies with configuration!!
W/Resources( 8192): Preloaded drawable resource #0x10800fa (android:drawable/btn_check_off_pressed_holo_light) that varies with configuration!!
W/Resources( 8192): Preloaded drawable resource #0x10800f9 (android:drawable/btn_check_off_pressed_holo_dark) that varies with configuration!!
W/Resources( 8192): Preloaded drawable resource #0x10800f5 (android:drawable/btn_check_off_holo_light) that varies with configuration!!
W/Resources( 8192): Preloaded drawable resource #0x10800f4 (android:drawable/btn_check_off_holo_dark) that varies with configuration!!
W/Resources( 8192): Preloaded drawable resource #0x10800f2 (android:drawable/btn_check_off_focused_holo_light) that varies with configuration!!
W/Resources( 8192): Preloaded drawable resource #0x10800f1 (android:drawable/btn_check_off_focused_holo_dark) that varies with configuration!!
W/Resources( 8192): Preloaded drawable resource #0x10800f0 (android:drawable/btn_check_off_disabled_holo_light) that varies with configuration!!
W/Resources( 8192): Preloaded drawable resource #0x10800ef (android:drawable/btn_check_off_disabled_holo_dark) that varies with configuration!!
W/Resources( 8192): Preloaded drawable resource #0x10800ee (android:drawable/btn_check_off_disabled_focused_holo_light) that varies with configuration!!
W/Resources( 8192): Preloaded drawable resource #0x10800ed (android:drawable/btn_check_off_disabled_focused_holo_dark) that varies with configuration!!
W/Resources( 8192): Preloaded drawable resource #0x108010a (android:drawable/btn_check_on_holo_light) that varies with configuration!!
W/Resources( 8192): Preloaded drawable resource #0x10800f5 (android:drawable/btn_check_off_holo_light) that varies with configuration!!
W/Resources( 8192): Preloaded drawable resource #0x108010d (android:drawable/btn_check_on_pressed_holo_light) that varies with configuration!!
W/Resources( 8192): Preloaded drawable resource #0x10800fa (android:drawable/btn_check_off_pressed_holo_light) that varies with configuration!!
W/Resources( 8192): Preloaded drawable resource #0x1080107 (android:drawable/btn_check_on_focused_holo_light) that varies with configuration!!
W/Resources( 8192): Preloaded drawable resource #0x10800f2 (android:drawable/btn_check_off_focused_holo_light) that varies with configuration!!
W/Resources( 8192): Preloaded drawable resource #0x10800f5 (android:drawable/btn_check_off_holo_light) that varies with configuration!!
W/Resources( 8192): Preloaded drawable resource #0x108010a (android:drawable/btn_check_on_holo_light) that varies with configuration!!
W/Resources( 8192): Preloaded drawable resource #0x1080105 (android:drawable/btn_check_on_disabled_holo_light) that varies with configuration!!
W/Resources( 8192): Preloaded drawable resource #0x10800f0 (android:drawable/btn_check_off_disabled_holo_light) that varies with configuration!!
W/Resources( 8192): Preloaded drawable resource #0x1080103 (android:drawable/btn_check_on_disabled_focused_holo_light) that varies with configuration!!
W/Resources( 8192): Preloaded drawable resource #0x10800ee (android:drawable/btn_check_off_disabled_focused_holo_light) that varies with configuration!!
W/Resources( 8192): Preloaded drawable resource #0x10800f0 (android:drawable/btn_check_off_disabled_holo_light) that varies with configuration!!
W/Resources( 8192): Preloaded drawable resource #0x1080105 (android:drawable/btn_check_on_disabled_holo_light) that varies with configuration!!
W/Resources( 8192): Preloaded drawable resource #0x10800e3 (android:drawable/btn_check_holo_light) that varies with configuration!!
W/Resources( 8192): Preloaded drawable resource #0x1080109 (android:drawable/btn_check_on_holo_dark) that varies with configuration!!
W/Resources( 8192): Preloaded drawable resource #0x10800f4 (android:drawable/btn_check_off_holo_dark) that varies with configuration!!
W/Resources( 8192): Preloaded drawable resource #0x108010c (android:drawable/btn_check_on_pressed_holo_dark) that varies with configuration!!
W/Resources( 8192): Preloaded drawable resource #0x10800f9 (android:drawable/btn_check_off_pressed_holo_dark) that varies with configuration!!
W/Resources( 8192): Preloaded drawable resource #0x1080106 (android:drawable/btn_check_on_focused_holo_dark) that varies with configuration!!
W/Resources( 8192): Preloaded drawable resource #0x10800f1 (android:drawable/btn_check_off_focused_holo_dark) that varies with configuration!!
W/Resources( 8192): Preloaded drawable resource #0x10800f4 (android:drawable/btn_check_off_holo_dark) that varies with configuration!!
W/Resources( 8192): Preloaded drawable resource #0x1080109 (android:drawable/btn_check_on_holo_dark) that varies with configuration!!
W/Resources( 8192): Preloaded drawable resource #0x1080104 (android:drawable/btn_check_on_disabled_holo_dark) that varies with configuration!!
W/Resources( 8192): Preloaded drawable resource #0x10800ef (android:drawable/btn_check_off_disabled_holo_dark) that varies with configuration!!
W/Resources( 8192): Preloaded drawable resource #0x1080102 (android:drawable/btn_check_on_disabled_focused_holo_dark) that varies with configuration!!
W/Resources( 8192): Preloaded drawable resource #0x10800ed (android:drawable/btn_check_off_disabled_focused_holo_dark) that varies with configuration!!
W/Resources( 8192): Preloaded drawable resource #0x10800ef (android:drawable/btn_check_off_disabled_holo_dark) that varies with configuration!!
W/Resources( 8192): Preloaded drawable resource #0x1080104 (android:drawable/btn_check_on_disabled_holo_dark) that varies with configuration!!
W/Resources( 8192): Preloaded drawable resource #0x10800e2 (android:drawable/btn_check_holo_dark) that varies with configuration!!
W/Resources( 8192): Preloaded drawable resource #0x10801bd (android:drawable/btn_radio_on_pressed_holo_light) that varies with configuration!!
W/Resources( 8192): Preloaded drawable resource #0x10801bc (android:drawable/btn_radio_on_pressed_holo_dark) that varies with configuration!!
W/Resources( 8192): Preloaded drawable resource #0x10801b9 (android:drawable/btn_radio_on_holo_light) that varies with configuration!!
