E/NetlinkListener( 5246): recvmsg failed (I/O error)
E/NetlinkListener( 687): recvmsg failed (I/O error)
E/NetlinkListener( 5246): recvmsg failed (I/O error)
E/NetlinkListener( 687): recvmsg failed (I/O error)
V/WLAN_PSA( 673): NL MSG, len[4027], NL type[0x1C] WNI type[0x5900] len[41743]
V/WLAN_PSA( 673): NL MSG, PID: 673
E/NetlinkListener( 5246): recvmsg failed (I/O error)
E/NetlinkListener( 687): recvmsg failed (I/O error)
E/NetlinkListener( 5246): recvmsg failed (I/O error)
E/NetlinkListener( 687): recvmsg failed (I/O error)
I/dex2oat ( 5714): dex2oat took 2.057s (threads: 4) arena alloc=100KB java alloc=10MB native alloc=1449KB free=10MB
I/dex2oat ( 5740): /system/bin/dex2oat --zip-fd=5 --zip-location=/system/framework/ime.jar --oat-fd=6 --oat-location=/data/dalvik-cache/arm/system@framework@ime.jar@classes.dex --instruction-set=arm --instruction-set-features=div --runtime-arg -Xms64m --runtime-arg -Xmx512m --swap-fd=7
I/dex2oat ( 5740): Decided to run without swap.
I/dex2oat ( 5740): dex2oat took 73.778ms (threads: 4) arena alloc=62KB java alloc=6KB native alloc=620KB free=7MB
I/dex2oat ( 5745): /system/bin/dex2oat --zip-fd=5 --zip-location=/system/framework/input.jar --oat-fd=6 --oat-location=/data/dalvik-cache/arm/system@framework@input.jar@classes.dex --instruction-set=arm --instruction-set-features=div --runtime-arg -Xms64m --runtime-arg -Xmx512m --swap-fd=7
I/dex2oat ( 5745): Decided to run without swap.
I/dex2oat ( 5745): dex2oat took 46.844ms (threads: 4) arena alloc=59KB java alloc=5KB native alloc=605KB free=7MB
I/dex2oat ( 5750): /system/bin/dex2oat --zip-fd=5 --zip-location=/system/framework/media_cmd.jar --oat-fd=6 --oat-location=/data/dalvik-cache/arm/system@framework@media_cmd.jar@classes.dex --instruction-set=arm --instruction-set-features=div --runtime-arg -Xms64m --runtime-arg -Xmx512m --swap-fd=7
I/dex2oat ( 5750): Decided to run without swap.
I/dex2oat ( 5750): dex2oat took 65.300ms (threads: 4) arena alloc=153KB java alloc=33KB native alloc=873KB free=7MB
I/dex2oat ( 5755): /system/bin/dex2oat --zip-fd=5 --zip-location=/system/framework/monkey.jar --oat-fd=6 --oat-location=/data/dalvik-cache/arm/system@framework@monkey.jar@classes.dex --instruction-set=arm --instruction-set-features=div --runtime-arg -Xms64m --runtime-arg -Xmx512m --swap-fd=7
I/dex2oat ( 5755): Decided to run without swap.
E/NetlinkListener( 5246): recvmsg failed (I/O error)
E/NetlinkListener( 687): recvmsg failed (I/O error)
I/dex2oat ( 5755): dex2oat took 220.485ms (threads: 4) arena alloc=1128KB java alloc=121KB native alloc=2MB free=5MB
I/dex2oat ( 5767): /system/bin/dex2oat --zip-fd=5 --zip-location=/system/framework/pm.jar --oat-fd=6 --oat-location=/data/dalvik-cache/arm/system@framework@pm.jar@classes.dex --instruction-set=arm --instruction-set-features=div --runtime-arg -Xms64m --runtime-arg -Xmx512m --swap-fd=7
I/dex2oat ( 5767): Decided to run without swap.
I/dex2oat ( 5767): dex2oat took 113.735ms (threads: 4) arena alloc=106KB java alloc=38KB native alloc=1370KB free=6MB
I/dex2oat ( 5772): /system/bin/dex2oat --zip-fd=5 --zip-location=/system/framework/qmapbridge.jar --oat-fd=6 --oat-location=/data/dalvik-cache/arm/system@framework@qmapbridge.jar@classes.dex --instruction-set=arm --instruction-set-features=div --runtime-arg -Xms64m --runtime-arg -Xmx512m --swap-fd=7
E/NetlinkListener( 687): recvmsg failed (I/O error)
E/NetlinkListener( 5246): recvmsg failed (I/O error)
I/dex2oat ( 5772): Decided to run without swap.
I/dex2oat ( 5772): dex2oat took 78.698ms (threads: 4) arena alloc=79KB java alloc=64KB native alloc=1418KB free=6MB
I/dex2oat ( 5780): /system/bin/dex2oat --zip-fd=5 --zip-location=/system/framework/rcsimssettings.jar --oat-fd=6 --oat-location=/data/dalvik-cache/arm/system@framework@rcsimssettings.jar@classes.dex --instruction-set=arm --instruction-set-features=div --runtime-arg -Xms64m --runtime-arg -Xmx512m --swap-fd=7
I/dex2oat ( 5780): Decided to run without swap.
I/dex2oat ( 5780): dex2oat took 94.205ms (threads: 4) arena alloc=63KB java alloc=60KB native alloc=1370KB free=6MB
I/dex2oat ( 5785): /system/bin/dex2oat --zip-fd=5 --zip-location=/system/framework/rcsservice.jar --oat-fd=6 --oat-location=/data/dalvik-cache/arm/system@framework@rcsservice.jar@classes.dex --instruction-set=arm --instruction-set-features=div --runtime-arg -Xms64m --runtime-arg -Xmx512m --swap-fd=7
I/dex2oat ( 5785): Decided to run without swap.
E/NetlinkListener( 5246): recvmsg failed (I/O error)
E/NetlinkListener( 687): recvmsg failed (I/O error)
E/NetlinkListener( 5246): recvmsg failed (I/O error)
E/NetlinkListener( 687): recvmsg failed (I/O error)
I/dex2oat ( 5785): dex2oat took 400.485ms (threads: 4) arena alloc=99KB java alloc=592KB native alloc=2MB free=5MB
I/dex2oat ( 5801): /system/bin/dex2oat --zip-fd=5 --zip-location=/system/framework/requestsync.jar --oat-fd=6 --oat-location=/data/dalvik-cache/arm/system@framework@requestsync.jar@classes.dex --instruction-set=arm --instruction-set-features=div --runtime-arg -Xms64m --runtime-arg -Xmx512m --swap-fd=7
I/dex2oat ( 5801): Decided to run without swap.
I/dex2oat ( 5801): dex2oat took 44.822ms (threads: 4) arena alloc=27KB java alloc=3KB native alloc=605KB free=7MB
I/dex2oat ( 5808): /system/bin/dex2oat --zip-fd=5 --zip-location=/system/framework/services.jar --oat-fd=6 --oat-location=/data/dalvik-cache/arm/system@framework@services.jar@classes.dex --instruction-set=arm --instruction-set-features=div --runtime-arg -Xms64m --runtime-arg -Xmx512m --swap-fd=7
E/NetlinkListener( 5246): recvmsg failed (I/O error)
E/NetlinkListener( 687): recvmsg failed (I/O error)
E/NetlinkListener( 5246): recvmsg failed (I/O error)
E/NetlinkListener( 687): recvmsg failed (I/O error)
I/dex2oat ( 5808): Decided to run without swap.
E/NetlinkListener( 5246): recvmsg failed (I/O error)
E/NetlinkListener( 687): recvmsg failed (I/O error)
E/NetlinkListener( 5246): recvmsg failed (I/O error)
E/NetlinkListener( 687): recvmsg failed (I/O error)
E/NetlinkListener( 687): recvmsg failed (I/O error)
E/NetlinkListener( 5246): recvmsg failed (I/O error)
E/NetlinkListener( 5246): recvmsg failed (I/O error)
E/NetlinkListener( 687): recvmsg failed (I/O error)
V/WLAN_PSA( 673): NL MSG, len[048], NL type[0x11] WNI type[0x5050] len[028]
V/WLAN_PSA( 673): NL MSG, PID: 673
V/WLAN_PSA( 673): NL MSG, len[4095], NL type[0x1C] WNI type[0x5900] len[59151]
V/WLAN_PSA( 673): NL MSG, PID: 673
E/NetlinkListener( 687): recvmsg failed (I/O error)
E/NetlinkListener( 5246): recvmsg failed (I/O error)
E/NetlinkListener( 5246): recvmsg failed (I/O error)
E/NetlinkListener( 687): recvmsg failed (I/O error)
I/dex2oat ( 5808): dex2oat took 4.124s (threads: 4) arena alloc=2MB java alloc=4MB native alloc=16MB free=7MB
I/dex2oat ( 5848): /system/bin/dex2oat --zip-fd=5 --zip-location=/system/framework/settings.jar --oat-fd=6 --oat-location=/data/dalvik-cache/arm/system@framework@settings.jar@classes.dex --instruction-set=arm --instruction-set-features=div --runtime-arg -Xms64m --runtime-arg -Xmx512m --swap-fd=7
I/dex2oat ( 5848): Decided to run without swap.
I/dex2oat ( 5848): dex2oat took 43.748ms (threads: 4) arena alloc=244KB java alloc=5KB native alloc=872KB free=7MB
I/dex2oat ( 5853): /system/bin/dex2oat --zip-fd=5 --zip-location=/system/framework/svc.jar --oat-fd=6 --oat-location=/data/dalvik-cache/arm/system@framework@svc.jar@classes.dex --instruction-set=arm --instruction-set-features=div --runtime-arg -Xms64m --runtime-arg -Xmx512m --swap-fd=7
I/dex2oat ( 5853): Decided to run without swap.
I/dex2oat ( 5853): dex2oat took 41.159ms (threads: 4) arena alloc=64KB java alloc=13KB native alloc=1248KB free=6MB
I/dex2oat ( 5858): /system/bin/dex2oat --zip-fd=5 --zip-location=/system/framework/uiautomator.jar --oat-fd=6 --oat-location=/data/dalvik-cache/arm/system@framework@uiautomator.jar@classes.dex --instruction-set=arm --instruction-set-features=div --runtime-arg -Xms64m --runtime-arg -Xmx512m --swap-fd=7
I/dex2oat ( 5858): Decided to run without swap.
E/NetlinkListener( 5246): recvmsg failed (I/O error)
E/NetlinkListener( 687): recvmsg failed (I/O error)
E/NetlinkListener( 687): recvmsg failed (I/O error)
E/NetlinkListener( 5246): recvmsg failed (I/O error)
I/dex2oat ( 5858): dex2oat took 151.765ms (threads: 4) arena alloc=175KB java alloc=136KB native alloc=1650KB free=6MB
I/dex2oat ( 5873): /system/bin/dex2oat --zip-fd=5 --zip-location=/system/framework/wifi-service.jar --oat-fd=6 --oat-location=/data/dalvik-cache/arm/system@framework@wifi-service.jar@classes.dex --instruction-set=arm --instruction-set-features=div --runtime-arg -Xms64m --runtime-arg -Xmx512m --swap-fd=7
I/dex2oat ( 5873): Decided to run without swap.
I/dex2oat ( 5873): dex2oat took 619.770ms (threads: 4) arena alloc=1881KB java alloc=904KB native alloc=4MB free=3MB
I/dex2oat ( 5881): /system/bin/dex2oat --zip-fd=5 --zip-location=/system/framework/wm.jar --oat-fd=6 --oat-location=/data/dalvik-cache/arm/system@framework@wm.jar@classes.dex --instruction-set=arm --instruction-set-features=div --runtime-arg -Xms64m --runtime-arg -Xmx512m --swap-fd=7
I/dex2oat ( 5881): Decided to run without swap.
E/NetlinkListener( 5246): recvmsg failed (I/O error)
E/NetlinkListener( 687): recvmsg failed (I/O error)
I/dex2oat ( 5881): dex2oat took 61.990ms (threads: 4) arena alloc=26KB java alloc=3KB native alloc=624KB free=7MB
D/PackageManager( 5400): No files in app dir /vendor/overlay
E/NetlinkListener( 5246): recvmsg failed (I/O error)
E/NetlinkListener( 687): recvmsg failed (I/O error)
I/PackageManager( 5400): /usr/libexec/sfdroid/system/priv-app/Settings changed; collecting certs
W/PackageManager( 5400): Failed to parse /usr/libexec/sfdroid/system/priv-app/Settings: Signature mismatch for shared user : SharedUserSetting{2cc84b71 android.uid.system/1000}
I/PackageManager( 5400): /system/priv-app/CNEService changed; collecting certs
W/PackageManager( 5400): Failed to parse /system/priv-app/CNEService: Signature mismatch for shared user : SharedUserSetting{2cc84b71 android.uid.system/1000}
W/ResourceType( 5400): Failure getting entry for 0x7f0b0232 (t=10 e=562) (error -75)
W/PackageParser( 5400): No actions in intent filter at /system/priv-app/Contacts/Contacts.apk Binary XML file line #364
W/PackageParser( 5400): No actions in intent filter at /system/priv-app/Dialer/Dialer.apk Binary XML file line #168
W/PackageParser( 5400): No actions in intent filter at /system/priv-app/ProximitySensorTools/ProximitySensorTools.apk Binary XML file line #54
I/PackageManager( 5400): /system/priv-app/Settings changed; collecting certs
W/ResourceType( 5400): Failure getting entry for 0x7f08031d (t=7 e=797) (error -75)
W/PackageParser( 5400): Unknown element under : android at /system/priv-app/Telecom/Telecom.apk Binary XML file line #233
I/PackageManager( 5400): /system/priv-app/com.qualcomm.location changed; collecting certs
W/PackageManager( 5400): Failed to parse /system/priv-app/com.qualcomm.location: Signature mismatch for shared user : SharedUserSetting{2cc84b71 android.uid.system/1000}
I/PackageManager( 5400): /system/priv-app/com.qualcomm.msapm changed; collecting certs
W/PackageManager( 5400): Failed to parse /system/priv-app/com.qualcomm.msapm: Signature mismatch for shared user : SharedUserSetting{2cc84b71 android.uid.system/1000}
W/PackageParser( 5400): No actions in intent filter at /system/app/Bluetooth/Bluetooth.apk Binary XML file line #229
W/PackageParser( 5400): Unknown element under : uses-feature at /system/app/BluetoothExt/BluetoothExt.apk Binary XML file line #57
W/PackageParser( 5400): No actions in intent filter at /system/app/BluetoothExt/BluetoothExt.apk Binary XML file line #110
W/PackageParser( 5400): No actions in intent filter at /system/app/BluetoothExt/BluetoothExt.apk Binary XML file line #134
W/PackageParser( 5400): No actions in intent filter at /system/app/BluetoothExt/BluetoothExt.apk Binary XML file line #161
I/PackageManager( 5400): /system/app/CABLService changed; collecting certs
W/PackageManager( 5400): Failed to parse /system/app/CABLService: Signature mismatch for shared user : SharedUserSetting{2cc84b71 android.uid.system/1000}
W/PackageParser( 5400): Unknown element under : permission at /system/app/Gallery2/Gallery2.apk Binary XML file line #254
W/PackageParser( 5400): Unknown element under : permission at /system/app/Gallery2/Gallery2.apk Binary XML file line #257
I/PackageManager( 5400): /system/app/GsmTuneAway changed; collecting certs
W/PackageManager( 5400): Failed to parse /system/app/GsmTuneAway: Signature mismatch for shared user : SharedUserSetting{1e0c06e0 android.uid.phone/1001}
I/PackageParser( 5400): com.qualcomm.interfacepermissions: compat added android.permission.WRITE_EXTERNAL_STORAGE android.permission.READ_PHONE_STATE
I/PackageManager( 5400): /system/app/NetworkSetting changed; collecting certs
W/PackageManager( 5400): Failed to parse /system/app/NetworkSetting: Signature mismatch for shared user : SharedUserSetting{1e0c06e0 android.uid.phone/1001}
I/PackageParser( 5400): com.qualcomm.qcom_qmi: compat added android.permission.WRITE_EXTERNAL_STORAGE android.permission.READ_PHONE_STATE
I/PackageManager( 5400): /system/app/SVIService changed; collecting certs
W/PackageManager( 5400): Failed to parse /system/app/SVIService: Signature mismatch for shared user : SharedUserSetting{2cc84b71 android.uid.system/1000}
I/PackageManager( 5400): /system/app/TimeService changed; collecting certs
W/PackageManager( 5400): Failed to parse /system/app/TimeService: Signature mismatch for shared user : SharedUserSetting{2cc84b71 android.uid.system/1000}
I/PackageManager( 5400): /system/app/WfdService changed; collecting certs
W/PackageManager( 5400): Failed to parse /system/app/WfdService: Signature mismatch for shared user : SharedUserSetting{2cc84b71 android.uid.system/1000}
I/PackageManager( 5400): /system/app/btmultisim changed; collecting certs
W/PackageManager( 5400): Failed to parse /system/app/btmultisim: Signature mismatch for shared user : SharedUserSetting{1e0c06e0 android.uid.phone/1001}
I/PackageManager( 5400): /system/app/com.qualcomm.qti.services.secureui changed; collecting certs
W/PackageManager( 5400): Failed to parse /system/app/com.qualcomm.qti.services.secureui: Signature mismatch for shared user : SharedUserSetting{2cc84b71 android.uid.system/1000}
I/PackageManager( 5400): /system/app/fastdormancy changed; collecting certs
W/PackageManager( 5400): Failed to parse /system/app/fastdormancy: Signature mismatch for shared user : SharedUserSetting{2cc84b71 android.uid.system/1000}
I/PackageManager( 5400): /system/app/qcrilmsgtunnel changed; collecting certs
W/PackageManager( 5400): Failed to parse /system/app/qcrilmsgtunnel: Signature mismatch for shared user : SharedUserSetting{1e0c06e0 android.uid.phone/1001}
I/PackageManager( 5400): /system/vendor/app/ims changed; collecting certs
W/PackageManager( 5400): Failed to parse /system/vendor/app/ims: Signature mismatch for shared user : SharedUserSetting{1e0c06e0 android.uid.phone/1001}
D/PackageManager( 5400): No files in app dir /oem/app
D/PackageManager( 5400): No files in app dir /data/app
D/PackageManager( 5400): No files in app dir /data/app-private
W/PackageManager( 5400): Package org.codeaurora.bluetooth desires unavailable shared library com.quicinc.wbc; ignoring!
W/PackageManager( 5400): Package com.android.email desires unavailable shared library org.apache.http.legacy; ignoring!
I/PackageManager( 5400): Adjusting ABI for : com.codeaurora.fmrecording to armeabi-v7a
I/PackageManager( 5400): Running dexopt on: /system/app/FMRecord/FMRecord.apk pkg=com.codeaurora.fmrecording isa=arm vmSafeMode=false
I/dex2oat ( 5893): /system/bin/dex2oat --zip-fd=5 --zip-location=/system/app/FMRecord/FMRecord.apk --oat-fd=6 --oat-location=/data/dalvik-cache/arm/system@app@FMRecord@FMRecord.apk@classes.dex --instruction-set=arm --instruction-set-features=div --runtime-arg -Xms64m --runtime-arg -Xmx512m --swap-fd=7
I/dex2oat ( 5893): Decided to run without swap.
I/dex2oat ( 5893): dex2oat took 95.863ms (threads: 4) arena alloc=113KB java alloc=30KB native alloc=1417KB free=6MB
I/PackageManager( 5400): Adjusting ABI for : com.android.server.telecom to armeabi-v7a
I/PackageManager( 5400): Running dexopt on: /system/priv-app/Telecom/Telecom.apk pkg=com.android.server.telecom isa=arm vmSafeMode=false
I/dex2oat ( 5898): /system/bin/dex2oat --zip-fd=5 --zip-location=/system/priv-app/Telecom/Telecom.apk --oat-fd=6 --oat-location=/data/dalvik-cache/arm/system@priv-app@Telecom@Telecom.apk@classes.dex --instruction-set=arm --instruction-set-features=div --runtime-arg -Xms64m --runtime-arg -Xmx512m --swap-fd=7
I/dex2oat ( 5898): Decided to run without swap.
E/NetlinkListener( 5246): recvmsg failed (I/O error)
E/NetlinkListener( 687): recvmsg failed (I/O error)
E/NetlinkListener( 687): recvmsg failed (I/O error)
E/NetlinkListener( 5246): recvmsg failed (I/O error)
V/WLAN_PSA( 673): NL MSG, len[048], NL type[0x11] WNI type[0x5050] len[028]
V/WLAN_PSA( 673): NL MSG, PID: 673
I/dex2oat ( 5898): dex2oat took 561.139ms (threads: 4) arena alloc=226KB java alloc=706KB native alloc=2MB free=5MB
I/PackageManager( 5400): Adjusting ABI for : com.fairphone.privacyimpact to armeabi-v7a
I/PackageManager( 5400): Running dexopt on: /system/priv-app/FairphonePrivacyImpact/FairphonePrivacyImpact.apk pkg=com.fairphone.privacyimpact isa=arm vmSafeMode=false
I/dex2oat ( 5914): /system/bin/dex2oat --zip-fd=5 --zip-location=/system/priv-app/FairphonePrivacyImpact/FairphonePrivacyImpact.apk --oat-fd=6 --oat-location=/data/dalvik-cache/arm/system@priv-app@FairphonePrivacyImpact@FairphonePrivacyImpact.apk@classes.dex --instruction-set=arm --instruction-set-features=div --runtime-arg -Xms64m --runtime-arg -Xmx512m --swap-fd=7
I/dex2oat ( 5914): Decided to run without swap.
W/dex2oat ( 5914): Before Android 4.1, method int android.support.v7.internal.widget.ListViewCompat.lookForSelectablePosition(int, boolean) would have incorrectly overridden the package-private method in android.widget.ListView
I/dex2oat ( 5914): dex2oat took 821.113ms (threads: 4) arena alloc=302KB java alloc=1411KB native alloc=3MB free=4MB
I/PackageManager( 5400): Adjusting ABI for : com.android.settings to armeabi-v7a
I/PackageManager( 5400): Running dexopt on: /system/priv-app/Settings/Settings.apk pkg=com.android.settings isa=arm vmSafeMode=false
I/dex2oat ( 5921): /system/bin/dex2oat --zip-fd=5 --zip-location=/system/priv-app/Settings/Settings.apk --oat-fd=6 --oat-location=/data/dalvik-cache/arm/system@priv-app@Settings@Settings.apk@classes.dex --instruction-set=arm --instruction-set-features=div --runtime-arg -Xms64m --runtime-arg -Xmx512m --swap-fd=7
E/NetlinkListener( 5246): recvmsg failed (I/O error)
E/NetlinkListener( 687): recvmsg failed (I/O error)
E/NetlinkListener( 5246): recvmsg failed (I/O error)
E/NetlinkListener( 687): recvmsg failed (I/O error)
I/dex2oat ( 5921): Decided to run without swap.
E/NetlinkListener( 5246): recvmsg failed (I/O error)
E/NetlinkListener( 687): recvmsg failed (I/O error)
E/NetlinkListener( 687): recvmsg failed (I/O error)
E/NetlinkListener( 5246): recvmsg failed (I/O error)
V/WLAN_PSA( 673): NL MSG, len[4025], NL type[0x1C] WNI type[0x5900] len[41231]
V/WLAN_PSA( 673): NL MSG, PID: 673
E/NetlinkListener( 5246): recvmsg failed (I/O error)
E/NetlinkListener( 687): recvmsg failed (I/O error)
E/NetlinkListener( 687): recvmsg failed (I/O error)
E/NetlinkListener( 5246): recvmsg failed (I/O error)
E/NetlinkListener( 5246): recvmsg failed (I/O error)
E/NetlinkListener( 687): recvmsg failed (I/O error)
E/NetlinkListener( 5246): recvmsg failed (I/O error)
E/NetlinkListener( 687): recvmsg failed (I/O error)
E/NetlinkListener( 687): recvmsg failed (I/O error)
E/NetlinkListener( 5246): recvmsg failed (I/O error)
E/NetlinkListener( 687): recvmsg failed (I/O error)
E/NetlinkListener( 5246): recvmsg failed (I/O error)
I/dex2oat ( 5921): dex2oat took 2.583s (threads: 4) arena alloc=337KB java alloc=4MB native alloc=6MB free=9MB
I/PackageManager( 5400): Adjusting ABI for : com.dsi.ant.server to armeabi-v7a
I/PackageManager( 5400): Running dexopt on: /system/app/AntHalService/AntHalService.apk pkg=com.dsi.ant.server isa=arm vmSafeMode=false
I/dex2oat ( 5969): /system/bin/dex2oat --zip-fd=5 --zip-location=/system/app/AntHalService/AntHalService.apk --oat-fd=6 --oat-location=/data/dalvik-cache/arm/system@app@AntHalService@AntHalService.apk@classes.dex --instruction-set=arm --instruction-set-features=div --runtime-arg -Xms64m --runtime-arg -Xmx512m --swap-fd=7
I/dex2oat ( 5969): Decided to run without swap.
I/dex2oat ( 5969): dex2oat took 191.430ms (threads: 4) arena alloc=51KB java alloc=34KB native alloc=1173KB free=6MB
I/PackageManager( 5400): Adjusting ABI for : com.fairphone.setupwizard to armeabi-v7a
I/PackageManager( 5400): Running dexopt on: /system/priv-app/FairphoneSetupWizard/FairphoneSetupWizard.apk pkg=com.fairphone.setupwizard isa=arm vmSafeMode=false
I/dex2oat ( 5974): /system/bin/dex2oat --zip-fd=5 --zip-location=/system/priv-app/FairphoneSetupWizard/FairphoneSetupWizard.apk --oat-fd=6 --oat-location=/data/dalvik-cache/arm/system@priv-app@FairphoneSetupWizard@FairphoneSetupWizard.apk@classes.dex --instruction-set=arm --instruction-set-features=div --runtime-arg -Xms64m --runtime-arg -Xmx512m --swap-fd=7
I/dex2oat ( 5974): Decided to run without swap.
E/NetlinkListener( 5246): recvmsg failed (I/O error)
E/NetlinkListener( 687): recvmsg failed (I/O error)
E/NetlinkListener( 5246): recvmsg failed (I/O error)
E/NetlinkListener( 687): recvmsg failed (I/O error)
I/dex2oat ( 5974): dex2oat took 617.648ms (threads: 4) arena alloc=107KB java alloc=570KB native alloc=2MB free=5MB
I/PackageManager( 5400): Adjusting ABI for : com.android.dialer to armeabi-v7a
I/PackageManager( 5400): Running dexopt on: /system/priv-app/Dialer/Dialer.apk pkg=com.android.dialer isa=arm vmSafeMode=false
I/dex2oat ( 5992): /system/bin/dex2oat --zip-fd=5 --zip-location=/system/priv-app/Dialer/Dialer.apk --oat-fd=6 --oat-location=/data/dalvik-cache/arm/system@priv-app@Dialer@Dialer.apk@classes.dex --instruction-set=arm --instruction-set-features=div --runtime-arg -Xms64m --runtime-arg -Xmx512m --swap-fd=7
E/NetlinkListener( 687): recvmsg failed (I/O error)
E/NetlinkListener( 5246): recvmsg failed (I/O error)
E/NetlinkListener( 687): recvmsg failed (I/O error)
E/NetlinkListener( 5246): recvmsg failed (I/O error)
I/dex2oat ( 5992): Decided to run without swap.
E/NetlinkListener( 5246): recvmsg failed (I/O error)
E/NetlinkListener( 687): recvmsg failed (I/O error)
E/NetlinkListener( 5246): recvmsg failed (I/O error)
E/NetlinkListener( 687): recvmsg failed (I/O error)
V/WLAN_PSA( 673): NL MSG, len[048], NL type[0x11] WNI type[0x5050] len[028]
V/WLAN_PSA( 673): NL MSG, PID: 673
E/NetlinkListener( 5246): recvmsg failed (I/O error)
E/NetlinkListener( 687): recvmsg failed (I/O error)
E/NetlinkListener( 5246): recvmsg failed (I/O error)
E/NetlinkListener( 687): recvmsg failed (I/O error)
V/WLAN_PSA( 673): NL MSG, len[4009], NL type[0x1C] WNI type[0x5900] len[37135]
V/WLAN_PSA( 673): NL MSG, PID: 673
E/NetlinkListener( 5246): recvmsg failed (I/O error)
E/NetlinkListener( 687): recvmsg failed (I/O error)
E/NetlinkListener( 5246): recvmsg failed (I/O error)
E/NetlinkListener( 687): recvmsg failed (I/O error)
I/dex2oat ( 5992): dex2oat took 2.254s (threads: 4) arena alloc=62KB java alloc=2MB native alloc=5MB free=6MB
I/PackageManager( 5400): Adjusting ABI for : com.android.providers.settings to armeabi-v7a
I/PackageManager( 5400): Running dexopt on: /system/priv-app/SettingsProvider/SettingsProvider.apk pkg=com.android.providers.settings isa=arm vmSafeMode=false
I/dex2oat ( 6031): /system/bin/dex2oat --zip-fd=5 --zip-location=/system/priv-app/SettingsProvider/SettingsProvider.apk --oat-fd=6 --oat-location=/data/dalvik-cache/arm/system@priv-app@SettingsProvider@SettingsProvider.apk@classes.dex --instruction-set=arm --instruction-set-features=div --runtime-arg -Xms64m --runtime-arg -Xmx512m --swap-fd=7
I/dex2oat ( 6031): Decided to run without swap.
I/dex2oat ( 6031): dex2oat took 322.152ms (threads: 4) arena alloc=2MB java alloc=108KB native alloc=3MB free=4MB
I/PackageManager( 5400): Adjusting ABI for : com.fairphone.psensor to armeabi-v7a
I/PackageManager( 5400): Running dexopt on: /system/priv-app/ProximitySensorTools/ProximitySensorTools.apk pkg=com.fairphone.psensor isa=arm vmSafeMode=false
I/dex2oat ( 6036): /system/bin/dex2oat --zip-fd=5 --zip-location=/system/priv-app/ProximitySensorTools/ProximitySensorTools.apk --oat-fd=6 --oat-location=/data/dalvik-cache/arm/system@priv-app@ProximitySensorTools@ProximitySensorTools.apk@classes.dex --instruction-set=arm --instruction-set-features=div --runtime-arg -Xms64m --runtime-arg -Xmx512m --swap-fd=7
I/dex2oat ( 6036): Decided to run without swap.
E/NetlinkListener( 5246): recvmsg failed (I/O error)
E/NetlinkListener( 687): recvmsg failed (I/O error)
E/NetlinkListener( 687): recvmsg failed (I/O error)
E/NetlinkListener( 5246): recvmsg failed (I/O error)
E/NetlinkListener( 5246): recvmsg failed (I/O error)
E/NetlinkListener( 687): recvmsg failed (I/O error)
E/NetlinkListener( 5246): recvmsg failed (I/O error)
E/NetlinkListener( 687): recvmsg failed (I/O error)
E/NetlinkListener( 687): recvmsg failed (I/O error)
E/NetlinkListener( 5246): recvmsg failed (I/O error)
E/NetlinkListener( 5246): recvmsg failed (I/O error)
E/NetlinkListener( 687): recvmsg failed (I/O error)
E/NetlinkListener( 5246): recvmsg failed (I/O error)
E/NetlinkListener( 687): recvmsg failed (I/O error)
E/NetlinkListener( 5246): recvmsg failed (I/O error)
E/NetlinkListener( 687): recvmsg failed (I/O error)
I/dex2oat ( 6036): dex2oat took 1.428s (threads: 4) arena alloc=205KB java alloc=1401KB native alloc=3MB free=4MB
I/PackageManager( 5400): Adjusting ABI for : com.android.soundrecorder to armeabi-v7a
I/PackageManager( 5400): Running dexopt on: /system/app/SoundRecorder/SoundRecorder.apk pkg=com.android.soundrecorder isa=arm vmSafeMode=false
I/dex2oat ( 6078): /system/bin/dex2oat --zip-fd=5 --zip-location=/system/app/SoundRecorder/SoundRecorder.apk --oat-fd=6 --oat-location=/data/dalvik-cache/arm/system@app@SoundRecorder@SoundRecorder.apk@classes.dex --instruction-set=arm --instruction-set-features=div --runtime-arg -Xms64m --runtime-arg -Xmx512m --swap-fd=7
I/dex2oat ( 6078): Decided to run without swap.
I/dex2oat ( 6078): dex2oat took 167.707ms (threads: 4) arena alloc=153KB java alloc=67KB native alloc=1452KB free=6MB
I/PackageManager( 5400): Adjusting ABI for : com.android.inputdevices to armeabi-v7a
I/PackageManager( 5400): Running dexopt on: /system/priv-app/InputDevices/InputDevices.apk pkg=com.android.inputdevices isa=arm vmSafeMode=false
I/dex2oat ( 6083): /system/bin/dex2oat --zip-fd=5 --zip-location=/system/priv-app/InputDevices/InputDevices.apk --oat-fd=6 --oat-location=/data/dalvik-cache/arm/system@priv-app@InputDevices@InputDevices.apk@classes.dex --instruction-set=arm --instruction-set-features=div --runtime-arg -Xms64m --runtime-arg -Xmx512m --swap-fd=7
I/dex2oat ( 6083): Decided to run without swap.
I/dex2oat ( 6083): dex2oat took 32.147ms (threads: 4) arena alloc=23KB java alloc=1984B native alloc=585KB free=7MB
I/PackageManager( 5400): Adjusting ABI for : com.android.keychain to armeabi-v7a
I/PackageManager( 5400): Running dexopt on: /system/app/KeyChain/KeyChain.apk pkg=com.android.keychain isa=arm vmSafeMode=false
I/dex2oat ( 6088): /system/bin/dex2oat --zip-fd=5 --zip-location=/system/app/KeyChain/KeyChain.apk --oat-fd=6 --oat-location=/data/dalvik-cache/arm/system@app@KeyChain@KeyChain.apk@classes.dex --instruction-set=arm --instruction-set-features=div --runtime-arg -Xms64m --runtime-arg -Xmx512m --swap-fd=7
I/dex2oat ( 6088): Decided to run without swap.
I/dex2oat ( 6088): dex2oat took 64.957ms (threads: 4) arena alloc=90KB java alloc=75KB native alloc=1471KB free=6MB
I/PackageManager( 5400): Adjusting ABI for : com.android.location.fused to armeabi-v7a
I/PackageManager( 5400): Running dexopt on: /system/priv-app/FusedLocation/FusedLocation.apk pkg=com.android.location.fused isa=arm vmSafeMode=false
I/dex2oat ( 6093): /system/bin/dex2oat --zip-fd=5 --zip-location=/system/priv-app/FusedLocation/FusedLocation.apk --oat-fd=6 --oat-location=/data/dalvik-cache/arm/system@priv-app@FusedLocation@FusedLocation.apk@classes.dex --instruction-set=arm --instruction-set-features=div --runtime-arg -Xms64m --runtime-arg -Xmx512m --swap-fd=7
I/dex2oat ( 6093): Decided to run without swap.
I/dex2oat ( 6093): dex2oat took 50.302ms (threads: 4) arena alloc=79KB java alloc=47KB native alloc=1381KB free=6MB
I/PackageManager( 5400): Time to scan packages: 23.597 seconds
W/PackageManager( 5400): Unknown permission com.google.android.googleapps.permission.GOOGLE_AUTH in package com.android.providers.calendar
W/PackageManager( 5400): Unknown permission com.google.android.googleapps.permission.GOOGLE_AUTH.cl in package com.android.providers.calendar
W/PackageManager( 5400): Unknown permission com.qualcomm.permission.USE_QCRIL_MSG_TUNNEL in package com.qualcomm.shutdownlistner
W/PackageManager( 5400): Unknown permission android.permission.PREVENT_POWER_KEY in package com.fairphone.checkup
W/PackageManager( 5400): Not granting permission android.permission.GLOBAL_SEARCH to package com.android.quicksearchbox (protectionLevel=18 flags=0x48be45)
W/PackageManager( 5400): Not granting permission android.permission.ACCESS_DOWNLOAD_MANAGER to package com.android.browser (protectionLevel=18 flags=0x9be45)
W/PackageManager( 5400): Not granting permission android.permission.SEND_DOWNLOAD_COMPLETED_INTENTS to package com.android.browser (protectionLevel=2 flags=0x9be45)
W/PackageManager( 5400): Unknown permission android.permission.MMS_PUSH in package org.codeaurora.bluetooth
W/PackageManager( 5400): Not granting permission android.permission.BIND_WALLPAPER to package com.android.camera2 (protectionLevel=18 flags=0x58bc45)
W/PackageManager( 5400): Unknown permission android.permission.INSTALL_DRM in package com.android.mms
W/PackageManager( 5400): Unknown permission com.google.android.googleapps.permission.GOOGLE_AUTH.mail in package com.android.calendar
W/PackageManager( 5400): Unknown permission com.android.launcher.permission.READ_SETTINGS in package com.android.onetimeinitializer
W/PackageManager( 5400): Unknown permission com.android.launcher.permission.WRITE_SETTINGS in package com.android.onetimeinitializer
W/PackageManager( 5400): Not granting permission android.permission.DELETE_PACKAGES to package com.svox.pico (protectionLevel=18 flags=0x8be45)
W/PackageManager( 5400): Unknown permission android.permission.ACCESS_THEME_MANAGER in package com.fairphone.setupwizard
W/PackageManager( 5400): Unknown permission com.google.android.gallery3d.permission.PICASA_STORE in package com.android.dreams.phototable
W/PackageManager( 5400): Unknown permission android.permission.ACCESS_SUPERUSER in package com.amaze.filemanager
W/PackageManager( 5400): Unknown permission com.google.android.googleapps.permission.GOOGLE_AUTH in package com.android.settings
W/PackageManager( 5400): Unknown permission com.android.launcher.permission.READ_SETTINGS in package com.android.settings
W/PackageManager( 5400): Unknown permission com.android.launcher.permission.WRITE_SETTINGS in package com.android.settings
W/PackageManager( 5400): Unknown permission com.android.launcher.permission.READ_SETTINGS in package com.fairphone.fplauncher3
W/PackageManager( 5400): Unknown permission com.android.launcher.permission.WRITE_SETTINGS in package com.fairphone.fplauncher3
W/PackageManager( 5400): Unknown permission android.permission.ACCESS_SUPERUSER in package com.fairphone.updater
W/PackageManager( 5400): Not granting permission android.permission.DEVICE_POWER to package com.android.deskclock (protectionLevel=2 flags=0x48be45)
W/PackageManager( 5400): Unknown permission com.google.android.gallery3d.permission.GALLERY_PROVIDER in package com.android.bluetooth
I/art ( 5400): Explicit concurrent mark sweep GC freed 32755(1982KB) AllocSpace objects, 15(240KB) LOS objects, 57% free, 2MB/6MB, paused 1.187ms total 22.610ms
I/SystemServer( 5400): User Service
E/ServiceManager( 5238): add_service('permission',15) uid=1000 - ALREADY REGISTERED, OVERRIDE
I/ServiceManager( 5238): service 'permission' died
I/lowmemorykiller( 689): ActivityManager connected
I/SystemServiceManager( 5400): Starting com.android.server.lights.LightsService
I/SystemServiceManager( 5400): Starting com.android.server.BatteryService
I/SystemServiceManager( 5400): Starting com.android.server.usage.UsageStatsService
I/UsageStatsService( 5400): User[0] Rollover scheduled @ 2016-12-10 00:00:00(1481328000000)
I/SystemServiceManager( 5400): Starting com.android.server.webkit.WebViewUpdateService
I/SystemServer( 5400): Reading configuration...
I/SystemServer( 5400): Scheduling Policy
I/SystemServiceManager( 5400): Starting com.android.server.telecom.TelecomLoaderService
I/SystemServer( 5400): Telephony Registry
I/SystemServer( 5400): Entropy Mixer
I/EntropyMixer( 5400): Writing entropy...
I/SystemServer( 5400): Account Manager
I/SystemServer( 5400): Content Manager
I/SystemServer( 5400): System Content Providers
I/SystemServer( 5400): Vibrator Service
I/SystemServer( 5400): Consumer IR Service
E/ConsumerIrService( 5400): Can't open consumer IR HW Module, error: sfdroid disabled
I/SystemServiceManager( 5400): Starting com.android.server.AlarmManagerService
W/AlarmManager( 5400): Failed to open alarm driver. Falling back to a handler.
I/SystemServer( 5400): Init Watchdog
I/SystemServer( 5400): Input Manager
I/InputManager( 5400): Initializing input manager, mUseDevInputEventForAudioJack=true
I/SystemServer( 5400): Window Manager
I/WindowManager( 5400): No existing display settings /data/system/display_settings.xml; starting empty
W/ServiceManager( 5244): Permission failure: android.permission.ACCESS_SURFACE_FLINGER from uid=1000 pid=5400
D/PermissionCache( 5244): checking android.permission.ACCESS_SURFACE_FLINGER for uid=1000 => denied (161 us)
E/SurfaceFlinger( 5244): Permission Denial: can't access SurfaceFlinger pid=5400, uid=1000
E/SurfaceFlinger( 5244): Permission Denial: can't access SurfaceFlinger pid=5400, uid=1000
E/WindowManager( 5400): Exception creating Dim surface
E/WindowManager( 5400): android.view.Surface$OutOfResourcesException
E/WindowManager( 5400): at android.view.SurfaceControl.nativeCreate(Native Method)
E/WindowManager( 5400): at android.view.SurfaceControl.(SurfaceControl.java:292)
E/WindowManager( 5400): at com.android.server.wm.DimLayer.(DimLayer.java:81)
E/WindowManager( 5400): at com.android.server.wm.TaskStack.attachDisplayContent(TaskStack.java:233)
E/WindowManager( 5400): at com.android.server.wm.WindowManagerService.attachStack(WindowManagerService.java:5158)
E/WindowManager( 5400): at com.android.server.am.ActivityStackSupervisor$ActivityContainer.attachToDisplayLocked(ActivityStackSupervisor.java:3766)
E/WindowManager( 5400): at com.android.server.am.ActivityStackSupervisor.createStackOnDisplay(ActivityStackSupervisor.java:2649)
E/WindowManager( 5400): at com.android.server.am.ActivityStackSupervisor.setWindowManager(ActivityStackSupervisor.java:394)
E/WindowManager( 5400): at com.android.server.am.ActivityManagerService.setWindowManager(ActivityManagerService.java:1943)
E/WindowManager( 5400): at com.android.server.SystemServer.startOtherServices(SystemServer.java:498)
E/WindowManager( 5400): at com.android.server.SystemServer.run(SystemServer.java:265)
E/WindowManager( 5400): at com.android.server.SystemServer.main(SystemServer.java:179)
E/WindowManager( 5400): at java.lang.reflect.Method.invoke(Native Method)
E/WindowManager( 5400): at java.lang.reflect.Method.invoke(Method.java:372)
E/WindowManager( 5400): at com.android.internal.os.ZygoteInit$MethodAndArgsCaller.run(ZygoteInit.java:904)
E/WindowManager( 5400): at com.android.internal.os.ZygoteInit.main(ZygoteInit.java:699)
E/SurfaceFlinger( 5244): Permission Denial: can't access SurfaceFlinger pid=5400, uid=1000
E/WindowManager( 5400): Exception creating Dim surface
E/WindowManager( 5400): android.view.Surface$OutOfResourcesException
E/WindowManager( 5400): at android.view.SurfaceControl.nativeCreate(Native Method)
E/WindowManager( 5400): at android.view.SurfaceControl.(SurfaceControl.java:292)
E/WindowManager( 5400): at com.android.server.wm.DimLayer.(DimLayer.java:81)
E/WindowManager( 5400): at com.android.server.wm.TaskStack.attachDisplayContent(TaskStack.java:234)
E/WindowManager( 5400): at com.android.server.wm.WindowManagerService.attachStack(WindowManagerService.java:5158)
E/WindowManager( 5400): at com.android.server.am.ActivityStackSupervisor$ActivityContainer.attachToDisplayLocked(ActivityStackSupervisor.java:3766)
E/WindowManager( 5400): at com.android.server.am.ActivityStackSupervisor.createStackOnDisplay(ActivityStackSupervisor.java:2649)
E/WindowManager( 5400): at com.android.server.am.ActivityStackSupervisor.setWindowManager(ActivityStackSupervisor.java:394)
E/WindowManager( 5400): at com.android.server.am.ActivityManagerService.setWindowManager(ActivityManagerService.java:1943)
E/WindowManager( 5400): at com.android.server.SystemServer.startOtherServices(SystemServer.java:498)
E/WindowManager( 5400): at com.android.server.SystemServer.run(SystemServer.java:265)
E/WindowManager( 5400): at com.android.server.SystemServer.main(SystemServer.java:179)
E/WindowManager( 5400): at java.lang.reflect.Method.invoke(Native Method)
E/WindowManager( 5400): at java.lang.reflect.Method.invoke(Method.java:372)
E/WindowManager( 5400): at com.android.internal.os.ZygoteInit$MethodAndArgsCaller.run(ZygoteInit.java:904)
E/WindowManager( 5400): at com.android.internal.os.ZygoteInit.main(ZygoteInit.java:699)
E/SurfaceFlinger( 5244): Permission Denial: can't access SurfaceFlinger pid=5400, uid=1000
I/InputManager( 5400): Starting input manager
E/EventHub( 5400): could not open /dev/input/event4, Permission denied
E/EventHub( 5400): could not open /dev/input/event3, Permission denied
E/EventHub( 5400): could not open /dev/input/by-path, Is a directory
E/EventHub( 5400): could not open /dev/input/event2, Permission denied
E/EventHub( 5400): could not open /dev/input/event1, Permission denied
E/EventHub( 5400): could not open /dev/input/event0, Permission denied
E/EventHub( 5400): could not open /dev/input/mice, Permission denied
I/InputReader( 5400): Device added: id=-1, name='Virtual', sources=0x00000301
I/SystemServer( 5400): sfdroid: Bluetooth Service disabled
I/SystemServer( 5400): Input Method Service
W/InputMethodManagerService( 5400): Couldn't create dir.: /data/system/inputmethod
I/SystemServer( 5400): Accessibility Manager
I/XXXXXX ( 5400): choosing minFree values for 32 Bit
I/XXXXXX ( 5400): choosing minFree values for 32 Bit
I/XXXXXX ( 5400): choosing minFree values for 32 Bit
I/XXXXXX ( 5400): choosing minFree values for 32 Bit
I/XXXXXX ( 5400): choosing minFree values for 32 Bit
I/XXXXXX ( 5400): choosing minFree values for 32 Bit
I/ActivityManager( 5400): Config changes=1df8 {1.0 ?mcc?mnc en_US ?layoutDir sw360dp w360dp h640dp 480dpi nrml long port ?uimode ?night -touch -keyb/v/h -nav/h s.2}
E/SurfaceFlinger( 5244): Permission Denial: can't access SurfaceFlinger pid=5400, uid=1000
I/InputReader( 5400): Reconfiguring input devices. changes=0x00000004
E/SurfaceFlinger( 5244): Permission Denial: can't access SurfaceFlinger pid=5400, uid=1000
I/ActivityManager( 5400): Config changes=500 {1.0 ?mcc?mnc en_US ?layoutDir sw360dp w360dp h567dp 480dpi nrml port ?uimode ?night -touch -keyb/v/h -nav/h s.3}
E/SurfaceFlinger( 5244): Permission Denial: can't access SurfaceFlinger pid=5400, uid=1000
E/SurfaceFlinger( 5244): Permission Denial: can't access SurfaceFlinger pid=5400, uid=1000
E/SurfaceFlinger( 5244): Permission Denial: can't access SurfaceFlinger pid=5400, uid=1000
E/SurfaceFlinger( 5244): Permission Denial: can't access SurfaceFlinger pid=5400, uid=1000
I/SystemServer( 5400): Mount Service
D/MountService( 5400): got storage path: /storage/sdcard0 description: Internal storage primary: true removable: false emulated: true mtpReserve: 100 allowMassStorage: false maxFileSize: 0 allowMtp: true
D/MountService( 5400): addVolumeLocked() StorageVolume:
D/MountService( 5400): mStorageId=65537 mPath=/storage/emulated/0 mDescriptionId=17040829
D/MountService( 5400): mPrimary=true mRemovable=false mEmulated=true mMtpReserveSpace=100
D/MountService( 5400): mAllowMassStorage=false mMaxFileSize=0 mOwner=UserHandle{0} mUuid=null
D/MountService( 5400): mUserLabel=null mState=null mAllowMtp=true
D/MountService( 5400): got storage path: /storage/sdcard1 description: SD card primary: false removable: true emulated: false mtpReserve: 0 allowMassStorage: true maxFileSize: 0 allowMtp: true
D/MountService( 5400): addVolumeLocked() StorageVolume:
D/MountService( 5400): mStorageId=0 mPath=/storage/sdcard1 mDescriptionId=17040830 mPrimary=false
D/MountService( 5400): mRemovable=true mEmulated=false mMtpReserveSpace=0 mAllowMassStorage=true
D/MountService( 5400): mMaxFileSize=0 mOwner=null mUuid=null mUserLabel=null mState=null
D/MountService( 5400): mAllowMtp=true
D/MountService( 5400): got storage path: /storage/usbotg description: USB storage primary: false removable: true emulated: false mtpReserve: 0 allowMassStorage: false maxFileSize: 0 allowMtp: true
D/MountService( 5400): addVolumeLocked() StorageVolume:
D/MountService( 5400): mStorageId=0 mPath=/storage/usbotg mDescriptionId=17040831 mPrimary=false
D/MountService( 5400): mRemovable=true mEmulated=false mMtpReserveSpace=0 mAllowMassStorage=false
D/MountService( 5400): mMaxFileSize=0 mOwner=null mUuid=null mUserLabel=null mState=null
D/MountService( 5400): mAllowMtp=true
I/PackageManager( 5400): Running dexopt on: /system/priv-app/ProxyHandler/ProxyHandler.apk pkg=com.android.proxyhandler isa=arm vmSafeMode=false
F/WindowAnimator( 5400): Unhandled exception in Window Manager
F/WindowAnimator( 5400): java.lang.NullPointerException: Attempt to invoke virtual method 'void android.view.SurfaceControl.setLayer(int)' on a null object reference
F/WindowAnimator( 5400): at com.android.server.wm.FocusedStackFrame.setLayer(FocusedStackFrame.java:140)
F/WindowAnimator( 5400): at com.android.server.wm.WindowManagerService.setFocusedStackLayer(WindowManagerService.java:3985)
F/WindowAnimator( 5400): at com.android.server.wm.WindowAnimator.animateLocked(WindowAnimator.java:708)
F/WindowAnimator( 5400): at com.android.server.wm.WindowAnimator.access$000(WindowAnimator.java:54)
F/WindowAnimator( 5400): at com.android.server.wm.WindowAnimator$1.run(WindowAnimator.java:126)
F/WindowAnimator( 5400): at android.view.Choreographer$CallbackRecord.run(Choreographer.java:767)
F/WindowAnimator( 5400): at android.view.Choreographer.doCallbacks(Choreographer.java:580)
F/WindowAnimator( 5400): at android.view.Choreographer.doFrame(Choreographer.java:549)
F/WindowAnimator( 5400): at android.view.Choreographer$FrameDisplayEventReceiver.run(Choreographer.java:753)
F/WindowAnimator( 5400): at android.os.Handler.handleCallback(Handler.java:739)
F/WindowAnimator( 5400): at android.os.Handler.dispatchMessage(Handler.java:95)
F/WindowAnimator( 5400): at android.os.Looper.loop(Looper.java:135)
F/WindowAnimator( 5400): at android.os.HandlerThread.run(HandlerThread.java:61)
F/WindowAnimator( 5400): at com.android.server.ServiceThread.run(ServiceThread.java:46)
E/SurfaceFlinger( 5244): Permission Denial: can't access SurfaceFlinger pid=5400, uid=1000
I/PackageManager( 5400): No secure containers found
W/PackageManager( 5400): Unknown permission com.google.android.googleapps.permission.GOOGLE_AUTH in package com.android.providers.calendar
W/PackageManager( 5400): Unknown permission com.google.android.googleapps.permission.GOOGLE_AUTH.cl in package com.android.providers.calendar
W/PackageManager( 5400): Unknown permission com.qualcomm.permission.USE_QCRIL_MSG_TUNNEL in package com.qualcomm.shutdownlistner
W/PackageManager( 5400): Unknown permission android.permission.PREVENT_POWER_KEY in package com.fairphone.checkup
W/PackageManager( 5400): Not granting permission android.permission.GLOBAL_SEARCH to package com.android.quicksearchbox (protectionLevel=18 flags=0x48be45)
W/PackageManager( 5400): Not granting permission android.permission.ACCESS_DOWNLOAD_MANAGER to package com.android.browser (protectionLevel=18 flags=0x9be45)
W/PackageManager( 5400): Not granting permission android.permission.SEND_DOWNLOAD_COMPLETED_INTENTS to package com.android.browser (protectionLevel=2 flags=0x9be45)
W/PackageManager( 5400): Unknown permission android.permission.MMS_PUSH in package org.codeaurora.bluetooth
W/PackageManager( 5400): Not granting permission android.permission.BIND_WALLPAPER to package com.android.camera2 (protectionLevel=18 flags=0x58bc45)
W/PackageManager( 5400): Unknown permission android.permission.INSTALL_DRM in package com.android.mms
W/PackageManager( 5400): Unknown permission com.google.android.googleapps.permission.GOOGLE_AUTH.mail in package com.android.calendar
W/PackageManager( 5400): Unknown permission com.android.launcher.permission.READ_SETTINGS in package com.android.onetimeinitializer
W/PackageManager( 5400): Unknown permission com.android.launcher.permission.WRITE_SETTINGS in package com.android.onetimeinitializer
W/PackageManager( 5400): Not granting permission android.permission.DELETE_PACKAGES to package com.svox.pico (protectionLevel=18 flags=0x8be45)
W/PackageManager( 5400): Unknown permission android.permission.ACCESS_THEME_MANAGER in package com.fairphone.setupwizard
W/PackageManager( 5400): Unknown permission com.google.android.gallery3d.permission.PICASA_STORE in package com.android.dreams.phototable
W/PackageManager( 5400): Unknown permission android.permission.ACCESS_SUPERUSER in package com.amaze.filemanager
W/PackageManager( 5400): Unknown permission com.google.android.googleapps.permission.GOOGLE_AUTH in package com.android.settings
W/PackageManager( 5400): Unknown permission com.android.launcher.permission.READ_SETTINGS in package com.android.settings
W/PackageManager( 5400): Unknown permission com.android.launcher.permission.WRITE_SETTINGS in package com.android.settings
W/PackageManager( 5400): Unknown permission com.android.launcher.permission.READ_SETTINGS in package com.fairphone.fplauncher3
W/PackageManager( 5400): Unknown permission com.android.launcher.permission.WRITE_SETTINGS in package com.fairphone.fplauncher3
W/PackageManager( 5400): Unknown permission android.permission.ACCESS_SUPERUSER in package com.fairphone.updater
W/PackageManager( 5400): Not granting permission android.permission.DEVICE_POWER to package com.android.deskclock (protectionLevel=2 flags=0x48be45)
W/PackageManager( 5400): Unknown permission com.google.android.gallery3d.permission.GALLERY_PROVIDER in package com.android.bluetooth
D/OpenGLRenderer( 5400): Use EGL_SWAP_BEHAVIOR_PRESERVED: true
E/SurfaceFlinger( 5244): Permission Denial: can't access SurfaceFlinger pid=5400, uid=1000
I/dex2oat ( 6111): /system/bin/dex2oat --zip-fd=5 --zip-location=/system/priv-app/ProxyHandler/ProxyHandler.apk --oat-fd=6 --oat-location=/data/dalvik-cache/arm/system@priv-app@ProxyHandler@ProxyHandler.apk@classes.dex --instruction-set=arm --instruction-set-features=div --runtime-arg -Xms64m --runtime-arg -Xmx512m --swap-fd=7
W/WindowStateAnimator( 5400): OutOfResourcesException creating surface
I/WindowManager( 5400): Out of memory for surface! Looking for leaks...
W/WindowManager( 5400): No leaked surfaces; killing applicatons!
W/WindowManager( 5400): Due to memory failure, waiting a bit for next layout
I/dex2oat ( 6111): Decided to run without swap.
E/NetlinkListener( 5246): recvmsg failed (I/O error)
E/NetlinkListener( 687): recvmsg failed (I/O error)
I/dex2oat ( 6111): dex2oat took 49.915ms (threads: 4) arena alloc=268KB java alloc=17KB native alloc=1256KB free=6MB
E/NetlinkListener( 5246): recvmsg failed (I/O error)
E/NetlinkListener( 687): recvmsg failed (I/O error)
E/NetlinkListener( 5246): recvmsg failed (I/O error)
E/NetlinkListener( 687): recvmsg failed (I/O error)
E/SurfaceFlinger( 5244): Permission Denial: can't access SurfaceFlinger pid=5400, uid=1000
E/SurfaceFlinger( 5244): Permission Denial: can't access SurfaceFlinger pid=5400, uid=1000
W/art ( 5400): Long monitor contention event with owner method=int com.android.server.wm.WindowManagerService.relayoutWindow(com.android.server.wm.Session, android.view.IWindow, int, android.view.WindowManager$LayoutParams, int, int, int, int, android.graphics.Rect, android.graphics.Rect, android.graphics.Rect, android.graphics.Rect, android.graphics.Rect, android.content.res.Configuration, android.view.Surface) from WindowManagerService.java:3013 waiters=0 for 256ms
I/PackageManager( 5400): Running dexopt on: /system/priv-app/TeleService/TeleService.apk pkg=com.android.phone isa=arm vmSafeMode=false
F/WindowAnimator( 5400): Unhandled exception in Window Manager
F/WindowAnimator( 5400): java.lang.NullPointerException: Attempt to invoke virtual method 'void android.view.SurfaceControl.setLayer(int)' on a null object reference
F/WindowAnimator( 5400): at com.android.server.wm.FocusedStackFrame.setLayer(FocusedStackFrame.java:140)
F/WindowAnimator( 5400): at com.android.server.wm.WindowManagerService.setFocusedStackLayer(WindowManagerService.java:3985)
F/WindowAnimator( 5400): at com.android.server.wm.WindowAnimator.animateLocked(WindowAnimator.java:708)
F/WindowAnimator( 5400): at com.android.server.wm.WindowAnimator.access$000(WindowAnimator.java:54)
F/WindowAnimator( 5400): at com.android.server.wm.WindowAnimator$1.run(WindowAnimator.java:126)
F/WindowAnimator( 5400): at android.view.Choreographer$CallbackRecord.run(Choreographer.java:767)
F/WindowAnimator( 5400): at android.view.Choreographer.doCallbacks(Choreographer.java:580)
F/WindowAnimator( 5400): at android.view.Choreographer.doFrame(Choreographer.java:549)
