I/dex2oat (11586): /system/bin/dex2oat --zip-fd=5 --zip-location=/system/priv-app/Telecom/Telecom.apk --oat-fd=6 --oat-location=/data/dalvik-cache/arm/system@priv-app@Telecom@Telecom.apk@classes.dex --instruction-set=arm --instruction-set-features=div --runtime-arg -Xms64m --runtime-arg -Xmx512m --swap-fd=7
I/dex2oat (11586): Decided to run without swap.
V/WLAN_PSA( 673): NL MSG, len[048], NL type[0x11] WNI type[0x5050] len[028]
V/WLAN_PSA( 673): NL MSG, PID: 673
I/dex2oat (11586): dex2oat took 498.002ms (threads: 4) arena alloc=104KB java alloc=697KB native alloc=2MB free=5MB
I/PackageManager(10969): Adjusting ABI for : com.android.providers.settings to armeabi-v7a
I/PackageManager(10969): Running dexopt on: /system/priv-app/SettingsProvider/SettingsProvider.apk pkg=com.android.providers.settings isa=arm vmSafeMode=false
I/dex2oat (11592): /system/bin/dex2oat --zip-fd=5 --zip-location=/system/priv-app/SettingsProvider/SettingsProvider.apk --oat-fd=6 --oat-location=/data/dalvik-cache/arm/system@priv-app@SettingsProvider@SettingsProvider.apk@classes.dex --instruction-set=arm --instruction-set-features=div --runtime-arg -Xms64m --runtime-arg -Xmx512m --swap-fd=7
I/dex2oat (11592): Decided to run without swap.
I/dex2oat (11592): dex2oat took 178.285ms (threads: 4) arena alloc=2MB java alloc=108KB native alloc=3MB free=4MB
I/PackageManager(10969): Adjusting ABI for : com.android.keychain to armeabi-v7a
I/PackageManager(10969): Running dexopt on: /system/app/KeyChain/KeyChain.apk pkg=com.android.keychain isa=arm vmSafeMode=false
I/dex2oat (11598): /system/bin/dex2oat --zip-fd=5 --zip-location=/system/app/KeyChain/KeyChain.apk --oat-fd=6 --oat-location=/data/dalvik-cache/arm/system@app@KeyChain@KeyChain.apk@classes.dex --instruction-set=arm --instruction-set-features=div --runtime-arg -Xms64m --runtime-arg -Xmx512m --swap-fd=7
I/dex2oat (11598): Decided to run without swap.
E/NetlinkListener( 687): recvmsg failed (I/O error)
E/NetlinkListener(10859): recvmsg failed (I/O error)
I/dex2oat (11598): dex2oat took 100.269ms (threads: 4) arena alloc=110KB java alloc=77KB native alloc=1473KB free=6MB
I/PackageManager(10969): Adjusting ABI for : com.fairphone.privacyimpact to armeabi-v7a
I/PackageManager(10969): Running dexopt on: /system/priv-app/FairphonePrivacyImpact/FairphonePrivacyImpact.apk pkg=com.fairphone.privacyimpact isa=arm vmSafeMode=false
I/dex2oat (11606): /system/bin/dex2oat --zip-fd=5 --zip-location=/system/priv-app/FairphonePrivacyImpact/FairphonePrivacyImpact.apk --oat-fd=6 --oat-location=/data/dalvik-cache/arm/system@priv-app@FairphonePrivacyImpact@FairphonePrivacyImpact.apk@classes.dex --instruction-set=arm --instruction-set-features=div --runtime-arg -Xms64m --runtime-arg -Xmx512m --swap-fd=7
E/NetlinkListener( 687): recvmsg failed (I/O error)
E/NetlinkListener(10859): recvmsg failed (I/O error)
I/dex2oat (11606): Decided to run without swap.
W/dex2oat (11606): Before Android 4.1, method int android.support.v7.internal.widget.ListViewCompat.lookForSelectablePosition(int, boolean) would have incorrectly overridden the package-private method in android.widget.ListView
E/NetlinkListener(10859): recvmsg failed (I/O error)
E/NetlinkListener( 687): recvmsg failed (I/O error)
E/NetlinkListener( 687): recvmsg failed (I/O error)
E/NetlinkListener(10859): recvmsg failed (I/O error)
E/NetlinkListener(10859): recvmsg failed (I/O error)
E/NetlinkListener( 687): recvmsg failed (I/O error)
E/NetlinkListener(10859): recvmsg failed (I/O error)
E/NetlinkListener( 687): recvmsg failed (I/O error)
I/dex2oat (11606): dex2oat took 970.145ms (threads: 4) arena alloc=301KB java alloc=1390KB native alloc=3MB free=4MB
I/PackageManager(10969): Time to scan packages: 23.274 seconds
W/PackageManager(10969): Unknown permission com.google.android.googleapps.permission.GOOGLE_AUTH in package com.android.providers.calendar
W/PackageManager(10969): Unknown permission com.google.android.googleapps.permission.GOOGLE_AUTH.cl in package com.android.providers.calendar
W/PackageManager(10969): Unknown permission com.qualcomm.permission.USE_QCRIL_MSG_TUNNEL in package com.qualcomm.shutdownlistner
W/PackageManager(10969): Unknown permission android.permission.PREVENT_POWER_KEY in package com.fairphone.checkup
W/PackageManager(10969): Not granting permission android.permission.GLOBAL_SEARCH to package com.android.quicksearchbox (protectionLevel=18 flags=0x48be45)
W/PackageManager(10969): Not granting permission android.permission.ACCESS_DOWNLOAD_MANAGER to package com.android.browser (protectionLevel=18 flags=0x9be45)
W/PackageManager(10969): Not granting permission android.permission.SEND_DOWNLOAD_COMPLETED_INTENTS to package com.android.browser (protectionLevel=2 flags=0x9be45)
W/PackageManager(10969): Unknown permission android.permission.MMS_PUSH in package org.codeaurora.bluetooth
W/PackageManager(10969): Not granting permission android.permission.BIND_WALLPAPER to package com.android.camera2 (protectionLevel=18 flags=0x58bc45)
W/PackageManager(10969): Unknown permission android.permission.INSTALL_DRM in package com.android.mms
W/PackageManager(10969): Unknown permission com.google.android.googleapps.permission.GOOGLE_AUTH.mail in package com.android.calendar
W/PackageManager(10969): Unknown permission com.android.launcher.permission.READ_SETTINGS in package com.android.onetimeinitializer
W/PackageManager(10969): Unknown permission com.android.launcher.permission.WRITE_SETTINGS in package com.android.onetimeinitializer
W/PackageManager(10969): Not granting permission android.permission.DELETE_PACKAGES to package com.svox.pico (protectionLevel=18 flags=0x8be45)
W/PackageManager(10969): Unknown permission android.permission.ACCESS_THEME_MANAGER in package com.fairphone.setupwizard
W/PackageManager(10969): Unknown permission com.google.android.gallery3d.permission.PICASA_STORE in package com.android.dreams.phototable
W/PackageManager(10969): Unknown permission android.permission.ACCESS_SUPERUSER in package com.amaze.filemanager
W/PackageManager(10969): Unknown permission com.google.android.googleapps.permission.GOOGLE_AUTH in package com.android.settings
W/PackageManager(10969): Unknown permission com.android.launcher.permission.READ_SETTINGS in package com.android.settings
W/PackageManager(10969): Unknown permission com.android.launcher.permission.WRITE_SETTINGS in package com.android.settings
W/PackageManager(10969): Unknown permission com.android.launcher.permission.READ_SETTINGS in package com.fairphone.fplauncher3
W/PackageManager(10969): Unknown permission com.android.launcher.permission.WRITE_SETTINGS in package com.fairphone.fplauncher3
W/PackageManager(10969): Unknown permission android.permission.ACCESS_SUPERUSER in package com.fairphone.updater
W/PackageManager(10969): Not granting permission android.permission.DEVICE_POWER to package com.android.deskclock (protectionLevel=2 flags=0x48be45)
W/PackageManager(10969): Unknown permission com.google.android.gallery3d.permission.GALLERY_PROVIDER in package com.android.bluetooth
I/art (10969): Explicit concurrent mark sweep GC freed 37798(2MB) AllocSpace objects, 17(272KB) LOS objects, 57% free, 2MB/6MB, paused 933us total 22.183ms
I/SystemServer(10969): User Service
I/lowmemorykiller( 689): ActivityManager connected
I/SystemServiceManager(10969): Starting com.android.server.lights.LightsService
I/SystemServiceManager(10969): Starting com.android.server.BatteryService
E/NetlinkListener(10859): recvmsg failed (I/O error)
E/NetlinkListener( 687): recvmsg failed (I/O error)
I/SystemServiceManager(10969): Starting com.android.server.usage.UsageStatsService
I/UsageStatsService(10969): User[0] Rollover scheduled @ 2016-12-10 00:00:00(1481328000000)
I/SystemServiceManager(10969): Starting com.android.server.webkit.WebViewUpdateService
I/SystemServer(10969): Reading configuration...
I/SystemServer(10969): Scheduling Policy
I/SystemServiceManager(10969): Starting com.android.server.telecom.TelecomLoaderService
I/SystemServer(10969): Telephony Registry
I/SystemServer(10969): Entropy Mixer
I/EntropyMixer(10969): Writing entropy...
I/SystemServer(10969): Account Manager
I/SystemServer(10969): Content Manager
I/SystemServer(10969): System Content Providers
E/NetlinkListener(10859): recvmsg failed (I/O error)
E/NetlinkListener( 687): recvmsg failed (I/O error)
I/SystemServer(10969): Vibrator Service
I/SystemServer(10969): Consumer IR Service
E/ConsumerIrService(10969): Can't open consumer IR HW Module, error: sfdroid disabled
I/SystemServiceManager(10969): Starting com.android.server.AlarmManagerService
W/AlarmManager(10969): Failed to open alarm driver. Falling back to a handler.
I/SystemServer(10969): Init Watchdog
I/SystemServer(10969): Input Manager
I/InputManager(10969): Initializing input manager, mUseDevInputEventForAudioJack=true
I/SystemServer(10969): Window Manager
I/WindowManager(10969): No existing display settings /data/system/display_settings.xml; starting empty
E/SurfaceFlinger( 5244): Permission Denial: can't access SurfaceFlinger pid=10969, uid=1000
E/SurfaceFlinger( 5244): Permission Denial: can't access SurfaceFlinger pid=10969, uid=1000
E/WindowManager(10969): Exception creating Dim surface
E/WindowManager(10969): android.view.Surface$OutOfResourcesException
E/WindowManager(10969): at android.view.SurfaceControl.nativeCreate(Native Method)
E/WindowManager(10969): at android.view.SurfaceControl.(SurfaceControl.java:292)
E/WindowManager(10969): at com.android.server.wm.DimLayer.(DimLayer.java:81)
E/WindowManager(10969): at com.android.server.wm.TaskStack.attachDisplayContent(TaskStack.java:233)
E/WindowManager(10969): at com.android.server.wm.WindowManagerService.attachStack(WindowManagerService.java:5158)
E/WindowManager(10969): at com.android.server.am.ActivityStackSupervisor$ActivityContainer.attachToDisplayLocked(ActivityStackSupervisor.java:3766)
E/WindowManager(10969): at com.android.server.am.ActivityStackSupervisor.createStackOnDisplay(ActivityStackSupervisor.java:2649)
E/WindowManager(10969): at com.android.server.am.ActivityStackSupervisor.setWindowManager(ActivityStackSupervisor.java:394)
E/WindowManager(10969): at com.android.server.am.ActivityManagerService.setWindowManager(ActivityManagerService.java:1943)
E/WindowManager(10969): at com.android.server.SystemServer.startOtherServices(SystemServer.java:498)
E/WindowManager(10969): at com.android.server.SystemServer.run(SystemServer.java:265)
E/WindowManager(10969): at com.android.server.SystemServer.main(SystemServer.java:179)
E/WindowManager(10969): at java.lang.reflect.Method.invoke(Native Method)
E/WindowManager(10969): at java.lang.reflect.Method.invoke(Method.java:372)
E/WindowManager(10969): at com.android.internal.os.ZygoteInit$MethodAndArgsCaller.run(ZygoteInit.java:904)
E/WindowManager(10969): at com.android.internal.os.ZygoteInit.main(ZygoteInit.java:699)
E/SurfaceFlinger( 5244): Permission Denial: can't access SurfaceFlinger pid=10969, uid=1000
E/WindowManager(10969): Exception creating Dim surface
E/WindowManager(10969): android.view.Surface$OutOfResourcesException
E/WindowManager(10969): at android.view.SurfaceControl.nativeCreate(Native Method)
E/WindowManager(10969): at android.view.SurfaceControl.(SurfaceControl.java:292)
E/WindowManager(10969): at com.android.server.wm.DimLayer.(DimLayer.java:81)
E/WindowManager(10969): at com.android.server.wm.TaskStack.attachDisplayContent(TaskStack.java:234)
E/WindowManager(10969): at com.android.server.wm.WindowManagerService.attachStack(WindowManagerService.java:5158)
E/WindowManager(10969): at com.android.server.am.ActivityStackSupervisor$ActivityContainer.attachToDisplayLocked(ActivityStackSupervisor.java:3766)
E/WindowManager(10969): at com.android.server.am.ActivityStackSupervisor.createStackOnDisplay(ActivityStackSupervisor.java:2649)
E/WindowManager(10969): at com.android.server.am.ActivityStackSupervisor.setWindowManager(ActivityStackSupervisor.java:394)
E/WindowManager(10969): at com.android.server.am.ActivityManagerService.setWindowManager(ActivityManagerService.java:1943)
E/WindowManager(10969): at com.android.server.SystemServer.startOtherServices(SystemServer.java:498)
E/WindowManager(10969): at com.android.server.SystemServer.run(SystemServer.java:265)
E/WindowManager(10969): at com.android.server.SystemServer.main(SystemServer.java:179)
E/WindowManager(10969): at java.lang.reflect.Method.invoke(Native Method)
E/WindowManager(10969): at java.lang.reflect.Method.invoke(Method.java:372)
E/WindowManager(10969): at com.android.internal.os.ZygoteInit$MethodAndArgsCaller.run(ZygoteInit.java:904)
E/WindowManager(10969): at com.android.internal.os.ZygoteInit.main(ZygoteInit.java:699)
E/SurfaceFlinger( 5244): Permission Denial: can't access SurfaceFlinger pid=10969, uid=1000
I/InputManager(10969): Starting input manager
E/EventHub(10969): could not open /dev/input/event4, Permission denied
E/EventHub(10969): could not open /dev/input/event3, Permission denied
E/EventHub(10969): could not open /dev/input/by-path, Is a directory
E/EventHub(10969): could not open /dev/input/event2, Permission denied
E/EventHub(10969): could not open /dev/input/event1, Permission denied
E/EventHub(10969): could not open /dev/input/event0, Permission denied
E/EventHub(10969): could not open /dev/input/mice, Permission denied
I/SystemServer(10969): sfdroid: Bluetooth Service disabled
I/SystemServer(10969): Input Method Service
I/InputReader(10969): Device added: id=-1, name='Virtual', sources=0x00000301
W/InputMethodManagerService(10969): Couldn't create dir.: /data/system/inputmethod
I/SystemServer(10969): Accessibility Manager
I/XXXXXX (10969): choosing minFree values for 32 Bit
I/XXXXXX (10969): choosing minFree values for 32 Bit
I/XXXXXX (10969): choosing minFree values for 32 Bit
I/XXXXXX (10969): choosing minFree values for 32 Bit
I/XXXXXX (10969): choosing minFree values for 32 Bit
I/XXXXXX (10969): choosing minFree values for 32 Bit
I/ActivityManager(10969): Config changes=1df8 {1.0 ?mcc?mnc en_US ?layoutDir sw360dp w360dp h640dp 480dpi nrml long port ?uimode ?night -touch -keyb/v/h -nav/h s.2}
E/SurfaceFlinger( 5244): Permission Denial: can't access SurfaceFlinger pid=10969, uid=1000
I/InputReader(10969): Reconfiguring input devices. changes=0x00000004
E/SurfaceFlinger( 5244): Permission Denial: can't access SurfaceFlinger pid=10969, uid=1000
I/ActivityManager(10969): Config changes=500 {1.0 ?mcc?mnc en_US ?layoutDir sw360dp w360dp h567dp 480dpi nrml port ?uimode ?night -touch -keyb/v/h -nav/h s.3}
E/SurfaceFlinger( 5244): Permission Denial: can't access SurfaceFlinger pid=10969, uid=1000
E/SurfaceFlinger( 5244): Permission Denial: can't access SurfaceFlinger pid=10969, uid=1000
I/SystemServer(10969): Mount Service
E/SurfaceFlinger( 5244): Permission Denial: can't access SurfaceFlinger pid=10969, uid=1000
E/SurfaceFlinger( 5244): Permission Denial: can't access SurfaceFlinger pid=10969, uid=1000
D/MountService(10969): got storage path: /storage/sdcard0 description: Internal storage primary: true removable: false emulated: true mtpReserve: 100 allowMassStorage: false maxFileSize: 0 allowMtp: true
D/MountService(10969): addVolumeLocked() StorageVolume:
D/MountService(10969): mStorageId=65537 mPath=/storage/emulated/0 mDescriptionId=17040829
D/MountService(10969): mPrimary=true mRemovable=false mEmulated=true mMtpReserveSpace=100
D/MountService(10969): mAllowMassStorage=false mMaxFileSize=0 mOwner=UserHandle{0} mUuid=null
D/MountService(10969): mUserLabel=null mState=null mAllowMtp=true
D/MountService(10969): got storage path: /storage/sdcard1 description: SD card primary: false removable: true emulated: false mtpReserve: 0 allowMassStorage: true maxFileSize: 0 allowMtp: true
D/MountService(10969): addVolumeLocked() StorageVolume:
D/MountService(10969): mStorageId=0 mPath=/storage/sdcard1 mDescriptionId=17040830 mPrimary=false
D/MountService(10969): mRemovable=true mEmulated=false mMtpReserveSpace=0 mAllowMassStorage=true
D/MountService(10969): mMaxFileSize=0 mOwner=null mUuid=null mUserLabel=null mState=null
D/MountService(10969): mAllowMtp=true
D/MountService(10969): got storage path: /storage/usbotg description: USB storage primary: false removable: true emulated: false mtpReserve: 0 allowMassStorage: false maxFileSize: 0 allowMtp: true
D/MountService(10969): addVolumeLocked() StorageVolume:
D/MountService(10969): mStorageId=0 mPath=/storage/usbotg mDescriptionId=17040831 mPrimary=false
D/MountService(10969): mRemovable=true mEmulated=false mMtpReserveSpace=0 mAllowMassStorage=false
D/MountService(10969): mMaxFileSize=0 mOwner=null mUuid=null mUserLabel=null mState=null
D/MountService(10969): mAllowMtp=true
F/WindowAnimator(10969): Unhandled exception in Window Manager
F/WindowAnimator(10969): java.lang.NullPointerException: Attempt to invoke virtual method 'void android.view.SurfaceControl.setLayer(int)' on a null object reference
F/WindowAnimator(10969): at com.android.server.wm.FocusedStackFrame.setLayer(FocusedStackFrame.java:140)
F/WindowAnimator(10969): at com.android.server.wm.WindowManagerService.setFocusedStackLayer(WindowManagerService.java:3985)
F/WindowAnimator(10969): at com.android.server.wm.WindowAnimator.animateLocked(WindowAnimator.java:708)
F/WindowAnimator(10969): at com.android.server.wm.WindowAnimator.access$000(WindowAnimator.java:54)
F/WindowAnimator(10969): at com.android.server.wm.WindowAnimator$1.run(WindowAnimator.java:126)
F/WindowAnimator(10969): at android.view.Choreographer$CallbackRecord.run(Choreographer.java:767)
F/WindowAnimator(10969): at android.view.Choreographer.doCallbacks(Choreographer.java:580)
F/WindowAnimator(10969): at android.view.Choreographer.doFrame(Choreographer.java:549)
F/WindowAnimator(10969): at android.view.Choreographer$FrameDisplayEventReceiver.run(Choreographer.java:753)
F/WindowAnimator(10969): at android.os.Handler.handleCallback(Handler.java:739)
F/WindowAnimator(10969): at android.os.Handler.dispatchMessage(Handler.java:95)
F/WindowAnimator(10969): at android.os.Looper.loop(Looper.java:135)
F/WindowAnimator(10969): at android.os.HandlerThread.run(HandlerThread.java:61)
F/WindowAnimator(10969): at com.android.server.ServiceThread.run(ServiceThread.java:46)
E/SurfaceFlinger( 5244): Permission Denial: can't access SurfaceFlinger pid=10969, uid=1000
I/PackageManager(10969): No secure containers found
W/PackageManager(10969): Unknown permission com.google.android.googleapps.permission.GOOGLE_AUTH in package com.android.providers.calendar
W/PackageManager(10969): Unknown permission com.google.android.googleapps.permission.GOOGLE_AUTH.cl in package com.android.providers.calendar
W/PackageManager(10969): Unknown permission com.qualcomm.permission.USE_QCRIL_MSG_TUNNEL in package com.qualcomm.shutdownlistner
W/PackageManager(10969): Unknown permission android.permission.PREVENT_POWER_KEY in package com.fairphone.checkup
W/PackageManager(10969): Not granting permission android.permission.GLOBAL_SEARCH to package com.android.quicksearchbox (protectionLevel=18 flags=0x48be45)
W/PackageManager(10969): Not granting permission android.permission.ACCESS_DOWNLOAD_MANAGER to package com.android.browser (protectionLevel=18 flags=0x9be45)
W/PackageManager(10969): Not granting permission android.permission.SEND_DOWNLOAD_COMPLETED_INTENTS to package com.android.browser (protectionLevel=2 flags=0x9be45)
W/PackageManager(10969): Unknown permission android.permission.MMS_PUSH in package org.codeaurora.bluetooth
W/PackageManager(10969): Not granting permission android.permission.BIND_WALLPAPER to package com.android.camera2 (protectionLevel=18 flags=0x58bc45)
W/PackageManager(10969): Unknown permission android.permission.INSTALL_DRM in package com.android.mms
W/PackageManager(10969): Unknown permission com.google.android.googleapps.permission.GOOGLE_AUTH.mail in package com.android.calendar
W/PackageManager(10969): Unknown permission com.android.launcher.permission.READ_SETTINGS in package com.android.onetimeinitializer
W/PackageManager(10969): Unknown permission com.android.launcher.permission.WRITE_SETTINGS in package com.android.onetimeinitializer
W/PackageManager(10969): Not granting permission android.permission.DELETE_PACKAGES to package com.svox.pico (protectionLevel=18 flags=0x8be45)
W/PackageManager(10969): Unknown permission android.permission.ACCESS_THEME_MANAGER in package com.fairphone.setupwizard
W/PackageManager(10969): Unknown permission com.google.android.gallery3d.permission.PICASA_STORE in package com.android.dreams.phototable
W/PackageManager(10969): Unknown permission android.permission.ACCESS_SUPERUSER in package com.amaze.filemanager
I/PackageManager(10969): Running dexopt on: /system/priv-app/TelephonyProvider/TelephonyProvider.apk pkg=com.android.providers.telephony isa=arm vmSafeMode=false
W/PackageManager(10969): Unknown permission com.google.android.googleapps.permission.GOOGLE_AUTH in package com.android.settings
W/PackageManager(10969): Unknown permission com.android.launcher.permission.READ_SETTINGS in package com.android.settings
W/PackageManager(10969): Unknown permission com.android.launcher.permission.WRITE_SETTINGS in package com.android.settings
W/PackageManager(10969): Unknown permission com.android.launcher.permission.READ_SETTINGS in package com.fairphone.fplauncher3
W/PackageManager(10969): Unknown permission com.android.launcher.permission.WRITE_SETTINGS in package com.fairphone.fplauncher3
W/PackageManager(10969): Unknown permission android.permission.ACCESS_SUPERUSER in package com.fairphone.updater
W/PackageManager(10969): Not granting permission android.permission.DEVICE_POWER to package com.android.deskclock (protectionLevel=2 flags=0x48be45)
W/PackageManager(10969): Unknown permission com.google.android.gallery3d.permission.GALLERY_PROVIDER in package com.android.bluetooth
D/OpenGLRenderer(10969): Use EGL_SWAP_BEHAVIOR_PRESERVED: true
E/SurfaceFlinger( 5244): Permission Denial: can't access SurfaceFlinger pid=10969, uid=1000
I/dex2oat (11655): /system/bin/dex2oat --zip-fd=5 --zip-location=/system/priv-app/TelephonyProvider/TelephonyProvider.apk --oat-fd=6 --oat-location=/data/dalvik-cache/arm/system@priv-app@TelephonyProvider@TelephonyProvider.apk@classes.dex --instruction-set=arm --instruction-set-features=div --runtime-arg -Xms64m --runtime-arg -Xmx512m --swap-fd=7
W/WindowStateAnimator(10969): OutOfResourcesException creating surface
I/WindowManager(10969): Out of memory for surface! Looking for leaks...
W/WindowManager(10969): No leaked surfaces; killing applicatons!
I/dex2oat (11655): Decided to run without swap.
W/WindowManager(10969): Due to memory failure, waiting a bit for next layout
E/NetlinkListener( 687): recvmsg failed (I/O error)
E/NetlinkListener(10859): recvmsg failed (I/O error)
I/dex2oat (11655): dex2oat took 183.293ms (threads: 4) arena alloc=279KB java alloc=114KB native alloc=1806KB free=6MB
E/SurfaceFlinger( 5244): Permission Denial: can't access SurfaceFlinger pid=10969, uid=1000
E/SurfaceFlinger( 5244): Permission Denial: can't access SurfaceFlinger pid=10969, uid=1000
W/art (10969): Long monitor contention event with owner method=int com.android.server.wm.WindowManagerService.relayoutWindow(com.android.server.wm.Session, android.view.IWindow, int, android.view.WindowManager$LayoutParams, int, int, int, int, android.graphics.Rect, android.graphics.Rect, android.graphics.Rect, android.graphics.Rect, android.graphics.Rect, android.content.res.Configuration, android.view.Surface) from WindowManagerService.java:3013 waiters=0 for 254ms
I/PackageManager(10969): Running dexopt on: /system/priv-app/Shell/Shell.apk pkg=com.android.shell isa=arm vmSafeMode=false
F/WindowAnimator(10969): Unhandled exception in Window Manager
F/WindowAnimator(10969): java.lang.NullPointerException: Attempt to invoke virtual method 'void android.view.SurfaceControl.setLayer(int)' on a null object reference
F/WindowAnimator(10969): at com.android.server.wm.FocusedStackFrame.setLayer(FocusedStackFrame.java:140)
F/WindowAnimator(10969): at com.android.server.wm.WindowManagerService.setFocusedStackLayer(WindowManagerService.java:3985)
F/WindowAnimator(10969): at com.android.server.wm.WindowAnimator.animateLocked(WindowAnimator.java:708)
F/WindowAnimator(10969): at com.android.server.wm.WindowAnimator.access$000(WindowAnimator.java:54)
F/WindowAnimator(10969): at com.android.server.wm.WindowAnimator$1.run(WindowAnimator.java:126)
F/WindowAnimator(10969): at android.view.Choreographer$CallbackRecord.run(Choreographer.java:767)
F/WindowAnimator(10969): at android.view.Choreographer.doCallbacks(Choreographer.java:580)
F/WindowAnimator(10969): at android.view.Choreographer.doFrame(Choreographer.java:549)
F/WindowAnimator(10969): at android.view.Choreographer$FrameDisplayEventReceiver.run(Choreographer.java:753)
F/WindowAnimator(10969): at android.os.Handler.handleCallback(Handler.java:739)
F/WindowAnimator(10969): at android.os.Handler.dispatchMessage(Handler.java:95)
F/WindowAnimator(10969): at android.os.Looper.loop(Looper.java:135)
F/WindowAnimator(10969): at android.os.HandlerThread.run(HandlerThread.java:61)
F/WindowAnimator(10969): at com.android.server.ServiceThread.run(ServiceThread.java:46)
I/dex2oat (11667): /system/bin/dex2oat --zip-fd=5 --zip-location=/system/priv-app/Shell/Shell.apk --oat-fd=6 --oat-location=/data/dalvik-cache/arm/system@priv-app@Shell@Shell.apk@classes.dex --instruction-set=arm --instruction-set-features=div --runtime-arg -Xms64m --runtime-arg -Xmx512m --swap-fd=7
E/SurfaceFlinger( 5244): Permission Denial: can't access SurfaceFlinger pid=10969, uid=1000
E/SurfaceFlinger( 5244): Permission Denial: can't access SurfaceFlinger pid=10969, uid=1000
E/SurfaceFlinger( 5244): Permission Denial: can't access SurfaceFlinger pid=10969, uid=1000
F/WindowAnimator(10969): Unhandled exception in Window Manager
F/WindowAnimator(10969): java.lang.NullPointerException: Attempt to invoke virtual method 'void android.view.SurfaceControl.setLayer(int)' on a null object reference
F/WindowAnimator(10969): at com.android.server.wm.FocusedStackFrame.setLayer(FocusedStackFrame.java:140)
F/WindowAnimator(10969): at com.android.server.wm.WindowManagerService.setFocusedStackLayer(WindowManagerService.java:3985)
F/WindowAnimator(10969): at com.android.server.wm.WindowAnimator.animateLocked(WindowAnimator.java:708)
F/WindowAnimator(10969): at com.android.server.wm.WindowAnimator.access$000(WindowAnimator.java:54)
F/WindowAnimator(10969): at com.android.server.wm.WindowAnimator$1.run(WindowAnimator.java:126)
F/WindowAnimator(10969): at android.view.Choreographer$CallbackRecord.run(Choreographer.java:767)
F/WindowAnimator(10969): at android.view.Choreographer.doCallbacks(Choreographer.java:580)
F/WindowAnimator(10969): at android.view.Choreographer.doFrame(Choreographer.java:549)
F/WindowAnimator(10969): at android.view.Choreographer$FrameDisplayEventReceiver.run(Choreographer.java:753)
F/WindowAnimator(10969): at android.os.Handler.handleCallback(Handler.java:739)
F/WindowAnimator(10969): at android.os.Handler.dispatchMessage(Handler.java:95)
F/WindowAnimator(10969): at android.os.Looper.loop(Looper.java:135)
F/WindowAnimator(10969): at android.os.HandlerThread.run(HandlerThread.java:61)
F/WindowAnimator(10969): at com.android.server.ServiceThread.run(ServiceThread.java:46)
E/SurfaceFlinger( 5244): Permission Denial: can't access SurfaceFlinger pid=10969, uid=1000
I/dex2oat (11667): Decided to run without swap.
E/AudioPolicyManager(10860): unknown stream type 13
E/AudioPolicyManager(10860): unknown stream type 13
E/AudioPolicyManager(10860): unknown stream type 13
E/AudioPolicyManager(10860): unknown stream type 13
I/AudioFlinger(10860): AudioFlinger's thread 0xb5a2e000 ready to run
D/audio_hw_primary(10860): out_set_parameters: enter: usecase(1: low-latency-playback) kvpairs: routing=2
D/audio_hw_primary(10860): out_standby: enter: stream (0xb5880b00) usecase(1: low-latency-playback)
E/AudioPolicyManager(10860): unknown stream type 13
D/audio_hw_primary(10860): adev_open_input_stream: enter: sample_rate(48000) channel_mask(0xc) devices(0x80000004) stream_handle(0xb586da20)
I/AudioFlinger(10860): AudioFlinger's thread 0xb5ac7000 ready to run
D/audio_hw_primary(10860): adev_close_input_stream: enter:stream_handle(0xb586da20)
D/audio_hw_primary(10860): in_standby: enter: stream (0xb586da20) usecase(7: audio-record)
I/audio_a2dp_hw(10860): adev_open: adev_open in A2dp_hw module
I/AudioFlinger(10860): loadHwModule() Loaded a2dp audio interface from A2DP Audio HW HAL (audio) handle 7
I/AudioFlinger(10860): loadHwModule() Loaded usb audio interface from USB audio HW HAL (audio) handle 8
I/r_submix(10860): adev_open(name=audio_hw_if)
I/r_submix(10860): adev_init_check()
I/AudioFlinger(10860): loadHwModule() Loaded r_submix audio interface from Wifi Display audio HAL (audio) handle 9
D/r_submix(10860): adev_open_input_stream(addr=0)
D/r_submix(10860): submix_audio_device_create_pipe_l(addr=0, idx=9)
D/r_submix(10860): now using address 0 for route 9
I/AudioFlinger(10860): AudioFlinger's thread 0xb5b11000 ready to run
D/r_submix(10860): adev_close_input_stream()
D/r_submix(10860): submix_audio_device_release_pipe_l(idx=9) addr=0
D/r_submix(10860): submix_audio_device_destroy_pipe_l(): pipe destroyed
E/AudioPolicyManager(10860): unknown stream type 13
E/AudioPolicyManager(10860): unknown stream type 13
E/SoundTriggerHwService(10860): couldn't load sound trigger module sound_trigger.primary (No such file or directory)
E/NetlinkListener(10859): recvmsg failed (I/O error)
E/NetlinkListener( 687): recvmsg failed (I/O error)
E/NetlinkListener(10859): recvmsg failed (I/O error)
E/NetlinkListener( 687): recvmsg failed (I/O error)
E/NetlinkListener(10859): recvmsg failed (I/O error)
E/NetlinkListener( 687): recvmsg failed (I/O error)
E/NetlinkListener( 687): recvmsg failed (I/O error)
E/NetlinkListener(10859): recvmsg failed (I/O error)
E/NetlinkListener( 687): recvmsg failed (I/O error)
E/NetlinkListener(10859): recvmsg failed (I/O error)
E/NetlinkListener(10859): recvmsg failed (I/O error)
E/NetlinkListener( 687): recvmsg failed (I/O error)
E/NetlinkListener(10859): recvmsg failed (I/O error)
E/NetlinkListener( 687): recvmsg failed (I/O error)
I/dex2oat (11667): dex2oat took 728.956ms (threads: 4) arena alloc=312KB java alloc=362KB native alloc=2MB free=5MB
I/PackageManager(10969): Running dexopt on: /system/priv-app/DefaultContainerService/DefaultContainerService.apk pkg=com.android.defcontainer isa=arm vmSafeMode=false
I/dex2oat (11710): /system/bin/dex2oat --zip-fd=5 --zip-location=/system/priv-app/DefaultContainerService/DefaultContainerService.apk --oat-fd=6 --oat-location=/data/dalvik-cache/arm/system@priv-app@DefaultContainerService@DefaultContainerService.apk@classes.dex --instruction-set=arm --instruction-set-features=div --runtime-arg -Xms64m --runtime-arg -Xmx512m --swap-fd=7
I/dex2oat (11710): Decided to run without swap.
I/dex2oat (11710): dex2oat took 61.846ms (threads: 4) arena alloc=71KB java alloc=28KB native alloc=1130KB free=6MB
I/PackageManager(10969): Running dexopt on: /system/app/LatinIME/LatinIME.apk pkg=com.android.inputmethod.latin isa=arm vmSafeMode=false
I/dex2oat (11716): /system/bin/dex2oat --zip-fd=5 --zip-location=/system/app/LatinIME/LatinIME.apk --oat-fd=6 --oat-location=/data/dalvik-cache/arm/system@app@LatinIME@LatinIME.apk@classes.dex --instruction-set=arm --instruction-set-features=div --runtime-arg -Xms64m --runtime-arg -Xmx512m --swap-fd=7
E/NetlinkListener(10859): recvmsg failed (I/O error)
E/NetlinkListener( 687): recvmsg failed (I/O error)
I/dex2oat (11716): Decided to run without swap.
E/NetlinkListener(10859): recvmsg failed (I/O error)
E/NetlinkListener( 687): recvmsg failed (I/O error)
I/dex2oat (11716): dex2oat took 1.189s (threads: 4) arena alloc=114KB java alloc=1667KB native alloc=3MB free=4MB
I/PackageManager(10969): Running dexopt on: /system/priv-app/ProxyHandler/ProxyHandler.apk pkg=com.android.proxyhandler isa=arm vmSafeMode=false
I/dex2oat (11731): /system/bin/dex2oat --zip-fd=5 --zip-location=/system/priv-app/ProxyHandler/ProxyHandler.apk --oat-fd=6 --oat-location=/data/dalvik-cache/arm/system@priv-app@ProxyHandler@ProxyHandler.apk@classes.dex --instruction-set=arm --instruction-set-features=div --runtime-arg -Xms64m --runtime-arg -Xmx512m --swap-fd=7
I/dex2oat (11731): Decided to run without swap.
E/NetlinkListener(10859): recvmsg failed (I/O error)
E/NetlinkListener( 687): recvmsg failed (I/O error)
I/dex2oat (11731): dex2oat took 61.041ms (threads: 4) arena alloc=247KB java alloc=17KB native alloc=1249KB free=6MB
I/PackageManager(10969): Running dexopt on: /system/priv-app/SystemUI/SystemUI.apk pkg=com.android.systemui isa=arm vmSafeMode=false
I/dex2oat (11739): /system/bin/dex2oat --zip-fd=5 --zip-location=/system/priv-app/SystemUI/SystemUI.apk --oat-fd=6 --oat-location=/data/dalvik-cache/arm/system@priv-app@SystemUI@SystemUI.apk@classes.dex --instruction-set=arm --instruction-set-features=div --runtime-arg -Xms64m --runtime-arg -Xmx512m --swap-fd=7
E/NetlinkListener( 687): recvmsg failed (I/O error)
E/NetlinkListener(10859): recvmsg failed (I/O error)
I/dex2oat (11739): Decided to run without swap.
V/WLAN_PSA( 673): NL MSG, len[048], NL type[0x11] WNI type[0x5050] len[028]
V/WLAN_PSA( 673): NL MSG, PID: 673
E/NetlinkListener( 687): recvmsg failed (I/O error)
E/NetlinkListener(10859): recvmsg failed (I/O error)
V/WLAN_PSA( 673): NL MSG, len[4018], NL type[0x1C] WNI type[0x5900] len[39439]
V/WLAN_PSA( 673): NL MSG, PID: 673
E/NetlinkListener( 687): recvmsg failed (I/O error)
E/NetlinkListener(10859): recvmsg failed (I/O error)
E/NetlinkListener( 687): recvmsg failed (I/O error)
E/NetlinkListener(10859): recvmsg failed (I/O error)
E/NetlinkListener( 687): recvmsg failed (I/O error)
E/NetlinkListener(10859): recvmsg failed (I/O error)
I/dex2oat (11739): dex2oat took 1.941s (threads: 4) arena alloc=187KB java alloc=3MB native alloc=5MB free=10MB
I/PackageManager(10969): Running dexopt on: /system/priv-app/TeleService/TeleService.apk pkg=com.android.phone isa=arm vmSafeMode=false
E/NetlinkListener(10859): recvmsg failed (I/O error)
E/NetlinkListener( 687): recvmsg failed (I/O error)
I/dex2oat (11769): /system/bin/dex2oat --zip-fd=5 --zip-location=/system/priv-app/TeleService/TeleService.apk --oat-fd=6 --oat-location=/data/dalvik-cache/arm/system@priv-app@TeleService@TeleService.apk@classes.dex --instruction-set=arm --instruction-set-features=div --runtime-arg -Xms64m --runtime-arg -Xmx512m --swap-fd=7
E/NetlinkListener(10859): recvmsg failed (I/O error)
E/NetlinkListener( 687): recvmsg failed (I/O error)
I/dex2oat (11769): Decided to run without swap.
E/NetlinkListener( 687): recvmsg failed (I/O error)
E/NetlinkListener(10859): recvmsg failed (I/O error)
E/NetlinkListener(10859): recvmsg failed (I/O error)
E/NetlinkListener( 687): recvmsg failed (I/O error)
I/dex2oat (11769): dex2oat took 921.408ms (threads: 4) arena alloc=200KB java alloc=1699KB native alloc=3MB free=4MB
I/PackageManager(10969): Running dexopt on: /system/priv-app/MmsService/MmsService.apk pkg=com.android.mms.service isa=arm vmSafeMode=false
I/dex2oat (11793): /system/bin/dex2oat --zip-fd=5 --zip-location=/system/priv-app/MmsService/MmsService.apk --oat-fd=6 --oat-location=/data/dalvik-cache/arm/system@priv-app@MmsService@MmsService.apk@classes.dex --instruction-set=arm --instruction-set-features=div --runtime-arg -Xms64m --runtime-arg -Xmx512m --swap-fd=7
I/dex2oat (11793): Decided to run without swap.
E/NetlinkListener( 687): recvmsg failed (I/O error)
E/NetlinkListener(10859): recvmsg failed (I/O error)
I/dex2oat (11793): dex2oat took 287.361ms (threads: 4) arena alloc=421KB java alloc=122KB native alloc=1538KB free=6MB
I/PackageManager(10969): Running dexopt on: /system/priv-app/CalendarProvider/CalendarProvider.apk pkg=com.android.providers.calendar isa=arm vmSafeMode=false
I/dex2oat (11802): /system/bin/dex2oat --zip-fd=5 --zip-location=/system/priv-app/CalendarProvider/CalendarProvider.apk --oat-fd=6 --oat-location=/data/dalvik-cache/arm/system@priv-app@CalendarProvider@CalendarProvider.apk@classes.dex --instruction-set=arm --instruction-set-features=div --runtime-arg -Xms64m --runtime-arg -Xmx512m --swap-fd=7
I/dex2oat (11802): Decided to run without swap.
E/NetlinkListener(10859): recvmsg failed (I/O error)
E/NetlinkListener( 687): recvmsg failed (I/O error)
I/dex2oat (11802): dex2oat took 656.998ms (threads: 4) arena alloc=458KB java alloc=434KB native alloc=2MB free=5MB
I/PackageManager(10969): Running dexopt on: /system/priv-app/MediaProvider/MediaProvider.apk pkg=com.android.providers.media isa=arm vmSafeMode=false
I/dex2oat (11813): /system/bin/dex2oat --zip-fd=5 --zip-location=/system/priv-app/MediaProvider/MediaProvider.apk --oat-fd=6 --oat-location=/data/dalvik-cache/arm/system@priv-app@MediaProvider@MediaProvider.apk@classes.dex --instruction-set=arm --instruction-set-features=div --runtime-arg -Xms64m --runtime-arg -Xmx512m --swap-fd=7
I/dex2oat (11813): Decided to run without swap.
E/NetlinkListener( 687): recvmsg failed (I/O error)
E/NetlinkListener(10859): recvmsg failed (I/O error)
I/dex2oat (11813): dex2oat took 447.858ms (threads: 4) arena alloc=936KB java alloc=150KB native alloc=1732KB free=6MB
I/PackageManager(10969): Running dexopt on: /system/priv-app/ContactsProvider/ContactsProvider.apk pkg=com.android.providers.contacts isa=arm vmSafeMode=false
I/dex2oat (11822): /system/bin/dex2oat --zip-fd=5 --zip-location=/system/priv-app/ContactsProvider/ContactsProvider.apk --oat-fd=6 --oat-location=/data/dalvik-cache/arm/system@priv-app@ContactsProvider@ContactsProvider.apk@classes.dex --instruction-set=arm --instruction-set-features=div --runtime-arg -Xms64m --runtime-arg -Xmx512m --swap-fd=7
E/NetlinkListener(10859): recvmsg failed (I/O error)
E/NetlinkListener( 687): recvmsg failed (I/O error)
I/dex2oat (11822): Decided to run without swap.
E/NetlinkListener( 687): recvmsg failed (I/O error)
E/NetlinkListener(10859): recvmsg failed (I/O error)
E/NetlinkListener( 687): recvmsg failed (I/O error)
E/NetlinkListener(10859): recvmsg failed (I/O error)
V/WLAN_PSA( 673): NL MSG, len[048], NL type[0x11] WNI type[0x5050] len[028]
V/WLAN_PSA( 673): NL MSG, PID: 673
E/NetlinkListener( 687): recvmsg failed (I/O error)
E/NetlinkListener(10859): recvmsg failed (I/O error)
E/NetlinkListener( 687): recvmsg failed (I/O error)
E/NetlinkListener(10859): recvmsg failed (I/O error)
V/WLAN_PSA( 673): NL MSG, len[4027], NL type[0x1C] WNI type[0x5900] len[41743]
V/WLAN_PSA( 673): NL MSG, PID: 673
E/NetlinkListener(10859): recvmsg failed (I/O error)
E/NetlinkListener( 687): recvmsg failed (I/O error)
I/dex2oat (11822): dex2oat took 1.664s (threads: 4) arena alloc=1177KB java alloc=747KB native alloc=4MB free=3MB
I/PackageManager(10969): Running dexopt on: /system/priv-app/ManagedProvisioning/ManagedProvisioning.apk pkg=com.android.managedprovisioning isa=arm vmSafeMode=false
I/dex2oat (11849): /system/bin/dex2oat --zip-fd=5 --zip-location=/system/priv-app/ManagedProvisioning/ManagedProvisioning.apk --oat-fd=6 --oat-location=/data/dalvik-cache/arm/system@priv-app@ManagedProvisioning@ManagedProvisioning.apk@classes.dex --instruction-set=arm --instruction-set-features=div --runtime-arg -Xms64m --runtime-arg -Xmx512m --swap-fd=7
E/NetlinkListener(10859): recvmsg failed (I/O error)
E/NetlinkListener( 687): recvmsg failed (I/O error)
I/dex2oat (11849): Decided to run without swap.
E/NetlinkListener( 687): recvmsg failed (I/O error)
E/NetlinkListener(10859): recvmsg failed (I/O error)
E/NetlinkListener( 687): recvmsg failed (I/O error)
E/NetlinkListener(10859): recvmsg failed (I/O error)
E/NetlinkListener( 687): recvmsg failed (I/O error)
E/NetlinkListener(10859): recvmsg failed (I/O error)
E/NetlinkListener( 687): recvmsg failed (I/O error)
E/NetlinkListener(10859): recvmsg failed (I/O error)
I/dex2oat (11849): dex2oat took 543.333ms (threads: 4) arena alloc=104KB java alloc=549KB native alloc=2MB free=5MB
I/PackageManager(10969): Running dexopt on: /system/app/HoloSpiralWallpaper/HoloSpiralWallpaper.apk pkg=com.android.wallpaper.holospiral isa=arm vmSafeMode=false
I/dex2oat (11874): /system/bin/dex2oat --zip-fd=5 --zip-location=/system/app/HoloSpiralWallpaper/HoloSpiralWallpaper.apk --oat-fd=6 --oat-location=/data/dalvik-cache/arm/system@app@HoloSpiralWallpaper@HoloSpiralWallpaper.apk@classes.dex --instruction-set=arm --instruction-set-features=div --runtime-arg -Xms64m --runtime-arg -Xmx512m --swap-fd=7
I/dex2oat (11874): Decided to run without swap.
I/dex2oat (11874): dex2oat took 85.500ms (threads: 4) arena alloc=38KB java alloc=148KB native alloc=1018KB free=7MB
I/PackageManager(10969): Running dexopt on: /system/priv-app/DownloadProvider/DownloadProvider.apk pkg=com.android.providers.downloads isa=arm vmSafeMode=false
E/NetlinkListener(10859): recvmsg failed (I/O error)
E/NetlinkListener( 687): recvmsg failed (I/O error)
I/dex2oat (11880): /system/bin/dex2oat --zip-fd=5 --zip-location=/system/priv-app/DownloadProvider/DownloadProvider.apk --oat-fd=6 --oat-location=/data/dalvik-cache/arm/system@priv-app@DownloadProvider@DownloadProvider.apk@classes.dex --instruction-set=arm --instruction-set-features=div --runtime-arg -Xms64m --runtime-arg -Xmx512m --swap-fd=7
I/dex2oat (11880): Decided to run without swap.
E/NetlinkListener(10859): recvmsg failed (I/O error)
E/NetlinkListener( 687): recvmsg failed (I/O error)
I/dex2oat (11880): dex2oat took 463.991ms (threads: 4) arena alloc=80KB java alloc=417KB native alloc=2MB free=5MB
I/PackageManager(10969): Running dexopt on: /system/app/LiveWallpapers/LiveWallpapers.apk pkg=com.android.wallpaper isa=arm vmSafeMode=false
I/dex2oat (11894): /system/bin/dex2oat --zip-fd=5 --zip-location=/system/app/LiveWallpapers/LiveWallpapers.apk --oat-fd=6 --oat-location=/data/dalvik-cache/arm/system@app@LiveWallpapers@LiveWallpapers.apk@classes.dex --instruction-set=arm --instruction-set-features=div --runtime-arg -Xms64m --runtime-arg -Xmx512m --swap-fd=7
I/dex2oat (11894): Decided to run without swap.
I/dex2oat (11894): dex2oat took 81.061ms (threads: 4) arena alloc=66KB java alloc=73KB native alloc=1272KB free=6MB
I/PackageManager(10969): Running dexopt on: /system/app/Calculator/Calculator.apk pkg=com.android.calculator2 isa=arm vmSafeMode=false
I/dex2oat (11899): /system/bin/dex2oat --zip-fd=5 --zip-location=/system/app/Calculator/Calculator.apk --oat-fd=6 --oat-location=/data/dalvik-cache/arm/system@app@Calculator@Calculator.apk@classes.dex --instruction-set=arm --instruction-set-features=div --runtime-arg -Xms64m --runtime-arg -Xmx512m --swap-fd=7
I/dex2oat (11899): Decided to run without swap.
E/NetlinkListener( 687): recvmsg failed (I/O error)
E/NetlinkListener(10859): recvmsg failed (I/O error)
E/NetlinkListener(10859): recvmsg failed (I/O error)
E/NetlinkListener( 687): recvmsg failed (I/O error)
I/dex2oat (11899): dex2oat took 909.408ms (threads: 4) arena alloc=64KB java alloc=748KB native alloc=2MB free=5MB
I/PackageManager(10969): Running dexopt on: /system/app/Calendar/Calendar.apk pkg=com.android.calendar isa=arm vmSafeMode=false
I/dex2oat (11913): /system/bin/dex2oat --zip-fd=5 --zip-location=/system/app/Calendar/Calendar.apk --oat-fd=6 --oat-location=/data/dalvik-cache/arm/system@app@Calendar@Calendar.apk@classes.dex --instruction-set=arm --instruction-set-features=div --runtime-arg -Xms64m --runtime-arg -Xmx512m --swap-fd=7
I/dex2oat (11913): Decided to run without swap.
E/NetlinkListener(10859): recvmsg failed (I/O error)
E/NetlinkListener( 687): recvmsg failed (I/O error)
E/NetlinkListener(10859): recvmsg failed (I/O error)
E/NetlinkListener( 687): recvmsg failed (I/O error)
E/qdhwcomposer( 1587): isValidDimension: layer handle is NULL
E/qdhwcomposer( 1587): isValidDimension: layer handle is NULL
E/qdoverlay( 1587): Bad ov dump: mdp_overlay z=0 fg=0 alpha=255 mask=-1 flags=0x220000 id=8
E/qdoverlay( 1587): src msmfb_img w=1152 h=1920 format=13 MDP_RGBA_8888
E/qdoverlay( 1587): src_rect mdp_rect x=0 y=0 w=1080 h=1920
E/qdoverlay( 1587): dst_rect mdp_rect x=0 y=0 w=1080 h=1920
I/dex2oat (11913): dex2oat took 1.349s (threads: 4) arena alloc=60KB java alloc=1989KB native alloc=4MB free=3MB
I/PackageManager(10969): Running dexopt on: /system/app/UserDictionaryProvider/UserDictionaryProvider.apk pkg=com.android.providers.userdictionary isa=arm vmSafeMode=false
E/NetlinkListener(10859): recvmsg failed (I/O error)
E/NetlinkListener( 687): recvmsg failed (I/O error)
I/dex2oat (11930): /system/bin/dex2oat --zip-fd=5 --zip-location=/system/app/UserDictionaryProvider/UserDictionaryProvider.apk --oat-fd=6 --oat-location=/data/dalvik-cache/arm/system@app@UserDictionaryProvider@UserDictionaryProvider.apk@classes.dex --instruction-set=arm --instruction-set-features=div --runtime-arg -Xms64m --runtime-arg -Xmx512m --swap-fd=7
I/dex2oat (11930): Decided to run without swap.
E/NetlinkListener(10859): recvmsg failed (I/O error)
E/NetlinkListener( 687): recvmsg failed (I/O error)
I/dex2oat (11930): dex2oat took 90.987ms (threads: 4) arena alloc=156KB java alloc=20KB native alloc=1131KB free=6MB
I/PackageManager(10969): Running dexopt on: /system/app/CaptivePortalLogin/CaptivePortalLogin.apk pkg=com.android.captiveportallogin isa=arm vmSafeMode=false
I/dex2oat (11938): /system/bin/dex2oat --zip-fd=5 --zip-location=/system/app/CaptivePortalLogin/CaptivePortalLogin.apk --oat-fd=6 --oat-location=/data/dalvik-cache/arm/system@app@CaptivePortalLogin@CaptivePortalLogin.apk@classes.dex --instruction-set=arm --instruction-set-features=div --runtime-arg -Xms64m --runtime-arg -Xmx512m --swap-fd=7
I/dex2oat (11938): Decided to run without swap.
I/dex2oat (11938): dex2oat took 123.107ms (threads: 4) arena alloc=85KB java alloc=79KB native alloc=1382KB free=6MB
I/PackageManager(10969): Running dexopt on: /system/app/Bluetooth/Bluetooth.apk pkg=com.android.bluetooth isa=arm vmSafeMode=false
I/dex2oat (11943): /system/bin/dex2oat --zip-fd=5 --zip-location=/system/app/Bluetooth/Bluetooth.apk --oat-fd=6 --oat-location=/data/dalvik-cache/arm/system@app@Bluetooth@Bluetooth.apk@classes.dex --instruction-set=arm --instruction-set-features=div --runtime-arg -Xms64m --runtime-arg -Xmx512m --swap-fd=7
V/WLAN_PSA( 673): NL MSG, len[048], NL type[0x11] WNI type[0x5050] len[028]
V/WLAN_PSA( 673): NL MSG, PID: 673
I/dex2oat (11943): Decided to run without swap.
E/NetlinkListener(10859): recvmsg failed (I/O error)
E/NetlinkListener( 687): recvmsg failed (I/O error)
E/NetlinkListener(10859): recvmsg failed (I/O error)
E/NetlinkListener( 687): recvmsg failed (I/O error)
E/NetlinkListener(10859): recvmsg failed (I/O error)
E/NetlinkListener( 687): recvmsg failed (I/O error)
V/WLAN_PSA( 673): NL MSG, len[4095], NL type[0x1C] WNI type[0x5900] len[59151]
V/WLAN_PSA( 673): NL MSG, PID: 673
E/NetlinkListener( 687): recvmsg failed (I/O error)
E/NetlinkListener(10859): recvmsg failed (I/O error)
E/NetlinkListener(10859): recvmsg failed (I/O error)
E/NetlinkListener( 687): recvmsg failed (I/O error)
E/NetlinkListener(10859): recvmsg failed (I/O error)
E/NetlinkListener( 687): recvmsg failed (I/O error)
E/NetlinkListener( 687): recvmsg failed (I/O error)
E/NetlinkListener(10859): recvmsg failed (I/O error)
E/NetlinkListener( 687): recvmsg failed (I/O error)
E/NetlinkListener(10859): recvmsg failed (I/O error)
E/NetlinkListener(10859): recvmsg failed (I/O error)
E/NetlinkListener( 687): recvmsg failed (I/O error)
E/NetlinkListener(10859): recvmsg failed (I/O error)
E/NetlinkListener( 687): recvmsg failed (I/O error)
E/NetlinkListener(10859): recvmsg failed (I/O error)
E/NetlinkListener( 687): recvmsg failed (I/O error)
E/NetlinkListener(10859): recvmsg failed (I/O error)
E/NetlinkListener( 687): recvmsg failed (I/O error)
E/NetlinkListener(10859): recvmsg failed (I/O error)
E/NetlinkListener( 687): recvmsg failed (I/O error)
E/NetlinkListener(10859): recvmsg failed (I/O error)
E/NetlinkListener( 687): recvmsg failed (I/O error)
I/dex2oat (11943): dex2oat took 4.438s (threads: 4) arena alloc=1315KB java alloc=5MB native alloc=12MB free=7MB
I/PackageManager(10969): Running dexopt on: /system/app/NoiseField/NoiseField.apk pkg=com.android.noisefield isa=arm vmSafeMode=false
I/dex2oat (12014): /system/bin/dex2oat --zip-fd=5 --zip-location=/system/app/NoiseField/NoiseField.apk --oat-fd=6 --oat-location=/data/dalvik-cache/arm/system@app@NoiseField@NoiseField.apk@classes.dex --instruction-set=arm --instruction-set-features=div --runtime-arg -Xms64m --runtime-arg -Xmx512m --swap-fd=7
I/dex2oat (12014): Decided to run without swap.
I/dex2oat (12014): dex2oat took 54.990ms (threads: 4) arena alloc=95KB java alloc=133KB native alloc=1402KB free=6MB
I/PackageManager(10969): Running dexopt on: /system/app/webview/webview.apk pkg=com.android.webview isa=arm vmSafeMode=false
I/dex2oat (12019): /system/bin/dex2oat --zip-fd=5 --zip-location=/system/app/webview/webview.apk --oat-fd=6 --oat-location=/data/dalvik-cache/arm/system@app@webview@webview.apk@classes.dex --instruction-set=arm --instruction-set-features=div --runtime-arg -Xms64m --runtime-arg -Xmx512m --swap-fd=7
I/dex2oat (12019): Decided to run without swap.
E/NetlinkListener(10859): recvmsg failed (I/O error)
E/NetlinkListener( 687): recvmsg failed (I/O error)
E/NetlinkListener( 687): recvmsg failed (I/O error)
E/NetlinkListener(10859): recvmsg failed (I/O error)
V/WLAN_PSA( 673): NL MSG, len[048], NL type[0x11] WNI type[0x5050] len[028]
V/WLAN_PSA( 673): NL MSG, PID: 673
I/dex2oat (12019): dex2oat took 820.124ms (threads: 4) arena alloc=60KB java alloc=1368KB native alloc=3MB free=4MB
I/PackageManager(10969): Running dexopt on: /system/priv-app/ExternalStorageProvider/ExternalStorageProvider.apk pkg=com.android.externalstorage isa=arm vmSafeMode=false
