I/dex2oat ( 9773): /system/bin/dex2oat --zip-fd=5 --zip-location=/system/app/Bluetooth/Bluetooth.apk --oat-fd=6 --oat-location=/data/dalvik-cache/arm/system@app@Bluetooth@Bluetooth.apk@classes.dex --instruction-set=arm --instruction-set-features=div --runtime-arg -Xms64m --runtime-arg -Xmx512m --swap-fd=7
E/QCALOG ( 959): [MessageQ] ProcessNewMessage: [LOWI-SERVER] unknown deliver target [OS-Agent]
E/NetlinkListener( 8193): recvmsg failed (I/O error)
E/NetlinkListener( 687): recvmsg failed (I/O error)
E/NetlinkListener( 8193): recvmsg failed (I/O error)
E/NetlinkListener( 687): recvmsg failed (I/O error)
I/dex2oat ( 9773): Decided to run without swap.
E/NetlinkListener( 687): recvmsg failed (I/O error)
E/NetlinkListener( 8193): recvmsg failed (I/O error)
E/NetlinkListener( 687): recvmsg failed (I/O error)
E/NetlinkListener( 8193): recvmsg failed (I/O error)
E/NetlinkListener( 8193): recvmsg failed (I/O error)
E/NetlinkListener( 687): recvmsg failed (I/O error)
E/NetlinkListener( 687): recvmsg failed (I/O error)
E/NetlinkListener( 8193): recvmsg failed (I/O error)
E/NetlinkListener( 687): recvmsg failed (I/O error)
E/NetlinkListener( 8193): recvmsg failed (I/O error)
V/WLAN_PSA( 673): NL MSG, len[048], NL type[0x11] WNI type[0x5050] len[028]
V/WLAN_PSA( 673): NL MSG, PID: 673
E/NetlinkListener( 8193): recvmsg failed (I/O error)
E/NetlinkListener( 687): recvmsg failed (I/O error)
E/NetlinkListener( 8193): recvmsg failed (I/O error)
E/NetlinkListener( 687): recvmsg failed (I/O error)
E/NetlinkListener( 8193): recvmsg failed (I/O error)
E/NetlinkListener( 687): recvmsg failed (I/O error)
V/WLAN_PSA( 673): NL MSG, len[4009], NL type[0x1C] WNI type[0x5900] len[37135]
V/WLAN_PSA( 673): NL MSG, PID: 673
E/NetlinkListener( 687): recvmsg failed (I/O error)
E/NetlinkListener( 8193): recvmsg failed (I/O error)
E/NetlinkListener( 8193): recvmsg failed (I/O error)
E/NetlinkListener( 687): recvmsg failed (I/O error)
I/dex2oat ( 9773): dex2oat took 4.751s (threads: 4) arena alloc=970KB java alloc=5MB native alloc=12MB free=7MB
I/PackageManager( 8323): Running dexopt on: /system/priv-app/Contacts/Contacts.apk pkg=com.android.contacts isa=arm vmSafeMode=false
I/dex2oat ( 9832): /system/bin/dex2oat --zip-fd=5 --zip-location=/system/priv-app/Contacts/Contacts.apk --oat-fd=6 --oat-location=/data/dalvik-cache/arm/system@priv-app@Contacts@Contacts.apk@classes.dex --instruction-set=arm --instruction-set-features=div --runtime-arg -Xms64m --runtime-arg -Xmx512m --swap-fd=7
I/dex2oat ( 9832): Decided to run without swap.
E/NetlinkListener( 687): recvmsg failed (I/O error)
E/NetlinkListener( 8193): recvmsg failed (I/O error)
E/NetlinkListener( 687): recvmsg failed (I/O error)
E/NetlinkListener( 8193): recvmsg failed (I/O error)
E/NetlinkListener( 687): recvmsg failed (I/O error)
E/NetlinkListener( 8193): recvmsg failed (I/O error)
E/NetlinkListener( 8193): recvmsg failed (I/O error)
E/NetlinkListener( 687): recvmsg failed (I/O error)
I/dex2oat ( 9832): dex2oat took 2.079s (threads: 4) arena alloc=241KB java alloc=2MB native alloc=5MB free=6MB
I/PackageManager( 8323): Running dexopt on: /system/app/PrintSpooler/PrintSpooler.apk pkg=com.android.printspooler isa=arm vmSafeMode=false
I/dex2oat ( 9856): /system/bin/dex2oat --zip-fd=5 --zip-location=/system/app/PrintSpooler/PrintSpooler.apk --oat-fd=6 --oat-location=/data/dalvik-cache/arm/system@app@PrintSpooler@PrintSpooler.apk@classes.dex --instruction-set=arm --instruction-set-features=div --runtime-arg -Xms64m --runtime-arg -Xmx512m --swap-fd=7
I/dex2oat ( 9856): Decided to run without swap.
E/NetlinkListener( 8193): recvmsg failed (I/O error)
E/NetlinkListener( 687): recvmsg failed (I/O error)
V/WLAN_PSA( 673): NL MSG, len[048], NL type[0x11] WNI type[0x5050] len[028]
V/WLAN_PSA( 673): NL MSG, PID: 673
E/NetlinkListener( 8193): recvmsg failed (I/O error)
E/NetlinkListener( 687): recvmsg failed (I/O error)
E/NetlinkListener( 687): recvmsg failed (I/O error)
E/NetlinkListener( 8193): recvmsg failed (I/O error)
I/dex2oat ( 9856): dex2oat took 883.209ms (threads: 4) arena alloc=424KB java alloc=978KB native alloc=3MB free=4MB
I/PackageManager( 8323): Running dexopt on: /system/app/OpenWnn/OpenWnn.apk pkg=jp.co.omronsoft.openwnn isa=arm vmSafeMode=false
I/dex2oat ( 9876): /system/bin/dex2oat --zip-fd=5 --zip-location=/system/app/OpenWnn/OpenWnn.apk --oat-fd=6 --oat-location=/data/dalvik-cache/arm/system@app@OpenWnn@OpenWnn.apk@classes.dex --instruction-set=arm --instruction-set-features=div --runtime-arg -Xms64m --runtime-arg -Xmx512m --swap-fd=7
I/dex2oat ( 9876): Decided to run without swap.
E/NetlinkListener( 687): recvmsg failed (I/O error)
E/NetlinkListener( 8193): recvmsg failed (I/O error)
I/dex2oat ( 9876): dex2oat took 575.522ms (threads: 4) arena alloc=455KB java alloc=356KB native alloc=2MB free=5MB
I/PackageManager( 8323): Running dexopt on: /system/app/BluetoothExt/BluetoothExt.apk pkg=org.codeaurora.bluetooth isa=arm vmSafeMode=false
E/NetlinkListener( 687): recvmsg failed (I/O error)
E/NetlinkListener( 8193): recvmsg failed (I/O error)
I/dex2oat ( 9886): /system/bin/dex2oat --zip-fd=5 --zip-location=/system/app/BluetoothExt/BluetoothExt.apk --oat-fd=6 --oat-location=/data/dalvik-cache/arm/system@app@BluetoothExt@BluetoothExt.apk@classes.dex --instruction-set=arm --instruction-set-features=div --runtime-arg -Xms64m --runtime-arg -Xmx512m --swap-fd=7
E/NetlinkListener( 687): recvmsg failed (I/O error)
E/NetlinkListener( 8193): recvmsg failed (I/O error)
I/dex2oat ( 9886): Decided to run without swap.
E/NetlinkListener( 8193): recvmsg failed (I/O error)
E/NetlinkListener( 687): recvmsg failed (I/O error)
I/dex2oat ( 9886): dex2oat took 481.774ms (threads: 4) arena alloc=192KB java alloc=432KB native alloc=2MB free=5MB
I/PackageManager( 8323): Running dexopt on: /system/app/LiveWallpapers/LiveWallpapers.apk pkg=com.android.wallpaper isa=arm vmSafeMode=false
I/dex2oat ( 9904): /system/bin/dex2oat --zip-fd=5 --zip-location=/system/app/LiveWallpapers/LiveWallpapers.apk --oat-fd=6 --oat-location=/data/dalvik-cache/arm/system@app@LiveWallpapers@LiveWallpapers.apk@classes.dex --instruction-set=arm --instruction-set-features=div --runtime-arg -Xms64m --runtime-arg -Xmx512m --swap-fd=7
I/dex2oat ( 9904): Decided to run without swap.
E/NetlinkListener( 687): recvmsg failed (I/O error)
E/NetlinkListener( 8193): recvmsg failed (I/O error)
I/dex2oat ( 9904): dex2oat took 220.903ms (threads: 4) arena alloc=116KB java alloc=73KB native alloc=1408KB free=6MB
I/PackageManager( 8323): Running dexopt on: /system/priv-app/BackupRestoreConfirmation/BackupRestoreConfirmation.apk pkg=com.android.backupconfirm isa=arm vmSafeMode=false
I/dex2oat ( 9912): /system/bin/dex2oat --zip-fd=5 --zip-location=/system/priv-app/BackupRestoreConfirmation/BackupRestoreConfirmation.apk --oat-fd=6 --oat-location=/data/dalvik-cache/arm/system@priv-app@BackupRestoreConfirmation@BackupRestoreConfirmation.apk@classes.dex --instruction-set=arm --instruction-set-features=div --runtime-arg -Xms64m --runtime-arg -Xmx512m --swap-fd=7
I/dex2oat ( 9912): Decided to run without swap.
I/dex2oat ( 9912): dex2oat took 211.583ms (threads: 4) arena alloc=77KB java alloc=25KB native alloc=1375KB free=6MB
I/PackageManager( 8323): Running dexopt on: /system/app/PacProcessor/PacProcessor.apk pkg=com.android.pacprocessor isa=arm vmSafeMode=false
I/dex2oat ( 9917): /system/bin/dex2oat --zip-fd=5 --zip-location=/system/app/PacProcessor/PacProcessor.apk --oat-fd=6 --oat-location=/data/dalvik-cache/arm/system@app@PacProcessor@PacProcessor.apk@classes.dex --instruction-set=arm --instruction-set-features=div --runtime-arg -Xms64m --runtime-arg -Xmx512m --swap-fd=7
I/dex2oat ( 9917): Decided to run without swap.
I/dex2oat ( 9917): dex2oat took 92.816ms (threads: 4) arena alloc=71KB java alloc=8KB native alloc=987KB free=7MB
I/PackageManager( 8323): Running dexopt on: /system/app/PicoTts/PicoTts.apk pkg=com.svox.pico isa=arm vmSafeMode=false
I/dex2oat ( 9922): /system/bin/dex2oat --zip-fd=5 --zip-location=/system/app/PicoTts/PicoTts.apk --oat-fd=6 --oat-location=/data/dalvik-cache/arm/system@app@PicoTts@PicoTts.apk@classes.dex --instruction-set=arm --instruction-set-features=div --runtime-arg -Xms64m --runtime-arg -Xmx512m --swap-fd=7
V/WLAN_PSA( 673): NL MSG, len[4091], NL type[0x1C] WNI type[0x5900] len[58127]
V/WLAN_PSA( 673): NL MSG, PID: 673
I/dex2oat ( 9922): Decided to run without swap.
I/dex2oat ( 9922): dex2oat took 72.603ms (threads: 4) arena alloc=66KB java alloc=59KB native alloc=1424KB free=6MB
I/PackageManager( 8323): Running dexopt on: /system/priv-app/FairphoneUpdater/FairphoneUpdater.apk pkg=com.fairphone.updater isa=arm vmSafeMode=false
I/dex2oat ( 9927): /system/bin/dex2oat --zip-fd=5 --zip-location=/system/priv-app/FairphoneUpdater/FairphoneUpdater.apk --oat-fd=6 --oat-location=/data/dalvik-cache/arm/system@priv-app@FairphoneUpdater@FairphoneUpdater.apk@classes.dex --instruction-set=arm --instruction-set-features=div --runtime-arg -Xms64m --runtime-arg -Xmx512m --swap-fd=7
I/dex2oat ( 9927): Decided to run without swap.
E/NetlinkListener( 8193): recvmsg failed (I/O error)
E/NetlinkListener( 687): recvmsg failed (I/O error)
E/NetlinkListener( 8193): recvmsg failed (I/O error)
E/NetlinkListener( 687): recvmsg failed (I/O error)
I/dex2oat ( 9927): dex2oat took 779.096ms (threads: 4) arena alloc=295KB java alloc=848KB native alloc=2MB free=5MB
I/PackageManager( 8323): Running dexopt on: /system/app/Music/Music.apk pkg=com.android.music isa=arm vmSafeMode=false
I/dex2oat ( 9945): /system/bin/dex2oat --zip-fd=5 --zip-location=/system/app/Music/Music.apk --oat-fd=6 --oat-location=/data/dalvik-cache/arm/system@app@Music@Music.apk@classes.dex --instruction-set=arm --instruction-set-features=div --runtime-arg -Xms64m --runtime-arg -Xmx512m --swap-fd=7
I/dex2oat ( 9945): Decided to run without swap.
E/NetlinkListener( 687): recvmsg failed (I/O error)
E/NetlinkListener( 8193): recvmsg failed (I/O error)
I/dex2oat ( 9945): dex2oat took 313.544ms (threads: 4) arena alloc=66KB java alloc=498KB native alloc=2MB free=5MB
I/PackageManager( 8323): Running dexopt on: /system/app/Calculator/Calculator.apk pkg=com.android.calculator2 isa=arm vmSafeMode=false
I/dex2oat ( 9954): /system/bin/dex2oat --zip-fd=5 --zip-location=/system/app/Calculator/Calculator.apk --oat-fd=6 --oat-location=/data/dalvik-cache/arm/system@app@Calculator@Calculator.apk@classes.dex --instruction-set=arm --instruction-set-features=div --runtime-arg -Xms64m --runtime-arg -Xmx512m --swap-fd=7
I/dex2oat ( 9954): Decided to run without swap.
E/NetlinkListener( 8193): recvmsg failed (I/O error)
E/NetlinkListener( 687): recvmsg failed (I/O error)
E/NetlinkListener( 8193): recvmsg failed (I/O error)
E/NetlinkListener( 687): recvmsg failed (I/O error)
E/NetlinkListener( 687): recvmsg failed (I/O error)
E/NetlinkListener( 8193): recvmsg failed (I/O error)
I/dex2oat ( 9954): dex2oat took 726.101ms (threads: 4) arena alloc=160KB java alloc=760KB native alloc=2MB free=5MB
I/PackageManager( 8323): Running dexopt on: /system/priv-app/OneTimeInitializer/OneTimeInitializer.apk pkg=com.android.onetimeinitializer isa=arm vmSafeMode=false
I/dex2oat ( 9974): /system/bin/dex2oat --zip-fd=5 --zip-location=/system/priv-app/OneTimeInitializer/OneTimeInitializer.apk --oat-fd=6 --oat-location=/data/dalvik-cache/arm/system@priv-app@OneTimeInitializer@OneTimeInitializer.apk@classes.dex --instruction-set=arm --instruction-set-features=div --runtime-arg -Xms64m --runtime-arg -Xmx512m --swap-fd=7
I/dex2oat ( 9974): Decided to run without swap.
I/dex2oat ( 9974): dex2oat took 110.678ms (threads: 4) arena alloc=184KB java alloc=61KB native alloc=1450KB free=6MB
I/PackageManager( 8323): Running dexopt on: /system/priv-app/VoiceDialer/VoiceDialer.apk pkg=com.android.voicedialer isa=arm vmSafeMode=false
I/dex2oat ( 9979): /system/bin/dex2oat --zip-fd=5 --zip-location=/system/priv-app/VoiceDialer/VoiceDialer.apk --oat-fd=6 --oat-location=/data/dalvik-cache/arm/system@priv-app@VoiceDialer@VoiceDialer.apk@classes.dex --instruction-set=arm --instruction-set-features=div --runtime-arg -Xms64m --runtime-arg -Xmx512m --swap-fd=7
I/dex2oat ( 9979): Decided to run without swap.
I/dex2oat ( 9979): dex2oat took 148.983ms (threads: 4) arena alloc=246KB java alloc=90KB native alloc=1511KB free=6MB
I/PackageManager( 8323): Running dexopt on: /system/app/CertInstaller/CertInstaller.apk pkg=com.android.certinstaller isa=arm vmSafeMode=false
I/dex2oat ( 9985): /system/bin/dex2oat --zip-fd=5 --zip-location=/system/app/CertInstaller/CertInstaller.apk --oat-fd=6 --oat-location=/data/dalvik-cache/arm/system@app@CertInstaller@CertInstaller.apk@classes.dex --instruction-set=arm --instruction-set-features=div --runtime-arg -Xms64m --runtime-arg -Xmx512m --swap-fd=7
E/NetlinkListener( 687): recvmsg failed (I/O error)
E/NetlinkListener( 8193): recvmsg failed (I/O error)
I/dex2oat ( 9985): Decided to run without swap.
I/dex2oat ( 9985): dex2oat took 91.853ms (threads: 4) arena alloc=89KB java alloc=83KB native alloc=1426KB free=6MB
I/PackageManager( 8323): Running dexopt on: /system/app/PhotoTable/PhotoTable.apk pkg=com.android.dreams.phototable isa=arm vmSafeMode=false
I/dex2oat ( 9993): /system/bin/dex2oat --zip-fd=5 --zip-location=/system/app/PhotoTable/PhotoTable.apk --oat-fd=6 --oat-location=/data/dalvik-cache/arm/system@app@PhotoTable@PhotoTable.apk@classes.dex --instruction-set=arm --instruction-set-features=div --runtime-arg -Xms64m --runtime-arg -Xmx512m --swap-fd=7
V/WLAN_PSA( 673): NL MSG, len[048], NL type[0x11] WNI type[0x5050] len[028]
V/WLAN_PSA( 673): NL MSG, PID: 673
I/dex2oat ( 9993): Decided to run without swap.
I/dex2oat ( 9993): dex2oat took 237.958ms (threads: 4) arena alloc=65KB java alloc=156KB native alloc=1702KB free=6MB
I/PackageManager( 8323): Running dexopt on: /system/app/CaptivePortalLogin/CaptivePortalLogin.apk pkg=com.android.captiveportallogin isa=arm vmSafeMode=false
I/dex2oat ( 9998): /system/bin/dex2oat --zip-fd=5 --zip-location=/system/app/CaptivePortalLogin/CaptivePortalLogin.apk --oat-fd=6 --oat-location=/data/dalvik-cache/arm/system@app@CaptivePortalLogin@CaptivePortalLogin.apk@classes.dex --instruction-set=arm --instruction-set-features=div --runtime-arg -Xms64m --runtime-arg -Xmx512m --swap-fd=7
I/dex2oat ( 9998): Decided to run without swap.
I/dex2oat ( 9998): dex2oat took 68.164ms (threads: 4) arena alloc=106KB java alloc=79KB native alloc=1384KB free=6MB
I/PackageManager( 8323): Running dexopt on: /system/app/DeskClock/DeskClock.apk pkg=com.android.deskclock isa=arm vmSafeMode=false
I/dex2oat (10003): /system/bin/dex2oat --zip-fd=5 --zip-location=/system/app/DeskClock/DeskClock.apk --oat-fd=6 --oat-location=/data/dalvik-cache/arm/system@app@DeskClock@DeskClock.apk@classes.dex --instruction-set=arm --instruction-set-features=div --runtime-arg -Xms64m --runtime-arg -Xmx512m --swap-fd=7
I/dex2oat (10003): Decided to run without swap.
E/NetlinkListener( 687): recvmsg failed (I/O error)
E/NetlinkListener( 8193): recvmsg failed (I/O error)
E/NetlinkListener( 8193): recvmsg failed (I/O error)
E/NetlinkListener( 687): recvmsg failed (I/O error)
E/NetlinkListener( 687): recvmsg failed (I/O error)
E/NetlinkListener( 8193): recvmsg failed (I/O error)
I/dex2oat (10003): dex2oat took 766.366ms (threads: 4) arena alloc=102KB java alloc=1114KB native alloc=3MB free=4MB
I/PackageManager( 8323): Running dexopt on: /system/app/Amaze/Amaze.apk pkg=com.amaze.filemanager isa=arm vmSafeMode=false
I/dex2oat (10023): /system/bin/dex2oat --zip-fd=5 --zip-location=/system/app/Amaze/Amaze.apk --oat-fd=6 --oat-location=/data/dalvik-cache/arm/system@app@Amaze@Amaze.apk@classes.dex --instruction-set=arm --instruction-set-features=div --runtime-arg -Xms64m --runtime-arg -Xmx512m --swap-fd=7
E/NetlinkListener( 687): recvmsg failed (I/O error)
E/NetlinkListener( 8193): recvmsg failed (I/O error)
E/NetlinkListener( 8193): recvmsg failed (I/O error)
E/NetlinkListener( 687): recvmsg failed (I/O error)
I/dex2oat (10023): Decided to run without swap.
W/dex2oat (10023): Before Android 4.1, method int android.support.v7.internal.widget.ListViewCompat.lookForSelectablePosition(int, boolean) would have incorrectly overridden the package-private method in android.widget.ListView
E/NetlinkListener( 687): recvmsg failed (I/O error)
E/NetlinkListener( 8193): recvmsg failed (I/O error)
E/NetlinkListener( 8193): recvmsg failed (I/O error)
E/NetlinkListener( 687): recvmsg failed (I/O error)
V/WLAN_PSA( 673): NL MSG, len[4031], NL type[0x1C] WNI type[0x5900] len[42767]
V/WLAN_PSA( 673): NL MSG, PID: 673
E/NetlinkListener( 8193): recvmsg failed (I/O error)
E/NetlinkListener( 687): recvmsg failed (I/O error)
E/NetlinkListener( 8193): recvmsg failed (I/O error)
E/NetlinkListener( 687): recvmsg failed (I/O error)
I/dex2oat (10023): dex2oat took 3.414s (threads: 4) arena alloc=359KB java alloc=6MB native alloc=11MB free=8MB
I/PackageManager( 8323): Running dexopt on: /system/priv-app/SharedStorageBackup/SharedStorageBackup.apk pkg=com.android.sharedstoragebackup isa=arm vmSafeMode=false
I/dex2oat (10054): /system/bin/dex2oat --zip-fd=5 --zip-location=/system/priv-app/SharedStorageBackup/SharedStorageBackup.apk --oat-fd=6 --oat-location=/data/dalvik-cache/arm/system@priv-app@SharedStorageBackup@SharedStorageBackup.apk@classes.dex --instruction-set=arm --instruction-set-features=div --runtime-arg -Xms64m --runtime-arg -Xmx512m --swap-fd=7
I/dex2oat (10054): Decided to run without swap.
I/dex2oat (10054): dex2oat took 55.498ms (threads: 4) arena alloc=186KB java alloc=22KB native alloc=1123KB free=6MB
I/SystemServer( 8323): LockSettingsService
I/SystemServiceManager( 8323): Starting com.android.server.devicepolicy.DevicePolicyManagerService$Lifecycle
I/SystemServer( 8323): Status Bar
I/SystemServer( 8323): Clipboard Service
D/EntSec ( 8323): [QSB ] [QSB_CLIENT ] QualcommSecurityBridge: ClipboardManager
I/EntSec ( 8323): [QSB ] [PORT_SWITCH] QSB Client Thread created
I/SystemServer( 8323): Text Service Manager Service
I/EntSec ( 8323): [QSB ] [PORT_SWITCH] QSB Port Switching Thread start running...
D/EntSec ( 8323): [QSB ] [PORT_SWITCH] Creating NQS Communicator instance
D/EntSec ( 8323): [QSB ] [NQS_CONECTOR] Trying to open a local socket
E/EntSec ( 8323): [QSB ] [NQS_CONECTOR] Failed to create and connect a local socket. [Error Description: No such file or directory ]
E/EntSec ( 8323): [QSB ] [NQS_CONECTOR] Failed to connect to the NQS [Error Description: No such file or directory ]
D/EntSec ( 8323): [QSB ] [PORT_SWITCH] NQS Communicator is disconnected
E/EntSec ( 8323): [QSB ] [PORT_SWITCH] No connection with the NQS; QSB initializes with the default port
I/EntSec ( 8323): [QSB ] [QSB_CLIENT ] Revert Loading port completed successfully
E/EntSec ( 8323): [QSB ] [PORT_SWITCH] QSB Port Switching Thread stop running.
I/SystemServer( 8323): Network Score Service
I/SystemServer( 8323): NetworkStats Service
I/SystemServer( 8323): NetworkPolicy Service
I/SystemServiceManager( 8323): Starting com.android.server.wifi.p2p.WifiP2pService
I/WifiP2pService( 8323): Registering wifip2p
I/SystemServiceManager( 8323): Starting com.android.server.wifi.WifiService
E/WifiConfigStore( 8323): associatedPartialScanPeriodMilli set to 20000
E/WifiStateMachine( 8323): completeConstruction: E
E/WifiStateMachine( 8323): completeConstruction: maxDepth=3
E/WifiStateMachine( 8323): setupInitialStateStack: E mInitialState=InitialState
E/WifiStateMachine( 8323): moveTempStackToStateStack: i=1,j=0
E/WifiStateMachine( 8323): moveTempStackToStateStack: i=0,j=1
E/WifiStateMachine( 8323): moveTempStackToStateStack: X mStateStackTop=1,startingIndex=0,Top=InitialState
E/WifiStateMachine( 8323): handleMessage: E msg.what=-2
E/WifiStateMachine( 8323): invokeEnterMethods: DefaultState
E/WifiStateMachine( 8323): invokeEnterMethods: InitialState
E/WifiStateMachine( 8323): transitionTo: destState=ConnectedState
E/WifiStateMachine( 8323): handleMessage: new destination call exit/enter
E/WifiStateMachine( 8323): setupTempStateStackWithStatesToEnter: X mTempStateStackCount=1,curStateInfo: state=InitialState,active=true,parent=DefaultState
E/WifiStateMachine( 8323): moveTempStackToStateStack: i=0,j=2
E/WifiStateMachine( 8323): moveTempStackToStateStack: X mStateStackTop=2,startingIndex=2,Top=ConnectedState
E/WifiStateMachine( 8323): invokeEnterMethods: ConnectedState
E/WifiStateMachine( 8323): ConnectedState Enter mScreenOn=false scanperiod=20000
E/WifiStateMachine( 8323): handleMessage: X
E/WifiStateMachine( 8323): completeConstruction: X
E/WifiStateMachine( 8323): handleMessage: E msg.what=131154
E/WifiStateMachine( 8323): processMsg: ConnectedState
E/WifiStateMachine( 8323): handleMessage: X
I/WifiService( 8323): Registering wifi
V/WLAN_PSA( 673): NL MSG, len[048], NL type[0x11] WNI type[0x5050] len[028]
V/WLAN_PSA( 673): NL MSG, PID: 673
I/SystemServiceManager( 8323): Starting com.android.server.wifi.WifiScanningService
I/WifiScanningService( 8323): Creating wifiscanner
I/WifiScanningService( 8323): Starting wifiscanner
I/SystemServiceManager( 8323): Starting com.android.server.wifi.RttService
I/RttService( 8323): Creating rttmanager
I/RttService( 8323): Starting rttmanager
I/SystemServer( 8323): Connectivity Service
D/ConnectivityService( 8323): ConnectivityService starting up
D/ConnectivityService( 8323): wifiOnly=true
D/ConnectivityService( 8323): networkAttributes - ignoring mobile as this dev is wifiOnly 0
D/ConnectivityService( 8323): networkAttributes - ignoring mobile as this dev is wifiOnly 2
D/ConnectivityService( 8323): networkAttributes - ignoring mobile as this dev is wifiOnly 3
D/ConnectivityService( 8323): networkAttributes - ignoring mobile as this dev is wifiOnly 4
D/ConnectivityService( 8323): networkAttributes - ignoring mobile as this dev is wifiOnly 5
D/ConnectivityService( 8323): networkAttributes - ignoring mobile as this dev is wifiOnly 10
D/ConnectivityService( 8323): networkAttributes - ignoring mobile as this dev is wifiOnly 11
D/ConnectivityService( 8323): networkAttributes - ignoring mobile as this dev is wifiOnly 12
E/ConnectivityService( 8323): Ignoring protectedNetwork 10
E/ConnectivityService( 8323): Ignoring protectedNetwork 11
E/ConnectivityService( 8323): Ignoring protectedNetwork 12
E/ConnectivityService( 8323): Ignoring protectedNetwork 14
E/ConnectivityService( 8323): Ignoring protectedNetwork 15
I/SystemServer( 8323): Network Service Discovery Service
D/NsdService( 8323): Network service discovery enabled true
I/SystemServer( 8323): DPM Service
I/SystemServer( 8323): DPM configuration set to 0
I/SystemServer( 8323): UpdateLock Service
I/SystemServiceManager( 8323): Starting com.android.server.notification.NotificationManagerService
D/ZenLog ( 8323): set_zen_mode: off,setting
I/SystemServiceManager( 8323): Starting com.android.server.storage.DeviceStorageMonitorService
I/SystemServer( 8323): Location Manager
I/SystemServer( 8323): Country Detector
I/SystemServer( 8323): Search Service
I/SystemServer( 8323): DropBox Service
I/SystemServer( 8323): Wallpaper Service
I/SystemServer( 8323): Audio Service
W/TelecomManager( 8323): Telecom Service not found.
E/AudioPolicyManager( 8194): unknown stream type 13
E/AudioPolicyManager( 8194): unknown stream type 13
E/AudioPolicyManager( 8194): unknown stream type 13
E/AudioPolicyManager( 8194): unknown stream type 13
E/AudioPolicyManager( 8194): unknown stream type 13
E/AudioPolicyManager( 8194): unknown stream type 13
E/AudioPolicyManager( 8194): unknown stream type 13
E/AudioPolicyManager( 8194): unknown stream type 13
E/AudioPolicyManager( 8194): unknown stream type 13
E/AudioPolicyManager( 8194): unknown stream type 13
E/AudioPolicyManager( 8194): unknown stream type 13
E/AudioPolicyManager( 8194): unknown stream type 13
E/AudioPolicyManager( 8194): unknown stream type 13
E/AudioPolicyManager( 8194): unknown stream type 13
E/AudioPolicyManager( 8194): unknown stream type 13
E/AudioPolicyManager( 8194): unknown stream type 13
E/AudioPolicyManager( 8194): unknown stream type 13
E/AudioPolicyManager( 8194): unknown stream type 13
E/AudioPolicyManager( 8194): unknown stream type 13
E/AudioPolicyManager( 8194): unknown stream type 13
E/AudioPolicyManager( 8194): unknown stream type 13
E/AudioPolicyManager( 8194): unknown stream type 13
E/AudioPolicyManager( 8194): unknown stream type 13
E/AudioPolicyManager( 8194): unknown stream type 13
E/AudioPolicyManager( 8194): unknown stream type 13
E/AudioPolicyManager( 8194): unknown stream type 13
E/AudioPolicyManager( 8194): unknown stream type 13
E/AudioPolicyManager( 8194): unknown stream type 13
E/AudioPolicyManager( 8194): unknown stream type 13
E/AudioPolicyManager( 8194): unknown stream type 13
E/AudioPolicyManager( 8194): unknown stream type 13
E/AudioPolicyManager( 8194): unknown stream type 13
E/AudioPolicyManager( 8194): unknown stream type 13
E/AudioPolicyManager( 8194): unknown stream type 13
E/AudioPolicyManager( 8194): unknown stream type 13
E/AudioPolicyManager( 8194): unknown stream type 13
D/audio_hw_primary( 8194): adev_set_mic_mute state 0
E/AudioPolicyManager( 8194): unknown stream type 13
E/AudioPolicyManager( 8194): unknown stream type 13
E/AudioPolicyManager( 8194): unknown stream type 13
E/AudioPolicyManager( 8194): unknown stream type 13
E/AudioPolicyManager( 8194): unknown stream type 13
E/AudioPolicyManager( 8194): unknown stream type 13
E/AudioPolicyManager( 8194): unknown stream type 13
E/AudioPolicyManager( 8194): unknown stream type 13
E/AudioPolicyManager( 8194): unknown stream type 13
E/AudioPolicyManager( 8194): unknown stream type 13
E/AudioPolicyManager( 8194): unknown stream type 13
E/AudioPolicyManager( 8194): unknown stream type 13
E/AudioPolicyManager( 8194): unknown stream type 13
E/AudioPolicyManager( 8194): unknown stream type 13
E/AudioPolicyManager( 8194): unknown stream type 13
E/AudioPolicyManager( 8194): unknown stream type 13
E/AudioPolicyManager( 8194): unknown stream type 13
E/AudioPolicyManager( 8194): unknown stream type 13
E/AudioPolicyManager( 8194): unknown stream type 13
E/AudioPolicyManager( 8194): unknown stream type 13
E/AudioPolicyManager( 8194): unknown stream type 13
E/AudioPolicyManager( 8194): unknown stream type 13
E/AudioPolicyManager( 8194): unknown stream type 13
E/AudioPolicyManager( 8194): unknown stream type 13
E/AudioPolicyManager( 8194): unknown stream type 13
E/AudioPolicyManager( 8194): unknown stream type 13
E/AudioPolicyManager( 8194): unknown stream type 13
E/AudioPolicyManager( 8194): unknown stream type 13
E/AudioPolicyManager( 8194): unknown stream type 13
E/AudioPolicyManager( 8194): unknown stream type 13
E/AudioPolicyManager( 8194): unknown stream type 13
E/AudioPolicyManager( 8194): unknown stream type 13
E/AudioPolicyManager( 8194): unknown stream type 13
E/AudioPolicyManager( 8194): unknown stream type 13
E/AudioPolicyManager( 8194): unknown stream type 13
E/AudioPolicyManager( 8194): unknown stream type 13
D/audio_hw_primary( 8194): out_set_parameters: enter: usecase(0: deep-buffer-playback) kvpairs: fm_volume=0.4253543019
D/audio_hw_extn( 8194): audio_extn_set_anc_parameters: anc_enabled:0
D/audio_hw_fm( 8194): audio_extn_fm_set_parameters: set_fm_volume usecase
D/audio_hw_fm( 8194): fm_set_volume: (0.425354)
E/AudioPolicyManager( 8194): unknown stream type 13
E/AudioPolicyManager( 8194): unknown stream type 13
I/SystemServiceManager( 8323): Starting com.android.server.DockObserver
W/DockObserver( 8323): This kernel does not have dock station support
I/SystemServer( 8323): Wired Accessory Manager
W/WiredAccessoryManager( 8323): This kernel does not have usb audio support
W/WiredAccessoryManager( 8323): This kernel does not have HDMI audio support
I/SystemServer( 8323): Serial Service
I/SystemServiceManager( 8323): Starting com.android.server.twilight.TwilightService
I/SystemServiceManager( 8323): Starting com.android.server.UiModeManagerService
I/SystemServiceManager( 8323): Starting com.android.server.job.JobSchedulerService
D/WifiService( 8323): New client listening to asynchronous messages
E/WifiStateMachine( 8323): handleMessage: E msg.what=131223
E/WifiStateMachine( 8323): processMsg: ConnectedState
E/dbus_Helpers( 8323): unhandled: name: MaxRate type: u
E/dbus_Helpers( 8323): unhandled: name: Frequency type: q
D/ConnectivityService( 8323): registerNetworkAgent NetworkAgentInfo{ ni{[type: WIFI[], state: UNKNOWN/IDLE, reason: (unspecified), extra: (none), roaming: false, failover: false, isAvailable: true, isConnectedToProvisioningNetwork: false]} network{null} lp{{InterfaceName: wlan0 LinkAddresses: [192.168.1.59/24,] Routes: [0.0.0.0/0 -> 192.168.1.1 wlan0,] DnsAddresses: [195.197.54.100,192.168.1.1,] Domains: null MTU: 1500}} nc{[ Transports: WIFI Capabilities: INTERNET&NOT_RESTRICTED&TRUSTED&NOT_VPN LinkUpBandwidth>=1048576Kbps LinkDnBandwidth>=1048576Kbps]} Score{20} everValidated{false} lastValidated{false} created{false} explicitlySelected{false} }
E/WifiStateMachine( 8323): setDetailed state, old =IDLE and new state=CONNECTED hidden=false
D/ConnectivityService( 8323): NetworkAgentInfo [WIFI () - 100] EVENT_NETWORK_INFO_CHANGED, going from null to UNKNOWN
E/WifiStateMachine( 8323): setWifiState: enabled
E/WifiStateMachine( 8323): wifi info recent enough
I/SystemServiceManager( 8323): Starting com.android.server.backup.BackupManagerService$Lifecycle
E/WifiStateMachine( 8323): handleMessage: X
D/ConnectivityService( 8323): NetworkAgentInfo [WIFI () - 100] EVENT_NETWORK_INFO_CHANGED, going from UNKNOWN to CONNECTED
I/SystemServiceManager( 8323): Starting com.android.server.appwidget.AppWidgetService
D/ConnectivityService( 8323): notifyType IP_CHANGED for NetworkAgentInfo [WIFI () - 100]
I/SystemServiceManager( 8323): Starting com.android.server.voiceinteraction.VoiceInteractionManagerService
D/ConnectivityService( 8323): notifyType PRECHECK for NetworkAgentInfo [WIFI () - 100] D/NetworkMonitor/NetworkAgentInfo [WIFI () - 100]( 8323): DefaultState{ when=-1ms what=532481 target=com.android.internal.util.StateMachine$SmHandler } D/NetworkMonitor/NetworkAgentInfo [WIFI () - 100]( 8323): Connected D/NetworkMonitor/NetworkAgentInfo [WIFI () - 100]( 8323): EvaluatingState{ when=0 what=532486 arg1=1 target=com.android.internal.util.StateMachine$SmHandler } D/NetworkMonitor/NetworkAgentInfo [WIFI () - 100]( 8323): Validated
D/ConnectivityService( 8323): rematching NetworkAgentInfo [WIFI () - 100]
D/ConnectivityService( 8323): accepting network in place of null
W/SoundTriggerHelper( 8323): listModules status=0, # of modules=0
I/SystemServer( 8323): DiskStats Service
I/SystemServer( 8323): SamplingProfiler Service
D/ConnectivityService( 8323): Switching to new default network: NetworkAgentInfo{ ni{[type: WIFI[], state: CONNECTED/CONNECTED, reason: (unspecified), extra: "marsu", roaming: false, failover: false, isAvailable: true, isConnectedToProvisioningNetwork: false]} network{100} lp{{InterfaceName: wlan0 LinkAddresses: [192.168.1.59/24,] Routes: [0.0.0.0/0 -> 192.168.1.1 wlan0,] DnsAddresses: [195.197.54.100,192.168.1.1,] Domains: null MTU: 1500}} nc{[ Transports: WIFI Capabilities: INTERNET&NOT_RESTRICTED&TRUSTED&NOT_VPN LinkUpBandwidth>=1048576Kbps LinkDnBandwidth>=1048576Kbps]} Score{100} everValidated{false} lastValidated{false} created{true} explicitlySelected{true} }
D/ConnectivityService( 8323): Invalid tcpBufferSizes string: null, using defaults
D/ConnectivityService( 8323): Setting tx/rx TCP buffers to 4096,87380,110208,4096,16384,110208
I/SystemServer( 8323): NetworkTimeUpdateService
I/SystemServer( 8323): CommonTimeManagementService
I/SystemServer( 8323): CertBlacklister
D/ConnectivityService( 8323): notifyType AVAILABLE for NetworkAgentInfo [WIFI () - 100]
D/CSLegacyTypeTracker( 8323): Sending connected broadcast for type 1 NetworkAgentInfo [WIFI () - 100] isDefaultNetwork=true
D/ConnectivityService( 8323): sendStickyBroadcast: action=android.net.conn.CONNECTIVITY_CHANGE_IMMEDIATE
I/SystemServiceManager( 8323): Starting com.android.server.dreams.DreamManagerService
D/ConnectivityService( 8323): sendStickyBroadcast: action=android.net.conn.CONNECTIVITY_CHANGE
D/ConnectivityService( 8323): setProvNotificationVisibleIntent: E visible=false networkType=0 extraInfo=null
D/ConnectivityService( 8323): Validated NetworkAgentInfo [WIFI () - 100]
D/ConnectivityService( 8323): rematching NetworkAgentInfo [WIFI () - 100]
D/ConnectivityService( 8323): Network NetworkAgentInfo [WIFI () - 100] was already satisfying request 1. No change.
D/ConnectivityService( 8323): notifyType AVAILABLE for NetworkAgentInfo [WIFI () - 100]
D/ConnectivityService( 8323): sendStickyBroadcast: action=android.net.conn.INET_CONDITION_ACTION
D/WifiNetworkAgent( 8323): NetworkAgent: WifiNetworkAgent -> Wifi networkStatus valid, score= 0
E/WifiStateMachine( 8323): handleMessage: E msg.what=131220
E/WifiStateMachine( 8323): processMsg: ConnectedState
E/WifiStateMachine( 8323): handleMessage: X
I/SystemServer( 8323): Assets Atlas Service
I/SystemServiceManager( 8323): Starting com.android.server.print.PrintManagerService
D/AssetAtlas( 8323): Loaded configuration: SliceMinArea (768x768) flags=0x2 count=2
I/SystemServiceManager( 8323): Starting com.android.server.restrictions.RestrictionsManagerService
I/SystemServiceManager( 8323): Starting com.android.server.media.MediaSessionService
E/NetlinkListener( 8193): recvmsg failed (I/O error)
E/NetlinkListener( 687): recvmsg failed (I/O error)
E/NetlinkListener( 687): recvmsg failed (I/O error)
E/NetlinkListener( 8193): recvmsg failed (I/O error)
I/Adreno-EGL( 8323): : EGL 1.4 QUALCOMM build: ()
I/Adreno-EGL( 8323): OpenGL ES Shader Compiler Version: E031.25.03.06
I/Adreno-EGL( 8323): Build Date: 01/14/16 Thu I/Adreno-EGL( 8323): Local Branch:
I/Adreno-EGL( 8323): Remote Branch:
I/Adreno-EGL( 8323): Local Patches:
I/Adreno-EGL( 8323): Reconstruct Branch:
I/SystemServer( 8323): Media Router Service
I/SystemServiceManager( 8323): Starting com.android.server.trust.TrustManagerService
I/SystemServiceManager( 8323): Starting com.android.server.fingerprint.FingerprintService
I/art ( 8323): Background partial concurrent mark sweep GC freed 23479(2016KB) AllocSpace objects, 5(80KB) LOS objects, 43% free, 5MB/9MB, paused 6.288ms total 61.686ms
V/Fingerprint-JNI( 8323): nativeInit()
V/Fingerprint-JNI( 8323): nativeOpenHal()
E/Fingerprint-JNI( 8323): Can't open fingerprint HW Module, error: -2
I/SystemServer( 8323): BackgroundDexOptService
I/SystemServiceManager( 8323): Starting com.android.server.pm.LauncherAppsService
D/SystemServer( 8323): Wipower not supported
I/SystemServer( 8323): Digital Pen Service
D/DigitalPenService( 8323): Loaded DigitalPenService library
I/DigitalPenService( 8323): startPostBootThread called
I/SystemServer( 8323): Successfully loaded DigitalPenService class
I/SystemServiceManager( 8323): Starting com.android.server.media.projection.MediaProjectionManagerService
D/AssetAtlas( 8323): Rendered atlas in 55.15ms (0.13+55.02ms)
I/SystemServer( 8323): PrivacyImpactService
I/PrivacyImpactService( 8323): Starting PrivacyImpactService
D/PrivacyImpactService( 8323): Started PrivacyImpactService
I/WindowManager( 8323): SAFE MODE not enabled
E/GlobalSettingsPersister( 8323): FileNotFoundException while opening xml
W/System.err( 8323): java.io.FileNotFoundException: /data/usf/epos/cfg_mtp/service_settings_mtp.xml: open failed: ENOENT (No such file or directory)
W/System.err( 8323): at libcore.io.IoBridge.open(IoBridge.java:456)
W/System.err( 8323): at java.io.FileInputStream.(FileInputStream.java:76)
W/System.err( 8323): at android.util.AtomicFile.openRead(AtomicFile.java:199)
W/System.err( 8323): at com.qti.snapdragon.digitalpen.GlobalSettingsPersister.deserialize(GlobalSettingsPersister.java:69)
W/System.err( 8323): at com.qti.snapdragon.digitalpen.DigitalPenService.setGlobalConfigFromPersister(DigitalPenService.java:1008)
W/System.err( 8323): at com.qti.snapdragon.digitalpen.DigitalPenService.access$1600(DigitalPenService.java:68)
W/System.err( 8323): at com.qti.snapdragon.digitalpen.DigitalPenService$PollingPostBootThread.run(DigitalPenService.java:902)
W/System.err( 8323): Caused by: android.system.ErrnoException: open failed: ENOENT (No such file or directory)
I/SystemServiceManager( 8323): Starting com.android.server.MmsServiceBroker
W/System.err( 8323): at libcore.io.Posix.open(Native Method)
W/System.err( 8323): at libcore.io.BlockGuardOs.open(BlockGuardOs.java:186)
W/System.err( 8323): at libcore.io.IoBridge.open(IoBridge.java:442)
W/System.err( 8323): ... 6 more
E/GlobalSettingsPersister( 8323): Error deserializing XML: /data/usf/epos/service_settings.xml getting default DigitalPenConfig
I/DigitalPenService( 8323): isEnabled called
W/DigitalPenService( 8323): Ignoring changeConfig when service not enabled
E/DigitalPenService( 8323): Could not set off screen display dimensions since callback is null
E/SQLiteLog( 8323): (283) recovered 14 frames from WAL file /data/system/locksettings.db-wal
E/LockSettingsStorage( 8323): Cannot read file java.io.FileNotFoundException: /data/system/password.key: open failed: ENOENT (No such file or directory)
E/LockSettingsStorage( 8323): Cannot read file java.io.FileNotFoundException: /data/system/gesture.key: open failed: ENOENT (No such file or directory)
I/SystemServiceManager( 8323): Starting phase 480
I/SystemServiceManager( 8323): Starting phase 500
I/WifiService( 8323): WifiService starting up with Wi-Fi enabled
D/WifiService( 8323): setWifiEnabled: true pid=8323, uid=1000
E/WifiService( 8323): Invoking mWifiStateMachine.setWifiEnabled
I/WifiScanningService( 8323): Registering wifiscanner
D/WifiScanningService( 8323): New client, channel: null messenger: null
I/RttService( 8323): Registering rttmanager
D/WifiChangeStateMachine( 8323): Entering IdleState
D/WifiScanningService( 8323): DefaultState
I/ActivityManager( 8323): Config changes=200 {1.0 ?mcc?mnc en_US ?layoutDir sw360dp w360dp h567dp 480dpi nrml port -touch -keyb/v/h -nav/h s.4}
E/SurfaceFlinger( 5244): Permission Denial: can't access SurfaceFlinger pid=8323, uid=1000
E/SurfaceFlinger( 5244): Permission Denial: can't access SurfaceFlinger pid=8323, uid=1000
V/BackupManagerService( 8323): No ancestral data
D/BackupManagerService( 8323): Now staging backup of com.android.browser
F/WindowAnimator( 8323): Unhandled exception in Window Manager
F/WindowAnimator( 8323): java.lang.NullPointerException: Attempt to invoke virtual method 'void android.view.SurfaceControl.setLayer(int)' on a null object reference
F/WindowAnimator( 8323): at com.android.server.wm.FocusedStackFrame.setLayer(FocusedStackFrame.java:140)
F/WindowAnimator( 8323): at com.android.server.wm.WindowManagerService.setFocusedStackLayer(WindowManagerService.java:3985)
F/WindowAnimator( 8323): at com.android.server.wm.WindowAnimator.animateLocked(WindowAnimator.java:708)
F/WindowAnimator( 8323): at com.android.server.wm.WindowAnimator.access$000(WindowAnimator.java:54)
F/WindowAnimator( 8323): at com.android.server.wm.WindowAnimator$1.run(WindowAnimator.java:126)
F/WindowAnimator( 8323): at android.view.Choreographer$CallbackRecord.run(Choreographer.java:767)
F/WindowAnimator( 8323): at android.view.Choreographer.doCallbacks(Choreographer.java:580)
F/WindowAnimator( 8323): at android.view.Choreographer.doFrame(Choreographer.java:549)
F/WindowAnimator( 8323): at android.view.Choreographer$FrameDisplayEventReceiver.run(Choreographer.java:753)
F/WindowAnimator( 8323): at android.os.Handler.handleCallback(Handler.java:739)
F/WindowAnimator( 8323): at android.os.Handler.dispatchMessage(Handler.java:95)
F/WindowAnimator( 8323): at android.os.Looper.loop(Looper.java:135)
F/WindowAnimator( 8323): at android.os.HandlerThread.run(HandlerThread.java:61)
F/WindowAnimator( 8323): at com.android.server.ServiceThread.run(ServiceThread.java:46)
E/SurfaceFlinger( 5244): Permission Denial: can't access SurfaceFlinger pid=8323, uid=1000
D/BackupManagerService( 8323): Now staging backup of android
D/BackupManagerService( 8323): Now staging backup of com.android.mms
I/DropBoxManagerService( 8323): Cleaning temp file: /data/system/dropbox/drop18.tmp
D/BackupManagerService( 8323): Now staging backup of com.android.calendar
D/BackupManagerService( 8323): Now staging backup of com.android.providers.settings
D/BackupManagerService( 8323): Now staging backup of com.android.sharedstoragebackup
D/BackupManagerService( 8323): Now staging backup of com.android.dialer
D/BackupManagerService( 8323): Now staging backup of com.qti.backupagent
D/BackupManagerService( 8323): Now staging backup of com.android.providers.userdictionary
V/BackupManagerService( 8323): Starting with transport android/com.android.internal.backup.LocalTransport
V/BackupManagerService( 8323): Found transports: 1
I/BackupManagerService( 8323): Binding to transport host ComponentInfo{android/com.android.internal.backup.LocalTransportService}
I/BackupManagerService( 8323): Found stale backup journal, scheduling
E/SurfaceFlinger( 5244): Permission Denial: can't access SurfaceFlinger pid=8323, uid=1000
E/SurfaceFlinger( 5244): Permission Denial: can't access SurfaceFlinger pid=8323, uid=1000
W/DisplayPowerController( 8323): config_screenBrightnessDark (10) should be less than or equal to the first value of config_autoBrightnessLcdBacklightValues (3).
E/SurfaceFlinger( 5244): Permission Denial: can't access SurfaceFlinger pid=8323, uid=1000
I/DigitalPenService( 8323): registerOffScreenDimensionsCallback called
I/ActivityManager( 8323): System now ready
I/DigitalPenOffScreenDisplayAdapter( 8323): mInfo is null, getting a new one
I/DisplayManagerService( 8323): Display device added: DisplayDeviceInfo{"Digital Pen off-screen display": uniqueId="null", 480 x 640, 60.0 fps, supportedRefreshRates [], density 160, 160.0 x 160.0 dpi, appVsyncOff 0, presDeadline 0, touch EXTERNAL, rotation 0, type BUILT_IN, state ON, FLAG_ROTATES_WITH_CONTENT}
F/WindowAnimator( 8323): Unhandled exception in Window Manager
F/WindowAnimator( 8323): java.lang.NullPointerException: Attempt to invoke virtual method 'void android.view.SurfaceControl.setLayer(int)' on a null object reference
F/WindowAnimator( 8323): at com.android.server.wm.FocusedStackFrame.setLayer(FocusedStackFrame.java:140)
F/WindowAnimator( 8323): at com.android.server.wm.WindowManagerService.setFocusedStackLayer(WindowManagerService.java:3985)
F/WindowAnimator( 8323): at com.android.server.wm.WindowAnimator.animateLocked(WindowAnimator.java:708)
F/WindowAnimator( 8323): at com.android.server.wm.WindowAnimator.access$000(WindowAnimator.java:54)
F/WindowAnimator( 8323): at com.android.server.wm.WindowAnimator$1.run(WindowAnimator.java:126)
F/WindowAnimator( 8323): at android.view.Choreographer$CallbackRecord.run(Choreographer.java:767)
F/WindowAnimator( 8323): at android.view.Choreographer.doCallbacks(Choreographer.java:580)
F/WindowAnimator( 8323): at android.view.Choreographer.doFrame(Choreographer.java:549)
F/WindowAnimator( 8323): at android.view.Choreographer$FrameDisplayEventReceiver.run(Choreographer.java:753)
F/WindowAnimator( 8323): at android.os.Handler.handleCallback(Handler.java:739)
F/WindowAnimator( 8323): at android.os.Handler.dispatchMessage(Handler.java:95)
F/WindowAnimator( 8323): at android.os.Looper.loop(Looper.java:135)
F/WindowAnimator( 8323): at android.os.HandlerThread.run(HandlerThread.java:61)
F/WindowAnimator( 8323): at com.android.server.ServiceThread.run(ServiceThread.java:46)
E/SurfaceFlinger( 5244): Permission Denial: can't access SurfaceFlinger pid=8323, uid=1000
F/WindowManager( 8323): Unhandled exception in Window Manager
F/WindowManager( 8323): java.lang.IllegalArgumentException: displayToken must not be null
F/WindowManager( 8323): at android.view.SurfaceControl.setDisplayLayerStack(SurfaceControl.java:588)
F/WindowManager( 8323): at com.android.server.display.DisplayDevice.setLayerStackInTransactionLocked(DisplayDevice.java:140)
F/WindowManager( 8323): at com.android.server.display.LogicalDisplay.configureDisplayInTransactionLocked(LogicalDisplay.java:262)
F/WindowManager( 8323): at com.android.server.display.DisplayManagerService.configureDisplayInTransactionLocked(DisplayManagerService.java:884)
F/WindowManager( 8323): at com.android.server.display.DisplayManagerService.performTraversalInTransactionLocked(DisplayManagerService.java:806)
F/WindowManager( 8323): at com.android.server.display.DisplayManagerService.performTraversalInTransactionFromWindowManagerInternal(DisplayManagerService.java:317)
F/WindowManager( 8323): at com.android.server.display.DisplayManagerService.access$4200(DisplayManagerService.java:112)
F/WindowManager( 8323): at com.android.server.display.DisplayManagerService$LocalService.performTraversalInTransactionFromWindowManager(DisplayManagerService.java:1539)
F/WindowManager( 8323): at com.android.server.wm.WindowManagerService.performLayoutAndPlaceSurfacesLockedInner(WindowManagerService.java:9960)
F/WindowManager( 8323): at com.android.server.wm.WindowManagerService.performLayoutAndPlaceSurfacesLockedLoop(WindowManagerService.java:8828)
F/WindowManager( 8323): at com.android.server.wm.WindowManagerService.performLayoutAndPlaceSurfacesLocked(WindowManagerService.java:8770)
F/WindowManager( 8323): at com.android.server.wm.WindowManagerService.access$400(WindowManagerService.java:163)
F/WindowManager( 8323): at com.android.server.wm.WindowManagerService$H.handleMessage(WindowManagerService.java:7736)
F/WindowManager( 8323): at android.os.Handler.dispatchMessage(Handler.java:102)
F/WindowManager( 8323): at android.os.Looper.loop(Looper.java:135)
F/WindowManager( 8323): at android.os.HandlerThread.run(HandlerThread.java:61)
F/WindowManager( 8323): at com.android.server.ServiceThread.run(ServiceThread.java:46)
E/SurfaceFlinger( 5244): Permission Denial: can't access SurfaceFlinger pid=8323, uid=1000
E/SurfaceFlinger( 5244): Permission Denial: can't access SurfaceFlinger pid=8323, uid=1000
E/SurfaceFlinger( 5244): Permission Denial: can't access SurfaceFlinger pid=8323, uid=1000
E/SurfaceFlinger( 5244): Permission Denial: can't access SurfaceFlinger pid=8323, uid=1000
I/SystemServer( 8323): Making services ready
I/SystemServiceManager( 8323): Starting phase 550
I/SystemServer( 8323): WebViewFactory preparation
I/Zygote ( 8323): Process: zygote socket opened, supported ABIS: armeabi-v7a,armeabi
F/WindowAnimator( 8323): Unhandled exception in Window Manager
F/WindowAnimator( 8323): java.lang.NullPointerException: Attempt to invoke virtual method 'void android.view.SurfaceControl.setLayer(int)' on a null object reference
F/WindowAnimator( 8323): at com.android.server.wm.FocusedStackFrame.setLayer(FocusedStackFrame.java:140)
F/WindowAnimator( 8323): at com.android.server.wm.WindowManagerService.setFocusedStackLayer(WindowManagerService.java:3985)
F/WindowAnimator( 8323): at com.android.server.wm.WindowAnimator.animateLocked(WindowAnimator.java:708)
F/WindowAnimator( 8323): at com.android.server.wm.WindowAnimator.access$000(WindowAnimator.java:54)
F/WindowAnimator( 8323): at com.android.server.wm.WindowAnimator$1.run(WindowAnimator.java:126)
F/WindowAnimator( 8323): at android.view.Choreographer$CallbackRecord.run(Choreographer.java:767)
F/WindowAnimator( 8323): at android.view.Choreographer.doCallbacks(Choreographer.java:580)
F/WindowAnimator( 8323): at android.view.Choreographer.doFrame(Choreographer.java:549)
F/WindowAnimator( 8323): at android.view.Choreographer$FrameDisplayEventReceiver.run(Choreographer.java:753)
F/WindowAnimator( 8323): at android.os.Handler.handleCallback(Handler.java:739)
F/WindowAnimator( 8323): at android.os.Handler.dispatchMessage(Handler.java:95)
F/WindowAnimator( 8323): at android.os.Looper.loop(Looper.java:135)
F/WindowAnimator( 8323): at android.os.HandlerThread.run(HandlerThread.java:61)
F/WindowAnimator( 8323): at com.android.server.ServiceThread.run(ServiceThread.java:46)
E/SurfaceFlinger( 5244): Permission Denial: can't access SurfaceFlinger pid=8323, uid=1000
E/NetlinkListener( 8193): recvmsg failed (I/O error)
E/NetlinkListener( 687): recvmsg failed (I/O error)
E/libprocessgroup(10111): failed to open /acct/uid_1037/pid_10111/cgroup.procs: No such file or directory
E/Zygote (10111): createProcessGroup(1037, 0) failed: No such file or directory
I/ActivityManager( 8323): Start proc 10111:WebViewLoader-armeabi-v7a/1037 [android.webkit.WebViewFactory$RelroFileCreator] for
V/WebViewFactory(10111): RelroFileCreator (64bit = false), 32-bit lib: /system/app/webview/lib/arm/libwebviewchromium.so, 64-bit lib:
E/libprocessgroup(10129): failed to open /acct/uid_10018/pid_10129/cgroup.procs: No such file or directory
E/Zygote (10129): createProcessGroup(10018, 0) failed: No such file or directory
I/ActivityManager( 8323): Start proc 10129:com.android.systemui/u0a18 for service com.android.systemui/.SystemUIService
W/NetworkStats( 8323): bandwidth controls disabled, unable to track stats
W/NetworkPolicy( 8323): bandwidth controls disabled, unable to enforce policy
E/MountService( 8323): Boot-time mount failed (-1)
W/SystemServer( 8323): ***********************************************
F/SystemServer( 8323): BOOT FAILURE making Connectivity Service ready
F/SystemServer( 8323): java.lang.NullPointerException: Attempt to invoke interface method 'int android.security.IKeystoreService.exist(java.lang.String, int)' on a null object reference
F/SystemServer( 8323): at android.security.KeyStore.contains(KeyStore.java:137)
F/SystemServer( 8323): at android.security.KeyStore.contains(KeyStore.java:145)
F/SystemServer( 8323): at com.android.server.net.LockdownVpnTracker.isEnabled(LockdownVpnTracker.java:88)
F/SystemServer( 8323): at com.android.server.ConnectivityService.updateLockdownVpn(ConnectivityService.java:3129)
F/SystemServer( 8323): at com.android.server.ConnectivityService.systemReady(ConnectivityService.java:1629)
F/SystemServer( 8323): at com.android.server.SystemServer$2.run(SystemServer.java:1181)
