W/Settings( 7409): at com.android.internal.telephony.gsm.GSMPhone.(GSMPhone.java:199)
W/Settings( 7409): at com.android.internal.telephony.gsm.GSMPhone.(GSMPhone.java:183)
W/Settings( 7409): at com.android.internal.telephony.PhoneFactory.makeDefaultPhone(PhoneFactory.java:183)
W/Settings( 7409): at com.android.internal.telephony.PhoneFactory.makeDefaultPhones(PhoneFactory.java:80)
W/Settings( 7409): at com.android.phone.PhoneGlobals.onCreate(PhoneGlobals.java:338)
W/Settings( 7409): at com.android.phone.PhoneApp.onCreate(PhoneApp.java:41)
W/Settings( 7409): at android.app.Instrumentation.callApplicationOnCreate(Instrumentation.java:1012)
W/Settings( 7409): at android.app.ActivityThread.handleBindApplication(ActivityThread.java:4553)
W/Settings( 7409): at android.app.ActivityThread.access$1500(ActivityThread.java:151)
W/Settings( 7409): at android.app.ActivityThread$H.handleMessage(ActivityThread.java:1364)
W/Settings( 7409): at android.os.Handler.dispatchMessage(Handler.java:102)
W/Settings( 7409): at android.os.Looper.loop(Looper.java:135)
W/Settings( 7409): at android.app.ActivityThread.main(ActivityThread.java:5254)
W/Settings( 7409): at java.lang.reflect.Method.invoke(Native Method)
W/Settings( 7409): at java.lang.reflect.Method.invoke(Method.java:372)
W/Settings( 7409): at com.android.internal.os.ZygoteInit$MethodAndArgsCaller.run(ZygoteInit.java:904)
W/Settings( 7409): at com.android.internal.os.ZygoteInit.main(ZygoteInit.java:699)
W/Settings( 7409): Can't get key multi_sim_data_call from content://settings/global
W/Settings( 7409): android.os.DeadObjectException
W/Settings( 7409): at android.os.BinderProxy.transactNative(Native Method)
W/Settings( 7409): at android.os.BinderProxy.transact(Binder.java:496)
W/Settings( 7409): at android.content.ContentProviderProxy.query(ContentProviderNative.java:419)
W/Settings( 7409): at android.provider.Settings$NameValueCache.getStringForUser(Settings.java:1166)
W/Settings( 7409): at android.provider.Settings$Global.getStringForUser(Settings.java:6866)
W/Settings( 7409): at android.provider.Settings$Global.getString(Settings.java:6855)
W/Settings( 7409): at android.provider.Settings$Global.getInt(Settings.java:6922)
W/Settings( 7409): at com.android.internal.telephony.SubscriptionController.getDefaultDataSubId(SubscriptionController.java:1408)
W/Settings( 7409): at android.telephony.SubscriptionManager.getDefaultDataSubId(SubscriptionManager.java:993)
W/Settings( 7409): at com.android.providers.telephony.TelephonyProvider$DatabaseHelper.setDefaultValue(TelephonyProvider.java:630)
W/Settings( 7409): at com.android.providers.telephony.TelephonyProvider$DatabaseHelper.insertAddingDefaults(TelephonyProvider.java:658)
W/Settings( 7409): at com.android.providers.telephony.TelephonyProvider$DatabaseHelper.loadApns(TelephonyProvider.java:564)
W/Settings( 7409): at com.android.providers.telephony.TelephonyProvider$DatabaseHelper.initDatabase(TelephonyProvider.java:304)
W/Settings( 7409): at com.android.providers.telephony.TelephonyProvider$DatabaseHelper.onCreate(TelephonyProvider.java:162)
W/Settings( 7409): at android.database.sqlite.SQLiteOpenHelper.getDatabaseLocked(SQLiteOpenHelper.java:265)
W/Settings( 7409): at android.database.sqlite.SQLiteOpenHelper.getReadableDatabase(SQLiteOpenHelper.java:196)
W/Settings( 7409): at com.android.providers.telephony.TelephonyProvider.query(TelephonyProvider.java:791)
W/Settings( 7409): at android.content.ContentProvider.query(ContentProvider.java:1001)
W/Settings( 7409): at android.content.ContentProvider$Transport.query(ContentProvider.java:215)
W/Settings( 7409): at android.content.ContentProviderNative.onTransact(ContentProviderNative.java:112)
W/Settings( 7409): at android.os.Binder.execTransact(Binder.java:446)
W/Settings( 7409): Can't get key multi_sim_data_call from content://settings/global
W/Settings( 7409): android.os.DeadObjectException
W/Settings( 7409): at android.os.BinderProxy.transactNative(Native Method)
W/Settings( 7409): at android.os.BinderProxy.transact(Binder.java:496)
W/Settings( 7409): at android.content.ContentProviderProxy.query(ContentProviderNative.java:419)
W/Settings( 7409): at android.provider.Settings$NameValueCache.getStringForUser(Settings.java:1166)
W/Settings( 7409): at android.provider.Settings$Global.getStringForUser(Settings.java:6866)
W/Settings( 7409): at android.provider.Settings$Global.getString(Settings.java:6855)
W/Settings( 7409): at android.provider.Settings$Global.getInt(Settings.java:6922)
W/Settings( 7409): at com.android.internal.telephony.SubscriptionController.getDefaultDataSubId(SubscriptionController.java:1408)
W/Settings( 7409): at android.telephony.SubscriptionManager.getDefaultDataSubId(SubscriptionManager.java:993)
W/Settings( 7409): at com.android.providers.telephony.TelephonyProvider$DatabaseHelper.setDefaultValue(TelephonyProvider.java:630)
W/Settings( 7409): at com.android.providers.telephony.TelephonyProvider$DatabaseHelper.insertAddingDefaults(TelephonyProvider.java:658)
W/Settings( 7409): at com.android.providers.telephony.TelephonyProvider$DatabaseHelper.loadApns(TelephonyProvider.java:564)
W/Settings( 7409): at com.android.providers.telephony.TelephonyProvider$DatabaseHelper.initDatabase(TelephonyProvider.java:304)
W/Settings( 7409): at com.android.providers.telephony.TelephonyProvider$DatabaseHelper.onCreate(TelephonyProvider.java:162)
W/Settings( 7409): at android.database.sqlite.SQLiteOpenHelper.getDatabaseLocked(SQLiteOpenHelper.java:265)
W/Settings( 7409): at android.database.sqlite.SQLiteOpenHelper.getReadableDatabase(SQLiteOpenHelper.java:196)
W/Settings( 7409): at com.android.providers.telephony.TelephonyProvider.query(TelephonyProvider.java:791)
W/Settings( 7409): at android.content.ContentProvider.query(ContentProvider.java:1001)
W/Settings( 7409): at android.content.ContentProvider$Transport.query(ContentProvider.java:215)
W/Settings( 7409): at android.content.ContentProviderNative.onTransact(ContentProviderNative.java:112)
W/Settings( 7409): at android.os.Binder.execTransact(Binder.java:446)
E/installd( 5281): eof
E/installd( 5281): failed to read size
I/installd( 5281): closing connection
W/Settings( 7409): Can't get key multi_sim_data_call from content://settings/global
W/Settings( 7409): android.os.DeadObjectException
W/Settings( 7409): at android.os.BinderProxy.transactNative(Native Method)
W/Settings( 7409): at android.os.BinderProxy.transact(Binder.java:496)
W/Settings( 7409): at android.content.ContentProviderProxy.query(ContentProviderNative.java:419)
W/Settings( 7409): at android.provider.Settings$NameValueCache.getStringForUser(Settings.java:1166)
W/Settings( 7409): at android.provider.Settings$Global.getStringForUser(Settings.java:6866)
W/Settings( 7409): at android.provider.Settings$Global.getString(Settings.java:6855)
W/Settings( 7409): at android.provider.Settings$Global.getInt(Settings.java:6922)
W/Settings( 7409): at com.android.internal.telephony.SubscriptionController.getDefaultDataSubId(SubscriptionController.java:1408)
W/Settings( 7409): at android.telephony.SubscriptionManager.getDefaultDataSubId(SubscriptionManager.java:993)
W/Settings( 7409): at com.android.providers.telephony.TelephonyProvider$DatabaseHelper.setDefaultValue(TelephonyProvider.java:630)
W/Settings( 7409): at com.android.providers.telephony.TelephonyProvider$DatabaseHelper.insertAddingDefaults(TelephonyProvider.java:658)
W/Settings( 7409): at com.android.providers.telephony.TelephonyProvider$DatabaseHelper.loadApns(TelephonyProvider.java:564)
W/Settings( 7409): at com.android.providers.telephony.TelephonyProvider$DatabaseHelper.initDatabase(TelephonyProvider.java:304)
W/Settings( 7409): at com.android.providers.telephony.TelephonyProvider$DatabaseHelper.onCreate(TelephonyProvider.java:162)
W/Settings( 7409): at android.database.sqlite.SQLiteOpenHelper.getDatabaseLocked(SQLiteOpenHelper.java:265)
W/Settings( 7409): at android.database.sqlite.SQLiteOpenHelper.getReadableDatabase(SQLiteOpenHelper.java:196)
W/Settings( 7409): at com.android.providers.telephony.TelephonyProvider.query(TelephonyProvider.java:791)
W/Settings( 7409): at android.content.ContentProvider.query(ContentProvider.java:1001)
W/Settings( 7409): at android.content.ContentProvider$Transport.query(ContentProvider.java:215)
W/Settings( 7409): at android.content.ContentProviderNative.onTransact(ContentProviderNative.java:112)
W/Settings( 7409): at android.os.Binder.execTransact(Binder.java:446)
W/Settings( 7409): Can't get key multi_sim_data_call from content://settings/global
W/Settings( 7409): android.os.DeadObjectException
W/Settings( 7409): at android.os.BinderProxy.transactNative(Native Method)
W/Settings( 7409): at android.os.BinderProxy.transact(Binder.java:496)
W/Settings( 7409): at android.content.ContentProviderProxy.query(ContentProviderNative.java:419)
W/Settings( 7409): at android.provider.Settings$NameValueCache.getStringForUser(Settings.java:1166)
W/Settings( 7409): at android.provider.Settings$Global.getStringForUser(Settings.java:6866)
W/Settings( 7409): at android.provider.Settings$Global.getString(Settings.java:6855)
W/Settings( 7409): at android.provider.Settings$Global.getInt(Settings.java:6922)
W/Settings( 7409): at com.android.internal.telephony.SubscriptionController.getDefaultDataSubId(SubscriptionController.java:1408)
W/Settings( 7409): at android.telephony.SubscriptionManager.getDefaultDataSubId(SubscriptionManager.java:993)
W/Settings( 7409): at com.android.providers.telephony.TelephonyProvider.query(TelephonyProvider.java:690)
W/Settings( 7409): at android.content.ContentProvider.query(ContentProvider.java:1001)
W/Settings( 7409): at android.content.ContentProvider$Transport.query(ContentProvider.java:215)
W/Settings( 7409): at android.content.ContentResolver.query(ContentResolver.java:478)
W/Settings( 7409): at android.content.ContentResolver.query(ContentResolver.java:422)
W/Settings( 7409): at com.android.internal.telephony.dataconnection.DcTracker.initEmergencyApnSetting(DcTracker.java:3256)
W/Settings( 7409): at com.android.internal.telephony.dataconnection.DcTracker.(DcTracker.java:237)
W/Settings( 7409): at com.android.internal.telephony.gsm.GSMPhone.(GSMPhone.java:199)
W/Settings( 7409): at com.android.internal.telephony.gsm.GSMPhone.(GSMPhone.java:183)
W/Settings( 7409): at com.android.internal.telephony.PhoneFactory.makeDefaultPhone(PhoneFactory.java:183)
W/Settings( 7409): at com.android.internal.telephony.PhoneFactory.makeDefaultPhones(PhoneFactory.java:80)
W/Settings( 7409): at com.android.phone.PhoneGlobals.onCreate(PhoneGlobals.java:338)
W/Settings( 7409): at com.android.phone.PhoneApp.onCreate(PhoneApp.java:41)
W/Settings( 7409): at android.app.Instrumentation.callApplicationOnCreate(Instrumentation.java:1012)
W/Settings( 7409): at android.app.ActivityThread.handleBindApplication(ActivityThread.java:4553)
W/Settings( 7409): at android.app.ActivityThread.access$1500(ActivityThread.java:151)
W/Settings( 7409): at android.app.ActivityThread$H.handleMessage(ActivityThread.java:1364)
W/Settings( 7409): at android.os.Handler.dispatchMessage(Handler.java:102)
W/Settings( 7409): at android.os.Looper.loop(Looper.java:135)
W/Settings( 7409): at android.app.ActivityThread.main(ActivityThread.java:5254)
W/Settings( 7409): at java.lang.reflect.Method.invoke(Native Method)
W/Settings( 7409): at java.lang.reflect.Method.invoke(Method.java:372)
W/Settings( 7409): at com.android.internal.os.ZygoteInit$MethodAndArgsCaller.run(ZygoteInit.java:904)
W/Settings( 7409): at com.android.internal.os.ZygoteInit.main(ZygoteInit.java:699)
D/AndroidRuntime( 7409): Shutting down VM
E/AndroidRuntime( 7409): FATAL EXCEPTION: main
E/AndroidRuntime( 7409): Process: com.android.phone, PID: 7409
E/AndroidRuntime( 7409): java.lang.RuntimeException: Unable to create application com.android.phone.PhoneApp: java.lang.RuntimeException: Package manager has died
E/AndroidRuntime( 7409): at android.app.ActivityThread.handleBindApplication(ActivityThread.java:4556)
E/AndroidRuntime( 7409): at android.app.ActivityThread.access$1500(ActivityThread.java:151)
E/AndroidRuntime( 7409): at android.app.ActivityThread$H.handleMessage(ActivityThread.java:1364)
E/AndroidRuntime( 7409): at android.os.Handler.dispatchMessage(Handler.java:102)
E/AndroidRuntime( 7409): at android.os.Looper.loop(Looper.java:135)
E/AndroidRuntime( 7409): at android.app.ActivityThread.main(ActivityThread.java:5254)
E/AndroidRuntime( 7409): at java.lang.reflect.Method.invoke(Native Method)
E/AndroidRuntime( 7409): at java.lang.reflect.Method.invoke(Method.java:372)
E/AndroidRuntime( 7409): at com.android.internal.os.ZygoteInit$MethodAndArgsCaller.run(ZygoteInit.java:904)
E/AndroidRuntime( 7409): at com.android.internal.os.ZygoteInit.main(ZygoteInit.java:699)
E/AndroidRuntime( 7409): Caused by: java.lang.RuntimeException: Package manager has died
E/AndroidRuntime( 7409): at android.app.ApplicationPackageManager.getPackagesForUid(ApplicationPackageManager.java:466)
E/AndroidRuntime( 7409): at com.android.providers.telephony.TelephonyProvider.checkPermission(TelephonyProvider.java:1187)
E/AndroidRuntime( 7409): at com.android.providers.telephony.TelephonyProvider.query(TelephonyProvider.java:787)
E/AndroidRuntime( 7409): at android.content.ContentProvider.query(ContentProvider.java:1001)
E/AndroidRuntime( 7409): at android.content.ContentProvider$Transport.query(ContentProvider.java:215)
E/AndroidRuntime( 7409): at android.content.ContentResolver.query(ContentResolver.java:478)
E/AndroidRuntime( 7409): at android.content.ContentResolver.query(ContentResolver.java:422)
E/AndroidRuntime( 7409): at com.android.internal.telephony.dataconnection.DcTracker.initEmergencyApnSetting(DcTracker.java:3256)
E/AndroidRuntime( 7409): at com.android.internal.telephony.dataconnection.DcTracker.(DcTracker.java:237)
E/AndroidRuntime( 7409): at com.android.internal.telephony.gsm.GSMPhone.(GSMPhone.java:199)
E/AndroidRuntime( 7409): at com.android.internal.telephony.gsm.GSMPhone.(GSMPhone.java:183)
E/AndroidRuntime( 7409): at com.android.internal.telephony.PhoneFactory.makeDefaultPhone(PhoneFactory.java:183)
E/AndroidRuntime( 7409): at com.android.internal.telephony.PhoneFactory.makeDefaultPhones(PhoneFactory.java:80)
E/AndroidRuntime( 7409): at com.android.phone.PhoneGlobals.onCreate(PhoneGlobals.java:338)
E/AndroidRuntime( 7409): at com.android.phone.PhoneApp.onCreate(PhoneApp.java:41)
E/AndroidRuntime( 7409): at android.app.Instrumentation.callApplicationOnCreate(Instrumentation.java:1012)
E/AndroidRuntime( 7409): at android.app.ActivityThread.handleBindApplication(ActivityThread.java:4553)
E/AndroidRuntime( 7409): ... 9 more
E/AndroidRuntime( 7409): Caused by: android.os.DeadObjectException
E/AndroidRuntime( 7409): at android.os.BinderProxy.transactNative(Native Method)
E/AndroidRuntime( 7409): at android.os.BinderProxy.transact(Binder.java:496)
E/AndroidRuntime( 7409): at android.content.pm.IPackageManager$Stub$Proxy.getPackagesForUid(IPackageManager.java:2313)
E/AndroidRuntime( 7409): at android.app.ApplicationPackageManager.getPackagesForUid(ApplicationPackageManager.java:464)
E/AndroidRuntime( 7409): ... 25 more
E/AndroidRuntime( 7409): Error reporting crash
E/AndroidRuntime( 7409): android.os.DeadObjectException
E/AndroidRuntime( 7409): at android.os.BinderProxy.transactNative(Native Method)
E/AndroidRuntime( 7409): at android.os.BinderProxy.transact(Binder.java:496)
E/AndroidRuntime( 7409): at android.app.ActivityManagerProxy.handleApplicationCrash(ActivityManagerNative.java:4207)
E/AndroidRuntime( 7409): at com.android.internal.os.RuntimeInit$UncaughtHandler.uncaughtException(RuntimeInit.java:89)
E/AndroidRuntime( 7409): at java.lang.ThreadGroup.uncaughtException(ThreadGroup.java:693)
E/AndroidRuntime( 7409): at java.lang.ThreadGroup.uncaughtException(ThreadGroup.java:690)
I/Process ( 7409): Sending signal. PID: 7409 SIG: 9
E/DatabaseUtils( 7520): Writing exception to parcel
E/DatabaseUtils( 7520): java.lang.SecurityException: Neither user 10039 nor current process has android.permission.READ_PROFILE.
E/DatabaseUtils( 7520): at android.app.ContextImpl.enforce(ContextImpl.java:1917)
E/DatabaseUtils( 7520): at android.app.ContextImpl.enforceCallingOrSelfPermission(ContextImpl.java:1946)
E/DatabaseUtils( 7520): at android.content.ContextWrapper.enforceCallingOrSelfPermission(ContextWrapper.java:600)
E/DatabaseUtils( 7520): at com.android.providers.contacts.ProfileProvider.enforceReadPermission(ProfileProvider.java:54)
E/DatabaseUtils( 7520): at com.android.providers.contacts.ProfileProvider.query(ProfileProvider.java:84)
E/DatabaseUtils( 7520): at com.android.providers.contacts.ContactsProvider2.query(ContactsProvider2.java:5028)
E/DatabaseUtils( 7520): at android.content.ContentProvider$Transport.query(ContentProvider.java:215)
E/DatabaseUtils( 7520): at android.content.ContentProviderNative.onTransact(ContentProviderNative.java:112)
E/DatabaseUtils( 7520): at android.os.Binder.execTransact(Binder.java:446)
E/AndroidRuntime( 7520): FATAL EXCEPTION: ContactsProviderWorker
E/AndroidRuntime( 7520): Process: android.process.acore, PID: 7520
E/AndroidRuntime( 7520): java.lang.NullPointerException: Attempt to invoke interface method 'android.accounts.Account[] android.accounts.IAccountManager.getAccounts(java.lang.String)' on a null object reference
E/AndroidRuntime( 7520): at android.accounts.AccountManager.getAccounts(AccountManager.java:407)
E/AndroidRuntime( 7520): at com.android.providers.contacts.ContactsProvider2.performBackgroundTask(ContactsProvider2.java:1667)
E/AndroidRuntime( 7520): at com.android.providers.contacts.ContactsProvider2$1.handleMessage(ContactsProvider2.java:1496)
E/AndroidRuntime( 7520): at android.os.Handler.dispatchMessage(Handler.java:102)
E/AndroidRuntime( 7520): at android.os.Looper.loop(Looper.java:135)
E/AndroidRuntime( 7520): at android.os.HandlerThread.run(HandlerThread.java:61)
E/AndroidRuntime( 7520): Error reporting crash
E/AndroidRuntime( 7520): android.os.DeadObjectException
E/AndroidRuntime( 7520): at android.os.BinderProxy.transactNative(Native Method)
E/AndroidRuntime( 7520): at android.os.BinderProxy.transact(Binder.java:496)
E/AndroidRuntime( 7520): at android.app.ActivityManagerProxy.handleApplicationCrash(ActivityManagerNative.java:4207)
E/AndroidRuntime( 7520): at com.android.internal.os.RuntimeInit$UncaughtHandler.uncaughtException(RuntimeInit.java:89)
E/AndroidRuntime( 7520): at java.lang.ThreadGroup.uncaughtException(ThreadGroup.java:693)
E/AndroidRuntime( 7520): at java.lang.ThreadGroup.uncaughtException(ThreadGroup.java:690)
I/Process ( 7520): Sending signal. PID: 7520 SIG: 9
I/ServiceManager( 5238): service 'isub' died
I/lowmemorykiller( 689): ActivityManager disconnected
I/lowmemorykiller( 689): Closing Activity Manager data connection
E/Zygote ( 5245): Exit zygote because system server (5400) has terminated
V/WLAN_PSA( 673): NL MSG, len[048], NL type[0x11] WNI type[0x5050] len[028]
V/WLAN_PSA( 673): NL MSG, PID: 673
I/ServiceManager( 5238): service 'media.audio_flinger' died
I/ServiceManager( 5238): service 'media.sound_trigger_hw' died
W/AudioSystem( 7229): AudioFlinger server died!
I/Netd ( 7637): Netd 1.0 starting
D/MDnsDS ( 7637): MDnsSdListener::Hander starting up
D/MDnsDS ( 7637): MDnsSdListener starting to monitor
D/MDnsDS ( 7637): Going to poll with pollCount 1
D/AndroidRuntime( 7636): >>>>>> START com.android.internal.os.ZygoteInit uid 0 <<<<<<
D/AndroidRuntime( 7636): CheckJNI is OFF
I/art ( 7636): option[0]=-Xzygote
I/art ( 7636): option[1]=-Xstacktracefile:/data/anr/traces.txt
I/art ( 7636): option[2]=exit
I/art ( 7636): option[3]=vfprintf
I/art ( 7636): option[4]=sensitiveThread
I/art ( 7636): option[5]=-verbose:gc
I/art ( 7636): option[6]=-Xms8m
I/art ( 7636): option[7]=-Xmx256m
I/art ( 7636): option[8]=-XX:mainThreadStackSize=24K
I/art ( 7636): option[9]=-XX:HeapGrowthLimit=128m
I/art ( 7636): option[10]=-XX:HeapMinFree=2m
I/art ( 7636): option[11]=-XX:HeapMaxFree=8m
I/art ( 7636): option[12]=-XX:HeapTargetUtilization=0.75
I/art ( 7636): option[13]=-agentlib:jdwp=transport=dt_android_adb,suspend=n,server=y
I/art ( 7636): option[14]=-Xlockprofthreshold:500
I/art ( 7636): option[15]=-Ximage-compiler-option
I/art ( 7636): option[16]=--runtime-arg
I/art ( 7636): option[17]=-Ximage-compiler-option
I/art ( 7636): option[18]=-Xms64m
I/art ( 7636): option[19]=-Ximage-compiler-option
I/art ( 7636): option[20]=--runtime-arg
I/art ( 7636): option[21]=-Ximage-compiler-option
I/art ( 7636): option[22]=-Xmx64m
I/art ( 7636): option[23]=-Ximage-compiler-option
I/art ( 7636): option[24]=--image-classes=/system/etc/preloaded-classes
I/art ( 7636): option[25]=-Xcompiler-option
I/art ( 7636): option[26]=--runtime-arg
I/art ( 7636): option[27]=-Xcompiler-option
I/art ( 7636): option[28]=-Xms64m
I/art ( 7636): option[29]=-Xcompiler-option
I/art ( 7636): option[30]=--runtime-arg
I/art ( 7636): option[31]=-Xcompiler-option
I/art ( 7636): option[32]=-Xmx512m
I/art ( 7636): option[33]=-Duser.language=en
I/art ( 7636): option[34]=-Duser.region=US
E/NetlinkListener( 7637): recvmsg failed (I/O error)
E/NetlinkListener( 687): recvmsg failed (I/O error)
V/MediaUtils( 7638): physMem: 1961033728
V/MediaUtils( 7638): requested limit: 1274671905
V/MediaUtils( 7638): actual limit: 1274671905
V/MediaUtils( 7638): original limits: 4294967295/4294967295
V/MediaUtils( 7638): new limits: 1274671905/4294967295
I/mediaserver( 7638): ServiceManager: 0xb58700c0
I/AudioFlinger( 7638): Using default 3000 mSec as standby time.
I/AudioPolicyService( 7638): AudioPolicyService CSTOR in new mode
I/AudioPolicyManager( 7638): loadAudioPolicyConfig() loaded /system/etc/audio_policy.conf
D/audio_hw_primary( 7638): adev_open: enter
I/SamplingProfilerIntegration( 7636): Profiling disabled.
D/Zygote ( 7636): begin preload
I/Zygote ( 7636): Preloading classes...
I/art ( 7636): Explicit concurrent mark sweep GC freed 824(38KB) AllocSpace objects, 0(0B) LOS objects, 98% free, 52KB/4MB, paused 148us total 7.382ms
I/art ( 7636): Counter: 1
I/art ( 7636): Explicit concurrent mark sweep GC freed 96(4KB) AllocSpace objects, 0(0B) LOS objects, 98% free, 72KB/4MB, paused 104us total 2.971ms
I/art ( 7636): Explicit concurrent mark sweep GC freed 457(29KB) AllocSpace objects, 0(0B) LOS objects, 98% free, 72KB/4MB, paused 105us total 1.879ms
I/art ( 7636): Explicit concurrent mark sweep GC freed 5(160B) AllocSpace objects, 0(0B) LOS objects, 98% free, 72KB/4MB, paused 101us total 1.811ms
W/Zygote ( 7636): Class not found for preloading: android.app.ContextImpl$62
I/art ( 7636): Explicit concurrent mark sweep GC freed 633(41KB) AllocSpace objects, 0(0B) LOS objects, 98% free, 80KB/4MB, paused 113us total 3.281ms
I/art ( 7636): Explicit concurrent mark sweep GC freed 5(160B) AllocSpace objects, 0(0B) LOS objects, 98% free, 80KB/4MB, paused 100us total 1.821ms
I/art ( 7636): Explicit concurrent mark sweep GC freed 443(26KB) AllocSpace objects, 0(0B) LOS objects, 97% free, 110KB/4MB, paused 101us total 2.431ms
I/art ( 7636): Explicit concurrent mark sweep GC freed 25(1056B) AllocSpace objects, 0(0B) LOS objects, 97% free, 109KB/4MB, paused 101us total 1.776ms
E/audio_route( 7638): Control 'SLIMBUS_0_RX Port Mixer INT_BT_SCO_TX' doesn't exist - skipping
E/audio_route( 7638): Control 'INTERNAL_BT_SCO_RX Audio Mixer Multimedia6' doesn't exist - skipping
E/audio_route( 7638): Control 'MultiMedia4 Mixer MI2S_TX' doesn't exist - skipping
E/audio_route( 7638): Control 'RX4 DSM MUX' doesn't exist - skipping
E/audio_route( 7638): Control 'RX6 DSM MUX' doesn't exist - skipping
E/audio_route( 7638): Control 'RX4 DSM MUX' doesn't exist - skipping
E/audio_route( 7638): Control 'RX6 DSM MUX' doesn't exist - skipping
E/Minikin ( 7636): addFont failed to create font /system/fonts/NanumGothic.ttf
E/Minikin ( 7636): addFont failed to create font /system/fonts/DroidSansFallback.ttf
D/msm8974_platform( 7638): platform_init: Opened sound card:0
D/ACDB-LOADER( 7638): ACDB -> Load file: /etc/acdbdata/MTP/MTP_Bluetooth_cal.acdb
D/ACDB-LOADER( 7638): ACDB -> Load file: /etc/acdbdata/MTP/MTP_General_cal.acdb
D/ACDB-LOADER( 7638): ACDB -> Load file: /etc/acdbdata/MTP/MTP_Global_cal.acdb
D/ACDB-LOADER( 7638): ACDB -> Load file: /etc/acdbdata/MTP/MTP_Handset_cal.acdb
D/ACDB-LOADER( 7638): ACDB -> Load file: /etc/acdbdata/MTP/MTP_Hdmi_cal.acdb
D/ACDB-LOADER( 7638): ACDB -> Load file: /etc/acdbdata/MTP/MTP_Headset_cal.acdb
D/ACDB-LOADER( 7638): ACDB -> Load file: /etc/acdbdata/MTP/MTP_Speaker_cal.acdb
D/ACDB-LOADER( 7638): ACDB -> ACDB_CMD_INITIALIZE_V2
D/ ( 7638): [ACDB Command]->SW Minor/Major/Revision version mismatch warning /etc/acdbdata/MTP/MTP_Bluetooth_cal.acdb
D/ ( 7638): [ACDB Command]->ACDB Sw Major = 3, ACDB Sw Minor = 0, ACDB Sw Revision = 0
D/ ( 7638): [ACDB Command]->ACDB File Major = 3, ACDB File Minor = 0, ACDB File Revision = 2
D/ ( 7638): [ACDB Command]->SW Minor/Major/Revision version mismatch warning /etc/acdbdata/MTP/MTP_General_cal.acdb
D/ ( 7638): [ACDB Command]->ACDB Sw Major = 3, ACDB Sw Minor = 0, ACDB Sw Revision = 0
D/ ( 7638): [ACDB Command]->ACDB File Major = 3, ACDB File Minor = 0, ACDB File Revision = 2
D/ ( 7638): [ACDB Command]->SW Minor/Major/Revision version mismatch warning /etc/acdbdata/MTP/MTP_Global_cal.acdb
D/ ( 7638): [ACDB Command]->ACDB Sw Major = 3, ACDB Sw Minor = 0, ACDB Sw Revision = 0
D/ ( 7638): [ACDB Command]->ACDB File Major = 3, ACDB File Minor = 0, ACDB File Revision = 2
D/ ( 7638): [ACDB Command]->SW Minor/Major/Revision version mismatch warning /etc/acdbdata/MTP/MTP_Handset_cal.acdb
D/ ( 7638): [ACDB Command]->ACDB Sw Major = 3, ACDB Sw Minor = 0, ACDB Sw Revision = 0
D/ ( 7638): [ACDB Command]->ACDB File Major = 3, ACDB File Minor = 0, ACDB File Revision = 2
D/ ( 7638): [ACDB Command]->SW Minor/Major/Revision version mismatch warning /etc/acdbdata/MTP/MTP_Hdmi_cal.acdb
D/ ( 7638): [ACDB Command]->ACDB Sw Major = 3, ACDB Sw Minor = 0, ACDB Sw Revision = 0
D/ ( 7638): [ACDB Command]->ACDB File Major = 3, ACDB File Minor = 0, ACDB File Revision = 2
D/ ( 7638): [ACDB Command]->SW Minor/Major/Revision version mismatch warning /etc/acdbdata/MTP/MTP_Headset_cal.acdb
D/ ( 7638): [ACDB Command]->ACDB Sw Major = 3, ACDB Sw Minor = 0, ACDB Sw Revision = 0
D/ ( 7638): [ACDB Command]->ACDB File Major = 3, ACDB File Minor = 0, ACDB File Revision = 2
D/ ( 7638): [ACDB Command]->SW Minor/Major/Revision version mismatch warning /etc/acdbdata/MTP/MTP_Speaker_cal.acdb
D/ ( 7638): [ACDB Command]->ACDB Sw Major = 3, ACDB Sw Minor = 0, ACDB Sw Revision = 0
D/ ( 7638): [ACDB Command]->ACDB File Major = 3, ACDB File Minor = 0, ACDB File Revision = 2
D/ACDB-LOADER( 7638): ACDB -> ACPH INIT
D/ ( 7638): [ACPH]->Online service registered with ACPH
D/ ( 7638): [ACPH]->ACPH init success
D/ACDB-LOADER( 7638): ACDB -> RTAC INIT
D/ ( 7638): [ACPH]->DSP RTC service registered with ACPH
D/ACDB-LOADER( 7638): ACDB -> ADIE RTAC INIT
D/ ( 7638): [ACPH]->ADIE RTC service registered with ACPH
D/ACDB-LOADER( 7638): No existing ION info in ACDB driver
D/ACDB-LOADER( 7638): ACDB -> ION_IOC_ALLOC
D/ACDB-LOADER( 7638): ACDB -> ION_IOC_SHARE
D/ACDB-LOADER( 7638): ACDB -> MMAP ADDR
D/ACDB-LOADER( 7638): ACDB -> register MEM to ACDB driver: 0xb6029000
D/ACDB-LOADER( 7638): ACDB -> send_asm_topology
D/ACDB-LOADER( 7638): ACDB -> ACDB_CMD_GET_AUDPROC_STREAM_TOPOLOGY_ID
D/ACDB-LOADER( 7638): ACDB -> send_adm_custom_topology
D/ACDB-LOADER( 7638): ACDB -> ACDB_CMD_GET_AUDIO_COPP_TOPOLOGIES
D/ ( 7638): ACDBFILE_MGR: Property for the pid 00012E47 not found
D/ ( 7638): ACDB_COMMAND: Failed to fetch the property info for pid 00012E47
E/ACDB-LOADER( 7638): Error: ACDB get adm topologies returned = -18
D/ACDB-LOADER( 7638): ACDB -> AUDIO_SET_ADM_CUSTOM_TOPOLOGY
D/ACDB-LOADER( 7638): ACDB -> send_asm_custom_topology
D/ACDB-LOADER( 7638): ACDB -> ACDB_CMD_GET_AUDIO_POPP_TOPOLOGIES
D/ACDB-LOADER( 7638): ACDB -> AUDIO_SET_ASM_CUSTOM_TOPOLOGY
D/ACDB-LOADER( 7638): ACDB -> init done!
D/platform_parser( 7638): platform_info_init: Failed to open /system/etc/platform_info.xml, using defaults.
D/audio_hw_spkr_prot( 7638): audio_extn_spkr_prot_init: Initialize speaker protection module
D/audio_hw_spkr_prot( 7638): audio_extn_spkr_prot_init: Speaker protection disabled
E/msm8974_platform( 7638): hw_util_open Opening device /dev/snd/hwC0D1000
E/msm8974_platform( 7638): hw_util_open success
D/ACDB-LOADER( 7638): ACDB -> ACDB_CMD_GET_ANC_SETTING
D/ACDB-LOADER( 7638): ACDB -> ACDB_CMD_GET_ANC_SETTING
D/ACDB-LOADER( 7638): ACDB -> ACDB_CMD_GET_ANC_SETTING
D/ACDB-LOADER( 7638): ACDB -> ACDB_CMD_GET_ANC_SETTING
D/ACDB-LOADER( 7638): ACDB -> ACDB_CMD_GET_ANC_SETTING
D/ACDB-LOADER( 7638): ACDB -> ACDB_CMD_GET_ANC_SETTING
D/ACDB-LOADER( 7638): ACDB -> ACDB_CMD_GET_ANC_SETTING
E/msm8974_platform( 7638): send_codec_cal cal sent for anc_cal
E/ACDB-LOADER( 7638): ACDB -> send_codec_cal
D/ACDB-LOADER( 7638): ACDB -> ACDB_CMD_GET_CODEC_CAL_DATA
E/msm8974_platform( 7638): send_codec_cal cal sent for mad_cal
D/ACDB-LOADER( 7638): send mbhc data
D/ACDB-LOADER( 7638): ACDB -> MBHC ACDB_PID_GENERAL_CONFIG
D/ACDB-LOADER( 7638): ACDB -> MBHC ACDB_PID_PLUG_REMOVAL_DETECTION
D/ACDB-LOADER( 7638): ACDB -> MBHC ACDB_PID_PLUG_TYPE_DETECTION
D/ACDB-LOADER( 7638): ACDB -> MBHC ACDB_PID_BUTTON_PRESS_DETECTION
D/ACDB-LOADER( 7638): ACDB -> MBHC ACDB_PID_IMPEDANCE_DETECTION
E/msm8974_platform( 7638): send_codec_cal cal sent for mbhc_cal
I/AudioFlinger( 7638): loadHwModule() Loaded primary audio interface from QCOM Audio HAL (audio) handle 1
D/audio_hw_primary( 7638): adev_open_output_stream: enter: sample_rate(48000) channel_mask(0x3) devices(0x2) flags(0x2) stream_handle(0xb58809c0)
D/audio_hw_primary( 7638): adev_open_output_stream: Stream (0xb58809c0) picks up usecase (deep-buffer-playback)
I/AudioFlinger( 7638): HAL output buffer size 960 frames, normal sink buffer size 960 frames
I/AudioMixer( 7638): found effect "Multichannel Downmix To Stereo" from The Android Open Source Project
I/AudioFlinger( 7638): Using module 1 has the primary audio interface
E/AudioPolicyManager( 7638): unknown stream type 13
I/AudioFlinger( 7638): AudioFlinger's thread 0xb59e5000 ready to run
E/AudioPolicyManager( 7638): unknown stream type 13
E/AudioPolicyManager( 7638): unknown stream type 13
W/AudioFlinger( 7638): Thread AudioOut_2 cannot connect to the power manager service
D/audio_hw_primary( 7638): out_standby: enter: stream (0xb58809c0) usecase(0: deep-buffer-playback)
W/AudioFlinger( 7638): Thread AudioOut_2 cannot connect to the power manager service
D/audio_hw_primary( 7638): out_set_parameters: enter: usecase(0: deep-buffer-playback) kvpairs: routing=2
D/audio_hw_extn( 7638): audio_extn_set_anc_parameters: anc_enabled:0
W/AudioFlinger( 7638): Thread AudioOut_2 cannot connect to the power manager service
E/AudioFlinger( 7638): no wake lock to update!
I/art ( 7636): Explicit concurrent mark sweep GC freed 1773(128KB) AllocSpace objects, 0(0B) LOS objects, 97% free, 121KB/4MB, paused 100us total 2.700ms
D/audio_hw_primary( 7638): out_set_parameters: enter: usecase(0: deep-buffer-playback) kvpairs: fm_volume=0.0000000000
D/audio_hw_extn( 7638): audio_extn_set_anc_parameters: anc_enabled:0
D/audio_hw_fm( 7638): audio_extn_fm_set_parameters: set_fm_volume usecase
D/audio_hw_fm( 7638): fm_set_volume: (0.000000)
E/AudioPolicyManager( 7638): unknown stream type 13
D/audio_hw_primary( 7638): adev_open_output_stream: enter: sample_rate(48000) channel_mask(0x3) devices(0x2) flags(0x4) stream_handle(0xb5880b00)
D/audio_hw_primary( 7638): adev_open_output_stream: Stream (0xb5880b00) picks up usecase (low-latency-playback)
I/AudioFlinger( 7638): HAL output buffer size 240 frames, normal sink buffer size 960 frames
E/MonoPipe( 7638): Failed to fetch local time frequency when constructing a MonoPipe (res = -32). getNextWriteTimestamp calls will be non-functional
I/art ( 7636): Explicit concurrent mark sweep GC freed 26(880B) AllocSpace objects, 0(0B) LOS objects, 97% free, 121KB/4MB, paused 107us total 2.259ms
I/art ( 7636): Explicit concurrent mark sweep GC freed 1910(91KB) AllocSpace objects, 0(0B) LOS objects, 96% free, 162KB/4MB, paused 100us total 3.169ms
I/art ( 7636): Explicit concurrent mark sweep GC freed 5(160B) AllocSpace objects, 0(0B) LOS objects, 96% free, 162KB/4MB, paused 95us total 1.851ms
I/art ( 7636): Explicit concurrent mark sweep GC freed 1975(87KB) AllocSpace objects, 0(0B) LOS objects, 95% free, 197KB/4MB, paused 100us total 3.042ms
I/art ( 7636): Explicit concurrent mark sweep GC freed 5(160B) AllocSpace objects, 0(0B) LOS objects, 95% free, 197KB/4MB, paused 97us total 1.944ms
I/art ( 7636): Explicit concurrent mark sweep GC freed 369(19KB) AllocSpace objects, 0(0B) LOS objects, 94% free, 230KB/4MB, paused 99us total 3.116ms
I/art ( 7636): Explicit concurrent mark sweep GC freed 5(160B) AllocSpace objects, 0(0B) LOS objects, 94% free, 230KB/4MB, paused 96us total 1.999ms
I/art ( 7636): Thread[1,tid=7636,WaitingForJniOnLoad,Thread*=0xb4827800,peer=0x12c411c0,"main"] recursive attempt to load library "/system/lib/libmedia_jni.so"
D/MtpDeviceJNI( 7636): register_android_mtp_MtpDevice
I/art ( 7636): Thread[1,tid=7636,WaitingForJniOnLoad,Thread*=0xb4827800,peer=0x12c411c0,"main"] recursive attempt to load library "/system/lib/libmedia_jni.so"
I/art ( 7636): Thread[1,tid=7636,WaitingForJniOnLoad,Thread*=0xb4827800,peer=0x12c411c0,"main"] recursive attempt to load library "/system/lib/libmedia_jni.so"
I/art ( 7636): Explicit concurrent mark sweep GC freed 748(43KB) AllocSpace objects, 0(0B) LOS objects, 94% free, 239KB/4MB, paused 100us total 3.035ms
I/art ( 7636): Explicit concurrent mark sweep GC freed 7(288B) AllocSpace objects, 0(0B) LOS objects, 94% free, 239KB/4MB, paused 95us total 2.064ms
I/art ( 7636): Explicit concurrent mark sweep GC freed 543(27KB) AllocSpace objects, 0(0B) LOS objects, 94% free, 260KB/4MB, paused 100us total 3.045ms
I/art ( 7636): Explicit concurrent mark sweep GC freed 5(160B) AllocSpace objects, 0(0B) LOS objects, 94% free, 260KB/4MB, paused 97us total 2.110ms
I/art ( 7636): Explicit concurrent mark sweep GC freed 639(35KB) AllocSpace objects, 0(0B) LOS objects, 93% free, 274KB/4MB, paused 101us total 3.304ms
I/art ( 7636): Explicit concurrent mark sweep GC freed 5(160B) AllocSpace objects, 0(0B) LOS objects, 93% free, 274KB/4MB, paused 97us total 2.197ms
I/art ( 7636): Explicit concurrent mark sweep GC freed 222(13KB) AllocSpace objects, 0(0B) LOS objects, 92% free, 312KB/4MB, paused 104us total 2.839ms
I/art ( 7636): Explicit concurrent mark sweep GC freed 5(160B) AllocSpace objects, 0(0B) LOS objects, 92% free, 312KB/4MB, paused 101us total 2.340ms
I/art ( 7636): Explicit concurrent mark sweep GC freed 1815(105KB) AllocSpace objects, 0(0B) LOS objects, 89% free, 462KB/4MB, paused 102us total 3.567ms
I/art ( 7636): Explicit concurrent mark sweep GC freed 5(160B) AllocSpace objects, 0(0B) LOS objects, 89% free, 462KB/4MB, paused 101us total 2.659ms
E/EmojiFactory_jni( 7636): Failed to load libemoji.so: dlopen failed: library "libemoji.so" not found
I/art ( 7636): Explicit concurrent mark sweep GC freed 356(45KB) AllocSpace objects, 0(0B) LOS objects, 84% free, 760KB/4MB, paused 106us total 5.999ms
I/art ( 7636): Explicit concurrent mark sweep GC freed 9(272B) AllocSpace objects, 0(0B) LOS objects, 84% free, 759KB/4MB, paused 105us total 4.032ms
I/art ( 7636): Explicit concurrent mark sweep GC freed 432(30KB) AllocSpace objects, 0(0B) LOS objects, 84% free, 778KB/4MB, paused 104us total 4.503ms
I/art ( 7636): Explicit concurrent mark sweep GC freed 5(160B) AllocSpace objects, 0(0B) LOS objects, 84% free, 778KB/4MB, paused 167us total 4.028ms
I/art ( 7636): Explicit concurrent mark sweep GC freed 787(49KB) AllocSpace objects, 0(0B) LOS objects, 84% free, 780KB/4MB, paused 104us total 3.797ms
I/art ( 7636): Explicit concurrent mark sweep GC freed 5(160B) AllocSpace objects, 0(0B) LOS objects, 84% free, 780KB/4MB, paused 104us total 3.443ms
I/art ( 7636): Explicit concurrent mark sweep GC freed 957(105KB) AllocSpace objects, 0(0B) LOS objects, 83% free, 822KB/4MB, paused 103us total 4.784ms
I/art ( 7636): Explicit concurrent mark sweep GC freed 37(1744B) AllocSpace objects, 0(0B) LOS objects, 83% free, 821KB/4MB, paused 100us total 3.820ms
I/art ( 7636): Explicit concurrent mark sweep GC freed 528(39KB) AllocSpace objects, 0(0B) LOS objects, 83% free, 830KB/4MB, paused 103us total 4.020ms
I/art ( 7636): Explicit concurrent mark sweep GC freed 5(160B) AllocSpace objects, 0(0B) LOS objects, 83% free, 830KB/4MB, paused 156us total 3.701ms
E/NetlinkListener( 7637): recvmsg failed (I/O error)
E/NetlinkListener( 687): recvmsg failed (I/O error)
I/art ( 7636): Explicit concurrent mark sweep GC freed 360(25KB) AllocSpace objects, 0(0B) LOS objects, 82% free, 859KB/4MB, paused 102us total 3.923ms
I/art ( 7636): Explicit concurrent mark sweep GC freed 5(160B) AllocSpace objects, 0(0B) LOS objects, 82% free, 859KB/4MB, paused 98us total 3.716ms
I/art ( 7636): Explicit concurrent mark sweep GC freed 10831(530KB) AllocSpace objects, 0(0B) LOS objects, 76% free, 1238KB/5MB, paused 113us total 5.797ms
I/art ( 7636): Explicit concurrent mark sweep GC freed 11(432B) AllocSpace objects, 0(0B) LOS objects, 76% free, 1238KB/5MB, paused 108us total 4.558ms
I/art ( 7636): Explicit concurrent mark sweep GC freed 570(33KB) AllocSpace objects, 0(0B) LOS objects, 76% free, 1254KB/5MB, paused 111us total 5.131ms
I/art ( 7636): Explicit concurrent mark sweep GC freed 5(160B) AllocSpace objects, 0(0B) LOS objects, 76% free, 1254KB/5MB, paused 107us total 4.628ms
I/art ( 7636): Explicit concurrent mark sweep GC freed 739(45KB) AllocSpace objects, 0(0B) LOS objects, 76% free, 1257KB/5MB, paused 111us total 4.818ms
I/art ( 7636): Explicit concurrent mark sweep GC freed 5(160B) AllocSpace objects, 0(0B) LOS objects, 76% free, 1257KB/5MB, paused 107us total 4.621ms
I/System ( 7636): Loaded time zone names for "" in 43ms (40ms in ICU)
I/System ( 7636): Loaded time zone names for "en_US" in 29ms (26ms in ICU)
I/art ( 7636): Explicit concurrent mark sweep GC freed 2343(178KB) AllocSpace objects, 0(0B) LOS objects, 74% free, 1416KB/5MB, paused 113us total 6.647ms
I/art ( 7636): Explicit concurrent mark sweep GC freed 5(160B) AllocSpace objects, 0(0B) LOS objects, 74% free, 1416KB/5MB, paused 109us total 5.830ms
I/art ( 7636): Explicit concurrent mark sweep GC freed 136(12KB) AllocSpace objects, 0(0B) LOS objects, 73% free, 1481KB/5MB, paused 195us total 5.621ms
I/art ( 7636): Explicit concurrent mark sweep GC freed 5(160B) AllocSpace objects, 0(0B) LOS objects, 73% free, 1481KB/5MB, paused 108us total 5.259ms
I/art ( 7636): Explicit concurrent mark sweep GC freed 286(24KB) AllocSpace objects, 0(0B) LOS objects, 72% free, 1526KB/5MB, paused 109us total 5.483ms
I/art ( 7636): Explicit concurrent mark sweep GC freed 13(416B) AllocSpace objects, 0(0B) LOS objects, 72% free, 1526KB/5MB, paused 108us total 5.128ms
I/art ( 7636): Explicit concurrent mark sweep GC freed 667(47KB) AllocSpace objects, 0(0B) LOS objects, 72% free, 1528KB/5MB, paused 110us total 5.546ms
I/art ( 7636): Explicit concurrent mark sweep GC freed 25(800B) AllocSpace objects, 0(0B) LOS objects, 72% free, 1527KB/5MB, paused 107us total 4.988ms
I/Zygote ( 7636): ...preloaded 3004 classes in 689ms.
I/art ( 7636): VMRuntime.preloadDexCaches starting
I/art ( 7636): VMRuntime.preloadDexCaches strings total=223573 before=41006 after=41006
I/art ( 7636): VMRuntime.preloadDexCaches types total=19030 before=6653 after=6697
I/art ( 7636): VMRuntime.preloadDexCaches fields total=88636 before=32658 after=33035
I/art ( 7636): VMRuntime.preloadDexCaches methods total=156114 before=67685 after=68621
I/art ( 7636): VMRuntime.preloadDexCaches finished
I/art ( 7636): Counter: 0
I/art ( 7636): Counter: 1
I/art ( 7636): Explicit concurrent mark sweep GC freed 41(15KB) AllocSpace objects, 0(0B) LOS objects, 73% free, 1514KB/5MB, paused 110us total 6.729ms
D/idmap ( 7663): error: no read access to /vendor/overlay: No such file or directory
I/Zygote ( 7636): Preloading resources...
W/Resources( 7636): Preloaded drawable resource #0x1080096 (android:drawable/toast_frame) that varies with configuration!!
W/Resources( 7636): Preloaded drawable resource #0x108010d (android:drawable/btn_check_on_pressed_holo_light) that varies with configuration!!
W/Resources( 7636): Preloaded drawable resource #0x108010c (android:drawable/btn_check_on_pressed_holo_dark) that varies with configuration!!
W/Resources( 7636): Preloaded drawable resource #0x108010a (android:drawable/btn_check_on_holo_light) that varies with configuration!!
W/Resources( 7636): Preloaded drawable resource #0x1080109 (android:drawable/btn_check_on_holo_dark) that varies with configuration!!
W/Resources( 7636): Preloaded drawable resource #0x1080107 (android:drawable/btn_check_on_focused_holo_light) that varies with configuration!!
W/Resources( 7636): Preloaded drawable resource #0x1080106 (android:drawable/btn_check_on_focused_holo_dark) that varies with configuration!!
W/Resources( 7636): Preloaded drawable resource #0x1080105 (android:drawable/btn_check_on_disabled_holo_light) that varies with configuration!!
W/Resources( 7636): Preloaded drawable resource #0x1080104 (android:drawable/btn_check_on_disabled_holo_dark) that varies with configuration!!
W/Resources( 7636): Preloaded drawable resource #0x1080103 (android:drawable/btn_check_on_disabled_focused_holo_light) that varies with configuration!!
W/Resources( 7636): Preloaded drawable resource #0x1080102 (android:drawable/btn_check_on_disabled_focused_holo_dark) that varies with configuration!!
W/Resources( 7636): Preloaded drawable resource #0x10800fa (android:drawable/btn_check_off_pressed_holo_light) that varies with configuration!!
W/Resources( 7636): Preloaded drawable resource #0x10800f9 (android:drawable/btn_check_off_pressed_holo_dark) that varies with configuration!!
W/Resources( 7636): Preloaded drawable resource #0x10800f5 (android:drawable/btn_check_off_holo_light) that varies with configuration!!
W/Resources( 7636): Preloaded drawable resource #0x10800f4 (android:drawable/btn_check_off_holo_dark) that varies with configuration!!
W/Resources( 7636): Preloaded drawable resource #0x10800f2 (android:drawable/btn_check_off_focused_holo_light) that varies with configuration!!
W/Resources( 7636): Preloaded drawable resource #0x10800f1 (android:drawable/btn_check_off_focused_holo_dark) that varies with configuration!!
W/Resources( 7636): Preloaded drawable resource #0x10800f0 (android:drawable/btn_check_off_disabled_holo_light) that varies with configuration!!
W/Resources( 7636): Preloaded drawable resource #0x10800ef (android:drawable/btn_check_off_disabled_holo_dark) that varies with configuration!!
W/Resources( 7636): Preloaded drawable resource #0x10800ee (android:drawable/btn_check_off_disabled_focused_holo_light) that varies with configuration!!
W/Resources( 7636): Preloaded drawable resource #0x10800ed (android:drawable/btn_check_off_disabled_focused_holo_dark) that varies with configuration!!
W/Resources( 7636): Preloaded drawable resource #0x108010a (android:drawable/btn_check_on_holo_light) that varies with configuration!!
W/Resources( 7636): Preloaded drawable resource #0x10800f5 (android:drawable/btn_check_off_holo_light) that varies with configuration!!
W/Resources( 7636): Preloaded drawable resource #0x108010d (android:drawable/btn_check_on_pressed_holo_light) that varies with configuration!!
W/Resources( 7636): Preloaded drawable resource #0x10800fa (android:drawable/btn_check_off_pressed_holo_light) that varies with configuration!!
W/Resources( 7636): Preloaded drawable resource #0x1080107 (android:drawable/btn_check_on_focused_holo_light) that varies with configuration!!
W/Resources( 7636): Preloaded drawable resource #0x10800f2 (android:drawable/btn_check_off_focused_holo_light) that varies with configuration!!
W/Resources( 7636): Preloaded drawable resource #0x10800f5 (android:drawable/btn_check_off_holo_light) that varies with configuration!!
W/Resources( 7636): Preloaded drawable resource #0x108010a (android:drawable/btn_check_on_holo_light) that varies with configuration!!
W/Resources( 7636): Preloaded drawable resource #0x1080105 (android:drawable/btn_check_on_disabled_holo_light) that varies with configuration!!
W/Resources( 7636): Preloaded drawable resource #0x10800f0 (android:drawable/btn_check_off_disabled_holo_light) that varies with configuration!!
W/Resources( 7636): Preloaded drawable resource #0x1080103 (android:drawable/btn_check_on_disabled_focused_holo_light) that varies with configuration!!
W/Resources( 7636): Preloaded drawable resource #0x10800ee (android:drawable/btn_check_off_disabled_focused_holo_light) that varies with configuration!!
W/Resources( 7636): Preloaded drawable resource #0x10800f0 (android:drawable/btn_check_off_disabled_holo_light) that varies with configuration!!
W/Resources( 7636): Preloaded drawable resource #0x1080105 (android:drawable/btn_check_on_disabled_holo_light) that varies with configuration!!
W/Resources( 7636): Preloaded drawable resource #0x10800e3 (android:drawable/btn_check_holo_light) that varies with configuration!!
W/Resources( 7636): Preloaded drawable resource #0x1080109 (android:drawable/btn_check_on_holo_dark) that varies with configuration!!
W/Resources( 7636): Preloaded drawable resource #0x10800f4 (android:drawable/btn_check_off_holo_dark) that varies with configuration!!
W/Resources( 7636): Preloaded drawable resource #0x108010c (android:drawable/btn_check_on_pressed_holo_dark) that varies with configuration!!
W/Resources( 7636): Preloaded drawable resource #0x10800f9 (android:drawable/btn_check_off_pressed_holo_dark) that varies with configuration!!
W/Resources( 7636): Preloaded drawable resource #0x1080106 (android:drawable/btn_check_on_focused_holo_dark) that varies with configuration!!
W/Resources( 7636): Preloaded drawable resource #0x10800f1 (android:drawable/btn_check_off_focused_holo_dark) that varies with configuration!!
W/Resources( 7636): Preloaded drawable resource #0x10800f4 (android:drawable/btn_check_off_holo_dark) that varies with configuration!!
W/Resources( 7636): Preloaded drawable resource #0x1080109 (android:drawable/btn_check_on_holo_dark) that varies with configuration!!
W/Resources( 7636): Preloaded drawable resource #0x1080104 (android:drawable/btn_check_on_disabled_holo_dark) that varies with configuration!!
W/Resources( 7636): Preloaded drawable resource #0x10800ef (android:drawable/btn_check_off_disabled_holo_dark) that varies with configuration!!
W/Resources( 7636): Preloaded drawable resource #0x1080102 (android:drawable/btn_check_on_disabled_focused_holo_dark) that varies with configuration!!
W/Resources( 7636): Preloaded drawable resource #0x10800ed (android:drawable/btn_check_off_disabled_focused_holo_dark) that varies with configuration!!
W/Resources( 7636): Preloaded drawable resource #0x10800ef (android:drawable/btn_check_off_disabled_holo_dark) that varies with configuration!!
W/Resources( 7636): Preloaded drawable resource #0x1080104 (android:drawable/btn_check_on_disabled_holo_dark) that varies with configuration!!
W/Resources( 7636): Preloaded drawable resource #0x10800e2 (android:drawable/btn_check_holo_dark) that varies with configuration!!
W/Resources( 7636): Preloaded drawable resource #0x10801bd (android:drawable/btn_radio_on_pressed_holo_light) that varies with configuration!!
W/Resources( 7636): Preloaded drawable resource #0x10801bc (android:drawable/btn_radio_on_pressed_holo_dark) that varies with configuration!!
W/Resources( 7636): Preloaded drawable resource #0x10801b9 (android:drawable/btn_radio_on_holo_light) that varies with configuration!!
W/Resources( 7636): Preloaded drawable resource #0x10801b8 (android:drawable/btn_radio_on_holo_dark) that varies with configuration!!
W/Resources( 7636): Preloaded drawable resource #0x10801b6 (android:drawable/btn_radio_on_focused_holo_light) that varies with configuration!!
W/Resources( 7636): Preloaded drawable resource #0x10801b5 (android:drawable/btn_radio_on_focused_holo_dark) that varies with configuration!!
W/Resources( 7636): Preloaded drawable resource #0x10801b4 (android:drawable/btn_radio_on_disabled_holo_light) that varies with configuration!!
W/Resources( 7636): Preloaded drawable resource #0x10801b3 (android:drawable/btn_radio_on_disabled_holo_dark) that varies with configuration!!
W/Resources( 7636): Preloaded drawable resource #0x10801b2 (android:drawable/btn_radio_on_disabled_focused_holo_light) that varies with configuration!!
W/Resources( 7636): Preloaded drawable resource #0x10801b1 (android:drawable/btn_radio_on_disabled_focused_holo_dark) that varies with configuration!!
W/Resources( 7636): Preloaded drawable resource #0x10801ae (android:drawable/btn_radio_off_pressed_holo_light) that varies with configuration!!
W/Resources( 7636): Preloaded drawable resource #0x10801ad (android:drawable/btn_radio_off_pressed_holo_dark) that varies with configuration!!
W/Resources( 7636): Preloaded drawable resource #0x10801ab (android:drawable/btn_radio_off_holo_light) that varies with configuration!!
W/Resources( 7636): Preloaded drawable resource #0x10801aa (android:drawable/btn_radio_off_holo_dark) that varies with configuration!!
W/Resources( 7636): Preloaded drawable resource #0x10801a8 (android:drawable/btn_radio_off_focused_holo_light) that varies with configuration!!
W/Resources( 7636): Preloaded drawable resource #0x10801a7 (android:drawable/btn_radio_off_focused_holo_dark) that varies with configuration!!
W/Resources( 7636): Preloaded drawable resource #0x10801a6 (android:drawable/btn_radio_off_disabled_holo_light) that varies with configuration!!
W/Resources( 7636): Preloaded drawable resource #0x10801a5 (android:drawable/btn_radio_off_disabled_holo_dark) that varies with configuration!!
