W/PackageParser( 4505): Unknown element under : permission at /system/app/Gallery2/Gallery2.apk Binary XML file line #257
I/PackageManager( 4505): /system/app/GsmTuneAway changed; collecting certs
W/PackageManager( 4505): Failed to parse /system/app/GsmTuneAway: Signature mismatch for shared user : SharedUserSetting{22e63d81 android.uid.phone/1001}
I/PackageParser( 4505): com.qualcomm.interfacepermissions: compat added android.permission.WRITE_EXTERNAL_STORAGE android.permission.READ_PHONE_STATE
I/PackageManager( 4505): /system/app/NetworkSetting changed; collecting certs
W/PackageManager( 4505): Failed to parse /system/app/NetworkSetting: Signature mismatch for shared user : SharedUserSetting{22e63d81 android.uid.phone/1001}
I/PackageParser( 4505): com.qualcomm.qcom_qmi: compat added android.permission.WRITE_EXTERNAL_STORAGE android.permission.READ_PHONE_STATE
I/PackageManager( 4505): /system/app/SVIService changed; collecting certs
W/PackageManager( 4505): Failed to parse /system/app/SVIService: Signature mismatch for shared user : SharedUserSetting{2820d895 android.uid.system/1000}
I/PackageManager( 4505): /system/app/TimeService changed; collecting certs
W/PackageManager( 4505): Failed to parse /system/app/TimeService: Signature mismatch for shared user : SharedUserSetting{2820d895 android.uid.system/1000}
I/PackageManager( 4505): /system/app/WfdService changed; collecting certs
W/PackageManager( 4505): Failed to parse /system/app/WfdService: Signature mismatch for shared user : SharedUserSetting{2820d895 android.uid.system/1000}
I/PackageManager( 4505): /system/app/btmultisim changed; collecting certs
W/PackageManager( 4505): Failed to parse /system/app/btmultisim: Signature mismatch for shared user : SharedUserSetting{22e63d81 android.uid.phone/1001}
I/PackageManager( 4505): /system/app/com.qualcomm.qti.services.secureui changed; collecting certs
W/PackageManager( 4505): Failed to parse /system/app/com.qualcomm.qti.services.secureui: Signature mismatch for shared user : SharedUserSetting{2820d895 android.uid.system/1000}
I/PackageManager( 4505): /system/app/fastdormancy changed; collecting certs
W/PackageManager( 4505): Failed to parse /system/app/fastdormancy: Signature mismatch for shared user : SharedUserSetting{2820d895 android.uid.system/1000}
I/PackageManager( 4505): /system/app/qcrilmsgtunnel changed; collecting certs
W/PackageManager( 4505): Failed to parse /system/app/qcrilmsgtunnel: Signature mismatch for shared user : SharedUserSetting{22e63d81 android.uid.phone/1001}
I/PackageManager( 4505): /system/vendor/app/ims changed; collecting certs
W/PackageManager( 4505): Failed to parse /system/vendor/app/ims: Signature mismatch for shared user : SharedUserSetting{22e63d81 android.uid.phone/1001}
D/PackageManager( 4505): No files in app dir /oem/app
W/PackageManager( 4505): System package com.android.settings no longer exists; wiping its data
D/PackageManager( 4505): No files in app dir /data/app
D/PackageManager( 4505): No files in app dir /data/app-private
W/PackageManager( 4505): Package org.codeaurora.bluetooth desires unavailable shared library com.quicinc.wbc; ignoring!
W/PackageManager( 4505): Package com.android.email desires unavailable shared library org.apache.http.legacy; ignoring!
I/PackageManager( 4505): Adjusting ABI for : com.android.soundrecorder to armeabi-v7a
I/PackageManager( 4505): Running dexopt on: /system/app/SoundRecorder/SoundRecorder.apk pkg=com.android.soundrecorder isa=arm vmSafeMode=false
I/dex2oat ( 4923): /system/bin/dex2oat --zip-fd=5 --zip-location=/system/app/SoundRecorder/SoundRecorder.apk --oat-fd=6 --oat-location=/data/dalvik-cache/arm/system@app@SoundRecorder@SoundRecorder.apk@classes.dex --instruction-set=arm --instruction-set-features=div --runtime-arg -Xms64m --runtime-arg -Xmx512m --swap-fd=10
I/dex2oat ( 4923): Decided to run without swap.
I/dex2oat ( 4923): dex2oat took 104.984ms (threads: 4) arena alloc=51KB java alloc=66KB native alloc=1477KB free=6MB
I/PackageManager( 4505): Adjusting ABI for : com.android.server.telecom to armeabi-v7a
I/PackageManager( 4505): Running dexopt on: /system/priv-app/Telecom/Telecom.apk pkg=com.android.server.telecom isa=arm vmSafeMode=false
I/dex2oat ( 4928): /system/bin/dex2oat --zip-fd=5 --zip-location=/system/priv-app/Telecom/Telecom.apk --oat-fd=6 --oat-location=/data/dalvik-cache/arm/system@priv-app@Telecom@Telecom.apk@classes.dex --instruction-set=arm --instruction-set-features=div --runtime-arg -Xms64m --runtime-arg -Xmx512m --swap-fd=10
I/dex2oat ( 4928): Decided to run without swap.
E/NetlinkListener( 4417): recvmsg failed (I/O error)
E/NetlinkListener( 687): recvmsg failed (I/O error)
E/NetlinkListener( 4417): recvmsg failed (I/O error)
E/NetlinkListener( 687): recvmsg failed (I/O error)
I/dex2oat ( 4928): dex2oat took 526.906ms (threads: 4) arena alloc=79KB java alloc=705KB native alloc=2MB free=5MB
I/PackageManager( 4505): Adjusting ABI for : com.codeaurora.fmrecording to armeabi-v7a
I/PackageManager( 4505): Running dexopt on: /system/app/FMRecord/FMRecord.apk pkg=com.codeaurora.fmrecording isa=arm vmSafeMode=false
I/dex2oat ( 4948): /system/bin/dex2oat --zip-fd=5 --zip-location=/system/app/FMRecord/FMRecord.apk --oat-fd=6 --oat-location=/data/dalvik-cache/arm/system@app@FMRecord@FMRecord.apk@classes.dex --instruction-set=arm --instruction-set-features=div --runtime-arg -Xms64m --runtime-arg -Xmx512m --swap-fd=10
I/dex2oat ( 4948): Decided to run without swap.
I/dex2oat ( 4948): dex2oat took 65.140ms (threads: 4) arena alloc=116KB java alloc=31KB native alloc=1433KB free=6MB
I/PackageManager( 4505): Adjusting ABI for : com.android.providers.settings to armeabi-v7a
I/PackageManager( 4505): Running dexopt on: /system/priv-app/SettingsProvider/SettingsProvider.apk pkg=com.android.providers.settings isa=arm vmSafeMode=false
I/dex2oat ( 4953): /system/bin/dex2oat --zip-fd=5 --zip-location=/system/priv-app/SettingsProvider/SettingsProvider.apk --oat-fd=6 --oat-location=/data/dalvik-cache/arm/system@priv-app@SettingsProvider@SettingsProvider.apk@classes.dex --instruction-set=arm --instruction-set-features=div --runtime-arg -Xms64m --runtime-arg -Xmx512m --swap-fd=10
I/dex2oat ( 4953): Decided to run without swap.
E/NetlinkListener( 687): recvmsg failed (I/O error)
E/NetlinkListener( 4417): recvmsg failed (I/O error)
I/dex2oat ( 4953): dex2oat took 164.035ms (threads: 4) arena alloc=2MB java alloc=108KB native alloc=3MB free=4MB
I/PackageManager( 4505): Adjusting ABI for : com.dsi.ant.server to armeabi-v7a
I/PackageManager( 4505): Running dexopt on: /system/app/AntHalService/AntHalService.apk pkg=com.dsi.ant.server isa=arm vmSafeMode=false
I/dex2oat ( 4961): /system/bin/dex2oat --zip-fd=5 --zip-location=/system/app/AntHalService/AntHalService.apk --oat-fd=6 --oat-location=/data/dalvik-cache/arm/system@app@AntHalService@AntHalService.apk@classes.dex --instruction-set=arm --instruction-set-features=div --runtime-arg -Xms64m --runtime-arg -Xmx512m --swap-fd=10
I/dex2oat ( 4961): Decided to run without swap.
I/dex2oat ( 4961): dex2oat took 74.171ms (threads: 4) arena alloc=91KB java alloc=35KB native alloc=1299KB free=6MB
I/PackageManager( 4505): Adjusting ABI for : com.fairphone.psensor to armeabi-v7a
I/PackageManager( 4505): Running dexopt on: /system/priv-app/ProximitySensorTools/ProximitySensorTools.apk pkg=com.fairphone.psensor isa=arm vmSafeMode=false
I/dex2oat ( 4966): /system/bin/dex2oat --zip-fd=5 --zip-location=/system/priv-app/ProximitySensorTools/ProximitySensorTools.apk --oat-fd=6 --oat-location=/data/dalvik-cache/arm/system@priv-app@ProximitySensorTools@ProximitySensorTools.apk@classes.dex --instruction-set=arm --instruction-set-features=div --runtime-arg -Xms64m --runtime-arg -Xmx512m --swap-fd=10
I/dex2oat ( 4966): Decided to run without swap.
E/NetlinkListener( 4417): recvmsg failed (I/O error)
E/NetlinkListener( 687): recvmsg failed (I/O error)
E/NetlinkListener( 4417): recvmsg failed (I/O error)
E/NetlinkListener( 687): recvmsg failed (I/O error)
E/NetlinkListener( 4417): recvmsg failed (I/O error)
E/NetlinkListener( 687): recvmsg failed (I/O error)
E/NetlinkListener( 4417): recvmsg failed (I/O error)
E/NetlinkListener( 687): recvmsg failed (I/O error)
V/WLAN_PSA( 673): NL MSG, len[048], NL type[0x11] WNI type[0x5050] len[028]
V/WLAN_PSA( 673): NL MSG, PID: 673
E/NetlinkListener( 687): recvmsg failed (I/O error)
E/NetlinkListener( 4417): recvmsg failed (I/O error)
E/NetlinkListener( 687): recvmsg failed (I/O error)
E/NetlinkListener( 4417): recvmsg failed (I/O error)
E/NetlinkListener( 4417): recvmsg failed (I/O error)
E/NetlinkListener( 687): recvmsg failed (I/O error)
I/dex2oat ( 4966): dex2oat took 1.295s (threads: 4) arena alloc=248KB java alloc=1403KB native alloc=3MB free=4MB
I/PackageManager( 4505): Adjusting ABI for : com.android.inputdevices to armeabi-v7a
I/PackageManager( 4505): Running dexopt on: /system/priv-app/InputDevices/InputDevices.apk pkg=com.android.inputdevices isa=arm vmSafeMode=false
I/dex2oat ( 5004): /system/bin/dex2oat --zip-fd=5 --zip-location=/system/priv-app/InputDevices/InputDevices.apk --oat-fd=6 --oat-location=/data/dalvik-cache/arm/system@priv-app@InputDevices@InputDevices.apk@classes.dex --instruction-set=arm --instruction-set-features=div --runtime-arg -Xms64m --runtime-arg -Xmx512m --swap-fd=10
I/dex2oat ( 5004): Decided to run without swap.
I/dex2oat ( 5004): dex2oat took 74.200ms (threads: 4) arena alloc=23KB java alloc=1984B native alloc=585KB free=7MB
I/PackageManager( 4505): Adjusting ABI for : com.fairphone.privacyimpact to armeabi-v7a
I/PackageManager( 4505): Running dexopt on: /system/priv-app/FairphonePrivacyImpact/FairphonePrivacyImpact.apk pkg=com.fairphone.privacyimpact isa=arm vmSafeMode=false
E/NetlinkListener( 687): recvmsg failed (I/O error)
E/NetlinkListener( 4417): recvmsg failed (I/O error)
I/dex2oat ( 5011): /system/bin/dex2oat --zip-fd=5 --zip-location=/system/priv-app/FairphonePrivacyImpact/FairphonePrivacyImpact.apk --oat-fd=6 --oat-location=/data/dalvik-cache/arm/system@priv-app@FairphonePrivacyImpact@FairphonePrivacyImpact.apk@classes.dex --instruction-set=arm --instruction-set-features=div --runtime-arg -Xms64m --runtime-arg -Xmx512m --swap-fd=10
I/dex2oat ( 5011): Decided to run without swap.
W/dex2oat ( 5011): Before Android 4.1, method int android.support.v7.internal.widget.ListViewCompat.lookForSelectablePosition(int, boolean) would have incorrectly overridden the package-private method in android.widget.ListView
E/NetlinkListener( 687): recvmsg failed (I/O error)
E/NetlinkListener( 4417): recvmsg failed (I/O error)
I/dex2oat ( 5011): dex2oat took 1.134s (threads: 4) arena alloc=187KB java alloc=1388KB native alloc=3MB free=4MB
I/PackageManager( 4505): Adjusting ABI for : com.fairphone.setupwizard to armeabi-v7a
I/PackageManager( 4505): Running dexopt on: /system/priv-app/FairphoneSetupWizard/FairphoneSetupWizard.apk pkg=com.fairphone.setupwizard isa=arm vmSafeMode=false
I/dex2oat ( 5025): /system/bin/dex2oat --zip-fd=5 --zip-location=/system/priv-app/FairphoneSetupWizard/FairphoneSetupWizard.apk --oat-fd=6 --oat-location=/data/dalvik-cache/arm/system@priv-app@FairphoneSetupWizard@FairphoneSetupWizard.apk@classes.dex --instruction-set=arm --instruction-set-features=div --runtime-arg -Xms64m --runtime-arg -Xmx512m --swap-fd=10
V/WLAN_PSA( 673): NL MSG, len[4025], NL type[0x1C] WNI type[0x5900] len[41231]
V/WLAN_PSA( 673): NL MSG, PID: 673
I/dex2oat ( 5025): Decided to run without swap.
E/NetlinkListener( 4417): recvmsg failed (I/O error)
E/NetlinkListener( 687): recvmsg failed (I/O error)
E/NetlinkListener( 4417): recvmsg failed (I/O error)
E/NetlinkListener( 687): recvmsg failed (I/O error)
I/dex2oat ( 5025): dex2oat took 599.906ms (threads: 4) arena alloc=81KB java alloc=571KB native alloc=2MB free=5MB
I/PackageManager( 4505): Adjusting ABI for : com.android.keychain to armeabi-v7a
I/PackageManager( 4505): Running dexopt on: /system/app/KeyChain/KeyChain.apk pkg=com.android.keychain isa=arm vmSafeMode=false
I/dex2oat ( 5039): /system/bin/dex2oat --zip-fd=5 --zip-location=/system/app/KeyChain/KeyChain.apk --oat-fd=6 --oat-location=/data/dalvik-cache/arm/system@app@KeyChain@KeyChain.apk@classes.dex --instruction-set=arm --instruction-set-features=div --runtime-arg -Xms64m --runtime-arg -Xmx512m --swap-fd=10
I/dex2oat ( 5039): Decided to run without swap.
I/dex2oat ( 5039): dex2oat took 78.269ms (threads: 4) arena alloc=93KB java alloc=78KB native alloc=1471KB free=6MB
I/PackageManager( 4505): Adjusting ABI for : com.android.location.fused to armeabi-v7a
I/PackageManager( 4505): Running dexopt on: /system/priv-app/FusedLocation/FusedLocation.apk pkg=com.android.location.fused isa=arm vmSafeMode=false
I/dex2oat ( 5044): /system/bin/dex2oat --zip-fd=5 --zip-location=/system/priv-app/FusedLocation/FusedLocation.apk --oat-fd=6 --oat-location=/data/dalvik-cache/arm/system@priv-app@FusedLocation@FusedLocation.apk@classes.dex --instruction-set=arm --instruction-set-features=div --runtime-arg -Xms64m --runtime-arg -Xmx512m --swap-fd=10
E/NetlinkListener( 4417): recvmsg failed (I/O error)
E/NetlinkListener( 687): recvmsg failed (I/O error)
I/dex2oat ( 5044): Decided to run without swap.
I/dex2oat ( 5044): dex2oat took 58.263ms (threads: 4) arena alloc=71KB java alloc=44KB native alloc=1258KB free=6MB
I/PackageManager( 4505): Adjusting ABI for : com.android.dialer to armeabi-v7a
I/PackageManager( 4505): Running dexopt on: /system/priv-app/Dialer/Dialer.apk pkg=com.android.dialer isa=arm vmSafeMode=false
I/dex2oat ( 5052): /system/bin/dex2oat --zip-fd=5 --zip-location=/system/priv-app/Dialer/Dialer.apk --oat-fd=6 --oat-location=/data/dalvik-cache/arm/system@priv-app@Dialer@Dialer.apk@classes.dex --instruction-set=arm --instruction-set-features=div --runtime-arg -Xms64m --runtime-arg -Xmx512m --swap-fd=10
E/NetlinkListener( 4417): recvmsg failed (I/O error)
E/NetlinkListener( 687): recvmsg failed (I/O error)
I/dex2oat ( 5052): Decided to run without swap.
E/NetlinkListener( 687): recvmsg failed (I/O error)
E/NetlinkListener( 4417): recvmsg failed (I/O error)
E/NetlinkListener( 4417): recvmsg failed (I/O error)
E/NetlinkListener( 687): recvmsg failed (I/O error)
E/NetlinkListener( 4417): recvmsg failed (I/O error)
E/NetlinkListener( 687): recvmsg failed (I/O error)
E/NetlinkListener( 687): recvmsg failed (I/O error)
E/NetlinkListener( 4417): recvmsg failed (I/O error)
I/dex2oat ( 5052): dex2oat took 1.775s (threads: 4) arena alloc=210KB java alloc=2MB native alloc=5MB free=6MB
E/NetlinkListener( 687): recvmsg failed (I/O error)
E/NetlinkListener( 4417): recvmsg failed (I/O error)
I/PackageManager( 4505): Time to scan packages: 20.248 seconds
W/PackageManager( 4505): Unknown permission com.google.android.googleapps.permission.GOOGLE_AUTH in package com.android.providers.calendar
W/PackageManager( 4505): Unknown permission com.google.android.googleapps.permission.GOOGLE_AUTH.cl in package com.android.providers.calendar
W/PackageManager( 4505): Unknown permission com.qualcomm.permission.USE_QCRIL_MSG_TUNNEL in package com.qualcomm.shutdownlistner
W/PackageManager( 4505): Unknown permission android.permission.PREVENT_POWER_KEY in package com.fairphone.checkup
W/PackageManager( 4505): Not granting permission android.permission.GLOBAL_SEARCH to package com.android.quicksearchbox (protectionLevel=18 flags=0x48be45)
W/PackageManager( 4505): Not granting permission android.permission.ACCESS_DOWNLOAD_MANAGER to package com.android.browser (protectionLevel=18 flags=0x9be45)
W/PackageManager( 4505): Not granting permission android.permission.SEND_DOWNLOAD_COMPLETED_INTENTS to package com.android.browser (protectionLevel=2 flags=0x9be45)
W/PackageManager( 4505): Unknown permission android.permission.MMS_PUSH in package org.codeaurora.bluetooth
W/PackageManager( 4505): Not granting permission android.permission.BIND_WALLPAPER to package com.android.camera2 (protectionLevel=18 flags=0x58bc45)
W/PackageManager( 4505): Unknown permission android.permission.INSTALL_DRM in package com.android.mms
W/PackageManager( 4505): Unknown permission com.google.android.googleapps.permission.GOOGLE_AUTH.mail in package com.android.calendar
W/PackageManager( 4505): Unknown permission com.android.launcher.permission.READ_SETTINGS in package com.android.onetimeinitializer
W/PackageManager( 4505): Unknown permission com.android.launcher.permission.WRITE_SETTINGS in package com.android.onetimeinitializer
W/PackageManager( 4505): Not granting permission android.permission.DELETE_PACKAGES to package com.svox.pico (protectionLevel=18 flags=0x8be45)
W/PackageManager( 4505): Unknown permission android.permission.ACCESS_THEME_MANAGER in package com.fairphone.setupwizard
W/PackageManager( 4505): Unknown permission com.google.android.gallery3d.permission.PICASA_STORE in package com.android.dreams.phototable
W/PackageManager( 4505): Unknown permission android.permission.ACCESS_SUPERUSER in package com.amaze.filemanager
W/PackageManager( 4505): Unknown permission com.android.launcher.permission.READ_SETTINGS in package com.fairphone.fplauncher3
W/PackageManager( 4505): Unknown permission com.android.launcher.permission.WRITE_SETTINGS in package com.fairphone.fplauncher3
W/PackageManager( 4505): Unknown permission android.permission.ACCESS_SUPERUSER in package com.fairphone.updater
W/PackageManager( 4505): Not granting permission android.permission.DEVICE_POWER to package com.android.deskclock (protectionLevel=2 flags=0x48be45)
W/PackageManager( 4505): Unknown permission com.google.android.gallery3d.permission.GALLERY_PROVIDER in package com.android.bluetooth
E/NetlinkListener( 4417): recvmsg failed (I/O error)
E/NetlinkListener( 687): recvmsg failed (I/O error)
I/art ( 4505): Explicit concurrent mark sweep GC freed 53765(2MB) AllocSpace objects, 20(320KB) LOS objects, 58% free, 2MB/6MB, paused 1.589ms total 30.994ms
I/SystemServer( 4505): User Service
E/ServiceManager( 4401): add_service('permission',15) uid=1000 - ALREADY REGISTERED, OVERRIDE
I/ServiceManager( 4401): service 'permission' died
I/lowmemorykiller( 689): ActivityManager connected
I/SystemServiceManager( 4505): Starting com.android.server.lights.LightsService
I/SystemServiceManager( 4505): Starting com.android.server.BatteryService
I/SystemServiceManager( 4505): Starting com.android.server.usage.UsageStatsService
I/UsageStatsService( 4505): User[0] Rollover scheduled @ 2016-12-10 00:00:00(1481328000000)
I/SystemServiceManager( 4505): Starting com.android.server.webkit.WebViewUpdateService
I/SystemServer( 4505): Reading configuration...
I/SystemServer( 4505): Scheduling Policy
I/SystemServiceManager( 4505): Starting com.android.server.telecom.TelecomLoaderService
I/SystemServer( 4505): Telephony Registry
I/SystemServer( 4505): Entropy Mixer
I/EntropyMixer( 4505): Writing entropy...
I/SystemServer( 4505): Account Manager
I/SystemServer( 4505): Content Manager
I/SystemServer( 4505): System Content Providers
I/SystemServer( 4505): Vibrator Service
I/SystemServer( 4505): Consumer IR Service
E/ConsumerIrService( 4505): Can't open consumer IR HW Module, error: sfdroid disabled
I/SystemServiceManager( 4505): Starting com.android.server.AlarmManagerService
W/AlarmManager( 4505): Failed to open alarm driver. Falling back to a handler.
I/SystemServer( 4505): Init Watchdog
I/SystemServer( 4505): Input Manager
I/InputManager( 4505): Initializing input manager, mUseDevInputEventForAudioJack=true
I/SystemServer( 4505): Window Manager
I/WindowManager( 4505): No existing display settings /data/system/display_settings.xml; starting empty
W/ServiceManager( 4406): Permission failure: android.permission.ACCESS_SURFACE_FLINGER from uid=1000 pid=4505
D/PermissionCache( 4406): checking android.permission.ACCESS_SURFACE_FLINGER for uid=1000 => denied (694 us)
E/SurfaceFlinger( 4406): Permission Denial: can't access SurfaceFlinger pid=4505, uid=1000
E/SurfaceFlinger( 4406): Permission Denial: can't access SurfaceFlinger pid=4505, uid=1000
E/WindowManager( 4505): Exception creating Dim surface
E/WindowManager( 4505): android.view.Surface$OutOfResourcesException
E/WindowManager( 4505): at android.view.SurfaceControl.nativeCreate(Native Method)
E/WindowManager( 4505): at android.view.SurfaceControl.(SurfaceControl.java:292)
E/WindowManager( 4505): at com.android.server.wm.DimLayer.(DimLayer.java:81)
E/WindowManager( 4505): at com.android.server.wm.TaskStack.attachDisplayContent(TaskStack.java:233)
E/WindowManager( 4505): at com.android.server.wm.WindowManagerService.attachStack(WindowManagerService.java:5158)
E/WindowManager( 4505): at com.android.server.am.ActivityStackSupervisor$ActivityContainer.attachToDisplayLocked(ActivityStackSupervisor.java:3766)
E/WindowManager( 4505): at com.android.server.am.ActivityStackSupervisor.createStackOnDisplay(ActivityStackSupervisor.java:2649)
E/WindowManager( 4505): at com.android.server.am.ActivityStackSupervisor.setWindowManager(ActivityStackSupervisor.java:394)
E/WindowManager( 4505): at com.android.server.am.ActivityManagerService.setWindowManager(ActivityManagerService.java:1943)
E/WindowManager( 4505): at com.android.server.SystemServer.startOtherServices(SystemServer.java:498)
E/WindowManager( 4505): at com.android.server.SystemServer.run(SystemServer.java:265)
E/WindowManager( 4505): at com.android.server.SystemServer.main(SystemServer.java:179)
E/WindowManager( 4505): at java.lang.reflect.Method.invoke(Native Method)
E/WindowManager( 4505): at java.lang.reflect.Method.invoke(Method.java:372)
E/WindowManager( 4505): at com.android.internal.os.ZygoteInit$MethodAndArgsCaller.run(ZygoteInit.java:904)
E/WindowManager( 4505): at com.android.internal.os.ZygoteInit.main(ZygoteInit.java:699)
E/SurfaceFlinger( 4406): Permission Denial: can't access SurfaceFlinger pid=4505, uid=1000
E/WindowManager( 4505): Exception creating Dim surface
E/WindowManager( 4505): android.view.Surface$OutOfResourcesException
E/WindowManager( 4505): at android.view.SurfaceControl.nativeCreate(Native Method)
E/WindowManager( 4505): at android.view.SurfaceControl.(SurfaceControl.java:292)
E/WindowManager( 4505): at com.android.server.wm.DimLayer.(DimLayer.java:81)
E/WindowManager( 4505): at com.android.server.wm.TaskStack.attachDisplayContent(TaskStack.java:234)
E/WindowManager( 4505): at com.android.server.wm.WindowManagerService.attachStack(WindowManagerService.java:5158)
E/WindowManager( 4505): at com.android.server.am.ActivityStackSupervisor$ActivityContainer.attachToDisplayLocked(ActivityStackSupervisor.java:3766)
E/WindowManager( 4505): at com.android.server.am.ActivityStackSupervisor.createStackOnDisplay(ActivityStackSupervisor.java:2649)
E/WindowManager( 4505): at com.android.server.am.ActivityStackSupervisor.setWindowManager(ActivityStackSupervisor.java:394)
E/WindowManager( 4505): at com.android.server.am.ActivityManagerService.setWindowManager(ActivityManagerService.java:1943)
E/WindowManager( 4505): at com.android.server.SystemServer.startOtherServices(SystemServer.java:498)
E/WindowManager( 4505): at com.android.server.SystemServer.run(SystemServer.java:265)
E/WindowManager( 4505): at com.android.server.SystemServer.main(SystemServer.java:179)
E/WindowManager( 4505): at java.lang.reflect.Method.invoke(Native Method)
E/WindowManager( 4505): at java.lang.reflect.Method.invoke(Method.java:372)
E/WindowManager( 4505): at com.android.internal.os.ZygoteInit$MethodAndArgsCaller.run(ZygoteInit.java:904)
E/WindowManager( 4505): at com.android.internal.os.ZygoteInit.main(ZygoteInit.java:699)
E/SurfaceFlinger( 4406): Permission Denial: can't access SurfaceFlinger pid=4505, uid=1000
I/InputManager( 4505): Starting input manager
E/EventHub( 4505): could not open /dev/input/event4, Permission denied
E/EventHub( 4505): could not open /dev/input/event3, Permission denied
E/EventHub( 4505): could not open /dev/input/by-path, Is a directory
E/EventHub( 4505): could not open /dev/input/event2, Permission denied
E/EventHub( 4505): could not open /dev/input/event1, Permission denied
E/EventHub( 4505): could not open /dev/input/event0, Permission denied
E/EventHub( 4505): could not open /dev/input/mice, Permission denied
I/SystemServer( 4505): sfdroid: Bluetooth Service disabled
I/SystemServer( 4505): Input Method Service
I/InputReader( 4505): Device added: id=-1, name='Virtual', sources=0x00000301
W/InputMethodManagerService( 4505): Couldn't create dir.: /data/system/inputmethod
V/WLAN_PSA( 673): NL MSG, len[048], NL type[0x11] WNI type[0x5050] len[028]
V/WLAN_PSA( 673): NL MSG, PID: 673
I/SystemServer( 4505): Accessibility Manager
I/XXXXXX ( 4505): choosing minFree values for 32 Bit
I/XXXXXX ( 4505): choosing minFree values for 32 Bit
I/XXXXXX ( 4505): choosing minFree values for 32 Bit
I/XXXXXX ( 4505): choosing minFree values for 32 Bit
I/XXXXXX ( 4505): choosing minFree values for 32 Bit
I/XXXXXX ( 4505): choosing minFree values for 32 Bit
I/ActivityManager( 4505): Config changes=1df8 {1.0 ?mcc?mnc en_US ?layoutDir sw360dp w360dp h640dp 480dpi nrml long port ?uimode ?night -touch -keyb/v/h -nav/h s.2}
E/SurfaceFlinger( 4406): Permission Denial: can't access SurfaceFlinger pid=4505, uid=1000
I/InputReader( 4505): Reconfiguring input devices. changes=0x00000004
E/SurfaceFlinger( 4406): Permission Denial: can't access SurfaceFlinger pid=4505, uid=1000
I/ActivityManager( 4505): Config changes=500 {1.0 ?mcc?mnc en_US ?layoutDir sw360dp w360dp h567dp 480dpi nrml port ?uimode ?night -touch -keyb/v/h -nav/h s.3}
E/SurfaceFlinger( 4406): Permission Denial: can't access SurfaceFlinger pid=4505, uid=1000
E/SurfaceFlinger( 4406): Permission Denial: can't access SurfaceFlinger pid=4505, uid=1000
E/SurfaceFlinger( 4406): Permission Denial: can't access SurfaceFlinger pid=4505, uid=1000
E/SurfaceFlinger( 4406): Permission Denial: can't access SurfaceFlinger pid=4505, uid=1000
I/SystemServer( 4505): Mount Service
D/MountService( 4505): got storage path: /storage/sdcard0 description: Internal storage primary: true removable: false emulated: true mtpReserve: 100 allowMassStorage: false maxFileSize: 0 allowMtp: true
D/MountService( 4505): addVolumeLocked() StorageVolume:
D/MountService( 4505): mStorageId=65537 mPath=/storage/emulated/0 mDescriptionId=17040829
D/MountService( 4505): mPrimary=true mRemovable=false mEmulated=true mMtpReserveSpace=100
D/MountService( 4505): mAllowMassStorage=false mMaxFileSize=0 mOwner=UserHandle{0} mUuid=null
D/MountService( 4505): mUserLabel=null mState=null mAllowMtp=true
D/MountService( 4505): got storage path: /storage/sdcard1 description: SD card primary: false removable: true emulated: false mtpReserve: 0 allowMassStorage: true maxFileSize: 0 allowMtp: true
D/MountService( 4505): addVolumeLocked() StorageVolume:
D/MountService( 4505): mStorageId=0 mPath=/storage/sdcard1 mDescriptionId=17040830 mPrimary=false
D/MountService( 4505): mRemovable=true mEmulated=false mMtpReserveSpace=0 mAllowMassStorage=true
D/MountService( 4505): mMaxFileSize=0 mOwner=null mUuid=null mUserLabel=null mState=null
D/MountService( 4505): mAllowMtp=true
D/MountService( 4505): got storage path: /storage/usbotg description: USB storage primary: false removable: true emulated: false mtpReserve: 0 allowMassStorage: false maxFileSize: 0 allowMtp: true
D/MountService( 4505): addVolumeLocked() StorageVolume:
D/MountService( 4505): mStorageId=0 mPath=/storage/usbotg mDescriptionId=17040831 mPrimary=false
D/MountService( 4505): mRemovable=true mEmulated=false mMtpReserveSpace=0 mAllowMassStorage=false
D/MountService( 4505): mMaxFileSize=0 mOwner=null mUuid=null mUserLabel=null mState=null
D/MountService( 4505): mAllowMtp=true
F/WindowAnimator( 4505): Unhandled exception in Window Manager
F/WindowAnimator( 4505): java.lang.NullPointerException: Attempt to invoke virtual method 'void android.view.SurfaceControl.setLayer(int)' on a null object reference
F/WindowAnimator( 4505): at com.android.server.wm.FocusedStackFrame.setLayer(FocusedStackFrame.java:140)
F/WindowAnimator( 4505): at com.android.server.wm.WindowManagerService.setFocusedStackLayer(WindowManagerService.java:3985)
F/WindowAnimator( 4505): at com.android.server.wm.WindowAnimator.animateLocked(WindowAnimator.java:708)
F/WindowAnimator( 4505): at com.android.server.wm.WindowAnimator.access$000(WindowAnimator.java:54)
F/WindowAnimator( 4505): at com.android.server.wm.WindowAnimator$1.run(WindowAnimator.java:126)
F/WindowAnimator( 4505): at android.view.Choreographer$CallbackRecord.run(Choreographer.java:767)
F/WindowAnimator( 4505): at android.view.Choreographer.doCallbacks(Choreographer.java:580)
F/WindowAnimator( 4505): at android.view.Choreographer.doFrame(Choreographer.java:549)
F/WindowAnimator( 4505): at android.view.Choreographer$FrameDisplayEventReceiver.run(Choreographer.java:753)
F/WindowAnimator( 4505): at android.os.Handler.handleCallback(Handler.java:739)
F/WindowAnimator( 4505): at android.os.Handler.dispatchMessage(Handler.java:95)
F/WindowAnimator( 4505): at android.os.Looper.loop(Looper.java:135)
F/WindowAnimator( 4505): at android.os.HandlerThread.run(HandlerThread.java:61)
F/WindowAnimator( 4505): at com.android.server.ServiceThread.run(ServiceThread.java:46)
E/SurfaceFlinger( 4406): Permission Denial: can't access SurfaceFlinger pid=4505, uid=1000
I/PackageManager( 4505): Running dexopt on: /system/priv-app/Shell/Shell.apk pkg=com.android.shell isa=arm vmSafeMode=false
I/PackageManager( 4505): No secure containers found
W/PackageManager( 4505): Unknown permission com.google.android.googleapps.permission.GOOGLE_AUTH in package com.android.providers.calendar
W/PackageManager( 4505): Unknown permission com.google.android.googleapps.permission.GOOGLE_AUTH.cl in package com.android.providers.calendar
W/PackageManager( 4505): Unknown permission com.qualcomm.permission.USE_QCRIL_MSG_TUNNEL in package com.qualcomm.shutdownlistner
W/PackageManager( 4505): Unknown permission android.permission.PREVENT_POWER_KEY in package com.fairphone.checkup
W/PackageManager( 4505): Not granting permission android.permission.GLOBAL_SEARCH to package com.android.quicksearchbox (protectionLevel=18 flags=0x48be45)
W/PackageManager( 4505): Not granting permission android.permission.ACCESS_DOWNLOAD_MANAGER to package com.android.browser (protectionLevel=18 flags=0x9be45)
W/PackageManager( 4505): Not granting permission android.permission.SEND_DOWNLOAD_COMPLETED_INTENTS to package com.android.browser (protectionLevel=2 flags=0x9be45)
W/PackageManager( 4505): Unknown permission android.permission.MMS_PUSH in package org.codeaurora.bluetooth
W/PackageManager( 4505): Not granting permission android.permission.BIND_WALLPAPER to package com.android.camera2 (protectionLevel=18 flags=0x58bc45)
W/PackageManager( 4505): Unknown permission android.permission.INSTALL_DRM in package com.android.mms
W/PackageManager( 4505): Unknown permission com.google.android.googleapps.permission.GOOGLE_AUTH.mail in package com.android.calendar
W/PackageManager( 4505): Unknown permission com.android.launcher.permission.READ_SETTINGS in package com.android.onetimeinitializer
W/PackageManager( 4505): Unknown permission com.android.launcher.permission.WRITE_SETTINGS in package com.android.onetimeinitializer
W/PackageManager( 4505): Not granting permission android.permission.DELETE_PACKAGES to package com.svox.pico (protectionLevel=18 flags=0x8be45)
W/PackageManager( 4505): Unknown permission android.permission.ACCESS_THEME_MANAGER in package com.fairphone.setupwizard
W/PackageManager( 4505): Unknown permission com.google.android.gallery3d.permission.PICASA_STORE in package com.android.dreams.phototable
W/PackageManager( 4505): Unknown permission android.permission.ACCESS_SUPERUSER in package com.amaze.filemanager
W/PackageManager( 4505): Unknown permission com.android.launcher.permission.READ_SETTINGS in package com.fairphone.fplauncher3
W/PackageManager( 4505): Unknown permission com.android.launcher.permission.WRITE_SETTINGS in package com.fairphone.fplauncher3
W/PackageManager( 4505): Unknown permission android.permission.ACCESS_SUPERUSER in package com.fairphone.updater
W/PackageManager( 4505): Not granting permission android.permission.DEVICE_POWER to package com.android.deskclock (protectionLevel=2 flags=0x48be45)
W/PackageManager( 4505): Unknown permission com.google.android.gallery3d.permission.GALLERY_PROVIDER in package com.android.bluetooth
D/OpenGLRenderer( 4505): Use EGL_SWAP_BEHAVIOR_PRESERVED: true
E/SurfaceFlinger( 4406): Permission Denial: can't access SurfaceFlinger pid=4505, uid=1000
I/dex2oat ( 5102): /system/bin/dex2oat --zip-fd=5 --zip-location=/system/priv-app/Shell/Shell.apk --oat-fd=6 --oat-location=/data/dalvik-cache/arm/system@priv-app@Shell@Shell.apk@classes.dex --instruction-set=arm --instruction-set-features=div --runtime-arg -Xms64m --runtime-arg -Xmx512m --swap-fd=10
W/WindowStateAnimator( 4505): OutOfResourcesException creating surface
I/WindowManager( 4505): Out of memory for surface! Looking for leaks...
W/WindowManager( 4505): No leaked surfaces; killing applicatons!
W/WindowManager( 4505): Due to memory failure, waiting a bit for next layout
I/dex2oat ( 5102): Decided to run without swap.
E/NetlinkListener( 687): recvmsg failed (I/O error)
E/NetlinkListener( 4417): recvmsg failed (I/O error)
E/SurfaceFlinger( 4406): Permission Denial: can't access SurfaceFlinger pid=4505, uid=1000
E/SurfaceFlinger( 4406): Permission Denial: can't access SurfaceFlinger pid=4505, uid=1000
E/NetlinkListener( 687): recvmsg failed (I/O error)
E/NetlinkListener( 4417): recvmsg failed (I/O error)
F/WindowAnimator( 4505): Unhandled exception in Window Manager
F/WindowAnimator( 4505): java.lang.NullPointerException: Attempt to invoke virtual method 'void android.view.SurfaceControl.setLayer(int)' on a null object reference
F/WindowAnimator( 4505): at com.android.server.wm.FocusedStackFrame.setLayer(FocusedStackFrame.java:140)
F/WindowAnimator( 4505): at com.android.server.wm.WindowManagerService.setFocusedStackLayer(WindowManagerService.java:3985)
F/WindowAnimator( 4505): at com.android.server.wm.WindowAnimator.animateLocked(WindowAnimator.java:708)
F/WindowAnimator( 4505): at com.android.server.wm.WindowAnimator.access$000(WindowAnimator.java:54)
F/WindowAnimator( 4505): at com.android.server.wm.WindowAnimator$1.run(WindowAnimator.java:126)
F/WindowAnimator( 4505): at android.view.Choreographer$CallbackRecord.run(Choreographer.java:767)
F/WindowAnimator( 4505): at android.view.Choreographer.doCallbacks(Choreographer.java:580)
F/WindowAnimator( 4505): at android.view.Choreographer.doFrame(Choreographer.java:549)
F/WindowAnimator( 4505): at android.view.Choreographer$FrameDisplayEventReceiver.run(Choreographer.java:753)
F/WindowAnimator( 4505): at android.os.Handler.handleCallback(Handler.java:739)
F/WindowAnimator( 4505): at android.os.Handler.dispatchMessage(Handler.java:95)
F/WindowAnimator( 4505): at android.os.Looper.loop(Looper.java:135)
F/WindowAnimator( 4505): at android.os.HandlerThread.run(HandlerThread.java:61)
F/WindowAnimator( 4505): at com.android.server.ServiceThread.run(ServiceThread.java:46)
E/SurfaceFlinger( 4406): Permission Denial: can't access SurfaceFlinger pid=4505, uid=1000
E/SurfaceFlinger( 4406): Permission Denial: can't access SurfaceFlinger pid=4505, uid=1000
E/SurfaceFlinger( 4406): Permission Denial: can't access SurfaceFlinger pid=4505, uid=1000
F/WindowAnimator( 4505): Unhandled exception in Window Manager
F/WindowAnimator( 4505): java.lang.NullPointerException: Attempt to invoke virtual method 'void android.view.SurfaceControl.setLayer(int)' on a null object reference
F/WindowAnimator( 4505): at com.android.server.wm.FocusedStackFrame.setLayer(FocusedStackFrame.java:140)
F/WindowAnimator( 4505): at com.android.server.wm.WindowManagerService.setFocusedStackLayer(WindowManagerService.java:3985)
F/WindowAnimator( 4505): at com.android.server.wm.WindowAnimator.animateLocked(WindowAnimator.java:708)
F/WindowAnimator( 4505): at com.android.server.wm.WindowAnimator.access$000(WindowAnimator.java:54)
F/WindowAnimator( 4505): at com.android.server.wm.WindowAnimator$1.run(WindowAnimator.java:126)
F/WindowAnimator( 4505): at android.view.Choreographer$CallbackRecord.run(Choreographer.java:767)
F/WindowAnimator( 4505): at android.view.Choreographer.doCallbacks(Choreographer.java:580)
F/WindowAnimator( 4505): at android.view.Choreographer.doFrame(Choreographer.java:549)
F/WindowAnimator( 4505): at android.view.Choreographer$FrameDisplayEventReceiver.run(Choreographer.java:753)
F/WindowAnimator( 4505): at android.os.Handler.handleCallback(Handler.java:739)
F/WindowAnimator( 4505): at android.os.Handler.dispatchMessage(Handler.java:95)
F/WindowAnimator( 4505): at android.os.Looper.loop(Looper.java:135)
F/WindowAnimator( 4505): at android.os.HandlerThread.run(HandlerThread.java:61)
F/WindowAnimator( 4505): at com.android.server.ServiceThread.run(ServiceThread.java:46)
E/SurfaceFlinger( 4406): Permission Denial: can't access SurfaceFlinger pid=4505, uid=1000
E/AudioPolicyManager( 4419): unknown stream type 13
I/AudioFlinger( 4419): AudioFlinger's thread 0xb5a2e000 ready to run
E/AudioPolicyManager( 4419): unknown stream type 13
E/AudioPolicyManager( 4419): unknown stream type 13
E/AudioPolicyManager( 4419): unknown stream type 13
D/audio_hw_primary( 4419): out_standby: enter: stream (0xb5880b00) usecase(1: low-latency-playback)
D/audio_hw_primary( 4419): out_set_parameters: enter: usecase(1: low-latency-playback) kvpairs: routing=2
E/AudioPolicyManager( 4419): unknown stream type 13
D/audio_hw_primary( 4419): adev_open_input_stream: enter: sample_rate(48000) channel_mask(0xc) devices(0x80000004) stream_handle(0xb586da20)
I/AudioFlinger( 4419): AudioFlinger's thread 0xb5ac7000 ready to run
D/audio_hw_primary( 4419): adev_close_input_stream: enter:stream_handle(0xb586da20)
D/audio_hw_primary( 4419): in_standby: enter: stream (0xb586da20) usecase(7: audio-record)
I/audio_a2dp_hw( 4419): adev_open: adev_open in A2dp_hw module
I/AudioFlinger( 4419): loadHwModule() Loaded a2dp audio interface from A2DP Audio HW HAL (audio) handle 7
I/AudioFlinger( 4419): loadHwModule() Loaded usb audio interface from USB audio HW HAL (audio) handle 8
I/r_submix( 4419): adev_open(name=audio_hw_if)
I/r_submix( 4419): adev_init_check()
I/AudioFlinger( 4419): loadHwModule() Loaded r_submix audio interface from Wifi Display audio HAL (audio) handle 9
D/r_submix( 4419): adev_open_input_stream(addr=0)
D/r_submix( 4419): submix_audio_device_create_pipe_l(addr=0, idx=9)
D/r_submix( 4419): now using address 0 for route 9
I/AudioFlinger( 4419): AudioFlinger's thread 0xb5b11000 ready to run
D/r_submix( 4419): adev_close_input_stream()
D/r_submix( 4419): submix_audio_device_release_pipe_l(idx=9) addr=0
D/r_submix( 4419): submix_audio_device_destroy_pipe_l(): pipe destroyed
E/AudioPolicyManager( 4419): unknown stream type 13
E/AudioPolicyManager( 4419): unknown stream type 13
E/SoundTriggerHwService( 4419): couldn't load sound trigger module sound_trigger.primary (No such file or directory)
W/AudioFlinger( 4419): loadHwModule() module primary already loaded
D/audio_hw_primary( 4419): adev_open_output_stream: enter: sample_rate(48000) channel_mask(0x3) devices(0x2) flags(0x2) stream_handle(0xb4c34140)
E/audio_hw_primary( 4419): adev_open_output_stream: Primary output is already opened
D/audio_hw_primary( 4419): adev_open_output_stream: exit: ret -17
W/AudioPolicyManager( 4405): Cannot open output stream for device 00000002 on hw module primary
D/audio_hw_primary( 4419): adev_open_output_stream: enter: sample_rate(48000) channel_mask(0x3) devices(0x2) flags(0x4) stream_handle(0xb5880c40)
D/audio_hw_primary( 4419): adev_open_output_stream: Stream (0xb5880c40) picks up usecase (low-latency-playback)
I/AudioFlinger( 4419): HAL output buffer size 240 frames, normal sink buffer size 960 frames
E/AudioPolicyManager( 4405): unknown stream type 13
E/AudioPolicyManager( 4405): unknown stream type 13
E/AudioPolicyManager( 4405): unknown stream type 13
I/AudioFlinger( 4419): AudioFlinger's thread 0xb5b11000 ready to run
D/audio_hw_primary( 4419): out_set_parameters: enter: usecase(1: low-latency-playback) kvpairs: routing=2
D/audio_hw_primary( 4419): out_standby: enter: stream (0xb5880c40) usecase(1: low-latency-playback)
E/NetlinkListener( 687): recvmsg failed (I/O error)
E/NetlinkListener( 4417): recvmsg failed (I/O error)
E/NetlinkListener( 4417): recvmsg failed (I/O error)
E/NetlinkListener( 687): recvmsg failed (I/O error)
W/AudioFlinger( 4419): setStreamVolume() pid 4405 cannot use internal stream type 10
W/AudioFlinger( 4419): setStreamVolume() pid 4405 cannot use internal stream type 11
E/AudioPolicyManager( 4405): unknown stream type 13
W/AudioFlinger( 4419): setStreamVolume() pid 4405 cannot use internal stream type 13
D/audio_hw_primary( 4419): adev_open_input_stream: enter: sample_rate(48000) channel_mask(0xc) devices(0x80000004) stream_handle(0xb4c3c2a0)
I/AudioFlinger( 4419): AudioFlinger's thread 0xb4c41000 ready to run
D/audio_hw_primary( 4419): in_standby: enter: stream (0xb4c3c2a0) usecase(7: audio-record)
D/audio_hw_primary( 4419): in_standby: enter: stream (0xb4c3c2a0) usecase(7: audio-record)
D/audio_hw_primary( 4419): adev_close_input_stream: enter:stream_handle(0xb4c3c2a0)
D/audio_hw_primary( 4419): in_standby: enter: stream (0xb4c3c2a0) usecase(7: audio-record)
W/AudioFlinger( 4419): loadHwModule() module a2dp already loaded
W/AudioFlinger( 4419): loadHwModule() module usb already loaded
W/AudioFlinger( 4419): loadHwModule() module r_submix already loaded
D/r_submix( 4419): adev_open_input_stream(addr=0)
D/r_submix( 4419): submix_audio_device_create_pipe_l(addr=0, idx=9)
D/r_submix( 4419): now using address 0 for route 9
I/AudioFlinger( 4419): AudioFlinger's thread 0xb5b9b000 ready to run
D/r_submix( 4419): adev_close_input_stream()
D/r_submix( 4419): submix_audio_device_release_pipe_l(idx=9) addr=0
D/r_submix( 4419): submix_audio_device_destroy_pipe_l(): pipe destroyed
E/AudioPolicyManager( 4405): Failed to open primary output
E/AudioPolicyManager( 4405): unknown stream type 13
E/ServiceManager( 4401): add_service('media.audio_policy',28) uid=1013 - ALREADY REGISTERED, OVERRIDE
I/ServiceManager( 4401): service 'media.audio_policy' died
D/audio_hw_primary( 4419): out_set_parameters: enter: usecase(0: deep-buffer-playback) kvpairs: exiting=1
D/audio_hw_extn( 4419): audio_extn_set_anc_parameters: anc_enabled:0
D/audio_hw_primary( 4419): adev_close_output_stream: enter:stream_handle(0xb58809c0)
D/audio_hw_primary( 4419): out_standby: enter: stream (0xb58809c0) usecase(0: deep-buffer-playback)
D/audio_hw_primary( 4419): out_set_parameters: enter: usecase(1: low-latency-playback) kvpairs: exiting=1
D/audio_hw_primary( 4419): adev_close_output_stream: enter:stream_handle(0xb5880b00)
D/audio_hw_primary( 4419): out_standby: enter: stream (0xb5880b00) usecase(1: low-latency-playback)
I/dex2oat ( 5102): dex2oat took 505.239ms (threads: 4) arena alloc=206KB java alloc=359KB native alloc=2MB free=5MB
I/PackageManager( 4505): Running dexopt on: /system/app/LatinIME/LatinIME.apk pkg=com.android.inputmethod.latin isa=arm vmSafeMode=false
I/dex2oat ( 5141): /system/bin/dex2oat --zip-fd=5 --zip-location=/system/app/LatinIME/LatinIME.apk --oat-fd=6 --oat-location=/data/dalvik-cache/arm/system@app@LatinIME@LatinIME.apk@classes.dex --instruction-set=arm --instruction-set-features=div --runtime-arg -Xms64m --runtime-arg -Xmx512m --swap-fd=10
I/dex2oat ( 5141): Decided to run without swap.
E/NetlinkListener( 4417): recvmsg failed (I/O error)
E/NetlinkListener( 687): recvmsg failed (I/O error)
E/NetlinkListener( 4417): recvmsg failed (I/O error)
E/NetlinkListener( 687): recvmsg failed (I/O error)
V/WLAN_PSA( 673): NL MSG, len[4080], NL type[0x1C] WNI type[0x5900] len[55311]
V/WLAN_PSA( 673): NL MSG, PID: 673
E/NetlinkListener( 4417): recvmsg failed (I/O error)
E/NetlinkListener( 687): recvmsg failed (I/O error)
E/NetlinkListener( 4417): recvmsg failed (I/O error)
E/NetlinkListener( 687): recvmsg failed (I/O error)
I/dex2oat ( 5141): dex2oat took 1.489s (threads: 4) arena alloc=74KB java alloc=1668KB native alloc=3MB free=4MB
I/PackageManager( 4505): Running dexopt on: /system/priv-app/TelephonyProvider/TelephonyProvider.apk pkg=com.android.providers.telephony isa=arm vmSafeMode=false
I/dex2oat ( 5166): /system/bin/dex2oat --zip-fd=5 --zip-location=/system/priv-app/TelephonyProvider/TelephonyProvider.apk --oat-fd=6 --oat-location=/data/dalvik-cache/arm/system@priv-app@TelephonyProvider@TelephonyProvider.apk@classes.dex --instruction-set=arm --instruction-set-features=div --runtime-arg -Xms64m --runtime-arg -Xmx512m --swap-fd=10
E/NetlinkListener( 4417): recvmsg failed (I/O error)
E/NetlinkListener( 687): recvmsg failed (I/O error)
I/dex2oat ( 5166): Decided to run without swap.
I/dex2oat ( 5166): dex2oat took 241.284ms (threads: 4) arena alloc=508KB java alloc=114KB native alloc=1716KB free=6MB
I/PackageManager( 4505): Running dexopt on: /system/priv-app/TeleService/TeleService.apk pkg=com.android.phone isa=arm vmSafeMode=false
I/dex2oat ( 5174): /system/bin/dex2oat --zip-fd=5 --zip-location=/system/priv-app/TeleService/TeleService.apk --oat-fd=6 --oat-location=/data/dalvik-cache/arm/system@priv-app@TeleService@TeleService.apk@classes.dex --instruction-set=arm --instruction-set-features=div --runtime-arg -Xms64m --runtime-arg -Xmx512m --swap-fd=10
I/dex2oat ( 5174): Decided to run without swap.
E/NetlinkListener( 4417): recvmsg failed (I/O error)
E/NetlinkListener( 687): recvmsg failed (I/O error)
I/dex2oat ( 5174): dex2oat took 1.011s (threads: 4) arena alloc=228KB java alloc=1683KB native alloc=3MB free=4MB
I/PackageManager( 4505): Running dexopt on: /system/priv-app/ProxyHandler/ProxyHandler.apk pkg=com.android.proxyhandler isa=arm vmSafeMode=false
I/dex2oat ( 5187): /system/bin/dex2oat --zip-fd=5 --zip-location=/system/priv-app/ProxyHandler/ProxyHandler.apk --oat-fd=6 --oat-location=/data/dalvik-cache/arm/system@priv-app@ProxyHandler@ProxyHandler.apk@classes.dex --instruction-set=arm --instruction-set-features=div --runtime-arg -Xms64m --runtime-arg -Xmx512m --swap-fd=10
I/dex2oat ( 5187): Decided to run without swap.
E/NetlinkListener( 687): recvmsg failed (I/O error)
E/NetlinkListener( 4417): recvmsg failed (I/O error)
E/NetlinkListener( 687): recvmsg failed (I/O error)
E/NetlinkListener( 4417): recvmsg failed (I/O error)
I/dex2oat ( 5187): dex2oat took 198.174ms (threads: 4) arena alloc=267KB java alloc=17KB native alloc=1249KB free=6MB
I/PackageManager( 4505): Running dexopt on: /system/priv-app/MmsService/MmsService.apk pkg=com.android.mms.service isa=arm vmSafeMode=false
I/dex2oat ( 5198): /system/bin/dex2oat --zip-fd=5 --zip-location=/system/priv-app/MmsService/MmsService.apk --oat-fd=6 --oat-location=/data/dalvik-cache/arm/system@priv-app@MmsService@MmsService.apk@classes.dex --instruction-set=arm --instruction-set-features=div --runtime-arg -Xms64m --runtime-arg -Xmx512m --swap-fd=10
I/dex2oat ( 5198): Decided to run without swap.
I/dex2oat ( 5198): dex2oat took 266.001ms (threads: 4) arena alloc=450KB java alloc=122KB native alloc=1396KB free=6MB
I/PackageManager( 4505): Running dexopt on: /system/priv-app/SystemUI/SystemUI.apk pkg=com.android.systemui isa=arm vmSafeMode=false
I/dex2oat ( 5203): /system/bin/dex2oat --zip-fd=5 --zip-location=/system/priv-app/SystemUI/SystemUI.apk --oat-fd=6 --oat-location=/data/dalvik-cache/arm/system@priv-app@SystemUI@SystemUI.apk@classes.dex --instruction-set=arm --instruction-set-features=div --runtime-arg -Xms64m --runtime-arg -Xmx512m --swap-fd=10
I/dex2oat ( 5203): Decided to run without swap.
E/NetlinkListener( 687): recvmsg failed (I/O error)
E/NetlinkListener( 4417): recvmsg failed (I/O error)
E/NetlinkListener( 4417): recvmsg failed (I/O error)
E/NetlinkListener( 687): recvmsg failed (I/O error)
V/WLAN_PSA( 673): NL MSG, len[048], NL type[0x11] WNI type[0x5050] len[028]
V/WLAN_PSA( 673): NL MSG, PID: 673
E/NetlinkListener( 4417): recvmsg failed (I/O error)
E/NetlinkListener( 687): recvmsg failed (I/O error)
E/NetlinkListener( 4417): recvmsg failed (I/O error)
E/NetlinkListener( 687): recvmsg failed (I/O error)
E/NetlinkListener( 4417): recvmsg failed (I/O error)
E/NetlinkListener( 687): recvmsg failed (I/O error)
E/NetlinkListener( 4417): recvmsg failed (I/O error)
E/NetlinkListener( 687): recvmsg failed (I/O error)
E/NetlinkListener( 687): recvmsg failed (I/O error)
E/NetlinkListener( 687): recvmsg failed (I/O error)
I/Netd ( 5246): Netd 1.0 starting
D/MDnsDS ( 5246): MDnsSdListener::Hander starting up
I/SurfaceFlinger( 5244): SurfaceFlinger is starting
I/SurfaceFlinger( 5244): SurfaceFlinger's main thread ready to run. Initializing graphics H/W...
D/MDnsDS ( 5246): MDnsSdListener starting to monitor
D/MDnsDS ( 5246): Going to poll with pollCount 1
D/libEGL ( 5244): loaded /vendor/lib/egl/libEGL_adreno.so
D/libEGL ( 5244): loaded /vendor/lib/egl/libGLESv1_CM_adreno.so
D/libEGL ( 5244): loaded /vendor/lib/egl/libGLESv2_adreno.so
I/Adreno-EGL( 5244): : EGL 1.4 QUALCOMM build: ()
I/Adreno-EGL( 5244): OpenGL ES Shader Compiler Version: E031.25.03.06
I/Adreno-EGL( 5244): Build Date: 01/14/16 Thu I/Adreno-EGL( 5244): Local Branch:
I/Adreno-EGL( 5244): Remote Branch:
I/Adreno-EGL( 5244): Local Patches:
I/Adreno-EGL( 5244): Reconstruct Branch:
I/sharebuffer( 5244): using (fd=11)
I/sharebuffer( 5244): id = mdssfb_90000
I/sharebuffer( 5244): xres = 1080 px
I/sharebuffer( 5244): yres = 1920 px
I/sharebuffer( 5244): xres_virtual = 1080 px
I/sharebuffer( 5244): yres_virtual = 3840 px
I/sharebuffer( 5244): bpp = 32
I/sharebuffer( 5244): r = 24:8
I/sharebuffer( 5244): g = 16:8
I/sharebuffer( 5244): b = 8:8
I/sharebuffer( 5244): width = 171 mm (160.421051 dpi)
I/sharebuffer( 5244): height = 305 mm (159.895081 dpi)
I/sharebuffer( 5244): refresh rate = 0.47 Hz
I/SurfaceFlinger( 5244): EGL information:
I/SurfaceFlinger( 5244): vendor : Android
I/SurfaceFlinger( 5244): version : 1.4 Android META-EGL
