F/WindowAnimator( 5400): at android.view.Choreographer$FrameDisplayEventReceiver.run(Choreographer.java:753)
F/WindowAnimator( 5400): at android.os.Handler.handleCallback(Handler.java:739)
F/WindowAnimator( 5400): at android.os.Handler.dispatchMessage(Handler.java:95)
F/WindowAnimator( 5400): at android.os.Looper.loop(Looper.java:135)
F/WindowAnimator( 5400): at android.os.HandlerThread.run(HandlerThread.java:61)
F/WindowAnimator( 5400): at com.android.server.ServiceThread.run(ServiceThread.java:46)
E/SurfaceFlinger( 5244): Permission Denial: can't access SurfaceFlinger pid=5400, uid=1000
E/SurfaceFlinger( 5244): Permission Denial: can't access SurfaceFlinger pid=5400, uid=1000
E/SurfaceFlinger( 5244): Permission Denial: can't access SurfaceFlinger pid=5400, uid=1000
I/dex2oat ( 6128): /system/bin/dex2oat --zip-fd=5 --zip-location=/system/priv-app/TeleService/TeleService.apk --oat-fd=6 --oat-location=/data/dalvik-cache/arm/system@priv-app@TeleService@TeleService.apk@classes.dex --instruction-set=arm --instruction-set-features=div --runtime-arg -Xms64m --runtime-arg -Xmx512m --swap-fd=7
F/WindowAnimator( 5400): Unhandled exception in Window Manager
F/WindowAnimator( 5400): java.lang.NullPointerException: Attempt to invoke virtual method 'void android.view.SurfaceControl.setLayer(int)' on a null object reference
F/WindowAnimator( 5400): at com.android.server.wm.FocusedStackFrame.setLayer(FocusedStackFrame.java:140)
F/WindowAnimator( 5400): at com.android.server.wm.WindowManagerService.setFocusedStackLayer(WindowManagerService.java:3985)
F/WindowAnimator( 5400): at com.android.server.wm.WindowAnimator.animateLocked(WindowAnimator.java:708)
F/WindowAnimator( 5400): at com.android.server.wm.WindowAnimator.access$000(WindowAnimator.java:54)
F/WindowAnimator( 5400): at com.android.server.wm.WindowAnimator$1.run(WindowAnimator.java:126)
F/WindowAnimator( 5400): at android.view.Choreographer$CallbackRecord.run(Choreographer.java:767)
F/WindowAnimator( 5400): at android.view.Choreographer.doCallbacks(Choreographer.java:580)
F/WindowAnimator( 5400): at android.view.Choreographer.doFrame(Choreographer.java:549)
F/WindowAnimator( 5400): at android.view.Choreographer$FrameDisplayEventReceiver.run(Choreographer.java:753)
F/WindowAnimator( 5400): at android.os.Handler.handleCallback(Handler.java:739)
F/WindowAnimator( 5400): at android.os.Handler.dispatchMessage(Handler.java:95)
F/WindowAnimator( 5400): at android.os.Looper.loop(Looper.java:135)
F/WindowAnimator( 5400): at android.os.HandlerThread.run(HandlerThread.java:61)
F/WindowAnimator( 5400): at com.android.server.ServiceThread.run(ServiceThread.java:46)
E/SurfaceFlinger( 5244): Permission Denial: can't access SurfaceFlinger pid=5400, uid=1000
I/dex2oat ( 6128): Decided to run without swap.
E/NetlinkListener( 687): recvmsg failed (I/O error)
E/NetlinkListener( 5246): recvmsg failed (I/O error)
E/NetlinkListener( 687): recvmsg failed (I/O error)
E/NetlinkListener( 5246): recvmsg failed (I/O error)
V/WLAN_PSA( 673): NL MSG, len[048], NL type[0x11] WNI type[0x5050] len[028]
V/WLAN_PSA( 673): NL MSG, PID: 673
E/AudioPolicyManager( 5247): unknown stream type 13
E/AudioPolicyManager( 5247): unknown stream type 13
E/AudioPolicyManager( 5247): unknown stream type 13
E/AudioPolicyManager( 5247): unknown stream type 13
I/AudioFlinger( 5247): AudioFlinger's thread 0xb5a2e000 ready to run
D/audio_hw_primary( 5247): out_set_parameters: enter: usecase(1: low-latency-playback) kvpairs: routing=2
D/audio_hw_primary( 5247): out_standby: enter: stream (0xb5880b00) usecase(1: low-latency-playback)
E/AudioPolicyManager( 5247): unknown stream type 13
D/audio_hw_primary( 5247): adev_open_input_stream: enter: sample_rate(48000) channel_mask(0xc) devices(0x80000004) stream_handle(0xb586da20)
I/AudioFlinger( 5247): AudioFlinger's thread 0xb5ac7000 ready to run
D/audio_hw_primary( 5247): adev_close_input_stream: enter:stream_handle(0xb586da20)
D/audio_hw_primary( 5247): in_standby: enter: stream (0xb586da20) usecase(7: audio-record)
I/audio_a2dp_hw( 5247): adev_open: adev_open in A2dp_hw module
I/AudioFlinger( 5247): loadHwModule() Loaded a2dp audio interface from A2DP Audio HW HAL (audio) handle 7
I/AudioFlinger( 5247): loadHwModule() Loaded usb audio interface from USB audio HW HAL (audio) handle 8
I/r_submix( 5247): adev_open(name=audio_hw_if)
I/r_submix( 5247): adev_init_check()
I/AudioFlinger( 5247): loadHwModule() Loaded r_submix audio interface from Wifi Display audio HAL (audio) handle 9
D/r_submix( 5247): adev_open_input_stream(addr=0)
D/r_submix( 5247): submix_audio_device_create_pipe_l(addr=0, idx=9)
D/r_submix( 5247): now using address 0 for route 9
I/AudioFlinger( 5247): AudioFlinger's thread 0xb5b11000 ready to run
D/r_submix( 5247): adev_close_input_stream()
D/r_submix( 5247): submix_audio_device_release_pipe_l(idx=9) addr=0
D/r_submix( 5247): submix_audio_device_destroy_pipe_l(): pipe destroyed
E/AudioPolicyManager( 5247): unknown stream type 13
E/AudioPolicyManager( 5247): unknown stream type 13
E/SoundTriggerHwService( 5247): couldn't load sound trigger module sound_trigger.primary (No such file or directory)
W/AudioFlinger( 5247): loadHwModule() module primary already loaded
D/audio_hw_primary( 5247): adev_open_output_stream: enter: sample_rate(48000) channel_mask(0x3) devices(0x2) flags(0x2) stream_handle(0xb4c34140)
E/audio_hw_primary( 5247): adev_open_output_stream: Primary output is already opened
D/audio_hw_primary( 5247): adev_open_output_stream: exit: ret -17
W/AudioPolicyManager( 5241): Cannot open output stream for device 00000002 on hw module primary
D/audio_hw_primary( 5247): adev_open_output_stream: enter: sample_rate(48000) channel_mask(0x3) devices(0x2) flags(0x4) stream_handle(0xb5880c40)
D/audio_hw_primary( 5247): adev_open_output_stream: Stream (0xb5880c40) picks up usecase (low-latency-playback)
I/AudioFlinger( 5247): HAL output buffer size 240 frames, normal sink buffer size 960 frames
E/AudioPolicyManager( 5241): unknown stream type 13
E/AudioPolicyManager( 5241): unknown stream type 13
E/AudioPolicyManager( 5241): unknown stream type 13
I/AudioFlinger( 5247): AudioFlinger's thread 0xb5b11000 ready to run
D/audio_hw_primary( 5247): out_standby: enter: stream (0xb5880c40) usecase(1: low-latency-playback)
D/audio_hw_primary( 5247): out_set_parameters: enter: usecase(1: low-latency-playback) kvpairs: routing=2
W/AudioFlinger( 5247): setStreamVolume() pid 5241 cannot use internal stream type 10
W/AudioFlinger( 5247): setStreamVolume() pid 5241 cannot use internal stream type 11
E/AudioPolicyManager( 5241): unknown stream type 13
W/AudioFlinger( 5247): setStreamVolume() pid 5241 cannot use internal stream type 13
D/audio_hw_primary( 5247): adev_open_input_stream: enter: sample_rate(48000) channel_mask(0xc) devices(0x80000004) stream_handle(0xb4c3c2a0)
I/AudioFlinger( 5247): AudioFlinger's thread 0xb4c41000 ready to run
D/audio_hw_primary( 5247): in_standby: enter: stream (0xb4c3c2a0) usecase(7: audio-record)
D/audio_hw_primary( 5247): in_standby: enter: stream (0xb4c3c2a0) usecase(7: audio-record)
D/audio_hw_primary( 5247): adev_close_input_stream: enter:stream_handle(0xb4c3c2a0)
D/audio_hw_primary( 5247): in_standby: enter: stream (0xb4c3c2a0) usecase(7: audio-record)
W/AudioFlinger( 5247): loadHwModule() module a2dp already loaded
W/AudioFlinger( 5247): loadHwModule() module usb already loaded
W/AudioFlinger( 5247): loadHwModule() module r_submix already loaded
D/r_submix( 5247): adev_open_input_stream(addr=0)
D/r_submix( 5247): submix_audio_device_create_pipe_l(addr=0, idx=9)
D/r_submix( 5247): now using address 0 for route 9
I/AudioFlinger( 5247): AudioFlinger's thread 0xb5b9b000 ready to run
I/r_submix( 5247): in_standby()
I/r_submix( 5247): in_standby()
D/r_submix( 5247): adev_close_input_stream()
D/r_submix( 5247): submix_audio_device_release_pipe_l(idx=9) addr=0
D/r_submix( 5247): submix_audio_device_destroy_pipe_l(): pipe destroyed
E/AudioPolicyManager( 5241): Failed to open primary output
E/AudioPolicyManager( 5241): unknown stream type 13
E/ServiceManager( 5238): add_service('media.audio_policy',28) uid=1013 - ALREADY REGISTERED, OVERRIDE
I/ServiceManager( 5238): service 'media.audio_policy' died
D/audio_hw_primary( 5247): out_set_parameters: enter: usecase(0: deep-buffer-playback) kvpairs: exiting=1
D/audio_hw_extn( 5247): audio_extn_set_anc_parameters: anc_enabled:0
D/audio_hw_primary( 5247): adev_close_output_stream: enter:stream_handle(0xb58809c0)
D/audio_hw_primary( 5247): out_standby: enter: stream (0xb58809c0) usecase(0: deep-buffer-playback)
D/audio_hw_primary( 5247): out_set_parameters: enter: usecase(1: low-latency-playback) kvpairs: exiting=1
D/audio_hw_primary( 5247): adev_close_output_stream: enter:stream_handle(0xb5880b00)
D/audio_hw_primary( 5247): out_standby: enter: stream (0xb5880b00) usecase(1: low-latency-playback)
E/NetlinkListener( 687): recvmsg failed (I/O error)
E/NetlinkListener( 5246): recvmsg failed (I/O error)
I/dex2oat ( 6128): dex2oat took 743.544ms (threads: 4) arena alloc=350KB java alloc=1704KB native alloc=3MB free=4MB
I/PackageManager( 5400): Running dexopt on: /system/priv-app/TelephonyProvider/TelephonyProvider.apk pkg=com.android.providers.telephony isa=arm vmSafeMode=false
I/dex2oat ( 6163): /system/bin/dex2oat --zip-fd=5 --zip-location=/system/priv-app/TelephonyProvider/TelephonyProvider.apk --oat-fd=6 --oat-location=/data/dalvik-cache/arm/system@priv-app@TelephonyProvider@TelephonyProvider.apk@classes.dex --instruction-set=arm --instruction-set-features=div --runtime-arg -Xms64m --runtime-arg -Xmx512m --swap-fd=7
I/dex2oat ( 6163): Decided to run without swap.
I/dex2oat ( 6163): dex2oat took 196.112ms (threads: 4) arena alloc=519KB java alloc=114KB native alloc=1985KB free=6MB
I/PackageManager( 5400): Running dexopt on: /system/priv-app/DefaultContainerService/DefaultContainerService.apk pkg=com.android.defcontainer isa=arm vmSafeMode=false
I/dex2oat ( 6169): /system/bin/dex2oat --zip-fd=5 --zip-location=/system/priv-app/DefaultContainerService/DefaultContainerService.apk --oat-fd=6 --oat-location=/data/dalvik-cache/arm/system@priv-app@DefaultContainerService@DefaultContainerService.apk@classes.dex --instruction-set=arm --instruction-set-features=div --runtime-arg -Xms64m --runtime-arg -Xmx512m --swap-fd=7
I/dex2oat ( 6169): Decided to run without swap.
I/dex2oat ( 6169): dex2oat took 139.974ms (threads: 4) arena alloc=88KB java alloc=28KB native alloc=1125KB free=6MB
I/PackageManager( 5400): Running dexopt on: /system/priv-app/SystemUI/SystemUI.apk pkg=com.android.systemui isa=arm vmSafeMode=false
E/NetlinkListener( 5246): recvmsg failed (I/O error)
E/NetlinkListener( 687): recvmsg failed (I/O error)
I/dex2oat ( 6177): /system/bin/dex2oat --zip-fd=5 --zip-location=/system/priv-app/SystemUI/SystemUI.apk --oat-fd=6 --oat-location=/data/dalvik-cache/arm/system@priv-app@SystemUI@SystemUI.apk@classes.dex --instruction-set=arm --instruction-set-features=div --runtime-arg -Xms64m --runtime-arg -Xmx512m --swap-fd=7
I/dex2oat ( 6177): Decided to run without swap.
E/NetlinkListener( 5246): recvmsg failed (I/O error)
E/NetlinkListener( 687): recvmsg failed (I/O error)
E/NetlinkListener( 5246): recvmsg failed (I/O error)
E/NetlinkListener( 687): recvmsg failed (I/O error)
V/WLAN_PSA( 673): NL MSG, len[4077], NL type[0x1C] WNI type[0x5900] len[54543]
V/WLAN_PSA( 673): NL MSG, PID: 673
E/NetlinkListener( 687): recvmsg failed (I/O error)
E/NetlinkListener( 5246): recvmsg failed (I/O error)
E/NetlinkListener( 5246): recvmsg failed (I/O error)
E/NetlinkListener( 687): recvmsg failed (I/O error)
I/dex2oat ( 6177): dex2oat took 1.821s (threads: 4) arena alloc=102KB java alloc=3MB native alloc=6MB free=5MB
E/NetlinkListener( 5246): recvmsg failed (I/O error)
E/NetlinkListener( 687): recvmsg failed (I/O error)
I/PackageManager( 5400): Running dexopt on: /system/app/LatinIME/LatinIME.apk pkg=com.android.inputmethod.latin isa=arm vmSafeMode=false
I/dex2oat ( 6203): /system/bin/dex2oat --zip-fd=5 --zip-location=/system/app/LatinIME/LatinIME.apk --oat-fd=6 --oat-location=/data/dalvik-cache/arm/system@app@LatinIME@LatinIME.apk@classes.dex --instruction-set=arm --instruction-set-features=div --runtime-arg -Xms64m --runtime-arg -Xmx512m --swap-fd=7
I/dex2oat ( 6203): Decided to run without swap.
E/NetlinkListener( 5246): recvmsg failed (I/O error)
E/NetlinkListener( 687): recvmsg failed (I/O error)
E/NetlinkListener( 5246): recvmsg failed (I/O error)
E/NetlinkListener( 687): recvmsg failed (I/O error)
I/dex2oat ( 6203): dex2oat took 1.019s (threads: 4) arena alloc=120KB java alloc=1653KB native alloc=4MB free=3MB
I/PackageManager( 5400): Running dexopt on: /system/priv-app/Shell/Shell.apk pkg=com.android.shell isa=arm vmSafeMode=false
I/dex2oat ( 6221): /system/bin/dex2oat --zip-fd=5 --zip-location=/system/priv-app/Shell/Shell.apk --oat-fd=6 --oat-location=/data/dalvik-cache/arm/system@priv-app@Shell@Shell.apk@classes.dex --instruction-set=arm --instruction-set-features=div --runtime-arg -Xms64m --runtime-arg -Xmx512m --swap-fd=7
I/dex2oat ( 6221): Decided to run without swap.
E/NetlinkListener( 5246): recvmsg failed (I/O error)
E/NetlinkListener( 687): recvmsg failed (I/O error)
E/NetlinkListener( 5246): recvmsg failed (I/O error)
E/NetlinkListener( 687): recvmsg failed (I/O error)
E/NetlinkListener( 5246): recvmsg failed (I/O error)
E/NetlinkListener( 687): recvmsg failed (I/O error)
E/NetlinkListener( 687): recvmsg failed (I/O error)
E/NetlinkListener( 5246): recvmsg failed (I/O error)
E/NetlinkListener( 687): recvmsg failed (I/O error)
E/NetlinkListener( 5246): recvmsg failed (I/O error)
E/NetlinkListener( 5246): recvmsg failed (I/O error)
E/NetlinkListener( 687): recvmsg failed (I/O error)
I/dex2oat ( 6221): dex2oat took 645.827ms (threads: 4) arena alloc=183KB java alloc=362KB native alloc=2MB free=5MB
I/PackageManager( 5400): Running dexopt on: /system/priv-app/MmsService/MmsService.apk pkg=com.android.mms.service isa=arm vmSafeMode=false
I/dex2oat ( 6253): /system/bin/dex2oat --zip-fd=5 --zip-location=/system/priv-app/MmsService/MmsService.apk --oat-fd=6 --oat-location=/data/dalvik-cache/arm/system@priv-app@MmsService@MmsService.apk@classes.dex --instruction-set=arm --instruction-set-features=div --runtime-arg -Xms64m --runtime-arg -Xmx512m --swap-fd=7
I/dex2oat ( 6253): Decided to run without swap.
I/dex2oat ( 6253): dex2oat took 94.653ms (threads: 4) arena alloc=368KB java alloc=121KB native alloc=1785KB free=6MB
I/PackageManager( 5400): Running dexopt on: /system/priv-app/MediaProvider/MediaProvider.apk pkg=com.android.providers.media isa=arm vmSafeMode=false
I/dex2oat ( 6259): /system/bin/dex2oat --zip-fd=5 --zip-location=/system/priv-app/MediaProvider/MediaProvider.apk --oat-fd=6 --oat-location=/data/dalvik-cache/arm/system@priv-app@MediaProvider@MediaProvider.apk@classes.dex --instruction-set=arm --instruction-set-features=div --runtime-arg -Xms64m --runtime-arg -Xmx512m --swap-fd=7
E/NetlinkListener( 687): recvmsg failed (I/O error)
E/NetlinkListener( 5246): recvmsg failed (I/O error)
I/dex2oat ( 6259): Decided to run without swap.
E/NetlinkListener( 687): recvmsg failed (I/O error)
E/NetlinkListener( 5246): recvmsg failed (I/O error)
E/NetlinkListener( 687): recvmsg failed (I/O error)
E/NetlinkListener( 5246): recvmsg failed (I/O error)
I/dex2oat ( 6259): dex2oat took 304.178ms (threads: 4) arena alloc=932KB java alloc=150KB native alloc=1621KB free=6MB
I/PackageManager( 5400): Running dexopt on: /system/priv-app/ManagedProvisioning/ManagedProvisioning.apk pkg=com.android.managedprovisioning isa=arm vmSafeMode=false
I/dex2oat ( 6277): /system/bin/dex2oat --zip-fd=5 --zip-location=/system/priv-app/ManagedProvisioning/ManagedProvisioning.apk --oat-fd=6 --oat-location=/data/dalvik-cache/arm/system@priv-app@ManagedProvisioning@ManagedProvisioning.apk@classes.dex --instruction-set=arm --instruction-set-features=div --runtime-arg -Xms64m --runtime-arg -Xmx512m --swap-fd=7
I/dex2oat ( 6277): Decided to run without swap.
V/WLAN_PSA( 673): NL MSG, len[048], NL type[0x11] WNI type[0x5050] len[028]
V/WLAN_PSA( 673): NL MSG, PID: 673
E/NetlinkListener( 687): recvmsg failed (I/O error)
E/NetlinkListener( 5246): recvmsg failed (I/O error)
I/dex2oat ( 6277): dex2oat took 613.569ms (threads: 4) arena alloc=77KB java alloc=563KB native alloc=2MB free=5MB
I/PackageManager( 5400): Running dexopt on: /system/priv-app/CalendarProvider/CalendarProvider.apk pkg=com.android.providers.calendar isa=arm vmSafeMode=false
I/dex2oat ( 6288): /system/bin/dex2oat --zip-fd=5 --zip-location=/system/priv-app/CalendarProvider/CalendarProvider.apk --oat-fd=6 --oat-location=/data/dalvik-cache/arm/system@priv-app@CalendarProvider@CalendarProvider.apk@classes.dex --instruction-set=arm --instruction-set-features=div --runtime-arg -Xms64m --runtime-arg -Xmx512m --swap-fd=7
I/dex2oat ( 6288): Decided to run without swap.
E/NetlinkListener( 5246): recvmsg failed (I/O error)
E/NetlinkListener( 687): recvmsg failed (I/O error)
E/NetlinkListener( 687): recvmsg failed (I/O error)
E/NetlinkListener( 5246): recvmsg failed (I/O error)
E/NetlinkListener( 687): recvmsg failed (I/O error)
E/NetlinkListener( 5246): recvmsg failed (I/O error)
E/NetlinkListener( 5246): recvmsg failed (I/O error)
E/NetlinkListener( 687): recvmsg failed (I/O error)
I/dex2oat ( 6288): dex2oat took 585.956ms (threads: 4) arena alloc=98KB java alloc=433KB native alloc=2MB free=5MB
I/PackageManager( 5400): Running dexopt on: /system/priv-app/ContactsProvider/ContactsProvider.apk pkg=com.android.providers.contacts isa=arm vmSafeMode=false
I/dex2oat ( 6313): /system/bin/dex2oat --zip-fd=5 --zip-location=/system/priv-app/ContactsProvider/ContactsProvider.apk --oat-fd=6 --oat-location=/data/dalvik-cache/arm/system@priv-app@ContactsProvider@ContactsProvider.apk@classes.dex --instruction-set=arm --instruction-set-features=div --runtime-arg -Xms64m --runtime-arg -Xmx512m --swap-fd=7
I/dex2oat ( 6313): Decided to run without swap.
E/NetlinkListener( 687): recvmsg failed (I/O error)
E/NetlinkListener( 5246): recvmsg failed (I/O error)
E/NetlinkListener( 5246): recvmsg failed (I/O error)
E/NetlinkListener( 687): recvmsg failed (I/O error)
E/NetlinkListener( 5246): recvmsg failed (I/O error)
E/NetlinkListener( 687): recvmsg failed (I/O error)
E/NetlinkListener( 687): recvmsg failed (I/O error)
E/NetlinkListener( 5246): recvmsg failed (I/O error)
E/NetlinkListener( 687): recvmsg failed (I/O error)
E/NetlinkListener( 5246): recvmsg failed (I/O error)
E/NetlinkListener( 687): recvmsg failed (I/O error)
E/NetlinkListener( 5246): recvmsg failed (I/O error)
V/WLAN_PSA( 673): NL MSG, len[4027], NL type[0x1C] WNI type[0x5900] len[41743]
V/WLAN_PSA( 673): NL MSG, PID: 673
I/dex2oat ( 6313): dex2oat took 980.916ms (threads: 4) arena alloc=1305KB java alloc=742KB native alloc=4MB free=3MB
I/PackageManager( 5400): Running dexopt on: /system/app/LiveWallpapersPicker/LiveWallpapersPicker.apk pkg=com.android.wallpaper.livepicker isa=arm vmSafeMode=false
I/dex2oat ( 6345): /system/bin/dex2oat --zip-fd=5 --zip-location=/system/app/LiveWallpapersPicker/LiveWallpapersPicker.apk --oat-fd=6 --oat-location=/data/dalvik-cache/arm/system@app@LiveWallpapersPicker@LiveWallpapersPicker.apk@classes.dex --instruction-set=arm --instruction-set-features=div --runtime-arg -Xms64m --runtime-arg -Xmx512m --swap-fd=7
I/dex2oat ( 6345): Decided to run without swap.
I/dex2oat ( 6345): dex2oat took 60.449ms (threads: 4) arena alloc=50KB java alloc=57KB native alloc=1397KB free=6MB
I/PackageManager( 5400): Running dexopt on: /system/app/Stk/Stk.apk pkg=com.android.stk isa=arm vmSafeMode=false
I/dex2oat ( 6351): /system/bin/dex2oat --zip-fd=5 --zip-location=/system/app/Stk/Stk.apk --oat-fd=6 --oat-location=/data/dalvik-cache/arm/system@app@Stk@Stk.apk@classes.dex --instruction-set=arm --instruction-set-features=div --runtime-arg -Xms64m --runtime-arg -Xmx512m --swap-fd=7
E/NetlinkListener( 5246): recvmsg failed (I/O error)
E/NetlinkListener( 687): recvmsg failed (I/O error)
I/dex2oat ( 6351): Decided to run without swap.
I/dex2oat ( 6351): dex2oat took 124.238ms (threads: 4) arena alloc=49KB java alloc=144KB native alloc=1505KB free=6MB
I/PackageManager( 5400): Running dexopt on: /system/app/Calendar/Calendar.apk pkg=com.android.calendar isa=arm vmSafeMode=false
I/dex2oat ( 6360): /system/bin/dex2oat --zip-fd=5 --zip-location=/system/app/Calendar/Calendar.apk --oat-fd=6 --oat-location=/data/dalvik-cache/arm/system@app@Calendar@Calendar.apk@classes.dex --instruction-set=arm --instruction-set-features=div --runtime-arg -Xms64m --runtime-arg -Xmx512m --swap-fd=7
I/dex2oat ( 6360): Decided to run without swap.
E/NetlinkListener( 5246): recvmsg failed (I/O error)
E/NetlinkListener( 687): recvmsg failed (I/O error)
E/NetlinkListener( 5246): recvmsg failed (I/O error)
E/NetlinkListener( 687): recvmsg failed (I/O error)
E/NetlinkListener( 5246): recvmsg failed (I/O error)
E/NetlinkListener( 687): recvmsg failed (I/O error)
I/dex2oat ( 6360): dex2oat took 1.548s (threads: 4) arena alloc=121KB java alloc=1978KB native alloc=4MB free=3MB
I/PackageManager( 5400): Running dexopt on: /system/app/PackageInstaller/PackageInstaller.apk pkg=com.android.packageinstaller isa=arm vmSafeMode=false
E/NetlinkListener( 5246): recvmsg failed (I/O error)
E/NetlinkListener( 687): recvmsg failed (I/O error)
I/dex2oat ( 6382): /system/bin/dex2oat --zip-fd=5 --zip-location=/system/app/PackageInstaller/PackageInstaller.apk --oat-fd=6 --oat-location=/data/dalvik-cache/arm/system@app@PackageInstaller@PackageInstaller.apk@classes.dex --instruction-set=arm --instruction-set-features=div --runtime-arg -Xms64m --runtime-arg -Xmx512m --swap-fd=7
E/NetlinkListener( 5246): recvmsg failed (I/O error)
E/NetlinkListener( 687): recvmsg failed (I/O error)
I/dex2oat ( 6382): Decided to run without swap.
E/NetlinkListener( 5246): recvmsg failed (I/O error)
E/NetlinkListener( 687): recvmsg failed (I/O error)
I/dex2oat ( 6382): dex2oat took 640.163ms (threads: 4) arena alloc=62KB java alloc=542KB native alloc=2MB free=5MB
I/PackageManager( 5400): Running dexopt on: /system/priv-app/OneTimeInitializer/OneTimeInitializer.apk pkg=com.android.onetimeinitializer isa=arm vmSafeMode=false
I/dex2oat ( 6399): /system/bin/dex2oat --zip-fd=5 --zip-location=/system/priv-app/OneTimeInitializer/OneTimeInitializer.apk --oat-fd=6 --oat-location=/data/dalvik-cache/arm/system@priv-app@OneTimeInitializer@OneTimeInitializer.apk@classes.dex --instruction-set=arm --instruction-set-features=div --runtime-arg -Xms64m --runtime-arg -Xmx512m --swap-fd=7
I/dex2oat ( 6399): Decided to run without swap.
I/dex2oat ( 6399): dex2oat took 118.252ms (threads: 4) arena alloc=80KB java alloc=61KB native alloc=1448KB free=6MB
I/PackageManager( 5400): Running dexopt on: /system/app/VisualizationWallpapers/VisualizationWallpapers.apk pkg=com.android.musicvis isa=arm vmSafeMode=false
I/dex2oat ( 6404): /system/bin/dex2oat --zip-fd=5 --zip-location=/system/app/VisualizationWallpapers/VisualizationWallpapers.apk --oat-fd=6 --oat-location=/data/dalvik-cache/arm/system@app@VisualizationWallpapers@VisualizationWallpapers.apk@classes.dex --instruction-set=arm --instruction-set-features=div --runtime-arg -Xms64m --runtime-arg -Xmx512m --swap-fd=7
I/dex2oat ( 6404): Decided to run without swap.
V/WLAN_PSA( 673): NL MSG, len[048], NL type[0x11] WNI type[0x5050] len[028]
V/WLAN_PSA( 673): NL MSG, PID: 673
I/dex2oat ( 6404): dex2oat took 216.213ms (threads: 4) arena alloc=99KB java alloc=134KB native alloc=1433KB free=6MB
I/PackageManager( 5400): Running dexopt on: /system/app/RootPA/RootPA.apk pkg=com.gd.mobicore.pa isa=arm vmSafeMode=false
I/dex2oat ( 6410): /system/bin/dex2oat --zip-fd=5 --zip-location=/system/app/RootPA/RootPA.apk --oat-fd=6 --oat-location=/data/dalvik-cache/arm/system@app@RootPA@RootPA.apk@classes.dex --instruction-set=arm --instruction-set-features=div --runtime-arg -Xms64m --runtime-arg -Xmx512m --swap-fd=7
I/dex2oat ( 6410): Decided to run without swap.
E/NetlinkListener( 5246): recvmsg failed (I/O error)
E/NetlinkListener( 687): recvmsg failed (I/O error)
I/dex2oat ( 6410): dex2oat took 188.235ms (threads: 4) arena alloc=74KB java alloc=81KB native alloc=1306KB free=6MB
I/PackageManager( 5400): Running dexopt on: /system/app/Exchange2/Exchange2.apk pkg=com.android.exchange isa=arm vmSafeMode=false
I/dex2oat ( 6418): /system/bin/dex2oat --zip-fd=5 --zip-location=/system/app/Exchange2/Exchange2.apk --oat-fd=6 --oat-location=/data/dalvik-cache/arm/system@app@Exchange2@Exchange2.apk@classes.dex --instruction-set=arm --instruction-set-features=div --runtime-arg -Xms64m --runtime-arg -Xmx512m --swap-fd=7
I/dex2oat ( 6418): Decided to run without swap.
E/NetlinkListener( 5246): recvmsg failed (I/O error)
E/NetlinkListener( 687): recvmsg failed (I/O error)
E/NetlinkListener( 5246): recvmsg failed (I/O error)
E/NetlinkListener( 687): recvmsg failed (I/O error)
V/WLAN_PSA( 673): NL MSG, len[4095], NL type[0x1C] WNI type[0x5900] len[59151]
V/WLAN_PSA( 673): NL MSG, PID: 673
E/NetlinkListener( 5246): recvmsg failed (I/O error)
E/NetlinkListener( 687): recvmsg failed (I/O error)
E/NetlinkListener( 5246): recvmsg failed (I/O error)
E/NetlinkListener( 687): recvmsg failed (I/O error)
E/NetlinkListener( 5246): recvmsg failed (I/O error)
E/NetlinkListener( 687): recvmsg failed (I/O error)
I/dex2oat ( 6418): dex2oat took 2.835s (threads: 4) arena alloc=135KB java alloc=3MB native alloc=6MB free=13MB
I/PackageManager( 5400): Running dexopt on: /system/app/QuickSearchBox/QuickSearchBox.apk pkg=com.android.quicksearchbox isa=arm vmSafeMode=false
E/NetlinkListener( 5246): recvmsg failed (I/O error)
E/NetlinkListener( 687): recvmsg failed (I/O error)
I/dex2oat ( 6448): /system/bin/dex2oat --zip-fd=5 --zip-location=/system/app/QuickSearchBox/QuickSearchBox.apk --oat-fd=6 --oat-location=/data/dalvik-cache/arm/system@app@QuickSearchBox@QuickSearchBox.apk@classes.dex --instruction-set=arm --instruction-set-features=div --runtime-arg -Xms64m --runtime-arg -Xmx512m --swap-fd=7
I/dex2oat ( 6448): Decided to run without swap.
E/NetlinkListener( 5246): recvmsg failed (I/O error)
E/NetlinkListener( 687): recvmsg failed (I/O error)
E/NetlinkListener( 5246): recvmsg failed (I/O error)
E/NetlinkListener( 687): recvmsg failed (I/O error)
I/dex2oat ( 6448): dex2oat took 502.093ms (threads: 4) arena alloc=109KB java alloc=590KB native alloc=2MB free=5MB
I/PackageManager( 5400): Running dexopt on: /system/app/NoiseField/NoiseField.apk pkg=com.android.noisefield isa=arm vmSafeMode=false
I/dex2oat ( 6467): /system/bin/dex2oat --zip-fd=5 --zip-location=/system/app/NoiseField/NoiseField.apk --oat-fd=6 --oat-location=/data/dalvik-cache/arm/system@app@NoiseField@NoiseField.apk@classes.dex --instruction-set=arm --instruction-set-features=div --runtime-arg -Xms64m --runtime-arg -Xmx512m --swap-fd=7
I/dex2oat ( 6467): Decided to run without swap.
I/dex2oat ( 6467): dex2oat took 91.178ms (threads: 4) arena alloc=160KB java alloc=128KB native alloc=1404KB free=6MB
I/PackageManager( 5400): Running dexopt on: /system/app/UserDictionaryProvider/UserDictionaryProvider.apk pkg=com.android.providers.userdictionary isa=arm vmSafeMode=false
I/dex2oat ( 6474): /system/bin/dex2oat --zip-fd=5 --zip-location=/system/app/UserDictionaryProvider/UserDictionaryProvider.apk --oat-fd=6 --oat-location=/data/dalvik-cache/arm/system@app@UserDictionaryProvider@UserDictionaryProvider.apk@classes.dex --instruction-set=arm --instruction-set-features=div --runtime-arg -Xms64m --runtime-arg -Xmx512m --swap-fd=7
I/dex2oat ( 6474): Decided to run without swap.
E/NetlinkListener( 687): recvmsg failed (I/O error)
E/NetlinkListener( 5246): recvmsg failed (I/O error)
I/dex2oat ( 6474): dex2oat took 71.355ms (threads: 4) arena alloc=54KB java alloc=20KB native alloc=1125KB free=6MB
I/PackageManager( 5400): Running dexopt on: /system/app/CertInstaller/CertInstaller.apk pkg=com.android.certinstaller isa=arm vmSafeMode=false
I/dex2oat ( 6482): /system/bin/dex2oat --zip-fd=5 --zip-location=/system/app/CertInstaller/CertInstaller.apk --oat-fd=6 --oat-location=/data/dalvik-cache/arm/system@app@CertInstaller@CertInstaller.apk@classes.dex --instruction-set=arm --instruction-set-features=div --runtime-arg -Xms64m --runtime-arg -Xmx512m --swap-fd=7
I/dex2oat ( 6482): Decided to run without swap.
I/dex2oat ( 6482): dex2oat took 104.883ms (threads: 4) arena alloc=86KB java alloc=85KB native alloc=1436KB free=6MB
I/PackageManager( 5400): Running dexopt on: /system/app/HTMLViewer/HTMLViewer.apk pkg=com.android.htmlviewer isa=arm vmSafeMode=false
I/dex2oat ( 6488): /system/bin/dex2oat --zip-fd=5 --zip-location=/system/app/HTMLViewer/HTMLViewer.apk --oat-fd=6 --oat-location=/data/dalvik-cache/arm/system@app@HTMLViewer@HTMLViewer.apk@classes.dex --instruction-set=arm --instruction-set-features=div --runtime-arg -Xms64m --runtime-arg -Xmx512m --swap-fd=7
I/dex2oat ( 6488): Decided to run without swap.
I/dex2oat ( 6488): dex2oat took 94.112ms (threads: 4) arena alloc=117KB java alloc=75KB native alloc=1118KB free=6MB
I/PackageManager( 5400): Running dexopt on: /system/priv-app/ProgrammableButton/ProgrammableButton.apk pkg=com.fairphone.programmablebutton isa=arm vmSafeMode=false
I/dex2oat ( 6493): /system/bin/dex2oat --zip-fd=5 --zip-location=/system/priv-app/ProgrammableButton/ProgrammableButton.apk --oat-fd=6 --oat-location=/data/dalvik-cache/arm/system@priv-app@ProgrammableButton@ProgrammableButton.apk@classes.dex --instruction-set=arm --instruction-set-features=div --runtime-arg -Xms64m --runtime-arg -Xmx512m --swap-fd=7
I/dex2oat ( 6493): Decided to run without swap.
E/NetlinkListener( 687): recvmsg failed (I/O error)
E/NetlinkListener( 5246): recvmsg failed (I/O error)
I/dex2oat ( 6493): dex2oat took 417.456ms (threads: 4) arena alloc=274KB java alloc=395KB native alloc=2MB free=5MB
I/PackageManager( 5400): Running dexopt on: /system/app/PrintSpooler/PrintSpooler.apk pkg=com.android.printspooler isa=arm vmSafeMode=false
I/dex2oat ( 6505): /system/bin/dex2oat --zip-fd=5 --zip-location=/system/app/PrintSpooler/PrintSpooler.apk --oat-fd=6 --oat-location=/data/dalvik-cache/arm/system@app@PrintSpooler@PrintSpooler.apk@classes.dex --instruction-set=arm --instruction-set-features=div --runtime-arg -Xms64m --runtime-arg -Xmx512m --swap-fd=7
I/dex2oat ( 6505): Decided to run without swap.
E/qdhwcomposer( 1587): isValidDimension: layer handle is NULL
E/qdhwcomposer( 1587): isValidDimension: layer handle is NULL
E/qdoverlay( 1587): Bad ov dump: mdp_overlay z=0 fg=0 alpha=255 mask=-1 flags=0x220000 id=8
E/qdoverlay( 1587): src msmfb_img w=1152 h=1920 format=13 MDP_RGBA_8888
E/qdoverlay( 1587): src_rect mdp_rect x=0 y=0 w=1080 h=1920
E/qdoverlay( 1587): dst_rect mdp_rect x=0 y=0 w=1080 h=1920
E/NetlinkListener( 687): recvmsg failed (I/O error)
E/NetlinkListener( 5246): recvmsg failed (I/O error)
V/WLAN_PSA( 673): NL MSG, len[048], NL type[0x11] WNI type[0x5050] len[028]
V/WLAN_PSA( 673): NL MSG, PID: 673
E/NetlinkListener( 5246): recvmsg failed (I/O error)
E/NetlinkListener( 687): recvmsg failed (I/O error)
E/NetlinkListener( 5246): recvmsg failed (I/O error)
E/NetlinkListener( 687): recvmsg failed (I/O error)
E/NetlinkListener( 687): recvmsg failed (I/O error)
E/NetlinkListener( 5246): recvmsg failed (I/O error)
I/dex2oat ( 6505): dex2oat took 1.075s (threads: 4) arena alloc=458KB java alloc=965KB native alloc=3MB free=4MB
I/PackageManager( 5400): Running dexopt on: /system/app/QtiBackupAgent/QtiBackupAgent.apk pkg=com.qti.backupagent isa=arm vmSafeMode=false
I/dex2oat ( 6528): /system/bin/dex2oat --zip-fd=5 --zip-location=/system/app/QtiBackupAgent/QtiBackupAgent.apk --oat-fd=6 --oat-location=/data/dalvik-cache/arm/system@app@QtiBackupAgent@QtiBackupAgent.apk@classes.dex --instruction-set=arm --instruction-set-features=div --runtime-arg -Xms64m --runtime-arg -Xmx512m --swap-fd=7
I/dex2oat ( 6528): Decided to run without swap.
E/NetlinkListener( 687): recvmsg failed (I/O error)
E/NetlinkListener( 5246): recvmsg failed (I/O error)
I/dex2oat ( 6528): dex2oat took 126.401ms (threads: 4) arena alloc=353KB java alloc=64KB native alloc=1439KB free=6MB
I/PackageManager( 5400): Running dexopt on: /system/app/BluetoothExt/BluetoothExt.apk pkg=org.codeaurora.bluetooth isa=arm vmSafeMode=false
I/dex2oat ( 6537): /system/bin/dex2oat --zip-fd=5 --zip-location=/system/app/BluetoothExt/BluetoothExt.apk --oat-fd=6 --oat-location=/data/dalvik-cache/arm/system@app@BluetoothExt@BluetoothExt.apk@classes.dex --instruction-set=arm --instruction-set-features=div --runtime-arg -Xms64m --runtime-arg -Xmx512m --swap-fd=7
I/dex2oat ( 6537): Decided to run without swap.
I/dex2oat ( 6537): dex2oat took 277.601ms (threads: 4) arena alloc=385KB java alloc=434KB native alloc=2028KB free=6MB
I/PackageManager( 5400): Running dexopt on: /system/app/FM2/FM2.apk pkg=com.caf.fmradio isa=arm vmSafeMode=false
I/dex2oat ( 6542): /system/bin/dex2oat --zip-fd=5 --zip-location=/system/app/FM2/FM2.apk --oat-fd=6 --oat-location=/data/dalvik-cache/arm/system@app@FM2@FM2.apk@classes.dex --instruction-set=arm --instruction-set-features=div --runtime-arg -Xms64m --runtime-arg -Xmx512m --swap-fd=7
I/dex2oat ( 6542): Decided to run without swap.
E/NetlinkListener( 687): recvmsg failed (I/O error)
E/NetlinkListener( 5246): recvmsg failed (I/O error)
I/dex2oat ( 6542): dex2oat took 344.540ms (threads: 4) arena alloc=708KB java alloc=528KB native alloc=3MB free=4MB
I/PackageManager( 5400): Running dexopt on: /system/priv-app/FairphoneLauncher3/FairphoneLauncher3.apk pkg=com.fairphone.fplauncher3 isa=arm vmSafeMode=false
I/dex2oat ( 6553): /system/bin/dex2oat --zip-fd=5 --zip-location=/system/priv-app/FairphoneLauncher3/FairphoneLauncher3.apk --oat-fd=6 --oat-location=/data/dalvik-cache/arm/system@priv-app@FairphoneLauncher3@FairphoneLauncher3.apk@classes.dex --instruction-set=arm --instruction-set-features=div --runtime-arg -Xms64m --runtime-arg -Xmx512m --swap-fd=7
I/dex2oat ( 6553): Decided to run without swap.
E/NetlinkListener( 687): recvmsg failed (I/O error)
E/NetlinkListener( 5246): recvmsg failed (I/O error)
E/NetlinkListener( 5246): recvmsg failed (I/O error)
E/NetlinkListener( 687): recvmsg failed (I/O error)
V/WLAN_PSA( 673): NL MSG, len[4025], NL type[0x1C] WNI type[0x5900] len[41231]
V/WLAN_PSA( 673): NL MSG, PID: 673
I/dex2oat ( 6553): dex2oat took 1.508s (threads: 4) arena alloc=858KB java alloc=2MB native alloc=6MB free=9MB
I/PackageManager( 5400): Running dexopt on: /system/app/DeskClock/DeskClock.apk pkg=com.android.deskclock isa=arm vmSafeMode=false
I/dex2oat ( 6569): /system/bin/dex2oat --zip-fd=5 --zip-location=/system/app/DeskClock/DeskClock.apk --oat-fd=6 --oat-location=/data/dalvik-cache/arm/system@app@DeskClock@DeskClock.apk@classes.dex --instruction-set=arm --instruction-set-features=div --runtime-arg -Xms64m --runtime-arg -Xmx512m --swap-fd=7
E/NetlinkListener( 687): recvmsg failed (I/O error)
E/NetlinkListener( 5246): recvmsg failed (I/O error)
I/dex2oat ( 6569): Decided to run without swap.
E/NetlinkListener( 5246): recvmsg failed (I/O error)
E/NetlinkListener( 687): recvmsg failed (I/O error)
E/NetlinkListener( 5246): recvmsg failed (I/O error)
E/NetlinkListener( 687): recvmsg failed (I/O error)
E/NetlinkListener( 5246): recvmsg failed (I/O error)
E/NetlinkListener( 687): recvmsg failed (I/O error)
I/dex2oat ( 6569): dex2oat took 962.825ms (threads: 4) arena alloc=101KB java alloc=1120KB native alloc=3MB free=4MB
I/PackageManager( 5400): Running dexopt on: /system/priv-app/ClockWidget/ClockWidget.apk pkg=com.fairphone.clock isa=arm vmSafeMode=false
I/dex2oat ( 6594): /system/bin/dex2oat --zip-fd=5 --zip-location=/system/priv-app/ClockWidget/ClockWidget.apk --oat-fd=6 --oat-location=/data/dalvik-cache/arm/system@priv-app@ClockWidget@ClockWidget.apk@classes.dex --instruction-set=arm --instruction-set-features=div --runtime-arg -Xms64m --runtime-arg -Xmx512m --swap-fd=7
I/dex2oat ( 6594): Decided to run without swap.
E/NetlinkListener( 5246): recvmsg failed (I/O error)
E/NetlinkListener( 687): recvmsg failed (I/O error)
E/NetlinkListener( 5246): recvmsg failed (I/O error)
E/NetlinkListener( 687): recvmsg failed (I/O error)
I/dex2oat ( 6594): dex2oat took 472.932ms (threads: 4) arena alloc=182KB java alloc=408KB native alloc=2MB free=5MB
I/PackageManager( 5400): Running dexopt on: /system/app/Gallery2/Gallery2.apk pkg=com.android.gallery3d isa=arm vmSafeMode=false
I/dex2oat ( 6608): /system/bin/dex2oat --zip-fd=5 --zip-location=/system/app/Gallery2/Gallery2.apk --oat-fd=6 --oat-location=/data/dalvik-cache/arm/system@app@Gallery2@Gallery2.apk@classes.dex --instruction-set=arm --instruction-set-features=div --runtime-arg -Xms64m --runtime-arg -Xmx512m --swap-fd=7
I/dex2oat ( 6608): Decided to run without swap.
V/WLAN_PSA( 673): NL MSG, len[048], NL type[0x11] WNI type[0x5050] len[028]
V/WLAN_PSA( 673): NL MSG, PID: 673
E/NetlinkListener( 5246): recvmsg failed (I/O error)
E/NetlinkListener( 687): recvmsg failed (I/O error)
E/NetlinkListener( 5246): recvmsg failed (I/O error)
E/NetlinkListener( 687): recvmsg failed (I/O error)
E/NetlinkListener( 687): recvmsg failed (I/O error)
E/NetlinkListener( 5246): recvmsg failed (I/O error)
E/NetlinkListener( 687): recvmsg failed (I/O error)
E/NetlinkListener( 5246): recvmsg failed (I/O error)
E/NetlinkListener( 687): recvmsg failed (I/O error)
E/NetlinkListener( 5246): recvmsg failed (I/O error)
E/NetlinkListener( 5246): recvmsg failed (I/O error)
E/NetlinkListener( 687): recvmsg failed (I/O error)
V/WLAN_PSA( 673): NL MSG, len[4009], NL type[0x1C] WNI type[0x5900] len[37135]
V/WLAN_PSA( 673): NL MSG, PID: 673
E/NetlinkListener( 5246): recvmsg failed (I/O error)
E/NetlinkListener( 687): recvmsg failed (I/O error)
I/dex2oat ( 6608): dex2oat took 2.769s (threads: 4) arena alloc=208KB java alloc=3MB native alloc=6MB free=9MB
I/PackageManager( 5400): Running dexopt on: /system/priv-app/Contacts/Contacts.apk pkg=com.android.contacts isa=arm vmSafeMode=false
I/dex2oat ( 6645): /system/bin/dex2oat --zip-fd=5 --zip-location=/system/priv-app/Contacts/Contacts.apk --oat-fd=6 --oat-location=/data/dalvik-cache/arm/system@priv-app@Contacts@Contacts.apk@classes.dex --instruction-set=arm --instruction-set-features=div --runtime-arg -Xms64m --runtime-arg -Xmx512m --swap-fd=7
I/dex2oat ( 6645): Decided to run without swap.
E/NetlinkListener( 5246): recvmsg failed (I/O error)
E/NetlinkListener( 687): recvmsg failed (I/O error)
E/NetlinkListener( 687): recvmsg failed (I/O error)
E/NetlinkListener( 5246): recvmsg failed (I/O error)
E/NetlinkListener( 5246): recvmsg failed (I/O error)
E/NetlinkListener( 687): recvmsg failed (I/O error)
E/NetlinkListener( 5246): recvmsg failed (I/O error)
E/NetlinkListener( 687): recvmsg failed (I/O error)
E/NetlinkListener( 5246): recvmsg failed (I/O error)
E/NetlinkListener( 687): recvmsg failed (I/O error)
I/dex2oat ( 6645): dex2oat took 2.264s (threads: 4) arena alloc=231KB java alloc=2MB native alloc=5MB free=6MB
I/PackageManager( 5400): Running dexopt on: /system/app/Email/Email.apk pkg=com.android.email isa=arm vmSafeMode=false
I/dex2oat ( 6672): /system/bin/dex2oat --zip-fd=5 --zip-location=/system/app/Email/Email.apk --oat-fd=6 --oat-location=/data/dalvik-cache/arm/system@app@Email@Email.apk@classes.dex --instruction-set=arm --instruction-set-features=div --runtime-arg -Xms64m --runtime-arg -Xmx512m --swap-fd=7
V/WLAN_PSA( 673): NL MSG, len[048], NL type[0x11] WNI type[0x5050] len[028]
V/WLAN_PSA( 673): NL MSG, PID: 673
I/dex2oat ( 6672): Decided to run without swap.
E/NetlinkListener( 5246): recvmsg failed (I/O error)
E/NetlinkListener( 687): recvmsg failed (I/O error)
E/NetlinkListener( 5246): recvmsg failed (I/O error)
E/NetlinkListener( 687): recvmsg failed (I/O error)
E/NetlinkListener( 5246): recvmsg failed (I/O error)
E/NetlinkListener( 687): recvmsg failed (I/O error)
E/NetlinkListener( 5246): recvmsg failed (I/O error)
E/NetlinkListener( 687): recvmsg failed (I/O error)
E/NetlinkListener( 5246): recvmsg failed (I/O error)
E/NetlinkListener( 687): recvmsg failed (I/O error)
E/NetlinkListener( 5246): recvmsg failed (I/O error)
E/NetlinkListener( 687): recvmsg failed (I/O error)
V/WLAN_PSA( 673): NL MSG, len[4091], NL type[0x1C] WNI type[0x5900] len[58127]
V/WLAN_PSA( 673): NL MSG, PID: 673
E/NetlinkListener( 5246): recvmsg failed (I/O error)
E/NetlinkListener( 687): recvmsg failed (I/O error)
E/NetlinkListener( 5246): recvmsg failed (I/O error)
E/NetlinkListener( 687): recvmsg failed (I/O error)
I/dex2oat ( 6672): dex2oat took 4.402s (threads: 4) arena alloc=152KB java alloc=5MB native alloc=10MB free=5MB
I/PackageManager( 5400): Running dexopt on: /system/app/Galaxy4/Galaxy4.apk pkg=com.android.galaxy4 isa=arm vmSafeMode=false
I/dex2oat ( 6729): /system/bin/dex2oat --zip-fd=5 --zip-location=/system/app/Galaxy4/Galaxy4.apk --oat-fd=6 --oat-location=/data/dalvik-cache/arm/system@app@Galaxy4@Galaxy4.apk@classes.dex --instruction-set=arm --instruction-set-features=div --runtime-arg -Xms64m --runtime-arg -Xmx512m --swap-fd=7
I/dex2oat ( 6729): Decided to run without swap.
I/dex2oat ( 6729): dex2oat took 222.490ms (threads: 4) arena alloc=114KB java alloc=134KB native alloc=1393KB free=6MB
I/PackageManager( 5400): Running dexopt on: /system/priv-app/MusicFX/MusicFX.apk pkg=com.android.musicfx isa=arm vmSafeMode=false
I/dex2oat ( 6734): /system/bin/dex2oat --zip-fd=5 --zip-location=/system/priv-app/MusicFX/MusicFX.apk --oat-fd=6 --oat-location=/data/dalvik-cache/arm/system@priv-app@MusicFX@MusicFX.apk@classes.dex --instruction-set=arm --instruction-set-features=div --runtime-arg -Xms64m --runtime-arg -Xmx512m --swap-fd=7
I/dex2oat ( 6734): Decided to run without swap.
I/dex2oat ( 6734): dex2oat took 152.208ms (threads: 4) arena alloc=1113KB java alloc=106KB native alloc=1642KB free=6MB
I/PackageManager( 5400): Running dexopt on: /system/app/shutdownlistener/shutdownlistener.apk pkg=com.qualcomm.shutdownlistner isa=arm vmSafeMode=false
I/dex2oat ( 6739): /system/bin/dex2oat --zip-fd=5 --zip-location=/system/app/shutdownlistener/shutdownlistener.apk --oat-fd=6 --oat-location=/data/dalvik-cache/arm/system@app@shutdownlistener@shutdownlistener.apk@classes.dex --instruction-set=arm --instruction-set-features=div --runtime-arg -Xms64m --runtime-arg -Xmx512m --swap-fd=7
I/dex2oat ( 6739): Decided to run without swap.
I/dex2oat ( 6739): dex2oat took 37.738ms (threads: 4) arena alloc=50KB java alloc=11KB native alloc=851KB free=7MB
I/PackageManager( 5400): Running dexopt on: /system/app/Calculator/Calculator.apk pkg=com.android.calculator2 isa=arm vmSafeMode=false
I/dex2oat ( 6744): /system/bin/dex2oat --zip-fd=5 --zip-location=/system/app/Calculator/Calculator.apk --oat-fd=6 --oat-location=/data/dalvik-cache/arm/system@app@Calculator@Calculator.apk@classes.dex --instruction-set=arm --instruction-set-features=div --runtime-arg -Xms64m --runtime-arg -Xmx512m --swap-fd=7
I/dex2oat ( 6744): Decided to run without swap.
V/WLAN_PSA( 673): NL MSG, len[048], NL type[0x11] WNI type[0x5050] len[028]
V/WLAN_PSA( 673): NL MSG, PID: 673
E/NetlinkListener( 5246): recvmsg failed (I/O error)
E/NetlinkListener( 687): recvmsg failed (I/O error)
E/NetlinkListener( 5246): recvmsg failed (I/O error)
E/NetlinkListener( 687): recvmsg failed (I/O error)
E/NetlinkListener( 687): recvmsg failed (I/O error)
E/NetlinkListener( 5246): recvmsg failed (I/O error)
E/NetlinkListener( 5246): recvmsg failed (I/O error)
E/NetlinkListener( 687): recvmsg failed (I/O error)
E/NetlinkListener( 687): recvmsg failed (I/O error)
E/NetlinkListener( 5246): recvmsg failed (I/O error)
E/NetlinkListener( 5246): recvmsg failed (I/O error)
E/NetlinkListener( 687): recvmsg failed (I/O error)
I/dex2oat ( 6744): dex2oat took 955.031ms (threads: 4) arena alloc=131KB java alloc=764KB native alloc=2MB free=5MB
I/PackageManager( 5400): Running dexopt on: /system/app/Camera2/Camera2.apk pkg=com.android.camera2 isa=arm vmSafeMode=false
I/dex2oat ( 6780): /system/bin/dex2oat --zip-fd=5 --zip-location=/system/app/Camera2/Camera2.apk --oat-fd=6 --oat-location=/data/dalvik-cache/arm/system@app@Camera2@Camera2.apk@classes.dex --instruction-set=arm --instruction-set-features=div --runtime-arg -Xms64m --runtime-arg -Xmx512m --swap-fd=7
I/dex2oat ( 6780): Decided to run without swap.
E/NetlinkListener( 687): recvmsg failed (I/O error)
E/NetlinkListener( 5246): recvmsg failed (I/O error)
E/NetlinkListener( 5246): recvmsg failed (I/O error)
E/NetlinkListener( 687): recvmsg failed (I/O error)
I/dex2oat ( 6780): dex2oat took 1.404s (threads: 4) arena alloc=507KB java alloc=2MB native alloc=4MB free=7MB
I/PackageManager( 5400): Running dexopt on: /system/app/HoloSpiralWallpaper/HoloSpiralWallpaper.apk pkg=com.android.wallpaper.holospiral isa=arm vmSafeMode=false
I/dex2oat ( 6796): /system/bin/dex2oat --zip-fd=5 --zip-location=/system/app/HoloSpiralWallpaper/HoloSpiralWallpaper.apk --oat-fd=6 --oat-location=/data/dalvik-cache/arm/system@app@HoloSpiralWallpaper@HoloSpiralWallpaper.apk@classes.dex --instruction-set=arm --instruction-set-features=div --runtime-arg -Xms64m --runtime-arg -Xmx512m --swap-fd=7
I/dex2oat ( 6796): Decided to run without swap.
E/NetlinkListener( 5246): recvmsg failed (I/O error)
E/NetlinkListener( 687): recvmsg failed (I/O error)
I/dex2oat ( 6796): dex2oat took 89.068ms (threads: 4) arena alloc=119KB java alloc=124KB native alloc=1400KB free=6MB
I/PackageManager( 5400): Running dexopt on: /system/app/LiveWallpapers/LiveWallpapers.apk pkg=com.android.wallpaper isa=arm vmSafeMode=false
I/dex2oat ( 6804): /system/bin/dex2oat --zip-fd=5 --zip-location=/system/app/LiveWallpapers/LiveWallpapers.apk --oat-fd=6 --oat-location=/data/dalvik-cache/arm/system@app@LiveWallpapers@LiveWallpapers.apk@classes.dex --instruction-set=arm --instruction-set-features=div --runtime-arg -Xms64m --runtime-arg -Xmx512m --swap-fd=7
I/dex2oat ( 6804): Decided to run without swap.
I/dex2oat ( 6804): dex2oat took 83.312ms (threads: 4) arena alloc=102KB java alloc=74KB native alloc=1401KB free=6MB
I/PackageManager( 5400): Running dexopt on: /system/app/DocumentsUI/DocumentsUI.apk pkg=com.android.documentsui isa=arm vmSafeMode=false
I/dex2oat ( 6809): /system/bin/dex2oat --zip-fd=5 --zip-location=/system/app/DocumentsUI/DocumentsUI.apk --oat-fd=6 --oat-location=/data/dalvik-cache/arm/system@app@DocumentsUI@DocumentsUI.apk@classes.dex --instruction-set=arm --instruction-set-features=div --runtime-arg -Xms64m --runtime-arg -Xmx512m --swap-fd=7
I/dex2oat ( 6809): Decided to run without swap.
E/NetlinkListener( 5246): recvmsg failed (I/O error)
E/NetlinkListener( 687): recvmsg failed (I/O error)
V/WLAN_PSA( 673): NL MSG, len[4031], NL type[0x1C] WNI type[0x5900] len[42767]
V/WLAN_PSA( 673): NL MSG, PID: 673
E/NetlinkListener( 5246): recvmsg failed (I/O error)
E/NetlinkListener( 687): recvmsg failed (I/O error)
E/NetlinkListener( 5246): recvmsg failed (I/O error)
E/NetlinkListener( 687): recvmsg failed (I/O error)
E/NetlinkListener( 687): recvmsg failed (I/O error)
E/NetlinkListener( 5246): recvmsg failed (I/O error)
E/NetlinkListener( 5246): recvmsg failed (I/O error)
E/NetlinkListener( 687): recvmsg failed (I/O error)
E/NetlinkListener( 5246): recvmsg failed (I/O error)
E/NetlinkListener( 687): recvmsg failed (I/O error)
E/NetlinkListener( 5246): recvmsg failed (I/O error)
E/NetlinkListener( 687): recvmsg failed (I/O error)
I/dex2oat ( 6809): dex2oat took 1.345s (threads: 4) arena alloc=80KB java alloc=967KB native alloc=2MB free=5MB
I/PackageManager( 5400): Running dexopt on: /system/priv-app/Mms/Mms.apk pkg=com.android.mms isa=arm vmSafeMode=false
I/dex2oat ( 6846): /system/bin/dex2oat --zip-fd=5 --zip-location=/system/priv-app/Mms/Mms.apk --oat-fd=6 --oat-location=/data/dalvik-cache/arm/system@priv-app@Mms@Mms.apk@classes.dex --instruction-set=arm --instruction-set-features=div --runtime-arg -Xms64m --runtime-arg -Xmx512m --swap-fd=7
I/dex2oat ( 6846): Decided to run without swap.
E/NetlinkListener( 5246): recvmsg failed (I/O error)
E/NetlinkListener( 687): recvmsg failed (I/O error)
E/NetlinkListener( 5246): recvmsg failed (I/O error)
E/NetlinkListener( 687): recvmsg failed (I/O error)
E/NetlinkListener( 5246): recvmsg failed (I/O error)
E/NetlinkListener( 687): recvmsg failed (I/O error)
E/NetlinkListener( 5246): recvmsg failed (I/O error)
E/NetlinkListener( 687): recvmsg failed (I/O error)
V/WLAN_PSA( 673): NL MSG, len[048], NL type[0x11] WNI type[0x5050] len[028]
V/WLAN_PSA( 673): NL MSG, PID: 673
I/dex2oat ( 6846): dex2oat took 1.495s (threads: 4) arena alloc=118KB java alloc=2016KB native alloc=4MB free=3MB
I/PackageManager( 5400): Running dexopt on: /system/priv-app/SharedStorageBackup/SharedStorageBackup.apk pkg=com.android.sharedstoragebackup isa=arm vmSafeMode=false
I/dex2oat ( 6870): /system/bin/dex2oat --zip-fd=5 --zip-location=/system/priv-app/SharedStorageBackup/SharedStorageBackup.apk --oat-fd=6 --oat-location=/data/dalvik-cache/arm/system@priv-app@SharedStorageBackup@SharedStorageBackup.apk@classes.dex --instruction-set=arm --instruction-set-features=div --runtime-arg -Xms64m --runtime-arg -Xmx512m --swap-fd=7
E/NetlinkListener( 5246): recvmsg failed (I/O error)
E/NetlinkListener( 687): recvmsg failed (I/O error)
I/dex2oat ( 6870): Decided to run without swap.
I/dex2oat ( 6870): dex2oat took 76.697ms (threads: 4) arena alloc=256KB java alloc=22KB native alloc=1123KB free=6MB
I/PackageManager( 5400): Running dexopt on: /system/app/PacProcessor/PacProcessor.apk pkg=com.android.pacprocessor isa=arm vmSafeMode=false
I/dex2oat ( 6878): /system/bin/dex2oat --zip-fd=5 --zip-location=/system/app/PacProcessor/PacProcessor.apk --oat-fd=6 --oat-location=/data/dalvik-cache/arm/system@app@PacProcessor@PacProcessor.apk@classes.dex --instruction-set=arm --instruction-set-features=div --runtime-arg -Xms64m --runtime-arg -Xmx512m --swap-fd=7
I/dex2oat ( 6878): Decided to run without swap.
I/dex2oat ( 6878): dex2oat took 61.427ms (threads: 4) arena alloc=40KB java alloc=8KB native alloc=856KB free=7MB
