I/PackageManager( 5400): Running dexopt on: /system/app/Browser/Browser.apk pkg=com.android.browser isa=arm vmSafeMode=false
I/dex2oat ( 6883): /system/bin/dex2oat --zip-fd=5 --zip-location=/system/app/Browser/Browser.apk --oat-fd=6 --oat-location=/data/dalvik-cache/arm/system@app@Browser@Browser.apk@classes.dex --instruction-set=arm --instruction-set-features=div --runtime-arg -Xms64m --runtime-arg -Xmx512m --swap-fd=7
E/NetlinkListener( 5246): recvmsg failed (I/O error)
E/NetlinkListener( 687): recvmsg failed (I/O error)
I/dex2oat ( 6883): Decided to run without swap.
E/NetlinkListener( 5246): recvmsg failed (I/O error)
E/NetlinkListener( 687): recvmsg failed (I/O error)
E/NetlinkListener( 5246): recvmsg failed (I/O error)
E/NetlinkListener( 687): recvmsg failed (I/O error)
E/NetlinkListener( 5246): recvmsg failed (I/O error)
E/NetlinkListener( 687): recvmsg failed (I/O error)
E/NetlinkListener( 5246): recvmsg failed (I/O error)
E/NetlinkListener( 687): recvmsg failed (I/O error)
I/dex2oat ( 6883): dex2oat took 1.290s (threads: 4) arena alloc=121KB java alloc=2017KB native alloc=3MB free=4MB
I/PackageManager( 5400): Running dexopt on: /system/app/PicoTts/PicoTts.apk pkg=com.svox.pico isa=arm vmSafeMode=false
I/dex2oat ( 6914): /system/bin/dex2oat --zip-fd=5 --zip-location=/system/app/PicoTts/PicoTts.apk --oat-fd=6 --oat-location=/data/dalvik-cache/arm/system@app@PicoTts@PicoTts.apk@classes.dex --instruction-set=arm --instruction-set-features=div --runtime-arg -Xms64m --runtime-arg -Xmx512m --swap-fd=7
I/dex2oat ( 6914): Decided to run without swap.
E/NetlinkListener( 687): recvmsg failed (I/O error)
E/NetlinkListener( 5246): recvmsg failed (I/O error)
I/dex2oat ( 6914): dex2oat took 72.107ms (threads: 4) arena alloc=123KB java alloc=57KB native alloc=1412KB free=6MB
I/PackageManager( 5400): Running dexopt on: /system/priv-app/FairphoneUpdater/FairphoneUpdater.apk pkg=com.fairphone.updater isa=arm vmSafeMode=false
I/dex2oat ( 6923): /system/bin/dex2oat --zip-fd=5 --zip-location=/system/priv-app/FairphoneUpdater/FairphoneUpdater.apk --oat-fd=6 --oat-location=/data/dalvik-cache/arm/system@priv-app@FairphoneUpdater@FairphoneUpdater.apk@classes.dex --instruction-set=arm --instruction-set-features=div --runtime-arg -Xms64m --runtime-arg -Xmx512m --swap-fd=7
E/NetlinkListener( 5246): recvmsg failed (I/O error)
E/NetlinkListener( 687): recvmsg failed (I/O error)
I/dex2oat ( 6923): Decided to run without swap.
E/NetlinkListener( 687): recvmsg failed (I/O error)
E/NetlinkListener( 5246): recvmsg failed (I/O error)
V/WLAN_PSA( 673): NL MSG, len[4006], NL type[0x1C] WNI type[0x5900] len[36367]
V/WLAN_PSA( 673): NL MSG, PID: 673
E/NetlinkListener( 687): recvmsg failed (I/O error)
E/NetlinkListener( 5246): recvmsg failed (I/O error)
E/QCALOG ( 959): [MessageQ] ProcessNewMessage: [LOWI-SERVER] unknown deliver target [OS-Agent]
I/dex2oat ( 6923): dex2oat took 976.919ms (threads: 4) arena alloc=235KB java alloc=847KB native alloc=2MB free=5MB
I/PackageManager( 5400): Running dexopt on: /system/app/CaptivePortalLogin/CaptivePortalLogin.apk pkg=com.android.captiveportallogin isa=arm vmSafeMode=false
I/dex2oat ( 6945): /system/bin/dex2oat --zip-fd=5 --zip-location=/system/app/CaptivePortalLogin/CaptivePortalLogin.apk --oat-fd=6 --oat-location=/data/dalvik-cache/arm/system@app@CaptivePortalLogin@CaptivePortalLogin.apk@classes.dex --instruction-set=arm --instruction-set-features=div --runtime-arg -Xms64m --runtime-arg -Xmx512m --swap-fd=7
I/dex2oat ( 6945): Decided to run without swap.
E/NetlinkListener( 5246): recvmsg failed (I/O error)
E/NetlinkListener( 687): recvmsg failed (I/O error)
I/dex2oat ( 6945): dex2oat took 127.430ms (threads: 4) arena alloc=104KB java alloc=79KB native alloc=1387KB free=6MB
I/PackageManager( 5400): Running dexopt on: /system/app/BasicDreams/BasicDreams.apk pkg=com.android.dreams.basic isa=arm vmSafeMode=false
E/NetlinkListener( 5246): recvmsg failed (I/O error)
E/NetlinkListener( 687): recvmsg failed (I/O error)
I/dex2oat ( 6954): /system/bin/dex2oat --zip-fd=5 --zip-location=/system/app/BasicDreams/BasicDreams.apk --oat-fd=6 --oat-location=/data/dalvik-cache/arm/system@app@BasicDreams@BasicDreams.apk@classes.dex --instruction-set=arm --instruction-set-features=div --runtime-arg -Xms64m --runtime-arg -Xmx512m --swap-fd=7
I/dex2oat ( 6954): Decided to run without swap.
I/dex2oat ( 6954): dex2oat took 63.680ms (threads: 4) arena alloc=71KB java alloc=29KB native alloc=1266KB free=6MB
I/PackageManager( 5400): Running dexopt on: /system/priv-app/Checkup/Checkup.apk pkg=com.fairphone.checkup isa=arm vmSafeMode=false
I/dex2oat ( 6962): /system/bin/dex2oat --zip-fd=5 --zip-location=/system/priv-app/Checkup/Checkup.apk --oat-fd=6 --oat-location=/data/dalvik-cache/arm/system@priv-app@Checkup@Checkup.apk@classes.dex --instruction-set=arm --instruction-set-features=div --runtime-arg -Xms64m --runtime-arg -Xmx512m --swap-fd=7
I/dex2oat ( 6962): Decided to run without swap.
E/NetlinkListener( 5246): recvmsg failed (I/O error)
E/NetlinkListener( 687): recvmsg failed (I/O error)
E/NetlinkListener( 687): recvmsg failed (I/O error)
E/NetlinkListener( 5246): recvmsg failed (I/O error)
I/dex2oat ( 6962): dex2oat took 398.552ms (threads: 4) arena alloc=294KB java alloc=884KB native alloc=2MB free=5MB
I/PackageManager( 5400): Running dexopt on: /system/priv-app/DownloadProvider/DownloadProvider.apk pkg=com.android.providers.downloads isa=arm vmSafeMode=false
I/dex2oat ( 6979): /system/bin/dex2oat --zip-fd=5 --zip-location=/system/priv-app/DownloadProvider/DownloadProvider.apk --oat-fd=6 --oat-location=/data/dalvik-cache/arm/system@priv-app@DownloadProvider@DownloadProvider.apk@classes.dex --instruction-set=arm --instruction-set-features=div --runtime-arg -Xms64m --runtime-arg -Xmx512m --swap-fd=7
I/dex2oat ( 6979): Decided to run without swap.
I/dex2oat ( 6979): dex2oat took 347.115ms (threads: 4) arena alloc=90KB java alloc=430KB native alloc=2MB free=5MB
I/PackageManager( 5400): Running dexopt on: /system/priv-app/MyContactsWidget/MyContactsWidget.apk pkg=com.fairphone.mycontacts isa=arm vmSafeMode=false
I/dex2oat ( 6985): /system/bin/dex2oat --zip-fd=5 --zip-location=/system/priv-app/MyContactsWidget/MyContactsWidget.apk --oat-fd=6 --oat-location=/data/dalvik-cache/arm/system@priv-app@MyContactsWidget@MyContactsWidget.apk@classes.dex --instruction-set=arm --instruction-set-features=div --runtime-arg -Xms64m --runtime-arg -Xmx512m --swap-fd=7
I/dex2oat ( 6985): Decided to run without swap.
E/NetlinkListener( 687): recvmsg failed (I/O error)
E/NetlinkListener( 5246): recvmsg failed (I/O error)
E/NetlinkListener( 5246): recvmsg failed (I/O error)
E/NetlinkListener( 687): recvmsg failed (I/O error)
W/dex2oat ( 6985): Before Android 4.1, method int android.support.v7.internal.widget.ListViewCompat.lookForSelectablePosition(int, boolean) would have incorrectly overridden the package-private method in android.widget.ListView
E/NetlinkListener( 687): recvmsg failed (I/O error)
E/NetlinkListener( 5246): recvmsg failed (I/O error)
E/NetlinkListener( 5246): recvmsg failed (I/O error)
E/NetlinkListener( 687): recvmsg failed (I/O error)
V/WLAN_PSA( 673): NL MSG, len[048], NL type[0x11] WNI type[0x5050] len[028]
V/WLAN_PSA( 673): NL MSG, PID: 673
I/dex2oat ( 6985): dex2oat took 962.776ms (threads: 4) arena alloc=292KB java alloc=1463KB native alloc=3MB free=4MB
I/PackageManager( 5400): Running dexopt on: /system/app/PhotoTable/PhotoTable.apk pkg=com.android.dreams.phototable isa=arm vmSafeMode=false
I/dex2oat ( 7008): /system/bin/dex2oat --zip-fd=5 --zip-location=/system/app/PhotoTable/PhotoTable.apk --oat-fd=6 --oat-location=/data/dalvik-cache/arm/system@app@PhotoTable@PhotoTable.apk@classes.dex --instruction-set=arm --instruction-set-features=div --runtime-arg -Xms64m --runtime-arg -Xmx512m --swap-fd=7
I/dex2oat ( 7008): Decided to run without swap.
E/NetlinkListener( 5246): recvmsg failed (I/O error)
E/NetlinkListener( 687): recvmsg failed (I/O error)
E/NetlinkListener( 5246): recvmsg failed (I/O error)
E/NetlinkListener( 687): recvmsg failed (I/O error)
I/dex2oat ( 7008): dex2oat took 279.542ms (threads: 4) arena alloc=87KB java alloc=155KB native alloc=1702KB free=6MB
I/PackageManager( 5400): Running dexopt on: /system/app/WAPPushManager/WAPPushManager.apk pkg=com.android.smspush isa=arm vmSafeMode=false
I/dex2oat ( 7019): /system/bin/dex2oat --zip-fd=5 --zip-location=/system/app/WAPPushManager/WAPPushManager.apk --oat-fd=6 --oat-location=/data/dalvik-cache/arm/system@app@WAPPushManager@WAPPushManager.apk@classes.dex --instruction-set=arm --instruction-set-features=div --runtime-arg -Xms64m --runtime-arg -Xmx512m --swap-fd=7
I/dex2oat ( 7019): Decided to run without swap.
I/dex2oat ( 7019): dex2oat took 107.863ms (threads: 4) arena alloc=134KB java alloc=65KB native alloc=1463KB free=6MB
I/PackageManager( 5400): Running dexopt on: /system/priv-app/CellBroadcastReceiver/CellBroadcastReceiver.apk pkg=com.android.cellbroadcastreceiver isa=arm vmSafeMode=false
I/dex2oat ( 7024): /system/bin/dex2oat --zip-fd=5 --zip-location=/system/priv-app/CellBroadcastReceiver/CellBroadcastReceiver.apk --oat-fd=6 --oat-location=/data/dalvik-cache/arm/system@priv-app@CellBroadcastReceiver@CellBroadcastReceiver.apk@classes.dex --instruction-set=arm --instruction-set-features=div --runtime-arg -Xms64m --runtime-arg -Xmx512m --swap-fd=7
I/dex2oat ( 7024): Decided to run without swap.
E/NetlinkListener( 687): recvmsg failed (I/O error)
E/NetlinkListener( 5246): recvmsg failed (I/O error)
I/dex2oat ( 7024): dex2oat took 132.527ms (threads: 4) arena alloc=605KB java alloc=216KB native alloc=1774KB free=6MB
I/PackageManager( 5400): Running dexopt on: /system/app/OpenWnn/OpenWnn.apk pkg=jp.co.omronsoft.openwnn isa=arm vmSafeMode=false
I/dex2oat ( 7034): /system/bin/dex2oat --zip-fd=5 --zip-location=/system/app/OpenWnn/OpenWnn.apk --oat-fd=6 --oat-location=/data/dalvik-cache/arm/system@app@OpenWnn@OpenWnn.apk@classes.dex --instruction-set=arm --instruction-set-features=div --runtime-arg -Xms64m --runtime-arg -Xmx512m --swap-fd=7
I/dex2oat ( 7034): Decided to run without swap.
E/NetlinkListener( 687): recvmsg failed (I/O error)
E/NetlinkListener( 5246): recvmsg failed (I/O error)
I/dex2oat ( 7034): dex2oat took 363.002ms (threads: 4) arena alloc=422KB java alloc=363KB native alloc=2MB free=5MB
I/PackageManager( 5400): Running dexopt on: /system/app/Protips/Protips.apk pkg=com.android.protips isa=arm vmSafeMode=false
I/dex2oat ( 7045): /system/bin/dex2oat --zip-fd=5 --zip-location=/system/app/Protips/Protips.apk --oat-fd=6 --oat-location=/data/dalvik-cache/arm/system@app@Protips@Protips.apk@classes.dex --instruction-set=arm --instruction-set-features=div --runtime-arg -Xms64m --runtime-arg -Xmx512m --swap-fd=7
I/dex2oat ( 7045): Decided to run without swap.
I/dex2oat ( 7045): dex2oat took 94.212ms (threads: 4) arena alloc=111KB java alloc=5KB native alloc=868KB free=7MB
I/PackageManager( 5400): Running dexopt on: /system/priv-app/WallpaperCropper/WallpaperCropper.apk pkg=com.android.wallpapercropper isa=arm vmSafeMode=false
I/dex2oat ( 7052): /system/bin/dex2oat --zip-fd=5 --zip-location=/system/priv-app/WallpaperCropper/WallpaperCropper.apk --oat-fd=6 --oat-location=/data/dalvik-cache/arm/system@priv-app@WallpaperCropper@WallpaperCropper.apk@classes.dex --instruction-set=arm --instruction-set-features=div --runtime-arg -Xms64m --runtime-arg -Xmx512m --swap-fd=7
E/NetlinkListener( 5246): recvmsg failed (I/O error)
E/NetlinkListener( 687): recvmsg failed (I/O error)
I/dex2oat ( 7052): Decided to run without swap.
E/NetlinkListener( 687): recvmsg failed (I/O error)
E/NetlinkListener( 5246): recvmsg failed (I/O error)
I/dex2oat ( 7052): dex2oat took 434.993ms (threads: 4) arena alloc=55KB java alloc=476KB native alloc=2MB free=5MB
I/PackageManager( 5400): Running dexopt on: /system/app/Provision/Provision.apk pkg=com.android.provision isa=arm vmSafeMode=false
I/dex2oat ( 7067): /system/bin/dex2oat --zip-fd=5 --zip-location=/system/app/Provision/Provision.apk --oat-fd=6 --oat-location=/data/dalvik-cache/arm/system@app@Provision@Provision.apk@classes.dex --instruction-set=arm --instruction-set-features=div --runtime-arg -Xms64m --runtime-arg -Xmx512m --swap-fd=7
I/dex2oat ( 7067): Decided to run without swap.
I/dex2oat ( 7067): dex2oat took 59.523ms (threads: 4) arena alloc=35KB java alloc=7KB native alloc=586KB free=7MB
I/PackageManager( 5400): Running dexopt on: /system/app/Music/Music.apk pkg=com.android.music isa=arm vmSafeMode=false
I/dex2oat ( 7072): /system/bin/dex2oat --zip-fd=5 --zip-location=/system/app/Music/Music.apk --oat-fd=6 --oat-location=/data/dalvik-cache/arm/system@app@Music@Music.apk@classes.dex --instruction-set=arm --instruction-set-features=div --runtime-arg -Xms64m --runtime-arg -Xmx512m --swap-fd=7
E/NetlinkListener( 5246): recvmsg failed (I/O error)
E/NetlinkListener( 687): recvmsg failed (I/O error)
I/dex2oat ( 7072): Decided to run without swap.
I/dex2oat ( 7072): dex2oat took 326.373ms (threads: 4) arena alloc=116KB java alloc=498KB native alloc=2MB free=5MB
I/PackageManager( 5400): Running dexopt on: /system/app/Bluetooth/Bluetooth.apk pkg=com.android.bluetooth isa=arm vmSafeMode=false
I/dex2oat ( 7080): /system/bin/dex2oat --zip-fd=5 --zip-location=/system/app/Bluetooth/Bluetooth.apk --oat-fd=6 --oat-location=/data/dalvik-cache/arm/system@app@Bluetooth@Bluetooth.apk@classes.dex --instruction-set=arm --instruction-set-features=div --runtime-arg -Xms64m --runtime-arg -Xmx512m --swap-fd=7
E/NetlinkListener( 5246): recvmsg failed (I/O error)
E/NetlinkListener( 687): recvmsg failed (I/O error)
I/dex2oat ( 7080): Decided to run without swap.
E/NetlinkListener( 687): recvmsg failed (I/O error)
E/NetlinkListener( 5246): recvmsg failed (I/O error)
V/WLAN_PSA( 673): NL MSG, len[4025], NL type[0x1C] WNI type[0x5900] len[41231]
V/WLAN_PSA( 673): NL MSG, PID: 673
E/NetlinkListener( 5246): recvmsg failed (I/O error)
E/NetlinkListener( 687): recvmsg failed (I/O error)
E/NetlinkListener( 5246): recvmsg failed (I/O error)
E/NetlinkListener( 687): recvmsg failed (I/O error)
E/NetlinkListener( 5246): recvmsg failed (I/O error)
E/NetlinkListener( 687): recvmsg failed (I/O error)
E/NetlinkListener( 5246): recvmsg failed (I/O error)
E/NetlinkListener( 687): recvmsg failed (I/O error)
E/NetlinkListener( 687): recvmsg failed (I/O error)
E/NetlinkListener( 5246): recvmsg failed (I/O error)
V/WLAN_PSA( 673): NL MSG, len[048], NL type[0x11] WNI type[0x5050] len[028]
V/WLAN_PSA( 673): NL MSG, PID: 673
E/NetlinkListener( 5246): recvmsg failed (I/O error)
E/NetlinkListener( 687): recvmsg failed (I/O error)
E/NetlinkListener( 687): recvmsg failed (I/O error)
E/NetlinkListener( 5246): recvmsg failed (I/O error)
E/NetlinkListener( 5246): recvmsg failed (I/O error)
E/NetlinkListener( 687): recvmsg failed (I/O error)
I/dex2oat ( 7080): dex2oat took 4.480s (threads: 4) arena alloc=848KB java alloc=5MB native alloc=12MB free=7MB
I/PackageManager( 5400): Running dexopt on: /system/app/webview/webview.apk pkg=com.android.webview isa=arm vmSafeMode=false
I/dex2oat ( 7132): /system/bin/dex2oat --zip-fd=5 --zip-location=/system/app/webview/webview.apk --oat-fd=6 --oat-location=/data/dalvik-cache/arm/system@app@webview@webview.apk@classes.dex --instruction-set=arm --instruction-set-features=div --runtime-arg -Xms64m --runtime-arg -Xmx512m --swap-fd=7
E/NetlinkListener( 5246): recvmsg failed (I/O error)
E/NetlinkListener( 687): recvmsg failed (I/O error)
I/dex2oat ( 7132): Decided to run without swap.
E/NetlinkListener( 5246): recvmsg failed (I/O error)
E/NetlinkListener( 687): recvmsg failed (I/O error)
E/NetlinkListener( 687): recvmsg failed (I/O error)
E/NetlinkListener( 5246): recvmsg failed (I/O error)
V/WLAN_PSA( 673): NL MSG, len[4009], NL type[0x1C] WNI type[0x5900] len[37135]
V/WLAN_PSA( 673): NL MSG, PID: 673
I/dex2oat ( 7132): dex2oat took 797.768ms (threads: 4) arena alloc=102KB java alloc=1370KB native alloc=3MB free=4MB
I/PackageManager( 5400): Running dexopt on: /system/app/DownloadProviderUi/DownloadProviderUi.apk pkg=com.android.providers.downloads.ui isa=arm vmSafeMode=false
I/dex2oat ( 7152): /system/bin/dex2oat --zip-fd=5 --zip-location=/system/app/DownloadProviderUi/DownloadProviderUi.apk --oat-fd=6 --oat-location=/data/dalvik-cache/arm/system@app@DownloadProviderUi@DownloadProviderUi.apk@classes.dex --instruction-set=arm --instruction-set-features=div --runtime-arg -Xms64m --runtime-arg -Xmx512m --swap-fd=7
I/dex2oat ( 7152): Decided to run without swap.
E/NetlinkListener( 687): recvmsg failed (I/O error)
E/NetlinkListener( 5246): recvmsg failed (I/O error)
I/dex2oat ( 7152): dex2oat took 84.012ms (threads: 4) arena alloc=91KB java alloc=51KB native alloc=1250KB free=6MB
I/PackageManager( 5400): Running dexopt on: /system/priv-app/VoiceDialer/VoiceDialer.apk pkg=com.android.voicedialer isa=arm vmSafeMode=false
I/dex2oat ( 7160): /system/bin/dex2oat --zip-fd=5 --zip-location=/system/priv-app/VoiceDialer/VoiceDialer.apk --oat-fd=6 --oat-location=/data/dalvik-cache/arm/system@priv-app@VoiceDialer@VoiceDialer.apk@classes.dex --instruction-set=arm --instruction-set-features=div --runtime-arg -Xms64m --runtime-arg -Xmx512m --swap-fd=7
I/dex2oat ( 7160): Decided to run without swap.
E/NetlinkListener( 5246): recvmsg failed (I/O error)
E/NetlinkListener( 687): recvmsg failed (I/O error)
I/dex2oat ( 7160): dex2oat took 142.086ms (threads: 4) arena alloc=472KB java alloc=90KB native alloc=1625KB free=6MB
I/PackageManager( 5400): Running dexopt on: /system/priv-app/VpnDialogs/VpnDialogs.apk pkg=com.android.vpndialogs isa=arm vmSafeMode=false
I/dex2oat ( 7168): /system/bin/dex2oat --zip-fd=5 --zip-location=/system/priv-app/VpnDialogs/VpnDialogs.apk --oat-fd=6 --oat-location=/data/dalvik-cache/arm/system@priv-app@VpnDialogs@VpnDialogs.apk@classes.dex --instruction-set=arm --instruction-set-features=div --runtime-arg -Xms64m --runtime-arg -Xmx512m --swap-fd=7
I/dex2oat ( 7168): Decided to run without swap.
I/dex2oat ( 7168): dex2oat took 82.945ms (threads: 4) arena alloc=222KB java alloc=33KB native alloc=918KB free=7MB
I/PackageManager( 5400): Running dexopt on: /system/app/Amaze/Amaze.apk pkg=com.amaze.filemanager isa=arm vmSafeMode=false
I/dex2oat ( 7173): /system/bin/dex2oat --zip-fd=5 --zip-location=/system/app/Amaze/Amaze.apk --oat-fd=6 --oat-location=/data/dalvik-cache/arm/system@app@Amaze@Amaze.apk@classes.dex --instruction-set=arm --instruction-set-features=div --runtime-arg -Xms64m --runtime-arg -Xmx512m --swap-fd=7
I/dex2oat ( 7173): Decided to run without swap.
W/dex2oat ( 7173): Before Android 4.1, method int android.support.v7.internal.widget.ListViewCompat.lookForSelectablePosition(int, boolean) would have incorrectly overridden the package-private method in android.widget.ListView
E/NetlinkListener( 687): recvmsg failed (I/O error)
E/NetlinkListener( 5246): recvmsg failed (I/O error)
E/NetlinkListener( 5246): recvmsg failed (I/O error)
E/NetlinkListener( 687): recvmsg failed (I/O error)
V/WLAN_PSA( 673): NL MSG, len[048], NL type[0x11] WNI type[0x5050] len[028]
V/WLAN_PSA( 673): NL MSG, PID: 673
E/NetlinkListener( 5246): recvmsg failed (I/O error)
E/NetlinkListener( 687): recvmsg failed (I/O error)
E/NetlinkListener( 5246): recvmsg failed (I/O error)
E/NetlinkListener( 687): recvmsg failed (I/O error)
E/NetlinkListener( 5246): recvmsg failed (I/O error)
E/NetlinkListener( 687): recvmsg failed (I/O error)
E/NetlinkListener( 5246): recvmsg failed (I/O error)
E/NetlinkListener( 687): recvmsg failed (I/O error)
I/dex2oat ( 7173): dex2oat took 3.361s (threads: 4) arena alloc=126KB java alloc=6MB native alloc=11MB free=8MB
I/PackageManager( 5400): Running dexopt on: /system/priv-app/BackupRestoreConfirmation/BackupRestoreConfirmation.apk pkg=com.android.backupconfirm isa=arm vmSafeMode=false
I/dex2oat ( 7199): /system/bin/dex2oat --zip-fd=5 --zip-location=/system/priv-app/BackupRestoreConfirmation/BackupRestoreConfirmation.apk --oat-fd=6 --oat-location=/data/dalvik-cache/arm/system@priv-app@BackupRestoreConfirmation@BackupRestoreConfirmation.apk@classes.dex --instruction-set=arm --instruction-set-features=div --runtime-arg -Xms64m --runtime-arg -Xmx512m --swap-fd=7
I/dex2oat ( 7199): Decided to run without swap.
I/dex2oat ( 7199): dex2oat took 51.746ms (threads: 4) arena alloc=119KB java alloc=25KB native alloc=1248KB free=6MB
I/PackageManager( 5400): Running dexopt on: /system/priv-app/ExternalStorageProvider/ExternalStorageProvider.apk pkg=com.android.externalstorage isa=arm vmSafeMode=false
I/dex2oat ( 7204): /system/bin/dex2oat --zip-fd=5 --zip-location=/system/priv-app/ExternalStorageProvider/ExternalStorageProvider.apk --oat-fd=6 --oat-location=/data/dalvik-cache/arm/system@priv-app@ExternalStorageProvider@ExternalStorageProvider.apk@classes.dex --instruction-set=arm --instruction-set-features=div --runtime-arg -Xms64m --runtime-arg -Xmx512m --swap-fd=7
I/dex2oat ( 7204): Decided to run without swap.
I/dex2oat ( 7204): dex2oat took 60.624ms (threads: 4) arena alloc=123KB java alloc=37KB native alloc=1439KB free=6MB
I/PackageManager( 5400): Running dexopt on: /system/app/PhaseBeam/PhaseBeam.apk pkg=com.android.phasebeam isa=arm vmSafeMode=false
I/dex2oat ( 7209): /system/bin/dex2oat --zip-fd=5 --zip-location=/system/app/PhaseBeam/PhaseBeam.apk --oat-fd=6 --oat-location=/data/dalvik-cache/arm/system@app@PhaseBeam@PhaseBeam.apk@classes.dex --instruction-set=arm --instruction-set-features=div --runtime-arg -Xms64m --runtime-arg -Xmx512m --swap-fd=7
I/dex2oat ( 7209): Decided to run without swap.
I/dex2oat ( 7209): dex2oat took 57.594ms (threads: 4) arena alloc=129KB java alloc=148KB native alloc=1408KB free=6MB
I/SystemServer( 5400): LockSettingsService
I/SystemServiceManager( 5400): Starting com.android.server.devicepolicy.DevicePolicyManagerService$Lifecycle
I/SystemServer( 5400): Status Bar
I/SystemServer( 5400): Clipboard Service
D/EntSec ( 5400): [QSB ] [QSB_CLIENT ] QualcommSecurityBridge: ClipboardManager
I/EntSec ( 5400): [QSB ] [PORT_SWITCH] QSB Client Thread created
I/SystemServer( 5400): Text Service Manager Service
I/EntSec ( 5400): [QSB ] [PORT_SWITCH] QSB Port Switching Thread start running...
D/EntSec ( 5400): [QSB ] [PORT_SWITCH] Creating NQS Communicator instance
D/EntSec ( 5400): [QSB ] [NQS_CONECTOR] Trying to open a local socket
E/EntSec ( 5400): [QSB ] [NQS_CONECTOR] Failed to create and connect a local socket. [Error Description: No such file or directory ]
E/EntSec ( 5400): [QSB ] [NQS_CONECTOR] Failed to connect to the NQS [Error Description: No such file or directory ]
D/EntSec ( 5400): [QSB ] [PORT_SWITCH] NQS Communicator is disconnected
E/EntSec ( 5400): [QSB ] [PORT_SWITCH] No connection with the NQS; QSB initializes with the default port
I/EntSec ( 5400): [QSB ] [QSB_CLIENT ] Revert Loading port completed successfully
E/EntSec ( 5400): [QSB ] [PORT_SWITCH] QSB Port Switching Thread stop running.
I/SystemServer( 5400): Network Score Service
I/SystemServer( 5400): NetworkStats Service
I/SystemServer( 5400): NetworkPolicy Service
I/SystemServiceManager( 5400): Starting com.android.server.wifi.p2p.WifiP2pService
I/WifiP2pService( 5400): Registering wifip2p
I/SystemServiceManager( 5400): Starting com.android.server.wifi.WifiService
E/WifiConfigStore( 5400): associatedPartialScanPeriodMilli set to 20000
E/WifiStateMachine( 5400): completeConstruction: E
E/WifiStateMachine( 5400): completeConstruction: maxDepth=3
E/WifiStateMachine( 5400): setupInitialStateStack: E mInitialState=InitialState
E/WifiStateMachine( 5400): moveTempStackToStateStack: i=1,j=0
E/WifiStateMachine( 5400): moveTempStackToStateStack: i=0,j=1
E/WifiStateMachine( 5400): moveTempStackToStateStack: X mStateStackTop=1,startingIndex=0,Top=InitialState
E/WifiStateMachine( 5400): completeConstruction: X
E/WifiStateMachine( 5400): handleMessage: E msg.what=-2
E/WifiStateMachine( 5400): invokeEnterMethods: DefaultState
E/WifiStateMachine( 5400): invokeEnterMethods: InitialState
E/WifiStateMachine( 5400): transitionTo: destState=ConnectedState
E/WifiStateMachine( 5400): handleMessage: new destination call exit/enter
E/WifiStateMachine( 5400): setupTempStateStackWithStatesToEnter: X mTempStateStackCount=1,curStateInfo: state=InitialState,active=true,parent=DefaultState
E/WifiStateMachine( 5400): moveTempStackToStateStack: i=0,j=2
E/WifiStateMachine( 5400): moveTempStackToStateStack: X mStateStackTop=2,startingIndex=2,Top=ConnectedState
E/WifiStateMachine( 5400): invokeEnterMethods: ConnectedState
E/WifiStateMachine( 5400): ConnectedState Enter mScreenOn=false scanperiod=20000
E/WifiStateMachine( 5400): handleMessage: X
E/WifiStateMachine( 5400): handleMessage: E msg.what=131154
E/WifiStateMachine( 5400): processMsg: ConnectedState
E/WifiStateMachine( 5400): handleMessage: X
I/WifiService( 5400): Registering wifi
I/SystemServiceManager( 5400): Starting com.android.server.wifi.WifiScanningService
I/WifiScanningService( 5400): Creating wifiscanner
I/WifiScanningService( 5400): Starting wifiscanner
I/SystemServiceManager( 5400): Starting com.android.server.wifi.RttService
I/RttService( 5400): Creating rttmanager
I/RttService( 5400): Starting rttmanager
I/SystemServer( 5400): Connectivity Service
D/ConnectivityService( 5400): ConnectivityService starting up
D/ConnectivityService( 5400): wifiOnly=true
D/ConnectivityService( 5400): networkAttributes - ignoring mobile as this dev is wifiOnly 0
D/ConnectivityService( 5400): networkAttributes - ignoring mobile as this dev is wifiOnly 2
D/ConnectivityService( 5400): networkAttributes - ignoring mobile as this dev is wifiOnly 3
D/ConnectivityService( 5400): networkAttributes - ignoring mobile as this dev is wifiOnly 4
D/ConnectivityService( 5400): networkAttributes - ignoring mobile as this dev is wifiOnly 5
D/ConnectivityService( 5400): networkAttributes - ignoring mobile as this dev is wifiOnly 10
D/ConnectivityService( 5400): networkAttributes - ignoring mobile as this dev is wifiOnly 11
D/ConnectivityService( 5400): networkAttributes - ignoring mobile as this dev is wifiOnly 12
E/ConnectivityService( 5400): Ignoring protectedNetwork 10
E/ConnectivityService( 5400): Ignoring protectedNetwork 11
E/ConnectivityService( 5400): Ignoring protectedNetwork 12
E/ConnectivityService( 5400): Ignoring protectedNetwork 14
E/ConnectivityService( 5400): Ignoring protectedNetwork 15
I/SystemServer( 5400): Network Service Discovery Service
D/NsdService( 5400): Network service discovery enabled true
I/SystemServer( 5400): DPM Service
I/SystemServer( 5400): DPM configuration set to 0
I/SystemServer( 5400): UpdateLock Service
I/SystemServiceManager( 5400): Starting com.android.server.notification.NotificationManagerService
D/ZenLog ( 5400): set_zen_mode: off,setting
I/SystemServiceManager( 5400): Starting com.android.server.storage.DeviceStorageMonitorService
I/SystemServer( 5400): Location Manager
I/SystemServer( 5400): Country Detector
I/SystemServer( 5400): Search Service
I/SystemServer( 5400): DropBox Service
I/SystemServer( 5400): Wallpaper Service
I/SystemServer( 5400): Audio Service
E/AudioPolicyManager( 5241): unknown stream type 13
E/AudioPolicyManager( 5241): unknown stream type 13
E/AudioPolicyManager( 5241): unknown stream type 13
E/AudioPolicyManager( 5241): unknown stream type 13
E/AudioPolicyManager( 5241): unknown stream type 13
E/AudioPolicyManager( 5241): unknown stream type 13
F/libc ( 5241): Fatal signal 11 (SIGSEGV), code 1, fault addr 0xc4 in tid 6154 (Binder_1)
W/TelecomManager( 5400): Telecom Service not found.
D/audio_hw_primary( 5247): adev_set_mic_mute state 0
I/DEBUG ( 666): *** *** *** *** *** *** *** *** *** *** *** *** *** *** *** ***
I/DEBUG ( 666): Build fingerprint: 'Fairphone/FP2/FP2:5.1/FP2/fp2-sibon-16.11.0:userdebug/release-keys'
I/DEBUG ( 666): Revision: '0'
I/DEBUG ( 666): ABI: 'arm'
I/DEBUG ( 666): pid: 5241, tid: 6154, name: Binder_1 >>> /usr/libexec/droid-hybris/system/bin/minimediaservice <<<
I/DEBUG ( 666): signal 11 (SIGSEGV), code 1 (SEGV_MAPERR), fault addr 0xc4
I/DEBUG ( 666): r0 00000000 r1 00000002 r2 00000000 r3 00000008
I/DEBUG ( 666): r4 00000000 r5 00000000 r6 00000002 r7 00000000
I/DEBUG ( 666): r8 00000000 r9 00000000 sl 00000001 fp 00001479
I/DEBUG ( 666): ip b56ff7e0 sp b56ffc90 lr b681a8eb pc b681a84e cpsr 600f0030
I/DEBUG ( 666):
I/DEBUG ( 666): backtrace:
I/DEBUG ( 666): #00 pc 0000f84e /system/lib/libaudiopolicymanagerdefault.so (_ZNK7android18AudioPolicyManager21AudioOutputDescriptor14isStreamActiveE19audio_stream_type_tjx+9)
I/DEBUG ( 666): #01 pc 0000f8e7 /system/lib/libaudiopolicymanagerdefault.so (_ZNK7android18AudioPolicyManager21AudioOutputDescriptor16isStrategyActiveENS0_16routing_strategyEjx+62)
I/DEBUG ( 666): #02 pc 000139f1 /system/lib/libaudiopolicymanagerdefault.so (_ZN7android18AudioPolicyManager18getNewOutputDeviceEib+260)
I/DEBUG ( 666): #03 pc 00017651 /system/lib/libaudiopolicymanagerdefault.so (_ZN7android18AudioPolicyManager11setForceUseE24audio_policy_force_use_t25audio_policy_forced_cfg_t+296)
I/DEBUG ( 666): #04 pc 00008e49 /system/lib/libaudiopolicyservice.so
I/DEBUG ( 666): #05 pc 0006667d /system/lib/libmedia.so (_ZN7android20BnAudioPolicyService10onTransactEjRKNS_6ParcelEPS1_j+1464)
I/DEBUG ( 666): #06 pc 00017fad /system/lib/libbinder.so (_ZN7android7BBinder8transactEjRKNS_6ParcelEPS1_j+60)
I/DEBUG ( 666): #07 pc 0001cf89 /system/lib/libbinder.so (_ZN7android14IPCThreadState14executeCommandEi+564)
I/DEBUG ( 666): #08 pc 0001d0bb /system/lib/libbinder.so (_ZN7android14IPCThreadState20getAndExecuteCommandEv+38)
I/DEBUG ( 666): #09 pc 0001d0fd /system/lib/libbinder.so (_ZN7android14IPCThreadState14joinThreadPoolEb+48)
I/DEBUG ( 666): #10 pc 0002127f /system/lib/libbinder.so
I/DEBUG ( 666): #11 pc 0000ef5d /system/lib/libutils.so (_ZN7android6Thread11_threadLoopEPv+112)
I/DEBUG ( 666): #12 pc 0000eacd /system/lib/libutils.so
I/DEBUG ( 666): #13 pc 00013fc3 /system/lib/libc.so (_ZL15__pthread_startPv+30)
I/DEBUG ( 666): #14 pc 00011f0b /system/lib/libc.so (__start_thread+6)
I/DEBUG ( 666):
I/DEBUG ( 666): Tombstone written to: /data/tombstones/tombstone_01
W/AudioSystem( 5400): AudioPolicyService server died!
I/ServiceManager( 5238): service 'media.player' died
I/ServiceManager( 5238): service 'media.camera' died
I/ServiceManager( 5238): service 'media.audio_policy' died
I/ServiceManager( 5400): Waiting for service media.audio_policy...
E/MediaPlayerFactory( 7229): calling dlopen on FACTORY_LIB
E/MediaPlayerFactory( 7229): calling dlsym on pFactoryLib for FACTORY_CREATE_FN
E/MediaPlayerFactory( 7229): registering DASH Player factory...
I/CameraService( 7229): CameraService started (pid=7229)
D/mm-camera-intf( 7229): get_num_of_cameras gMmCameraIntfLogLevel=1
E/mm-camera-intf( 7229): entity id 1
E/mm-camera-intf( 7229): entity name video0 type 65537 group id 2
E/mm-camera-intf( 7229): entity id 2
E/mm-camera-intf( 7229): entity name msm_cci type 131072 group id 0
E/mm-camera-intf( 7229): entity id 3
E/mm-camera-intf( 7229): entity name v4l-subdev0 type 131072 group id 0
E/mm-camera-intf( 7229): entity id 4
E/mm-camera-intf( 7229): entity name v4l-subdev1 type 131072 group id 0
E/mm-camera-intf( 7229): entity id 5
E/mm-camera-intf( 7229): entity name v4l-subdev2 type 131072 group id 0
E/mm-camera-intf( 7229): entity id 6
E/mm-camera-intf( 7229): entity name v4l-subdev3 type 131072 group id 1
E/mm-camera-intf( 7229): entity id 7
E/mm-camera-intf( 7229): entity name v4l-subdev4 type 131072 group id 1
E/mm-camera-intf( 7229): entity id 8
E/mm-camera-intf( 7229): entity name v4l-subdev5 type 131072 group id 1
E/mm-camera-intf( 7229): entity id 9
E/mm-camera-intf( 7229): entity name v4l-subdev6 type 131072 group id 1
E/mm-camera-intf( 7229): entity id 10
E/mm-camera-intf( 7229): entity name v4l-subdev7 type 131072 group id 7
E/mm-camera-intf( 7229): entity id 11
E/mm-camera-intf( 7229): entity name v4l-subdev8 type 131072 group id 7
E/mm-camera-intf( 7229): entity id 12
E/mm-camera-intf( 7229): entity name v4l-subdev9 type 131072 group id 11
E/mm-camera-intf( 7229): entity id 13
E/mm-camera-intf( 7229): entity name v4l-subdev10 type 131072 group id 8
E/mm-camera-intf( 7229): entity id 14
E/mm-camera-intf( 7229): entity name v4l-subdev11 type 131072 group id 14
E/mm-camera-intf( 7229): entity id 1
E/mm-camera-intf( 7229): entity name video1 type 65537 group id 2
E/mm-camera-intf( 7229): entity id 2
E/mm-camera-intf( 7229): Done enumerating media entities
E/mm-camera-intf( 7229): entity id 1
E/mm-camera-intf( 7229): entity name video2 type 65537 group id 2
E/mm-camera-intf( 7229): entity id 2
E/mm-camera-intf( 7229): Done enumerating media entities
D/mm-camera-intf( 7229): index = 0 flag = 1 mount_angle = 90 facing = 0
D/mm-camera-intf( 7229): index = 1 flag = 103 mount_angle = 270 facing = 1
I/CameraService( 7229): Loaded "QCamera Module" camera module
I/AudioPolicyService( 7229): AudioPolicyService CSTOR in new mode
I/AudioPolicyManager( 7229): loadAudioPolicyConfig() loaded /system/etc/audio_policy.conf
W/AudioFlinger( 5247): loadHwModule() module primary already loaded
D/audio_hw_primary( 5247): adev_open_output_stream: enter: sample_rate(48000) channel_mask(0x3) devices(0x2) flags(0x2) stream_handle(0xb5880380)
E/audio_hw_primary( 5247): adev_open_output_stream: Primary output is already opened
D/audio_hw_primary( 5247): adev_open_output_stream: exit: ret -17
W/AudioPolicyManager( 7229): Cannot open output stream for device 00000002 on hw module primary
D/audio_hw_primary( 5247): adev_open_output_stream: enter: sample_rate(48000) channel_mask(0x3) devices(0x2) flags(0x4) stream_handle(0xb58809c0)
D/audio_hw_primary( 5247): adev_open_output_stream: Stream (0xb58809c0) picks up usecase (low-latency-playback)
I/AudioFlinger( 5247): HAL output buffer size 240 frames, normal sink buffer size 960 frames
I/AudioFlinger( 5247): AudioFlinger's thread 0xb59e5000 ready to run
D/audio_hw_primary( 5247): out_standby: enter: stream (0xb58809c0) usecase(1: low-latency-playback)
E/AudioPolicyManager( 7229): unknown stream type 13
E/AudioPolicyManager( 7229): unknown stream type 13
E/AudioPolicyManager( 7229): unknown stream type 13
D/audio_hw_primary( 5247): out_set_parameters: enter: usecase(1: low-latency-playback) kvpairs: routing=2
D/audio_hw_extn( 5247): audio_extn_set_anc_parameters: anc_enabled:0
W/AudioFlinger( 5247): setStreamVolume() pid 7229 cannot use internal stream type 10
W/AudioFlinger( 5247): setStreamVolume() pid 7229 cannot use internal stream type 11
E/AudioPolicyManager( 7229): unknown stream type 13
W/AudioFlinger( 5247): setStreamVolume() pid 7229 cannot use internal stream type 13
D/audio_hw_primary( 5247): adev_open_input_stream: enter: sample_rate(48000) channel_mask(0xc) devices(0x80000004) stream_handle(0xb4c3c2a0)
I/AudioFlinger( 5247): AudioFlinger's thread 0xb5b9b000 ready to run
D/audio_hw_primary( 5247): in_standby: enter: stream (0xb4c3c2a0) usecase(7: audio-record)
D/audio_hw_primary( 5247): in_standby: enter: stream (0xb4c3c2a0) usecase(7: audio-record)
D/audio_hw_primary( 5247): adev_close_input_stream: enter:stream_handle(0xb4c3c2a0)
D/audio_hw_primary( 5247): in_standby: enter: stream (0xb4c3c2a0) usecase(7: audio-record)
W/AudioFlinger( 5247): loadHwModule() module a2dp already loaded
W/AudioFlinger( 5247): loadHwModule() module usb already loaded
W/AudioFlinger( 5247): loadHwModule() module r_submix already loaded
D/r_submix( 5247): adev_open_input_stream(addr=0)
D/r_submix( 5247): submix_audio_device_create_pipe_l(addr=0, idx=9)
D/r_submix( 5247): now using address 0 for route 9
I/AudioFlinger( 5247): AudioFlinger's thread 0xb4c95000 ready to run
I/r_submix( 5247): in_standby()
I/r_submix( 5247): in_standby()
D/r_submix( 5247): adev_close_input_stream()
D/r_submix( 5247): submix_audio_device_release_pipe_l(idx=9) addr=0
D/r_submix( 5247): submix_audio_device_destroy_pipe_l(): pipe destroyed
E/AudioPolicyManager( 7229): Failed to open primary output
E/AudioPolicyManager( 7229): unknown stream type 13
E/NetlinkListener( 687): recvmsg failed (I/O error)
E/NetlinkListener( 5246): recvmsg failed (I/O error)
W/AudioFlinger( 5247): setStreamVolume() pid 7229 cannot use internal stream type 10
W/AudioFlinger( 5247): setStreamVolume() pid 7229 cannot use internal stream type 10
W/AudioFlinger( 5247): setStreamVolume() pid 7229 cannot use internal stream type 10
W/AudioFlinger( 5247): setStreamVolume() pid 7229 cannot use internal stream type 10
W/AudioFlinger( 5247): setStreamVolume() pid 7229 cannot use internal stream type 10
W/AudioFlinger( 5247): setStreamVolume() pid 7229 cannot use internal stream type 10
E/AudioPolicyManager( 7229): unknown stream type 13
W/AudioFlinger( 5247): setStreamVolume() pid 7229 cannot use internal stream type 10
I/SystemServiceManager( 5400): Starting com.android.server.DockObserver
W/DockObserver( 5400): This kernel does not have dock station support
I/SystemServer( 5400): Wired Accessory Manager
W/WiredAccessoryManager( 5400): This kernel does not have usb audio support
W/WiredAccessoryManager( 5400): This kernel does not have HDMI audio support
I/SystemServer( 5400): Serial Service
I/SystemServiceManager( 5400): Starting com.android.server.twilight.TwilightService
I/SystemServiceManager( 5400): Starting com.android.server.UiModeManagerService
I/SystemServiceManager( 5400): Starting com.android.server.job.JobSchedulerService
D/WifiService( 5400): New client listening to asynchronous messages
E/WifiStateMachine( 5400): handleMessage: E msg.what=131223
E/WifiStateMachine( 5400): processMsg: ConnectedState
E/dbus_Helpers( 5400): unhandled: name: MaxRate type: u
E/dbus_Helpers( 5400): unhandled: name: Frequency type: q
D/ConnectivityService( 5400): registerNetworkAgent NetworkAgentInfo{ ni{[type: WIFI[], state: UNKNOWN/IDLE, reason: (unspecified), extra: (none), roaming: false, failover: false, isAvailable: true, isConnectedToProvisioningNetwork: false]} network{null} lp{{InterfaceName: wlan0 LinkAddresses: [192.168.1.59/24,] Routes: [0.0.0.0/0 -> 192.168.1.1 wlan0,] DnsAddresses: [195.197.54.100,192.168.1.1,] Domains: null MTU: 1500}} nc{[ Transports: WIFI Capabilities: INTERNET&NOT_RESTRICTED&TRUSTED&NOT_VPN LinkUpBandwidth>=1048576Kbps LinkDnBandwidth>=1048576Kbps]} Score{20} everValidated{false} lastValidated{false} created{false} explicitlySelected{false} }
D/ConnectivityService( 5400): NetworkAgentInfo [WIFI () - 100] EVENT_NETWORK_INFO_CHANGED, going from null to UNKNOWN
E/WifiStateMachine( 5400): setDetailed state, old =IDLE and new state=CONNECTED hidden=false
E/WifiStateMachine( 5400): setWifiState: enabled
E/WifiStateMachine( 5400): wifi info recent enough
I/SystemServiceManager( 5400): Starting com.android.server.backup.BackupManagerService$Lifecycle
E/WifiStateMachine( 5400): handleMessage: X
D/ConnectivityService( 5400): NetworkAgentInfo [WIFI () - 100] EVENT_NETWORK_INFO_CHANGED, going from UNKNOWN to CONNECTED
D/ConnectivityService( 5400): notifyType IP_CHANGED for NetworkAgentInfo [WIFI () - 100]
D/ConnectivityService( 5400): notifyType PRECHECK for NetworkAgentInfo [WIFI () - 100]
D/ConnectivityService( 5400): rematching NetworkAgentInfo [WIFI () - 100]
D/ConnectivityService( 5400): accepting network in place of null
D/ConnectivityService( 5400): Switching to new default network: NetworkAgentInfo{ ni{[type: WIFI[], state: CONNECTED/CONNECTED, reason: (unspecified), extra: "marsu", roaming: false, failover: false, isAvailable: true, isConnectedToProvisioningNetwork: false]} network{100} lp{{InterfaceName: wlan0 LinkAddresses: [192.168.1.59/24,] Routes: [0.0.0.0/0 -> 192.168.1.1 wlan0,] DnsAddresses: [195.197.54.100,192.168.1.1,] Domains: null MTU: 1500}} nc{[ Transports: WIFI Capabilities: INTERNET&NOT_RESTRICTED&TRUSTED&NOT_VPN LinkUpBandwidth>=1048576Kbps LinkDnBandwidth>=1048576Kbps]} Score{100} everValidated{false} lastValidated{false} created{true} explicitlySelected{true} }
D/ConnectivityService( 5400): Invalid tcpBufferSizes string: null, using defaults
D/ConnectivityService( 5400): Setting tx/rx TCP buffers to 4096,87380,110208,4096,16384,110208 D/NetworkMonitor/NetworkAgentInfo [WIFI () - 100]( 5400): DefaultState{ when=-4ms what=532481 target=com.android.internal.util.StateMachine$SmHandler } D/NetworkMonitor/NetworkAgentInfo [WIFI () - 100]( 5400): Connected D/NetworkMonitor/NetworkAgentInfo [WIFI () - 100]( 5400): EvaluatingState{ when=0 what=532486 arg1=1 target=com.android.internal.util.StateMachine$SmHandler } D/NetworkMonitor/NetworkAgentInfo [WIFI () - 100]( 5400): Validated
I/SystemServiceManager( 5400): Starting com.android.server.appwidget.AppWidgetService
D/ConnectivityService( 5400): notifyType AVAILABLE for NetworkAgentInfo [WIFI () - 100]
D/CSLegacyTypeTracker( 5400): Sending connected broadcast for type 1 NetworkAgentInfo [WIFI () - 100] isDefaultNetwork=true
D/ConnectivityService( 5400): sendStickyBroadcast: action=android.net.conn.CONNECTIVITY_CHANGE_IMMEDIATE
D/ConnectivityService( 5400): sendStickyBroadcast: action=android.net.conn.CONNECTIVITY_CHANGE
D/ConnectivityService( 5400): setProvNotificationVisibleIntent: E visible=false networkType=0 extraInfo=null
D/ConnectivityService( 5400): Validated NetworkAgentInfo [WIFI () - 100]
D/ConnectivityService( 5400): rematching NetworkAgentInfo [WIFI () - 100]
D/ConnectivityService( 5400): Network NetworkAgentInfo [WIFI () - 100] was already satisfying request 1. No change.
D/ConnectivityService( 5400): notifyType AVAILABLE for NetworkAgentInfo [WIFI () - 100]
D/ConnectivityService( 5400): sendStickyBroadcast: action=android.net.conn.INET_CONDITION_ACTION
I/SystemServiceManager( 5400): Starting com.android.server.voiceinteraction.VoiceInteractionManagerService
D/WifiNetworkAgent( 5400): NetworkAgent: WifiNetworkAgent -> Wifi networkStatus valid, score= 0
E/WifiStateMachine( 5400): handleMessage: E msg.what=131220
E/WifiStateMachine( 5400): processMsg: ConnectedState
E/WifiStateMachine( 5400): handleMessage: X
W/SoundTriggerHelper( 5400): listModules status=0, # of modules=0
I/SystemServer( 5400): DiskStats Service
I/SystemServer( 5400): SamplingProfiler Service
I/SystemServer( 5400): NetworkTimeUpdateService
I/SystemServer( 5400): CommonTimeManagementService
I/SystemServer( 5400): CertBlacklister
I/SystemServiceManager( 5400): Starting com.android.server.dreams.DreamManagerService
I/SystemServer( 5400): Assets Atlas Service
I/SystemServiceManager( 5400): Starting com.android.server.print.PrintManagerService
D/AssetAtlas( 5400): Loaded configuration: SliceMinArea (768x768) flags=0x2 count=2
I/SystemServiceManager( 5400): Starting com.android.server.restrictions.RestrictionsManagerService
E/NetlinkListener( 687): recvmsg failed (I/O error)
E/NetlinkListener( 5246): recvmsg failed (I/O error)
I/SystemServiceManager( 5400): Starting com.android.server.media.MediaSessionService
I/SystemServer( 5400): Media Router Service
I/SystemServiceManager( 5400): Starting com.android.server.trust.TrustManagerService
I/SystemServiceManager( 5400): Starting com.android.server.fingerprint.FingerprintService
V/Fingerprint-JNI( 5400): nativeInit()
V/Fingerprint-JNI( 5400): nativeOpenHal()
E/Fingerprint-JNI( 5400): Can't open fingerprint HW Module, error: -2
I/SystemServer( 5400): BackgroundDexOptService
V/WLAN_PSA( 673): NL MSG, len[4091], NL type[0x1C] WNI type[0x5900] len[58127]
V/WLAN_PSA( 673): NL MSG, PID: 673
I/art ( 5400): Background sticky concurrent mark sweep GC freed 20420(1832KB) AllocSpace objects, 5(80KB) LOS objects, 23% free, 5MB/6MB, paused 8.813ms total 64.146ms
I/Adreno-EGL( 5400): : EGL 1.4 QUALCOMM build: ()
I/Adreno-EGL( 5400): OpenGL ES Shader Compiler Version: E031.25.03.06
I/Adreno-EGL( 5400): Build Date: 01/14/16 Thu I/Adreno-EGL( 5400): Local Branch:
I/Adreno-EGL( 5400): Remote Branch:
I/Adreno-EGL( 5400): Local Patches:
I/Adreno-EGL( 5400): Reconstruct Branch:
I/SystemServiceManager( 5400): Starting com.android.server.pm.LauncherAppsService
D/SystemServer( 5400): Wipower not supported
I/SystemServer( 5400): Digital Pen Service
D/DigitalPenService( 5400): Loaded DigitalPenService library
I/DigitalPenService( 5400): startPostBootThread called
I/SystemServer( 5400): Successfully loaded DigitalPenService class
I/SystemServiceManager( 5400): Starting com.android.server.media.projection.MediaProjectionManagerService
I/SystemServer( 5400): PrivacyImpactService
I/PrivacyImpactService( 5400): Starting PrivacyImpactService
D/PrivacyImpactService( 5400): Started PrivacyImpactService
D/AssetAtlas( 5400): Rendered atlas in 59.01ms (2.10+56.91ms)
I/WindowManager( 5400): SAFE MODE not enabled
I/SystemServiceManager( 5400): Starting com.android.server.MmsServiceBroker
E/SQLiteLog( 5400): (283) recovered 14 frames from WAL file /data/system/locksettings.db-wal
E/LockSettingsStorage( 5400): Cannot read file java.io.FileNotFoundException: /data/system/password.key: open failed: ENOENT (No such file or directory)
E/LockSettingsStorage( 5400): Cannot read file java.io.FileNotFoundException: /data/system/gesture.key: open failed: ENOENT (No such file or directory)
I/SystemServiceManager( 5400): Starting phase 480
E/GlobalSettingsPersister( 5400): FileNotFoundException while opening xml
W/System.err( 5400): java.io.FileNotFoundException: /data/usf/epos/cfg_mtp/service_settings_mtp.xml: open failed: ENOENT (No such file or directory)
W/System.err( 5400): at libcore.io.IoBridge.open(IoBridge.java:456)
W/System.err( 5400): at java.io.FileInputStream.(FileInputStream.java:76)
W/System.err( 5400): at android.util.AtomicFile.openRead(AtomicFile.java:199)
W/System.err( 5400): at com.qti.snapdragon.digitalpen.GlobalSettingsPersister.deserialize(GlobalSettingsPersister.java:69)
W/System.err( 5400): at com.qti.snapdragon.digitalpen.DigitalPenService.setGlobalConfigFromPersister(DigitalPenService.java:1008)
W/System.err( 5400): at com.qti.snapdragon.digitalpen.DigitalPenService.access$1600(DigitalPenService.java:68)
W/System.err( 5400): at com.qti.snapdragon.digitalpen.DigitalPenService$PollingPostBootThread.run(DigitalPenService.java:902)
W/System.err( 5400): Caused by: android.system.ErrnoException: open failed: ENOENT (No such file or directory)
W/System.err( 5400): at libcore.io.Posix.open(Native Method)
W/System.err( 5400): at libcore.io.BlockGuardOs.open(BlockGuardOs.java:186)
W/System.err( 5400): at libcore.io.IoBridge.open(IoBridge.java:442)
W/System.err( 5400): ... 6 more
E/GlobalSettingsPersister( 5400): Error deserializing XML: /data/usf/epos/service_settings.xml getting default DigitalPenConfig
I/DigitalPenService( 5400): isEnabled called
W/DigitalPenService( 5400): Ignoring changeConfig when service not enabled
E/DigitalPenService( 5400): Could not set off screen display dimensions since callback is null
I/SystemServiceManager( 5400): Starting phase 500
I/WifiService( 5400): WifiService starting up with Wi-Fi enabled
D/WifiService( 5400): setWifiEnabled: true pid=5400, uid=1000
E/WifiService( 5400): Invoking mWifiStateMachine.setWifiEnabled
I/WifiScanningService( 5400): Registering wifiscanner
D/WifiScanningService( 5400): New client, channel: null messenger: null
I/RttService( 5400): Registering rttmanager
D/WifiChangeStateMachine( 5400): Entering IdleState
D/WifiScanningService( 5400): DefaultState
I/ActivityManager( 5400): Config changes=200 {1.0 ?mcc?mnc en_US ?layoutDir sw360dp w360dp h567dp 480dpi nrml port -touch -keyb/v/h -nav/h s.4}
E/SurfaceFlinger( 5244): Permission Denial: can't access SurfaceFlinger pid=5400, uid=1000
E/SurfaceFlinger( 5244): Permission Denial: can't access SurfaceFlinger pid=5400, uid=1000
V/BackupManagerService( 5400): No ancestral data
D/BackupManagerService( 5400): Now staging backup of com.android.browser
F/WindowAnimator( 5400): Unhandled exception in Window Manager
F/WindowAnimator( 5400): java.lang.NullPointerException: Attempt to invoke virtual method 'void android.view.SurfaceControl.setLayer(int)' on a null object reference
F/WindowAnimator( 5400): at com.android.server.wm.FocusedStackFrame.setLayer(FocusedStackFrame.java:140)
F/WindowAnimator( 5400): at com.android.server.wm.WindowManagerService.setFocusedStackLayer(WindowManagerService.java:3985)
F/WindowAnimator( 5400): at com.android.server.wm.WindowAnimator.animateLocked(WindowAnimator.java:708)
F/WindowAnimator( 5400): at com.android.server.wm.WindowAnimator.access$000(WindowAnimator.java:54)
F/WindowAnimator( 5400): at com.android.server.wm.WindowAnimator$1.run(WindowAnimator.java:126)
F/WindowAnimator( 5400): at android.view.Choreographer$CallbackRecord.run(Choreographer.java:767)
F/WindowAnimator( 5400): at android.view.Choreographer.doCallbacks(Choreographer.java:580)
F/WindowAnimator( 5400): at android.view.Choreographer.doFrame(Choreographer.java:549)
F/WindowAnimator( 5400): at android.view.Choreographer$FrameDisplayEventReceiver.run(Choreographer.java:753)
F/WindowAnimator( 5400): at android.os.Handler.handleCallback(Handler.java:739)
F/WindowAnimator( 5400): at android.os.Handler.dispatchMessage(Handler.java:95)
F/WindowAnimator( 5400): at android.os.Looper.loop(Looper.java:135)
F/WindowAnimator( 5400): at android.os.HandlerThread.run(HandlerThread.java:61)
F/WindowAnimator( 5400): at com.android.server.ServiceThread.run(ServiceThread.java:46)
E/SurfaceFlinger( 5244): Permission Denial: can't access SurfaceFlinger pid=5400, uid=1000
D/BackupManagerService( 5400): Now staging backup of android
I/DropBoxManagerService( 5400): Cleaning temp file: /data/system/dropbox/drop18.tmp
D/BackupManagerService( 5400): Now staging backup of com.android.mms
D/BackupManagerService( 5400): Now staging backup of com.android.calendar
D/BackupManagerService( 5400): Now staging backup of com.android.providers.settings
D/BackupManagerService( 5400): Now staging backup of com.android.sharedstoragebackup
D/BackupManagerService( 5400): Now staging backup of com.android.dialer
D/BackupManagerService( 5400): Now staging backup of com.qti.backupagent
D/BackupManagerService( 5400): Now staging backup of com.android.providers.userdictionary
