E/StrictMode(10162): at android.app.ActivityManagerProxy.handleApplicationStrictModeViolation(ActivityManagerNative.java:4241)
E/StrictMode(10162): at android.os.StrictMode$AndroidBlockGuardPolicy.handleViolation(StrictMode.java:1359)
E/StrictMode(10162): at android.os.StrictMode$AndroidBlockGuardPolicy$1.run(StrictMode.java:1254)
E/StrictMode(10162): at android.os.Handler.handleCallback(Handler.java:739)
E/StrictMode(10162): at android.os.Handler.dispatchMessage(Handler.java:95)
E/StrictMode(10162): at android.os.Looper.loop(Looper.java:135)
E/StrictMode(10162): at android.app.ActivityThread.main(ActivityThread.java:5254)
E/StrictMode(10162): at java.lang.reflect.Method.invoke(Native Method)
E/StrictMode(10162): at java.lang.reflect.Method.invoke(Method.java:372)
E/StrictMode(10162): at com.android.internal.os.ZygoteInit$MethodAndArgsCaller.run(ZygoteInit.java:904)
E/StrictMode(10162): at com.android.internal.os.ZygoteInit.main(ZygoteInit.java:699)
W/AudioFlinger( 8194): power manager service died !!!
W/AudioFlinger( 8194): power manager service died !!!
I/ServiceManager( 5238): service 'usagestats' died
I/ServiceManager( 5238): service 'webviewupdate' died
I/ServiceManager( 5238): service 'scheduling_policy' died
I/ServiceManager( 5238): service 'telephony.registry' died
I/ServiceManager( 5238): service 'entropy' died
I/ServiceManager( 5238): service 'account' died
I/ServiceManager( 5238): service 'content' died
I/ServiceManager( 5238): service 'media_session' died
I/ServiceManager( 5238): service 'media_router' died
I/ServiceManager( 5238): service 'consumer_ir' died
I/ServiceManager( 5238): service 'vibrator' died
I/ServiceManager( 5238): service 'alarm' died
I/ServiceManager( 5238): service 'window' died
I/ServiceManager( 5238): service 'input' died
I/ServiceManager( 5238): service 'input_method' died
I/ServiceManager( 5238): service 'accessibility' died
I/ServiceManager( 5238): service 'mount' died
I/ServiceManager( 5238): service 'lock_settings' died
I/ServiceManager( 5238): service 'trust' died
I/ServiceManager( 5238): service 'device_policy' died
I/ServiceManager( 5238): service 'fingerprint' died
I/ServiceManager( 5238): service 'statusbar' died
E/StrictMode(10162): RemoteException trying to handle StrictMode violation
E/StrictMode(10162): android.os.DeadObjectException
E/StrictMode(10162): at android.os.BinderProxy.transactNative(Native Method)
E/StrictMode(10162): at android.os.BinderProxy.transact(Binder.java:496)
E/StrictMode(10162): at android.app.ActivityManagerProxy.handleApplicationStrictModeViolation(ActivityManagerNative.java:4241)
E/StrictMode(10162): at android.os.StrictMode$AndroidBlockGuardPolicy.handleViolation(StrictMode.java:1359)
E/StrictMode(10162): at android.os.StrictMode$AndroidBlockGuardPolicy$1.run(StrictMode.java:1254)
E/StrictMode(10162): at android.os.Handler.handleCallback(Handler.java:739)
E/StrictMode(10162): at android.os.Handler.dispatchMessage(Handler.java:95)
E/StrictMode(10162): at android.os.Looper.loop(Looper.java:135)
E/StrictMode(10162): at android.app.ActivityThread.main(ActivityThread.java:5254)
E/StrictMode(10162): at java.lang.reflect.Method.invoke(Native Method)
E/StrictMode(10162): at java.lang.reflect.Method.invoke(Method.java:372)
E/StrictMode(10162): at com.android.internal.os.ZygoteInit$MethodAndArgsCaller.run(ZygoteInit.java:904)
E/StrictMode(10162): at com.android.internal.os.ZygoteInit.main(ZygoteInit.java:699)
I/ServiceManager( 5238): service 'launcherapps' died
I/ServiceManager( 5238): service 'clipboard' died
I/ServiceManager( 5238): service 'textservices' died
I/ServiceManager( 5238): service 'network_score' died
I/ServiceManager( 5238): service 'netstats' died
I/ServiceManager( 5238): service 'netpolicy' died
I/ServiceManager( 5238): service 'wifip2p' died
I/ServiceManager( 5238): service 'wifi' died
I/ServiceManager( 5238): service 'wifiscanner' died
I/ServiceManager( 5238): service 'rttmanager' died
I/ServiceManager( 5238): service 'sensorservice' died
I/ServiceManager( 5238): service 'meminfo' died
I/ServiceManager( 5238): service 'batterystats' died
I/ServiceManager( 5238): service 'appops' died
I/ServiceManager( 5238): service 'power' died
I/ServiceManager( 5238): service 'display' died
I/ServiceManager( 5238): service 'gfxinfo' died
I/ServiceManager( 5238): service 'dbinfo' died
I/ServiceManager( 5238): service 'cpuinfo' died
I/ServiceManager( 5238): service 'permission' died
I/ServiceManager( 5238): service 'hardware' died
I/ServiceManager( 5238): service 'connectivity' died
I/ServiceManager( 5238): service 'servicediscovery' died
I/ServiceManager( 5238): service 'updatelock' died
I/ServiceManager( 5238): service 'battery' died
I/ServiceManager( 5238): service 'DigitalPen' died
I/ServiceManager( 5238): service 'user' died
I/ServiceManager( 5238): service 'activity' died
I/ServiceManager( 5238): service 'notification' died
E/StrictMode(10162): RemoteException trying to handle StrictMode violation
E/StrictMode(10162): android.os.DeadObjectException
E/StrictMode(10162): at android.os.BinderProxy.transactNative(Native Method)
E/StrictMode(10162): at android.os.BinderProxy.transact(Binder.java:496)
E/StrictMode(10162): at android.app.ActivityManagerProxy.handleApplicationStrictModeViolation(ActivityManagerNative.java:4241)
E/StrictMode(10162): at android.os.StrictMode$AndroidBlockGuardPolicy.handleViolation(StrictMode.java:1359)
E/StrictMode(10162): at android.os.StrictMode$AndroidBlockGuardPolicy$1.run(StrictMode.java:1254)
E/StrictMode(10162): at android.os.Handler.handleCallback(Handler.java:739)
E/StrictMode(10162): at android.os.Handler.dispatchMessage(Handler.java:95)
E/StrictMode(10162): at android.os.Looper.loop(Looper.java:135)
E/StrictMode(10162): at android.app.ActivityThread.main(ActivityThread.java:5254)
E/StrictMode(10162): at java.lang.reflect.Method.invoke(Native Method)
E/StrictMode(10162): at java.lang.reflect.Method.invoke(Method.java:372)
E/StrictMode(10162): at com.android.internal.os.ZygoteInit$MethodAndArgsCaller.run(ZygoteInit.java:904)
E/StrictMode(10162): at com.android.internal.os.ZygoteInit.main(ZygoteInit.java:699)
I/ServiceManager( 5238): service 'devicestoragemonitor' died
I/ServiceManager( 5238): service 'location' died
I/ServiceManager( 5238): service 'country_detector' died
I/ServiceManager( 5238): service 'search' died
I/ServiceManager( 5238): service 'dropbox' died
I/ServiceManager( 5238): service 'wallpaper' died
I/ServiceManager( 5238): service 'audio' died
I/ServiceManager( 5238): service 'DockObserver' died
I/ServiceManager( 5238): service 'serial' died
I/ServiceManager( 5238): service 'uimode' died
I/ServiceManager( 5238): service 'package' died
I/ServiceManager( 5238): service 'jobscheduler' died
I/ServiceManager( 5238): service 'backup' died
I/ServiceManager( 5238): service 'appwidget' died
I/ServiceManager( 5238): service 'procstats' died
I/ServiceManager( 5238): service 'voiceinteraction' died
I/ServiceManager( 5238): service 'diskstats' died
I/ServiceManager( 5238): service 'samplingprofiler' died
I/ServiceManager( 5238): service 'commontime_management' died
I/ServiceManager( 5238): service 'dreams' died
I/ServiceManager( 5238): service 'media_projection' died
I/ServiceManager( 5238): service 'assetatlas' died
I/ServiceManager( 5238): service 'print' died
I/ServiceManager( 5238): service 'restrictions' died
I/ServiceManager( 5238): service 'PrivacyImpact' died
I/ServiceManager( 5238): service 'imms' died
E/StrictMode(10162): RemoteException trying to handle StrictMode violation
E/StrictMode(10162): android.os.DeadObjectException
E/StrictMode(10162): at android.os.BinderProxy.transactNative(Native Method)
E/StrictMode(10162): at android.os.BinderProxy.transact(Binder.java:496)
E/StrictMode(10162): at android.app.ActivityManagerProxy.handleApplicationStrictModeViolation(ActivityManagerNative.java:4241)
E/StrictMode(10162): at android.os.StrictMode$AndroidBlockGuardPolicy.handleViolation(StrictMode.java:1359)
E/StrictMode(10162): at android.os.StrictMode$AndroidBlockGuardPolicy$1.run(StrictMode.java:1254)
E/StrictMode(10162): at android.os.Handler.handleCallback(Handler.java:739)
E/StrictMode(10162): at android.os.Handler.dispatchMessage(Handler.java:95)
E/StrictMode(10162): at android.os.Looper.loop(Looper.java:135)
E/StrictMode(10162): at android.app.ActivityThread.main(ActivityThread.java:5254)
E/StrictMode(10162): at java.lang.reflect.Method.invoke(Native Method)
E/StrictMode(10162): at java.lang.reflect.Method.invoke(Method.java:372)
E/StrictMode(10162): at com.android.internal.os.ZygoteInit$MethodAndArgsCaller.run(ZygoteInit.java:904)
E/StrictMode(10162): at com.android.internal.os.ZygoteInit.main(ZygoteInit.java:699)
E/StrictMode(10162): RemoteException trying to handle StrictMode violation
E/StrictMode(10162): android.os.DeadObjectException
E/StrictMode(10162): at android.os.BinderProxy.transactNative(Native Method)
E/StrictMode(10162): at android.os.BinderProxy.transact(Binder.java:496)
E/StrictMode(10162): at android.app.ActivityManagerProxy.handleApplicationStrictModeViolation(ActivityManagerNative.java:4241)
E/StrictMode(10162): at android.os.StrictMode$AndroidBlockGuardPolicy.handleViolation(StrictMode.java:1359)
E/StrictMode(10162): at android.os.StrictMode$AndroidBlockGuardPolicy$1.run(StrictMode.java:1254)
E/StrictMode(10162): at android.os.Handler.handleCallback(Handler.java:739)
E/StrictMode(10162): at android.os.Handler.dispatchMessage(Handler.java:95)
E/StrictMode(10162): at android.os.Looper.loop(Looper.java:135)
E/StrictMode(10162): at android.app.ActivityThread.main(ActivityThread.java:5254)
E/StrictMode(10162): at java.lang.reflect.Method.invoke(Native Method)
E/StrictMode(10162): at java.lang.reflect.Method.invoke(Method.java:372)
E/StrictMode(10162): at com.android.internal.os.ZygoteInit$MethodAndArgsCaller.run(ZygoteInit.java:904)
E/StrictMode(10162): at com.android.internal.os.ZygoteInit.main(ZygoteInit.java:699)
D/MediaPlayer-JNI(10340): QCMediaPlayer mediaplayer NOT present
E/StrictMode(10162): RemoteException trying to handle StrictMode violation
E/StrictMode(10162): android.os.DeadObjectException
E/StrictMode(10162): at android.os.BinderProxy.transactNative(Native Method)
E/StrictMode(10162): at android.os.BinderProxy.transact(Binder.java:496)
E/StrictMode(10162): at android.app.ActivityManagerProxy.handleApplicationStrictModeViolation(ActivityManagerNative.java:4241)
E/StrictMode(10162): at android.os.StrictMode$AndroidBlockGuardPolicy.handleViolation(StrictMode.java:1359)
E/StrictMode(10162): at android.os.StrictMode$AndroidBlockGuardPolicy$1.run(StrictMode.java:1254)
E/StrictMode(10162): at android.os.Handler.handleCallback(Handler.java:739)
E/StrictMode(10162): at android.os.Handler.dispatchMessage(Handler.java:95)
E/StrictMode(10162): at android.os.Looper.loop(Looper.java:135)
E/StrictMode(10162): at android.app.ActivityThread.main(ActivityThread.java:5254)
E/StrictMode(10162): at java.lang.reflect.Method.invoke(Native Method)
E/StrictMode(10162): at java.lang.reflect.Method.invoke(Method.java:372)
E/StrictMode(10162): at com.android.internal.os.ZygoteInit$MethodAndArgsCaller.run(ZygoteInit.java:904)
E/StrictMode(10162): at com.android.internal.os.ZygoteInit.main(ZygoteInit.java:699)
W/Settings(10340): Can't get key notification_sound from content://settings/system
W/Settings(10340): android.os.DeadObjectException
W/Settings(10340): at android.os.BinderProxy.transactNative(Native Method)
W/Settings(10340): at android.os.BinderProxy.transact(Binder.java:496)
W/Settings(10340): at android.content.ContentProviderProxy.query(ContentProviderNative.java:419)
W/Settings(10340): at android.provider.Settings$NameValueCache.getStringForUser(Settings.java:1166)
W/Settings(10340): at android.provider.Settings$System.getStringForUser(Settings.java:1336)
W/Settings(10340): at android.provider.Settings$System.getString(Settings.java:1320)
W/Settings(10340): at android.media.RingtoneManager.getActualDefaultRingtoneUri(RingtoneManager.java:618)
W/Settings(10340): at android.media.MediaPlayer.setDataSource(MediaPlayer.java:981)
W/Settings(10340): at android.media.MediaPlayer.setDataSource(MediaPlayer.java:957)
W/Settings(10340): at android.media.Ringtone.setUri(Ringtone.java:238)
W/Settings(10340): at android.media.RingtoneManager.getRingtone(RingtoneManager.java:594)
W/Settings(10340): at android.media.RingtoneManager.getRingtone(RingtoneManager.java:575)
W/Settings(10340): at com.fairphone.setupwizard.util.EnableAccessibilityController.(EnableAccessibilityController.java:112)
W/Settings(10340): at com.fairphone.setupwizard.util.EnableAccessibilityController.getInstance(EnableAccessibilityController.java:120)
W/Settings(10340): at com.fairphone.setupwizard.ui.SetupWizardActivity.onCreate(SetupWizardActivity.java:142)
W/Settings(10340): at android.app.Activity.performCreate(Activity.java:5991)
W/Settings(10340): at android.app.Instrumentation.callActivityOnCreate(Instrumentation.java:1106)
W/Settings(10340): at android.app.ActivityThread.performLaunchActivity(ActivityThread.java:2278)
W/Settings(10340): at android.app.ActivityThread.handleLaunchActivity(ActivityThread.java:2387)
W/Settings(10340): at android.app.ActivityThread.access$800(ActivityThread.java:151)
W/Settings(10340): at android.app.ActivityThread$H.handleMessage(ActivityThread.java:1303)
W/Settings(10340): at android.os.Handler.dispatchMessage(Handler.java:102)
W/Settings(10340): at android.os.Looper.loop(Looper.java:135)
W/Settings(10340): at android.app.ActivityThread.main(ActivityThread.java:5254)
W/Settings(10340): at java.lang.reflect.Method.invoke(Native Method)
W/Settings(10340): at java.lang.reflect.Method.invoke(Method.java:372)
W/Settings(10340): at com.android.internal.os.ZygoteInit$MethodAndArgsCaller.run(ZygoteInit.java:904)
W/Settings(10340): at com.android.internal.os.ZygoteInit.main(ZygoteInit.java:699)
D/Ringtone(10340): Problem opening; delegating to remote player
D/MediaPlayer-JNI(10340): QCMediaPlayer mediaplayer NOT present
W/Settings(10340): Can't get key notification_sound from content://settings/system
W/Settings(10340): android.os.DeadObjectException
W/Settings(10340): at android.os.BinderProxy.transactNative(Native Method)
W/Settings(10340): at android.os.BinderProxy.transact(Binder.java:496)
W/Settings(10340): at android.content.ContentProviderProxy.query(ContentProviderNative.java:419)
W/Settings(10340): at android.provider.Settings$NameValueCache.getStringForUser(Settings.java:1166)
W/Settings(10340): at android.provider.Settings$System.getStringForUser(Settings.java:1336)
W/Settings(10340): at android.provider.Settings$System.getString(Settings.java:1320)
W/Settings(10340): at android.media.RingtoneManager.getActualDefaultRingtoneUri(RingtoneManager.java:618)
W/Settings(10340): at android.media.MediaPlayer.setDataSource(MediaPlayer.java:981)
W/Settings(10340): at android.media.MediaPlayer.setDataSource(MediaPlayer.java:957)
W/Settings(10340): at android.media.Ringtone.setUri(Ringtone.java:238)
W/Settings(10340): at android.media.Ringtone.setAudioAttributes(Ringtone.java:130)
W/Settings(10340): at android.media.Ringtone.setStreamType(Ringtone.java:101)
W/Settings(10340): at com.fairphone.setupwizard.util.EnableAccessibilityController.(EnableAccessibilityController.java:113)
W/Settings(10340): at com.fairphone.setupwizard.util.EnableAccessibilityController.getInstance(EnableAccessibilityController.java:120)
W/Settings(10340): at com.fairphone.setupwizard.ui.SetupWizardActivity.onCreate(SetupWizardActivity.java:142)
W/Settings(10340): at android.app.Activity.performCreate(Activity.java:5991)
W/Settings(10340): at android.app.Instrumentation.callActivityOnCreate(Instrumentation.java:1106)
W/Settings(10340): at android.app.ActivityThread.performLaunchActivity(ActivityThread.java:2278)
W/Settings(10340): at android.app.ActivityThread.handleLaunchActivity(ActivityThread.java:2387)
W/Settings(10340): at android.app.ActivityThread.access$800(ActivityThread.java:151)
W/Settings(10340): at android.app.ActivityThread$H.handleMessage(ActivityThread.java:1303)
W/Settings(10340): at android.os.Handler.dispatchMessage(Handler.java:102)
W/Settings(10340): at android.os.Looper.loop(Looper.java:135)
W/Settings(10340): at android.app.ActivityThread.main(ActivityThread.java:5254)
W/Settings(10340): at java.lang.reflect.Method.invoke(Native Method)
W/Settings(10340): at java.lang.reflect.Method.invoke(Method.java:372)
W/Settings(10340): at com.android.internal.os.ZygoteInit$MethodAndArgsCaller.run(ZygoteInit.java:904)
W/Settings(10340): at com.android.internal.os.ZygoteInit.main(ZygoteInit.java:699)
D/Ringtone(10340): Problem opening; delegating to remote player
W/Settings(10129): Can't get key time_12_24 from content://settings/system
W/Settings(10129): android.os.DeadObjectException
W/Settings(10129): at android.os.BinderProxy.transactNative(Native Method)
W/Settings(10129): at android.os.BinderProxy.transact(Binder.java:496)
W/Settings(10129): at android.content.ContentProviderProxy.query(ContentProviderNative.java:419)
W/Settings(10129): at android.provider.Settings$NameValueCache.getStringForUser(Settings.java:1166)
W/Settings(10129): at android.provider.Settings$System.getStringForUser(Settings.java:1336)
W/Settings(10129): at android.text.format.DateFormat.is24HourFormat(DateFormat.java:182)
W/Settings(10129): at android.text.format.DateFormat.is24HourFormat(DateFormat.java:170)
W/Settings(10129): at android.widget.TextClock.is24HourModeEnabled(TextClock.java:390)
W/Settings(10129): at android.widget.TextClock.chooseFormat(TextClock.java:459)
W/Settings(10129): at android.widget.TextClock.init(TextClock.java:246)
W/Settings(10129): at android.widget.TextClock.(TextClock.java:230)
W/Settings(10129): at android.widget.TextClock.(TextClock.java:214)
W/Settings(10129): at android.widget.TextClock.(TextClock.java:199)
W/Settings(10129): at java.lang.reflect.Constructor.newInstance(Native Method)
W/Settings(10129): at java.lang.reflect.Constructor.newInstance(Constructor.java:288)
W/Settings(10129): at android.view.LayoutInflater.createView(LayoutInflater.java:607)
W/Settings(10129): at com.android.internal.policy.impl.PhoneLayoutInflater.onCreateView(PhoneLayoutInflater.java:55)
W/Settings(10129): at android.view.LayoutInflater.onCreateView(LayoutInflater.java:682)
W/Settings(10129): at android.view.LayoutInflater.createViewFromTag(LayoutInflater.java:741)
W/Settings(10129): at android.view.LayoutInflater.rInflate(LayoutInflater.java:806)
W/Settings(10129): at android.view.LayoutInflater.rInflate(LayoutInflater.java:809)
W/Settings(10129): at android.view.LayoutInflater.parseInclude(LayoutInflater.java:916)
W/Settings(10129): at android.view.LayoutInflater.rInflate(LayoutInflater.java:802)
W/Settings(10129): at android.view.LayoutInflater.rInflate(LayoutInflater.java:809)
W/Settings(10129): at android.view.LayoutInflater.inflate(LayoutInflater.java:504)
W/Settings(10129): at android.view.LayoutInflater.inflate(LayoutInflater.java:414)
W/Settings(10129): at android.view.LayoutInflater.inflate(LayoutInflater.java:365)
W/Settings(10129): at android.view.View.inflate(View.java:18540)
W/Settings(10129): at com.android.keyguard.FairphoneClockView.init(FairphoneClockView.java:288)
W/Settings(10129): at com.android.keyguard.FairphoneClockView.(FairphoneClockView.java:219)
W/Settings(10129): at java.lang.reflect.Constructor.newInstance(Native Method)
W/Settings(10129): at java.lang.reflect.Constructor.newInstance(Constructor.java:288)
W/Settings(10129): at android.view.LayoutInflater.createView(LayoutInflater.java:607)
W/Settings(10129): at android.view.LayoutInflater.createViewFromTag(LayoutInflater.java:743)
W/Settings(10129): at android.view.LayoutInflater.rInflate(LayoutInflater.java:806)
W/Settings(10129): at android.view.LayoutInflater.rInflate(LayoutInflater.java:809)
W/Settings(10129): at android.view.LayoutInflater.parseInclude(LayoutInflater.java:916)
W/Settings(10129): at android.view.LayoutInflater.rInflate(LayoutInflater.java:802)
W/Settings(10129): at android.view.LayoutInflater.parseInclude(LayoutInflater.java:916)
W/Settings(10129): at android.view.LayoutInflater.rInflate(LayoutInflater.java:802)
W/Settings(10129): at android.view.LayoutInflater.rInflate(LayoutInflater.java:809)
W/Settings(10129): at android.view.LayoutInflater.inflate(LayoutInflater.java:504)
W/Settings(10129): at android.view.LayoutInflater.inflate(LayoutInflater.java:414)
W/Settings(10129): at android.view.LayoutInflater.inflate(LayoutInflater.java:365)
W/Settings(10129): at android.view.View.inflate(View.java:18540)
W/Settings(10129): at com.android.systemui.statusbar.phone.PhoneStatusBar.makeStatusBarView(PhoneStatusBar.java:656)
W/Settings(10129): at com.android.systemui.statusbar.phone.PhoneStatusBar.addStatusBarWindow(PhoneStatusBar.java:3138)
W/Settings(10129): at com.android.systemui.statusbar.phone.PhoneStatusBar.createAndAddWindows(PhoneStatusBar.java:3134)
W/Settings(10129): at com.android.systemui.statusbar.BaseStatusBar.start(BaseStatusBar.java:561)
W/Settings(10129): at com.android.systemui.statusbar.phone.PhoneStatusBar.start(PhoneStatusBar.java:602)
W/Settings(10129): at com.android.systemui.statusbar.SystemBars.createStatusBarFromConfig(SystemBars.java:106)
W/Settings(10129): at com.android.systemui.statusbar.SystemBars.onNoService(SystemBars.java:58)
W/Settings(10129): at com.android.systemui.statusbar.ServiceMonitor.startService(ServiceMonitor.java:228)
W/Settings(10129): at com.android.systemui.statusbar.ServiceMonitor.access$000(ServiceMonitor.java:49)
W/Settings(10129): at com.android.systemui.statusbar.ServiceMonitor$1.handleMessage(ServiceMonitor.java:73)
W/Settings(10129): at android.os.Handler.dispatchMessage(Handler.java:102)
W/Settings(10129): at android.os.Loope
W/Settings(10129): Can't get key time_12_24 from content://settings/system
W/Settings(10129): android.os.DeadObjectException
W/Settings(10129): at android.os.BinderProxy.transactNative(Native Method)
W/Settings(10129): at android.os.BinderProxy.transact(Binder.java:496)
W/Settings(10129): at android.content.ContentProviderProxy.query(ContentProviderNative.java:419)
W/Settings(10129): at android.provider.Settings$NameValueCache.getStringForUser(Settings.java:1166)
W/Settings(10129): at android.provider.Settings$System.getStringForUser(Settings.java:1336)
W/Settings(10129): at android.text.format.DateFormat.is24HourFormat(DateFormat.java:182)
W/Settings(10129): at android.text.format.DateFormat.is24HourFormat(DateFormat.java:170)
W/Settings(10129): at android.widget.TextClock.is24HourModeEnabled(TextClock.java:390)
W/Settings(10129): at android.widget.TextClock.chooseFormat(TextClock.java:459)
W/Settings(10129): at android.widget.TextClock.init(TextClock.java:246)
W/Settings(10129): at android.widget.TextClock.(TextClock.java:230)
W/Settings(10129): at android.widget.TextClock.(TextClock.java:214)
W/Settings(10129): at android.widget.TextClock.(TextClock.java:199)
W/Settings(10129): at java.lang.reflect.Constructor.newInstance(Native Method)
W/Settings(10129): at java.lang.reflect.Constructor.newInstance(Constructor.java:288)
W/Settings(10129): at android.view.LayoutInflater.createView(LayoutInflater.java:607)
W/Settings(10129): at com.android.internal.policy.impl.PhoneLayoutInflater.onCreateView(PhoneLayoutInflater.java:55)
W/Settings(10129): at android.view.LayoutInflater.onCreateView(LayoutInflater.java:682)
W/Settings(10129): at android.view.LayoutInflater.createViewFromTag(LayoutInflater.java:741)
W/Settings(10129): at android.view.LayoutInflater.rInflate(LayoutInflater.java:806)
W/Settings(10129): at android.view.LayoutInflater.rInflate(LayoutInflater.java:809)
W/Settings(10129): at android.view.LayoutInflater.rInflate(LayoutInflater.java:809)
W/Settings(10129): at android.view.LayoutInflater.rInflate(LayoutInflater.java:809)
W/Settings(10129): at android.view.LayoutInflater.parseInclude(LayoutInflater.java:916)
W/Settings(10129): at android.view.LayoutInflater.rInflate(LayoutInflater.java:802)
W/Settings(10129): at android.view.LayoutInflater.rInflate(LayoutInflater.java:809)
W/Settings(10129): at android.view.LayoutInflater.inflate(LayoutInflater.java:504)
W/Settings(10129): at android.view.LayoutInflater.inflate(LayoutInflater.java:414)
W/Settings(10129): at android.view.LayoutInflater.inflate(LayoutInflater.java:365)
W/Settings(10129): at android.view.View.inflate(View.java:18540)
W/Settings(10129): at com.android.keyguard.FairphoneClockView.init(FairphoneClockView.java:288)
W/Settings(10129): at com.android.keyguard.FairphoneClockView.(FairphoneClockView.java:219)
W/Settings(10129): at java.lang.reflect.Constructor.newInstance(Native Method)
W/Settings(10129): at java.lang.reflect.Constructor.newInstance(Constructor.java:288)
W/Settings(10129): at android.view.LayoutInflater.createView(LayoutInflater.java:607)
W/Settings(10129): at android.view.LayoutInflater.createViewFromTag(LayoutInflater.java:743)
W/Settings(10129): at android.view.LayoutInflater.rInflate(LayoutInflater.java:806)
W/Settings(10129): at android.view.LayoutInflater.rInflate(LayoutInflater.java:809)
W/Settings(10129): at android.view.LayoutInflater.parseInclude(LayoutInflater.java:916)
W/Settings(10129): at android.view.LayoutInflater.rInflate(LayoutInflater.java:802)
W/Settings(10129): at android.view.LayoutInflater.parseInclude(LayoutInflater.java:916)
W/Settings(10129): at android.view.LayoutInflater.rInflate(LayoutInflater.java:802)
W/Settings(10129): at android.view.LayoutInflater.rInflate(LayoutInflater.java:809)
W/Settings(10129): at android.view.LayoutInflater.inflate(LayoutInflater.java:504)
W/Settings(10129): at android.view.LayoutInflater.inflate(LayoutInflater.java:414)
W/Settings(10129): at android.view.LayoutInflater.inflate(LayoutInflater.java:365)
W/Settings(10129): at android.view.View.inflate(View.java:18540)
W/Settings(10129): at com.android.systemui.statusbar.phone.PhoneStatusBar.makeStatusBarView(PhoneStatusBar.java:656)
W/Settings(10129): at com.android.systemui.statusbar.phone.PhoneStatusBar.addStatusBarWindow(PhoneStatusBar.java:3138)
W/Settings(10129): at com.android.systemui.statusbar.phone.PhoneStatusBar.createAndAddWindows(PhoneStatusBar.java:3134)
W/Settings(10129): at com.android.systemui.statusbar.BaseStatusBar.start(BaseStatusBar.java:561)
W/Settings(10129): at com.android.systemui.statusbar.phone.PhoneStatusBar.start(PhoneStatusBar.java:602)
W/Settings(10129): at com.android.systemui.statusbar.SystemBars.createStatusBarFromConfig(SystemBars.java:106)
W/Settings(10129): at com.android.systemui.statusbar.SystemBars.onNoService(SystemBars.java:58)
W/Settings(10129): at com.android.systemui.statusbar.ServiceMonitor.startService(ServiceMonitor.java:228)
W/Settings(10129): at com.android.systemui.statusbar.ServiceMonitor.access$000(ServiceMonitor.java:49)
W/Settings(10129): at com.android.systemui.statusbar.
W/Settings(10129): Can't get key time_12_24 from content://settings/system
W/Settings(10129): android.os.DeadObjectException
W/Settings(10129): at android.os.BinderProxy.transactNative(Native Method)
W/Settings(10129): at android.os.BinderProxy.transact(Binder.java:496)
W/Settings(10129): at android.content.ContentProviderProxy.query(ContentProviderNative.java:419)
W/Settings(10129): at android.provider.Settings$NameValueCache.getStringForUser(Settings.java:1166)
W/Settings(10129): at android.provider.Settings$System.getStringForUser(Settings.java:1336)
W/Settings(10129): at android.text.format.DateFormat.is24HourFormat(DateFormat.java:182)
W/Settings(10129): at android.text.format.DateFormat.is24HourFormat(DateFormat.java:170)
W/Settings(10129): at android.widget.TextClock.is24HourModeEnabled(TextClock.java:390)
W/Settings(10129): at android.widget.TextClock.chooseFormat(TextClock.java:459)
W/Settings(10129): at android.widget.TextClock.init(TextClock.java:246)
W/Settings(10129): at android.widget.TextClock.(TextClock.java:230)
W/Settings(10129): at android.widget.TextClock.(TextClock.java:214)
W/Settings(10129): at android.widget.TextClock.(TextClock.java:199)
W/Settings(10129): at java.lang.reflect.Constructor.newInstance(Native Method)
W/Settings(10129): at java.lang.reflect.Constructor.newInstance(Constructor.java:288)
W/Settings(10129): at android.view.LayoutInflater.createView(LayoutInflater.java:607)
W/Settings(10129): at com.android.internal.policy.impl.PhoneLayoutInflater.onCreateView(PhoneLayoutInflater.java:55)
W/Settings(10129): at android.view.LayoutInflater.onCreateView(LayoutInflater.java:682)
W/Settings(10129): at android.view.LayoutInflater.createViewFromTag(LayoutInflater.java:741)
W/Settings(10129): at android.view.LayoutInflater.rInflate(LayoutInflater.java:806)
W/Settings(10129): at android.view.LayoutInflater.rInflate(LayoutInflater.java:809)
W/Settings(10129): at android.view.LayoutInflater.rInflate(LayoutInflater.java:809)
W/Settings(10129): at android.view.LayoutInflater.rInflate(LayoutInflater.java:809)
W/Settings(10129): at android.view.LayoutInflater.parseInclude(LayoutInflater.java:916)
W/Settings(10129): at android.view.LayoutInflater.rInflate(LayoutInflater.java:802)
W/Settings(10129): at android.view.LayoutInflater.rInflate(LayoutInflater.java:809)
W/Settings(10129): at android.view.LayoutInflater.inflate(LayoutInflater.java:504)
W/Settings(10129): at android.view.LayoutInflater.inflate(LayoutInflater.java:414)
W/Settings(10129): at android.view.LayoutInflater.inflate(LayoutInflater.java:365)
W/Settings(10129): at android.view.View.inflate(View.java:18540)
W/Settings(10129): at com.android.keyguard.FairphoneClockView.init(FairphoneClockView.java:288)
W/Settings(10129): at com.android.keyguard.FairphoneClockView.(FairphoneClockView.java:219)
W/Settings(10129): at java.lang.reflect.Constructor.newInstance(Native Method)
W/Settings(10129): at java.lang.reflect.Constructor.newInstance(Constructor.java:288)
W/Settings(10129): at android.view.LayoutInflater.createView(LayoutInflater.java:607)
W/Settings(10129): at android.view.LayoutInflater.createViewFromTag(LayoutInflater.java:743)
W/Settings(10129): at android.view.LayoutInflater.rInflate(LayoutInflater.java:806)
W/Settings(10129): at android.view.LayoutInflater.rInflate(LayoutInflater.java:809)
W/Settings(10129): at android.view.LayoutInflater.parseInclude(LayoutInflater.java:916)
W/Settings(10129): at android.view.LayoutInflater.rInflate(LayoutInflater.java:802)
W/Settings(10129): at android.view.LayoutInflater.parseInclude(LayoutInflater.java:916)
W/Settings(10129): at android.view.LayoutInflater.rInflate(LayoutInflater.java:802)
W/Settings(10129): at android.view.LayoutInflater.rInflate(LayoutInflater.java:809)
W/Settings(10129): at android.view.LayoutInflater.inflate(LayoutInflater.java:504)
W/Settings(10129): at android.view.LayoutInflater.inflate(LayoutInflater.java:414)
W/Settings(10129): at android.view.LayoutInflater.inflate(LayoutInflater.java:365)
W/Settings(10129): at android.view.View.inflate(View.java:18540)
W/Settings(10129): at com.android.systemui.statusbar.phone.PhoneStatusBar.makeStatusBarView(PhoneStatusBar.java:656)
W/Settings(10129): at com.android.systemui.statusbar.phone.PhoneStatusBar.addStatusBarWindow(PhoneStatusBar.java:3138)
W/Settings(10129): at com.android.systemui.statusbar.phone.PhoneStatusBar.createAndAddWindows(PhoneStatusBar.java:3134)
W/Settings(10129): at com.android.systemui.statusbar.BaseStatusBar.start(BaseStatusBar.java:561)
W/Settings(10129): at com.android.systemui.statusbar.phone.PhoneStatusBar.start(PhoneStatusBar.java:602)
W/Settings(10129): at com.android.systemui.statusbar.SystemBars.createStatusBarFromConfig(SystemBars.java:106)
W/Settings(10129): at com.android.systemui.statusbar.SystemBars.onNoService(SystemBars.java:58)
W/Settings(10129): at com.android.systemui.statusbar.ServiceMonitor.startService(ServiceMonitor.java:228)
W/Settings(10129): at com.android.systemui.statusbar.ServiceMonitor.access$000(ServiceMonitor.java:49)
W/Settings(10129): at com.android.systemui.statusbar.
W/Settings(10129): Can't get key time_12_24 from content://settings/system
W/Settings(10129): android.os.DeadObjectException
W/Settings(10129): at android.os.BinderProxy.transactNative(Native Method)
W/Settings(10129): at android.os.BinderProxy.transact(Binder.java:496)
W/Settings(10129): at android.content.ContentProviderProxy.query(ContentProviderNative.java:419)
W/Settings(10129): at android.provider.Settings$NameValueCache.getStringForUser(Settings.java:1166)
W/Settings(10129): at android.provider.Settings$System.getStringForUser(Settings.java:1336)
W/Settings(10129): at android.text.format.DateFormat.is24HourFormat(DateFormat.java:182)
W/Settings(10129): at android.text.format.DateFormat.is24HourFormat(DateFormat.java:170)
W/Settings(10129): at android.widget.TextClock.is24HourModeEnabled(TextClock.java:390)
W/Settings(10129): at android.widget.TextClock.chooseFormat(TextClock.java:459)
W/Settings(10129): at android.widget.TextClock.init(TextClock.java:246)
W/Settings(10129): at android.widget.TextClock.(TextClock.java:230)
W/Settings(10129): at android.widget.TextClock.(TextClock.java:214)
W/Settings(10129): at android.widget.TextClock.(TextClock.java:199)
W/Settings(10129): at java.lang.reflect.Constructor.newInstance(Native Method)
W/Settings(10129): at java.lang.reflect.Constructor.newInstance(Constructor.java:288)
W/Settings(10129): at android.view.LayoutInflater.createView(LayoutInflater.java:607)
W/Settings(10129): at com.android.internal.policy.impl.PhoneLayoutInflater.onCreateView(PhoneLayoutInflater.java:55)
W/Settings(10129): at android.view.LayoutInflater.onCreateView(LayoutInflater.java:682)
W/Settings(10129): at android.view.LayoutInflater.createViewFromTag(LayoutInflater.java:741)
W/Settings(10129): at android.view.LayoutInflater.rInflate(LayoutInflater.java:806)
W/Settings(10129): at android.view.LayoutInflater.rInflate(LayoutInflater.java:809)
W/Settings(10129): at android.view.LayoutInflater.rInflate(LayoutInflater.java:809)
W/Settings(10129): at android.view.LayoutInflater.parseInclude(LayoutInflater.java:916)
W/Settings(10129): at android.view.LayoutInflater.rInflate(LayoutInflater.java:802)
W/Settings(10129): at android.view.LayoutInflater.rInflate(LayoutInflater.java:809)
W/Settings(10129): at android.view.LayoutInflater.inflate(LayoutInflater.java:504)
W/Settings(10129): at android.view.LayoutInflater.inflate(LayoutInflater.java:414)
W/Settings(10129): at android.view.LayoutInflater.inflate(LayoutInflater.java:365)
W/Settings(10129): at android.view.View.inflate(View.java:18540)
W/Settings(10129): at com.android.keyguard.FairphoneClockView.init(FairphoneClockView.java:288)
W/Settings(10129): at com.android.keyguard.FairphoneClockView.(FairphoneClockView.java:219)
W/Settings(10129): at java.lang.reflect.Constructor.newInstance(Native Method)
W/Settings(10129): at java.lang.reflect.Constructor.newInstance(Constructor.java:288)
W/Settings(10129): at android.view.LayoutInflater.createView(LayoutInflater.java:607)
W/Settings(10129): at android.view.LayoutInflater.createViewFromTag(LayoutInflater.java:743)
W/Settings(10129): at android.view.LayoutInflater.rInflate(LayoutInflater.java:806)
W/Settings(10129): at android.view.LayoutInflater.rInflate(LayoutInflater.java:809)
W/Settings(10129): at android.view.LayoutInflater.parseInclude(LayoutInflater.java:916)
W/Settings(10129): at android.view.LayoutInflater.rInflate(LayoutInflater.java:802)
W/Settings(10129): at android.view.LayoutInflater.parseInclude(LayoutInflater.java:916)
W/Settings(10129): at android.view.LayoutInflater.rInflate(LayoutInflater.java:802)
W/Settings(10129): at android.view.LayoutInflater.rInflate(LayoutInflater.java:809)
W/Settings(10129): at android.view.LayoutInflater.inflate(LayoutInflater.java:504)
W/Settings(10129): at android.view.LayoutInflater.inflate(LayoutInflater.java:414)
W/Settings(10129): at android.view.LayoutInflater.inflate(LayoutInflater.java:365)
W/Settings(10129): at android.view.View.inflate(View.java:18540)
W/Settings(10129): at com.android.systemui.statusbar.phone.PhoneStatusBar.makeStatusBarView(PhoneStatusBar.java:656)
W/Settings(10129): at com.android.systemui.statusbar.phone.PhoneStatusBar.addStatusBarWindow(PhoneStatusBar.java:3138)
W/Settings(10129): at com.android.systemui.statusbar.phone.PhoneStatusBar.createAndAddWindows(PhoneStatusBar.java:3134)
W/Settings(10129): at com.android.systemui.statusbar.BaseStatusBar.start(BaseStatusBar.java:561)
W/Settings(10129): at com.android.systemui.statusbar.phone.PhoneStatusBar.start(PhoneStatusBar.java:602)
W/Settings(10129): at com.android.systemui.statusbar.SystemBars.createStatusBarFromConfig(SystemBars.java:106)
W/Settings(10129): at com.android.systemui.statusbar.SystemBars.onNoService(SystemBars.java:58)
W/Settings(10129): at com.android.systemui.statusbar.ServiceMonitor.startService(ServiceMonitor.java:228)
W/Settings(10129): at com.android.systemui.statusbar.ServiceMonitor.access$000(ServiceMonitor.java:49)
W/Settings(10129): at com.android.systemui.statusbar.ServiceMonitor$1.handleMessage(ServiceMonitor.java:73)
W/Settings(10129): at android
W/Settings(10340): Can't get key development_settings_enabled from content://settings/global
W/Settings(10340): android.os.DeadObjectException
W/Settings(10340): at android.os.BinderProxy.transactNative(Native Method)
W/Settings(10340): at android.os.BinderProxy.transact(Binder.java:496)
W/Settings(10340): at android.content.ContentProviderProxy.query(ContentProviderNative.java:419)
W/Settings(10340): at android.provider.Settings$NameValueCache.getStringForUser(Settings.java:1166)
W/Settings(10340): at android.provider.Settings$Global.getStringForUser(Settings.java:6866)
W/Settings(10340): at android.provider.Settings$Global.getString(Settings.java:6855)
W/Settings(10340): at android.provider.Settings$Global.getInt(Settings.java:6922)
W/Settings(10340): at com.android.internal.app.LocalePicker.constructAdapter(LocalePicker.java:175)
W/Settings(10340): at com.fairphone.setupwizard.setup.WelcomePage$WelcomeFragment.loadLanguages(WelcomePage.java:163)
W/Settings(10340): at com.fairphone.setupwizard.setup.WelcomePage$WelcomeFragment.initializePage(WelcomePage.java:154)
W/Settings(10340): at com.fairphone.setupwizard.ui.SetupPageFragment.onCreateView(SetupPageFragment.java:53)
W/Settings(10340): at android.app.Fragment.performCreateView(Fragment.java:2053)
W/Settings(10340): at android.app.FragmentManagerImpl.moveToState(FragmentManager.java:894)
W/Settings(10340): at android.app.FragmentManagerImpl.moveToState(FragmentManager.java:1067)
W/Settings(10340): at android.app.BackStackRecord.run(BackStackRecord.java:834)
W/Settings(10340): at android.app.FragmentManagerImpl.execPendingActions(FragmentManager.java:1452)
W/Settings(10340): at android.app.Activity.performStart(Activity.java:6006)
W/Settings(10340): at android.app.ActivityThread.performLaunchActivity(ActivityThread.java:2288)
W/Settings(10340): at android.app.ActivityThread.handleLaunchActivity(ActivityThread.java:2387)
W/Settings(10340): at android.app.ActivityThread.access$800(ActivityThread.java:151)
W/Settings(10340): at android.app.ActivityThread$H.handleMessage(ActivityThread.java:1303)
W/Settings(10340): at android.os.Handler.dispatchMessage(Handler.java:102)
W/Settings(10340): at android.os.Looper.loop(Looper.java:135)
W/Settings(10340): at android.app.ActivityThread.main(ActivityThread.java:5254)
W/Settings(10340): at java.lang.reflect.Method.invoke(Native Method)
W/Settings(10340): at java.lang.reflect.Method.invoke(Method.java:372)
W/Settings(10340): at com.android.internal.os.ZygoteInit$MethodAndArgsCaller.run(ZygoteInit.java:904)
W/Settings(10340): at com.android.internal.os.ZygoteInit.main(ZygoteInit.java:699)
E/DatabaseUtils(10313): Writing exception to parcel
E/DatabaseUtils(10313): java.lang.SecurityException: Neither user 10039 nor current process has android.permission.READ_PROFILE.
E/DatabaseUtils(10313): at android.app.ContextImpl.enforce(ContextImpl.java:1917)
E/DatabaseUtils(10313): at android.app.ContextImpl.enforceCallingOrSelfPermission(ContextImpl.java:1946)
E/DatabaseUtils(10313): at com.android.providers.contacts.ProfileProvider.enforceReadPermission(ProfileProvider.java:54)
E/DatabaseUtils(10313): at com.android.providers.contacts.ProfileProvider.query(ProfileProvider.java:84)
E/DatabaseUtils(10313): at com.android.providers.contacts.ContactsProvider2.query(ContactsProvider2.java:5028)
E/DatabaseUtils(10313): at android.content.ContentProvider$Transport.query(ContentProvider.java:215)
E/DatabaseUtils(10313): at android.content.ContentProviderNative.onTransact(ContentProviderNative.java:112)
E/DatabaseUtils(10313): at android.os.Binder.execTransact(Binder.java:446)
E/AndroidRuntime(10313): FATAL EXCEPTION: ContactsProviderWorker
E/AndroidRuntime(10313): Process: android.process.acore, PID: 10313
E/AndroidRuntime(10313): java.lang.NullPointerException: Attempt to invoke interface method 'android.accounts.Account[] android.accounts.IAccountManager.getAccounts(java.lang.String)' on a null object reference
E/AndroidRuntime(10313): at android.accounts.AccountManager.getAccounts(AccountManager.java:407)
E/AndroidRuntime(10313): at com.android.providers.contacts.ContactsProvider2.performBackgroundTask(ContactsProvider2.java:1667)
E/AndroidRuntime(10313): at com.android.providers.contacts.ContactsProvider2$1.handleMessage(ContactsProvider2.java:1496)
E/AndroidRuntime(10313): at android.os.Handler.dispatchMessage(Handler.java:102)
E/AndroidRuntime(10313): at android.os.Looper.loop(Looper.java:135)
E/AndroidRuntime(10313): at android.os.HandlerThread.run(HandlerThread.java:61)
E/AndroidRuntime(10313): Error reporting crash
E/AndroidRuntime(10313): android.os.DeadObjectException
E/AndroidRuntime(10313): at android.os.BinderProxy.transactNative(Native Method)
E/AndroidRuntime(10313): at android.os.BinderProxy.transact(Binder.java:496)
E/AndroidRuntime(10313): at android.app.ActivityManagerProxy.handleApplicationCrash(ActivityManagerNative.java:4207)
E/AndroidRuntime(10313): at com.android.internal.os.RuntimeInit$UncaughtHandler.uncaughtException(RuntimeInit.java:89)
E/AndroidRuntime(10313): at java.lang.ThreadGroup.uncaughtException(ThreadGroup.java:693)
E/AndroidRuntime(10313): at java.lang.ThreadGroup.uncaughtException(ThreadGroup.java:690)
I/Process (10313): Sending signal. PID: 10313 SIG: 9
E/AndroidRuntime(10162): FATAL EXCEPTION: Executor - contacts.en_US
E/AndroidRuntime(10162): Process: com.android.inputmethod.latin, PID: 10162
E/AndroidRuntime(10162): java.lang.SecurityException: Neither user 10039 nor current process has android.permission.READ_PROFILE.
E/AndroidRuntime(10162): at android.os.Parcel.readException(Parcel.java:1546)
E/AndroidRuntime(10162): at android.database.DatabaseUtils.readExceptionFromParcel(DatabaseUtils.java:185)
E/AndroidRuntime(10162): at android.database.DatabaseUtils.readExceptionFromParcel(DatabaseUtils.java:137)
E/AndroidRuntime(10162): at android.content.ContentProviderProxy.query(ContentProviderNative.java:421)
E/AndroidRuntime(10162): at android.content.ContentResolver.query(ContentResolver.java:478)
E/AndroidRuntime(10162): at android.content.ContentResolver.query(ContentResolver.java:422)
E/AndroidRuntime(10162): at com.android.inputmethod.latin.ContactsBinaryDictionary.loadDictionaryForUriLocked(ContactsBinaryDictionary.java:148)
E/AndroidRuntime(10162): at com.android.inputmethod.latin.ContactsBinaryDictionary.loadInitialContentsLocked(ContactsBinaryDictionary.java:123)
E/AndroidRuntime(10162): at com.android.inputmethod.latin.ExpandableBinaryDictionary.createNewDictionaryLocked(ExpandableBinaryDictionary.java:562)
E/AndroidRuntime(10162): at com.android.inputmethod.latin.ExpandableBinaryDictionary.access$700(ExpandableBinaryDictionary.java:53)
E/AndroidRuntime(10162): at com.android.inputmethod.latin.ExpandableBinaryDictionary$12.run(ExpandableBinaryDictionary.java:605)
E/AndroidRuntime(10162): at com.android.inputmethod.latin.ExpandableBinaryDictionary$1.run(ExpandableBinaryDictionary.java:194)
E/AndroidRuntime(10162): at java.util.concurrent.ThreadPoolExecutor.runWorker(ThreadPoolExecutor.java:1112)
E/AndroidRuntime(10162): at java.util.concurrent.ThreadPoolExecutor$Worker.run(ThreadPoolExecutor.java:587)
E/AndroidRuntime(10162): at java.lang.Thread.run(Thread.java:818)
E/AndroidRuntime(10162): Error reporting crash
E/AndroidRuntime(10162): android.os.DeadObjectException
E/AndroidRuntime(10162): at android.os.BinderProxy.transactNative(Native Method)
E/AndroidRuntime(10162): at android.os.BinderProxy.transact(Binder.java:496)
E/AndroidRuntime(10162): at android.app.ActivityManagerProxy.handleApplicationCrash(ActivityManagerNative.java:4207)
E/AndroidRuntime(10162): at com.android.internal.os.RuntimeInit$UncaughtHandler.uncaughtException(RuntimeInit.java:89)
E/AndroidRuntime(10162): at java.lang.ThreadGroup.uncaughtException(ThreadGroup.java:693)
E/AndroidRuntime(10162): at java.lang.ThreadGroup.uncaughtException(ThreadGroup.java:690)
I/Process (10162): Sending signal. PID: 10162 SIG: 9
D/AndroidRuntime(10340): Shutting down VM
E/AndroidRuntime(10340): FATAL EXCEPTION: main
E/AndroidRuntime(10340): Process: com.fairphone.setupwizard, PID: 10340
E/AndroidRuntime(10340): java.lang.RuntimeException: Unable to resume activity {com.fairphone.setupwizard/com.fairphone.setupwizard.ui.SetupWizardActivity}: java.lang.RuntimeException: Package manager has died
E/AndroidRuntime(10340): at android.app.ActivityThread.performResumeActivity(ActivityThread.java:2986)
E/AndroidRuntime(10340): at android.app.ActivityThread.handleResumeActivity(ActivityThread.java:3017)
E/AndroidRuntime(10340): at android.app.ActivityThread.handleLaunchActivity(ActivityThread.java:2392)
E/AndroidRuntime(10340): at android.app.ActivityThread.access$800(ActivityThread.java:151)
E/AndroidRuntime(10340): at android.app.ActivityThread$H.handleMessage(ActivityThread.java:1303)
E/AndroidRuntime(10340): at android.os.Handler.dispatchMessage(Handler.java:102)
E/AndroidRuntime(10340): at android.os.Looper.loop(Looper.java:135)
E/AndroidRuntime(10340): at android.app.ActivityThread.main(ActivityThread.java:5254)
E/AndroidRuntime(10340): at java.lang.reflect.Method.invoke(Native Method)
E/AndroidRuntime(10340): at java.lang.reflect.Method.invoke(Method.java:372)
E/AndroidRuntime(10340): at com.android.internal.os.ZygoteInit$MethodAndArgsCaller.run(ZygoteInit.java:904)
E/AndroidRuntime(10340): at com.android.internal.os.ZygoteInit.main(ZygoteInit.java:699)
E/AndroidRuntime(10340): Caused by: java.lang.RuntimeException: Package manager has died
E/AndroidRuntime(10340): at android.app.ApplicationPackageManager.hasSystemFeature(ApplicationPackageManager.java:385)
E/AndroidRuntime(10340): at com.fairphone.setupwizard.util.SetupWizardUtils.hasTelephony(SetupWizardUtils.java:99)
E/AndroidRuntime(10340): at com.fairphone.setupwizard.ui.SetupWizardActivity.updateButtonBar(SetupWizardActivity.java:255)
E/AndroidRuntime(10340): at com.fairphone.setupwizard.ui.SetupWizardActivity.onPageTreeChanged(SetupWizardActivity.java:237)
E/AndroidRuntime(10340): at com.fairphone.setupwizard.ui.SetupWizardActivity.onResume(SetupWizardActivity.java:172)
E/AndroidRuntime(10340): at android.app.Instrumentation.callActivityOnResume(Instrumentation.java:1257)
E/AndroidRuntime(10340): at android.app.Activity.performResume(Activity.java:6077)
E/AndroidRuntime(10340): at android.app.ActivityThread.performResumeActivity(ActivityThread.java:2975)
E/AndroidRuntime(10340): ... 11 more
E/AndroidRuntime(10340): Caused by: android.os.DeadObjectException
E/AndroidRuntime(10340): at android.os.BinderProxy.transactNative(Native Method)
E/AndroidRuntime(10340): at android.os.BinderProxy.transact(Binder.java:496)
E/AndroidRuntime(10340): at android.content.pm.IPackageManager$Stub$Proxy.hasSystemFeature(IPackageManager.java:3693)
E/AndroidRuntime(10340): at android.app.ApplicationPackageManager.hasSystemFeature(ApplicationPackageManager.java:383)
E/AndroidRuntime(10340): ... 18 more
E/AndroidRuntime(10340): Error reporting crash
E/AndroidRuntime(10340): android.os.DeadObjectException
E/AndroidRuntime(10340): at android.os.BinderProxy.transactNative(Native Method)
E/AndroidRuntime(10340): at android.os.BinderProxy.transact(Binder.java:496)
E/AndroidRuntime(10340): at android.app.ActivityManagerProxy.handleApplicationCrash(ActivityManagerNative.java:4207)
E/AndroidRuntime(10340): at com.android.internal.os.RuntimeInit$UncaughtHandler.uncaughtException(RuntimeInit.java:89)
E/AndroidRuntime(10340): at java.lang.ThreadGroup.uncaughtException(ThreadGroup.java:693)
E/AndroidRuntime(10340): at java.lang.ThreadGroup.uncaughtException(ThreadGroup.java:690)
I/Process (10340): Sending signal. PID: 10340 SIG: 9
W/Settings(10129): Can't get key time_12_24 from content://settings/system
W/Settings(10129): android.os.DeadObjectException
W/Settings(10129): at android.os.BinderProxy.transactNative(Native Method)
W/Settings(10129): at android.os.BinderProxy.transact(Binder.java:496)
W/Settings(10129): at android.content.ContentProviderProxy.query(ContentProviderNative.java:419)
W/Settings(10129): at android.provider.Settings$NameValueCache.getStringForUser(Settings.java:1166)
W/Settings(10129): at android.provider.Settings$System.getStringForUser(Settings.java:1336)
W/Settings(10129): at android.text.format.DateFormat.is24HourFormat(DateFormat.java:182)
W/Settings(10129): at android.text.format.DateFormat.is24HourFormat(DateFormat.java:170)
W/Settings(10129): at android.widget.TextClock.is24HourModeEnabled(TextClock.java:390)
W/Settings(10129): at android.widget.TextClock.chooseFormat(TextClock.java:459)
W/Settings(10129): at android.widget.TextClock.init(TextClock.java:246)
W/Settings(10129): at android.widget.TextClock.(TextClock.java:230)
W/Settings(10129): at android.widget.TextClock.(TextClock.java:214)
W/Settings(10129): at android.widget.TextClock.(TextClock.java:199)
