W/OMXNodeInstance( 7229): [2b:google.h264.decoder] component does not support metadata mode; using fallback
I/ActivityManager( 5400): Start proc 7576:com.fairphone.setupwizard/1000 for activity com.fairphone.setupwizard/.ui.SetupWizardActivity
W/AppWidgetServiceImpl( 5400): Failed to read state: java.io.FileNotFoundException: /data/system/users/0/appwidgets.xml: open failed: ENOENT (No such file or directory)
V/AppWidgetServiceImpl( 5400): Upgrading widget database from 0 to 1
E/SurfaceFlinger( 5244): Permission Denial: can't access SurfaceFlinger pid=5400, uid=1000
E/SurfaceFlinger( 5244): Permission Denial: can't access SurfaceFlinger pid=5400, uid=1000
D/SoftHEVC( 7229): Number of CPU cores: 4
D/SoftHEVC( 7229): Initializing decoder
D/SoftHEVC( 7229): Set number of cores to 4
D/SoftHEVC( 7229): Ittiam decoder version number: @(#)Id:HEVCDEC_production Ver:04.01 Released by ITTIAM Build: Nov 25 2016 @ 21:19:46
W/OMXNodeInstance( 7229): [2c:google.hevc.decoder] component does not support metadata mode; using fallback
D/SoftHEVC( 7229): Freeing codec memory
D/SoftHEVC( 7229): Number of CPU cores: 4
D/SoftHEVC( 7229): Initializing decoder
W/ServiceManager( 5244): Permission failure: android.permission.HARDWARE_TEST from uid=1000 pid=5400
D/PermissionCache( 5244): checking android.permission.HARDWARE_TEST for uid=1000 => denied (166 us)
E/SurfaceFlinger( 5244): Permission Denial: can't access SurfaceFlinger pid=5400, uid=1000
D/SoftHEVC( 7229): Set number of cores to 4
D/SoftHEVC( 7229): Ittiam decoder version number: @(#)Id:HEVCDEC_production Ver:04.01 Released by ITTIAM Build: Nov 25 2016 @ 21:19:46
D/SoftHEVC( 7229): In SoftHEVC::~SoftHEVC
D/SoftHEVC( 7229): Freeing codec memory
I/art ( 5245): Explicit concurrent mark sweep GC freed 707(30KB) AllocSpace objects, 0(0B) LOS objects, 97% free, 96KB/4MB, paused 141us total 16.501ms
W/OMXNodeInstance( 7229): [2d:google.vp8.decoder] component does not support metadata mode; using fallback
D/AndroidRuntime( 5400): Shutting down VM
D/TelephonyProvider( 7409): dbh.createSimInfoTable:-
D/TelephonyProvider( 7409): dbh.createCarriersTable:+
W/OMXNodeInstance( 7229): [2e:google.vp9.decoder] component does not support metadata mode; using fallback
D/TelephonyProvider( 7409): dbh.createCarriersTable:-
D/TelephonyProvider( 7409): No APNs in OEM image = /oem/telephony/apns-conf.xml Load APNs from system image
D/TelephonyProvider( 7409): confFile = /system/etc/apns-conf.xml
E/AndroidRuntime( 5400): *** FATAL EXCEPTION IN SYSTEM PROCESS: main
E/AndroidRuntime( 5400): java.lang.RuntimeException: Error receiving broadcast Intent { act=android.intent.action.USER_SWITCHED flg=0x50000010 (has extras) } in com.android.server.accessibility.AccessibilityManagerService$2@3994fa24
E/AndroidRuntime( 5400): at android.app.LoadedApk$ReceiverDispatcher$Args.run(LoadedApk.java:876)
E/AndroidRuntime( 5400): at android.os.Handler.handleCallback(Handler.java:739)
E/AndroidRuntime( 5400): at android.os.Handler.dispatchMessage(Handler.java:95)
E/AndroidRuntime( 5400): at android.os.Looper.loop(Looper.java:135)
E/AndroidRuntime( 5400): at com.android.server.SystemServer.run(SystemServer.java:278)
E/AndroidRuntime( 5400): at com.android.server.SystemServer.main(SystemServer.java:179)
E/AndroidRuntime( 5400): at java.lang.reflect.Method.invoke(Native Method)
E/AndroidRuntime( 5400): at java.lang.reflect.Method.invoke(Method.java:372)
E/AndroidRuntime( 5400): at com.android.internal.os.ZygoteInit$MethodAndArgsCaller.run(ZygoteInit.java:904)
E/AndroidRuntime( 5400): at com.android.internal.os.ZygoteInit.main(ZygoteInit.java:699)
E/AndroidRuntime( 5400): Caused by: java.lang.SecurityException
E/AndroidRuntime( 5400): at android.os.BinderProxy.transactNative(Native Method)
E/AndroidRuntime( 5400): at android.os.BinderProxy.transact(Binder.java:496)
E/AndroidRuntime( 5400): at com.android.server.accessibility.DisplayAdjustmentUtils.setDaltonizerMode(DisplayAdjustmentUtils.java:129)
E/AndroidRuntime( 5400): at com.android.server.accessibility.DisplayAdjustmentUtils.applyAdjustments(DisplayAdjustmentUtils.java:101)
E/AndroidRuntime( 5400): at com.android.server.accessibility.AccessibilityManagerService.updateDisplayColorAdjustmentSettingsLocked(AccessibilityManagerService.java:1604)
E/AndroidRuntime( 5400): at com.android.server.accessibility.AccessibilityManagerService.onUserStateChangedLocked(AccessibilityManagerService.java:1330)
E/AndroidRuntime( 5400): at com.android.server.accessibility.AccessibilityManagerService.switchUser(AccessibilityManagerService.java:844)
E/AndroidRuntime( 5400): at com.android.server.accessibility.AccessibilityManagerService.access$800(AccessibilityManagerService.java:119)
E/AndroidRuntime( 5400): at com.android.server.accessibility.AccessibilityManagerService$2.onReceive(AccessibilityManagerService.java:361)
E/AndroidRuntime( 5400): at android.app.LoadedApk$ReceiverDispatcher$Args.run(LoadedApk.java:866)
E/AndroidRuntime( 5400): ... 9 more
F/WindowAnimator( 5400): Unhandled exception in Window Manager
F/WindowAnimator( 5400): java.lang.NullPointerException: Attempt to invoke virtual method 'void android.view.SurfaceControl.setLayer(int)' on a null object reference
F/WindowAnimator( 5400): at com.android.server.wm.FocusedStackFrame.setLayer(FocusedStackFrame.java:140)
F/WindowAnimator( 5400): at com.android.server.wm.WindowManagerService.setFocusedStackLayer(WindowManagerService.java:3985)
F/WindowAnimator( 5400): at com.android.server.wm.WindowAnimator.animateLocked(WindowAnimator.java:708)
F/WindowAnimator( 5400): at com.android.server.wm.WindowAnimator.access$000(WindowAnimator.java:54)
F/WindowAnimator( 5400): at com.android.server.wm.WindowAnimator$1.run(WindowAnimator.java:126)
F/WindowAnimator( 5400): at android.view.Choreographer$CallbackRecord.run(Choreographer.java:767)
F/WindowAnimator( 5400): at android.view.Choreographer.doCallbacks(Choreographer.java:580)
F/WindowAnimator( 5400): at android.view.Choreographer.doFrame(Choreographer.java:549)
F/WindowAnimator( 5400): at android.view.Choreographer$FrameDisplayEventReceiver.run(Choreographer.java:753)
F/WindowAnimator( 5400): at android.os.Handler.handleCallback(Handler.java:739)
F/WindowAnimator( 5400): at android.os.Handler.dispatchMessage(Handler.java:95)
F/WindowAnimator( 5400): at android.os.Looper.loop(Looper.java:135)
F/WindowAnimator( 5400): at android.os.HandlerThread.run(HandlerThread.java:61)
F/WindowAnimator( 5400): at com.android.server.ServiceThread.run(ServiceThread.java:46)
E/SurfaceFlinger( 5244): Permission Denial: can't access SurfaceFlinger pid=5400, uid=1000
I/SoftMPEG4Encoder( 7229): Construct SoftMPEG4Encoder
W/ACodec ( 7229): do not know color format 0x7f000789 = 2130708361
I/art ( 5245): Explicit concurrent mark sweep GC freed 7(240B) AllocSpace objects, 0(0B) LOS objects, 97% free, 96KB/4MB, paused 135us total 18.753ms
I/SoftAVCEncoder( 7229): Construct SoftAVCEncoder
W/ACodec ( 7229): do not know color format 0x7f000789 = 2130708361
I/SoftMPEG4Encoder( 7229): Construct SoftMPEG4Encoder
W/ACodec ( 7229): do not know color format 0x7f000789 = 2130708361
W/ACodec ( 7229): do not know color format 0x7f000789 = 2130708361
D/OMXCodec( 7229): Successfully allocated OMX node 'OMX.google.vorbis.decoder'
E/SurfaceFlinger( 5244): Permission Denial: can't access SurfaceFlinger pid=5400, uid=1000
D/OMXCodec( 7229): Successfully allocated OMX node 'OMX.google.vorbis.decoder'
I/ExtendedUtils( 7229): decision 1 mime 
I/ExtendedUtils( 7229): decision 1 mime 
E/SurfaceFlinger( 5244): Permission Denial: can't access SurfaceFlinger pid=5400, uid=1000
I/AudioPlayer( 7229): start of Playback, useOffload 0
E/SurfaceFlinger( 5244): Permission Denial: can't access SurfaceFlinger pid=5400, uid=1000
E/SurfaceFlinger( 5244): Permission Denial: can't access SurfaceFlinger pid=5400, uid=1000
I/AudioPlayer( 7229): start of Playback, useOffload 0
I/Process ( 5400): Sending signal. PID: 5400 SIG: 9
I/art ( 5245): Explicit concurrent mark sweep GC freed 5(160B) AllocSpace objects, 0(0B) LOS objects, 97% free, 96KB/4MB, paused 152us total 20.802ms
E/IMemory ( 7229): binder=0xb5036080 transaction failed fd=-2147483647, size=0, err=-32 (Broken pipe)
E/IMemory ( 7229): cannot dup fd=-2147483647, size=0, err=-32 (Bad file number)
E/IMemory ( 7229): cannot map BpMemoryHeap (binder=0xb5036080), size=0, fd=-1 (Bad file number)
E/AudioCache( 7229): Invalid heap Id
E/DisplayManager( 7576): Could not get display information from display manager.
E/DisplayManager( 7576): android.os.DeadObjectException
E/DisplayManager( 7576): at android.os.BinderProxy.transactNative(Native Method)
E/DisplayManager( 7576): at android.os.BinderProxy.transact(Binder.java:496)
E/DisplayManager( 7576): at android.hardware.display.IDisplayManager$Stub$Proxy.getDisplayInfo(IDisplayManager.java:254)
E/DisplayManager( 7576): at android.hardware.display.DisplayManagerGlobal.getDisplayInfo(DisplayManagerGlobal.java:119)
E/DisplayManager( 7576): at android.hardware.display.DisplayManagerGlobal.getCompatibleDisplay(DisplayManagerGlobal.java:178)
E/DisplayManager( 7576): at android.app.ResourcesManager.getDisplayMetricsLocked(ResourcesManager.java:96)
E/DisplayManager( 7576): at android.app.ResourcesManager.getDisplayMetricsLocked(ResourcesManager.java:74)
E/DisplayManager( 7576): at android.app.ContextImpl.createSystemContext(ContextImpl.java:2241)
E/DisplayManager( 7576): at android.app.ActivityThread.getSystemContext(ActivityThread.java:1826)
E/DisplayManager( 7576): at android.app.ActivityThread$DropBoxReporter.(ActivityThread.java:5205)
E/DisplayManager( 7576): at android.app.ActivityThread.attach(ActivityThread.java:5134)
E/DisplayManager( 7576): at android.app.ActivityThread.main(ActivityThread.java:5243)
E/DisplayManager( 7576): at java.lang.reflect.Method.invoke(Native Method)
E/DisplayManager( 7576): at java.lang.reflect.Method.invoke(Method.java:372)
E/DisplayManager( 7576): at com.android.internal.os.ZygoteInit$MethodAndArgsCaller.run(ZygoteInit.java:904)
E/DisplayManager( 7576): at com.android.internal.os.ZygoteInit.main(ZygoteInit.java:699)
D/AndroidRuntime( 7325): Shutting down VM
W/AudioFlinger( 5247): power manager service died !!!
W/AudioFlinger( 5247): power manager service died !!!
E/AndroidRuntime( 7325): FATAL EXCEPTION: main
E/AndroidRuntime( 7325): Process: com.android.inputmethod.latin, PID: 7325
E/AndroidRuntime( 7325): java.lang.RuntimeException: Unable to create service com.android.inputmethod.latin.LatinIME: java.lang.RuntimeException: android.os.DeadObjectException
E/AndroidRuntime( 7325): at android.app.ActivityThread.handleCreateService(ActivityThread.java:2771)
E/AndroidRuntime( 7325): at android.app.ActivityThread.access$1800(ActivityThread.java:151)
E/AndroidRuntime( 7325): at android.app.ActivityThread$H.handleMessage(ActivityThread.java:1386)
E/AndroidRuntime( 7325): at android.os.Handler.dispatchMessage(Handler.java:102)
E/AndroidRuntime( 7325): at android.os.Looper.loop(Looper.java:135)
E/AndroidRuntime( 7325): at android.app.ActivityThread.main(ActivityThread.java:5254)
E/AndroidRuntime( 7325): at java.lang.reflect.Method.invoke(Native Method)
E/AndroidRuntime( 7325): at java.lang.reflect.Method.invoke(Method.java:372)
E/AndroidRuntime( 7325): at com.android.internal.os.ZygoteInit$MethodAndArgsCaller.run(ZygoteInit.java:904)
E/AndroidRuntime( 7325): at com.android.internal.os.ZygoteInit.main(ZygoteInit.java:699)
E/AndroidRuntime( 7325): Caused by: java.lang.RuntimeException: android.os.DeadObjectException
E/AndroidRuntime( 7325): at android.view.inputmethod.InputMethodManager.getEnabledInputMethodList(InputMethodManager.java:661)
E/AndroidRuntime( 7325): at com.android.inputmethod.latin.SubtypeSwitcher.isSystemLocaleSameAsLocaleOfAllEnabledSubtypesOfEnabledImes(SubtypeSwitcher.java:261)
E/AndroidRuntime( 7325): at com.android.inputmethod.latin.LatinIME.refreshPersonalizationDictionarySession(LatinIME.java:598)
E/AndroidRuntime( 7325): at com.android.inputmethod.latin.LatinIME.loadSettings(LatinIME.java:592)
E/AndroidRuntime( 7325): at com.android.inputmethod.latin.LatinIME.onCreate(LatinIME.java:545)
E/AndroidRuntime( 7325): at android.app.ActivityThread.handleCreateService(ActivityThread.java:2761)
E/AndroidRuntime( 7325): ... 9 more
E/AndroidRuntime( 7325): Caused by: android.os.DeadObjectException
E/AndroidRuntime( 7325): at android.os.BinderProxy.transactNative(Native Method)
E/AndroidRuntime( 7325): at android.os.BinderProxy.transact(Binder.java:496)
E/AndroidRuntime( 7325): at com.android.internal.view.IInputMethodManager$Stub$Proxy.getEnabledInputMethodList(IInputMethodManager.java:503)
E/AndroidRuntime( 7325): at android.view.inputmethod.InputMethodManager.getEnabledInputMethodList(InputMethodManager.java:659)
E/AndroidRuntime( 7325): ... 14 more
E/AndroidRuntime( 7325): Error reporting crash
E/AndroidRuntime( 7325): android.os.DeadObjectException
E/AndroidRuntime( 7325): at android.os.BinderProxy.transactNative(Native Method)
E/AndroidRuntime( 7325): at android.os.BinderProxy.transact(Binder.java:496)
E/AndroidRuntime( 7325): at android.app.ActivityManagerProxy.handleApplicationCrash(ActivityManagerNative.java:4207)
E/AndroidRuntime( 7325): at com.android.internal.os.RuntimeInit$UncaughtHandler.uncaughtException(RuntimeInit.java:89)
E/AndroidRuntime( 7325): at java.lang.ThreadGroup.uncaughtException(ThreadGroup.java:693)
E/AndroidRuntime( 7325): at java.lang.ThreadGroup.uncaughtException(ThreadGroup.java:690)
I/Process ( 7325): Sending signal. PID: 7325 SIG: 9
I/AudioPlayer( 7229): Pause Playback at 213333
I/ServiceManager( 5238): service 'sensorservice' died
I/ServiceManager( 5238): service 'meminfo' died
I/ServiceManager( 5238): service 'batterystats' died
I/ServiceManager( 5238): service 'appops' died
I/ServiceManager( 5238): service 'power' died
I/ServiceManager( 5238): service 'display' died
I/ServiceManager( 5238): service 'gfxinfo' died
I/ServiceManager( 5238): service 'dbinfo' died
I/ServiceManager( 5238): service 'cpuinfo' died
I/ServiceManager( 5238): service 'permission' died
I/ServiceManager( 5238): service 'hardware' died
I/ServiceManager( 5238): service 'battery' died
I/ServiceManager( 5238): service 'usagestats' died
I/ServiceManager( 5238): service 'webviewupdate' died
I/ServiceManager( 5238): service 'scheduling_policy' died
I/ServiceManager( 5238): service 'telephony.registry' died
I/ServiceManager( 5238): service 'entropy' died
I/ServiceManager( 5238): service 'account' died
I/ServiceManager( 5238): service 'content' died
I/ServiceManager( 5238): service 'vibrator' died
I/ServiceManager( 5238): service 'consumer_ir' died
I/ServiceManager( 5238): service 'alarm' died
I/ServiceManager( 5238): service 'window' died
I/ServiceManager( 5238): service 'fingerprint' died
I/ServiceManager( 5238): service 'input' died
I/ServiceManager( 5238): service 'input_method' died
I/ServiceManager( 5238): service 'accessibility' died
I/ServiceManager( 5238): service 'mount' died
I/ServiceManager( 5238): service 'lock_settings' died
I/ServiceManager( 5238): service 'device_policy' died
I/ServiceManager( 5238): service 'statusbar' died
I/ServiceManager( 5238): service 'network_score' died
I/ServiceManager( 5238): service 'clipboard' died
I/ServiceManager( 5238): service 'textservices' died
I/ServiceManager( 5238): service 'netstats' died
I/ServiceManager( 5238): service 'netpolicy' died
I/ServiceManager( 5238): service 'wifip2p' died
I/ServiceManager( 5238): service 'wifi' died
I/ServiceManager( 5238): service 'wifiscanner' died
I/ServiceManager( 5238): service 'rttmanager' died
I/ServiceManager( 5238): service 'launcherapps' died
I/ServiceManager( 5238): service 'connectivity' died
I/ServiceManager( 5238): service 'servicediscovery' died
I/ServiceManager( 5238): service 'updatelock' died
I/ServiceManager( 5238): service 'notification' died
I/ServiceManager( 5238): service 'devicestoragemonitor' died
I/ServiceManager( 5238): service 'location' died
I/ServiceManager( 5238): service 'country_detector' died
I/ServiceManager( 5238): service 'search' died
I/ServiceManager( 5238): service 'dropbox' died
I/ServiceManager( 5238): service 'wallpaper' died
I/ServiceManager( 5238): service 'audio' died
I/ServiceManager( 5238): service 'DigitalPen' died
I/ServiceManager( 5238): service 'DockObserver' died
I/ServiceManager( 5238): service 'serial' died
I/ServiceManager( 5238): service 'uimode' died
I/ServiceManager( 5238): service 'jobscheduler' died
I/ServiceManager( 5238): service 'backup' died
I/ServiceManager( 5238): service 'appwidget' died
I/ServiceManager( 5238): service 'voiceinteraction' died
I/ServiceManager( 5238): service 'diskstats' died
I/ServiceManager( 5238): service 'samplingprofiler' died
I/ServiceManager( 5238): service 'commontime_management' died
I/ServiceManager( 5238): service 'dreams' died
I/ServiceManager( 5238): service 'assetatlas' died
I/ServiceManager( 5238): service 'print' died
I/ServiceManager( 5238): service 'restrictions' died
I/ServiceManager( 5238): service 'media_session' died
I/ServiceManager( 5238): service 'media_router' died
I/ServiceManager( 5238): service 'trust' died
I/ServiceManager( 5238): service 'media_projection' died
I/ServiceManager( 5238): service 'PrivacyImpact' died
I/ServiceManager( 5238): service 'imms' died
I/ServiceManager( 5238): service 'activity' died
I/ServiceManager( 5238): service 'user' died
I/ServiceManager( 5238): service 'procstats' died
I/ServiceManager( 5238): service 'package' died
W/Settings( 7290): Can't get key systemui_volume_controller from content://settings/global
W/Settings( 7290): android.os.DeadObjectException
W/Settings( 7290): at android.os.BinderProxy.transactNative(Native Method)
W/Settings( 7290): at android.os.BinderProxy.transact(Binder.java:496)
W/Settings( 7290): at android.content.ContentProviderProxy.query(ContentProviderNative.java:419)
W/Settings( 7290): at android.provider.Settings$NameValueCache.getStringForUser(Settings.java:1166)
W/Settings( 7290): at android.provider.Settings$Global.getStringForUser(Settings.java:6866)
W/Settings( 7290): at android.provider.Settings$Global.getString(Settings.java:6855)
W/Settings( 7290): at android.provider.Settings$Global.getInt(Settings.java:6922)
W/Settings( 7290): at com.android.systemui.volume.VolumeUI.updateController(VolumeUI.java:95)
W/Settings( 7290): at com.android.systemui.volume.VolumeUI.start(VolumeUI.java:74)
W/Settings( 7290): at com.android.systemui.SystemUIApplication.startServicesIfNeeded(SystemUIApplication.java:124)
W/Settings( 7290): at com.android.systemui.SystemUIService.onCreate(SystemUIService.java:31)
W/Settings( 7290): at android.app.ActivityThread.handleCreateService(ActivityThread.java:2761)
W/Settings( 7290): at android.app.ActivityThread.access$1800(ActivityThread.java:151)
W/Settings( 7290): at android.app.ActivityThread$H.handleMessage(ActivityThread.java:1386)
W/Settings( 7290): at android.os.Handler.dispatchMessage(Handler.java:102)
W/Settings( 7290): at android.os.Looper.loop(Looper.java:135)
W/Settings( 7290): at android.app.ActivityThread.main(ActivityThread.java:5254)
W/Settings( 7290): at java.lang.reflect.Method.invoke(Native Method)
W/Settings( 7290): at java.lang.reflect.Method.invoke(Method.java:372)
W/Settings( 7290): at com.android.internal.os.ZygoteInit$MethodAndArgsCaller.run(ZygoteInit.java:904)
W/Settings( 7290): at com.android.internal.os.ZygoteInit.main(ZygoteInit.java:699)
D/VolumeUI( 7290): Registering volume controller
I/AudioPlayer( 7229): reset: mPlaying=0 mReachedEOS=1 useOffload=0
E/DisplayManager( 7576): Could not get display information from display manager.
E/DisplayManager( 7576): android.os.DeadObjectException
E/DisplayManager( 7576): at android.os.BinderProxy.transactNative(Native Method)
E/DisplayManager( 7576): at android.os.BinderProxy.transact(Binder.java:496)
E/DisplayManager( 7576): at android.hardware.display.IDisplayManager$Stub$Proxy.getDisplayInfo(IDisplayManager.java:254)
E/DisplayManager( 7576): at android.hardware.display.DisplayManagerGlobal.getDisplayInfo(DisplayManagerGlobal.java:119)
E/DisplayManager( 7576): at android.hardware.display.DisplayManagerGlobal.getCompatibleDisplay(DisplayManagerGlobal.java:178)
E/DisplayManager( 7576): at android.app.ResourcesManager.getDisplayMetricsLocked(ResourcesManager.java:96)
E/DisplayManager( 7576): at android.app.ResourcesManager.getDisplayMetricsLocked(ResourcesManager.java:74)
E/DisplayManager( 7576): at android.app.ResourcesManager.applyConfigurationToResourcesLocked(ResourcesManager.java:264)
E/DisplayManager( 7576): at android.app.ActivityThread.handleBindApplication(ActivityThread.java:4348)
E/DisplayManager( 7576): at android.app.ActivityThread.access$1500(ActivityThread.java:151)
E/DisplayManager( 7576): at android.app.ActivityThread$H.handleMessage(ActivityThread.java:1364)
E/DisplayManager( 7576): at android.os.Handler.dispatchMessage(Handler.java:102)
E/DisplayManager( 7576): at android.os.Looper.loop(Looper.java:135)
E/DisplayManager( 7576): at android.app.ActivityThread.main(ActivityThread.java:5254)
E/DisplayManager( 7576): at java.lang.reflect.Method.invoke(Native Method)
E/DisplayManager( 7576): at java.lang.reflect.Method.invoke(Method.java:372)
E/DisplayManager( 7576): at com.android.internal.os.ZygoteInit$MethodAndArgsCaller.run(ZygoteInit.java:904)
E/DisplayManager( 7576): at com.android.internal.os.ZygoteInit.main(ZygoteInit.java:699)
W/Settings( 7409): Can't get key multi_sim_data_call from content://settings/global
W/Settings( 7409): android.os.DeadObjectException
W/Settings( 7409): at android.os.BinderProxy.transactNative(Native Method)
W/Settings( 7409): at android.os.BinderProxy.transact(Binder.java:496)
W/Settings( 7409): at android.content.ContentProviderProxy.query(ContentProviderNative.java:419)
W/Settings( 7409): at android.provider.Settings$NameValueCache.getStringForUser(Settings.java:1166)
W/Settings( 7409): at android.provider.Settings$Global.getStringForUser(Settings.java:6866)
W/Settings( 7409): at android.provider.Settings$Global.getString(Settings.java:6855)
W/Settings( 7409): at android.provider.Settings$Global.getInt(Settings.java:6922)
W/Settings( 7409): at com.android.internal.telephony.SubscriptionController.getDefaultDataSubId(SubscriptionController.java:1408)
W/Settings( 7409): at android.telephony.SubscriptionManager.getDefaultDataSubId(SubscriptionManager.java:993)
W/Settings( 7409): at com.android.providers.telephony.TelephonyProvider$DatabaseHelper.setDefaultValue(TelephonyProvider.java:630)
W/Settings( 7409): at com.android.providers.telephony.TelephonyProvider$DatabaseHelper.insertAddingDefaults(TelephonyProvider.java:658)
W/Settings( 7409): at com.android.providers.telephony.TelephonyProvider$DatabaseHelper.loadApns(TelephonyProvider.java:564)
W/Settings( 7409): at com.android.providers.telephony.TelephonyProvider$DatabaseHelper.initDatabase(TelephonyProvider.java:304)
W/Settings( 7409): at com.android.providers.telephony.TelephonyProvider$DatabaseHelper.onCreate(TelephonyProvider.java:162)
W/Settings( 7409): at android.database.sqlite.SQLiteOpenHelper.getDatabaseLocked(SQLiteOpenHelper.java:265)
W/Settings( 7409): at android.database.sqlite.SQLiteOpenHelper.getReadableDatabase(SQLiteOpenHelper.java:196)
W/Settings( 7409): at com.android.providers.telephony.TelephonyProvider.query(TelephonyProvider.java:791)
W/Settings( 7409): at android.content.ContentProvider.query(ContentProvider.java:1001)
W/Settings( 7409): at android.content.ContentProvider$Transport.query(ContentProvider.java:215)
W/Settings( 7409): at android.content.ContentProviderNative.onTransact(ContentProviderNative.java:112)
W/Settings( 7409): at android.os.Binder.execTransact(Binder.java:446)
E/DatabaseUtils( 7520): Writing exception to parcel
E/DatabaseUtils( 7520): java.lang.NullPointerException: Attempt to invoke interface method 'void android.content.IContentService.registerContentObserver(android.net.Uri, boolean, android.database.IContentObserver, int)' on a null object reference
E/DatabaseUtils( 7520): at android.content.ContentResolver.registerContentObserver(ContentResolver.java:1571)
E/DatabaseUtils( 7520): at android.database.AbstractCursor.setNotificationUri(AbstractCursor.java:361)
E/DatabaseUtils( 7520): at android.database.AbstractCursor.setNotificationUri(AbstractCursor.java:349)
E/DatabaseUtils( 7520): at com.android.providers.contacts.CallLogProvider.query(CallLogProvider.java:233)
E/DatabaseUtils( 7520): at android.content.ContentProvider.query(ContentProvider.java:1001)
E/DatabaseUtils( 7520): at android.content.ContentProvider$Transport.query(ContentProvider.java:215)
E/DatabaseUtils( 7520): at android.content.ContentProviderNative.onTransact(ContentProviderNative.java:112)
E/DatabaseUtils( 7520): at android.os.Binder.execTransact(Binder.java:446)
D/AndroidRuntime( 7290): Shutting down VM
E/AndroidRuntime( 7290): FATAL EXCEPTION: main
E/AndroidRuntime( 7290): Process: com.android.systemui, PID: 7290
E/AndroidRuntime( 7290): java.lang.RuntimeException: Unable to create service com.android.systemui.SystemUIService: java.lang.NullPointerException: Attempt to invoke interface method 'void android.media.IAudioService.setVolumeController(android.media.IVolumeController)' on a null object reference
E/AndroidRuntime( 7290): at android.app.ActivityThread.handleCreateService(ActivityThread.java:2771)
E/AndroidRuntime( 7290): at android.app.ActivityThread.access$1800(ActivityThread.java:151)
E/AndroidRuntime( 7290): at android.app.ActivityThread$H.handleMessage(ActivityThread.java:1386)
E/AndroidRuntime( 7290): at android.os.Handler.dispatchMessage(Handler.java:102)
E/AndroidRuntime( 7290): at android.os.Looper.loop(Looper.java:135)
E/AndroidRuntime( 7290): at android.app.ActivityThread.main(ActivityThread.java:5254)
E/AndroidRuntime( 7290): at java.lang.reflect.Method.invoke(Native Method)
E/AndroidRuntime( 7290): at java.lang.reflect.Method.invoke(Method.java:372)
E/AndroidRuntime( 7290): at com.android.internal.os.ZygoteInit$MethodAndArgsCaller.run(ZygoteInit.java:904)
E/AndroidRuntime( 7290): at com.android.internal.os.ZygoteInit.main(ZygoteInit.java:699)
E/AndroidRuntime( 7290): Caused by: java.lang.NullPointerException: Attempt to invoke interface method 'void android.media.IAudioService.setVolumeController(android.media.IVolumeController)' on a null object reference
E/AndroidRuntime( 7290): at android.media.AudioManager.setVolumeController(AudioManager.java:3473)
E/AndroidRuntime( 7290): at com.android.systemui.volume.VolumeUI.updateController(VolumeUI.java:97)
E/AndroidRuntime( 7290): at com.android.systemui.volume.VolumeUI.start(VolumeUI.java:74)
E/AndroidRuntime( 7290): at com.android.systemui.SystemUIApplication.startServicesIfNeeded(SystemUIApplication.java:124)
E/AndroidRuntime( 7290): at com.android.systemui.SystemUIService.onCreate(SystemUIService.java:31)
E/AndroidRuntime( 7290): at android.app.ActivityThread.handleCreateService(ActivityThread.java:2761)
E/AndroidRuntime( 7290): ... 9 more
I/ContactLocale( 7520): AddressBook Labels [en-US]: [, A, B, C, D, E, F, G, H, I, J, K, L, M, N, O, P, Q, R, S, T, U, V, W, X, Y, Z, Α, Β, Γ, Δ, Ε, Ζ, Η, Θ, Ι, Κ, Λ, Μ, Ν, Ξ, Ο, Π, Ρ, Σ, Τ, Υ, Φ, Χ, Ψ, Ω, , А, Б, В, Г, Д, Ђ, Е, Є, Ж, З, И, І, Ї, Й, Ј, К, Л, Љ, М, Н, Њ, О, П, Р, С, Т, Ћ, У, Ф, Х, Ц, Ч, Џ, Ш, Щ, Ю, Я, , א, ב, ג, ד, ה, ו, ז, ח, ט, י, כ, ל, מ, נ, ס, ע, פ, צ, ק, ר, ש, ת, , ا, ب, ت, ث, ج, ح, خ, د, ذ, ر, ز, س, ش, ص, ض, ط, ظ, ع, غ, ف, ق, ك, ل, م, ن, ه, و, ي, , ก, ข, ฃ, ค, ฅ, ฆ, ง, จ, ฉ, ช, ซ, ฌ, ญ, ฎ, ฏ, ฐ, ฑ, ฒ, ณ, ด, ต, ถ, ท, ธ, น, บ, ป, ผ, ฝ, พ, ฟ, ภ, ม, ย, ร, ฤ, ล, ฦ, ว, ศ, ษ, ส, ห, ฬ, อ, ฮ, , ㄱ, ㄴ, ㄷ, ㄹ, ㅁ, ㅂ, ㅅ, ㅇ, ㅈ, ㅊ, ㅋ, ㅌ, ㅍ, ㅎ, , あ, か, さ, た, な, は, ま, や, ら, わ, #, ]
E/AndroidRuntime( 7290): Error reporting crash
E/AndroidRuntime( 7290): android.os.DeadObjectException
E/AndroidRuntime( 7290): at android.os.BinderProxy.transactNative(Native Method)
E/AndroidRuntime( 7290): at android.os.BinderProxy.transact(Binder.java:496)
E/AndroidRuntime( 7290): at android.app.ActivityManagerProxy.handleApplicationCrash(ActivityManagerNative.java:4207)
E/AndroidRuntime( 7290): at com.android.internal.os.RuntimeInit$UncaughtHandler.uncaughtException(RuntimeInit.java:89)
E/AndroidRuntime( 7290): at java.lang.ThreadGroup.uncaughtException(ThreadGroup.java:693)
E/AndroidRuntime( 7290): at java.lang.ThreadGroup.uncaughtException(ThreadGroup.java:690)
W/Settings( 7409): Can't get key airplane_mode_on from content://settings/global
W/Settings( 7409): android.os.DeadObjectException
W/Settings( 7409): at android.os.BinderProxy.transactNative(Native Method)
W/Settings( 7409): at android.os.BinderProxy.transact(Binder.java:496)
W/Settings( 7409): at android.content.ContentProviderProxy.query(ContentProviderNative.java:419)
W/Settings( 7409): at android.provider.Settings$NameValueCache.getStringForUser(Settings.java:1166)
W/Settings( 7409): at android.provider.Settings$Global.getStringForUser(Settings.java:6866)
W/Settings( 7409): at android.provider.Settings$Global.getString(Settings.java:6855)
W/Settings( 7409): at android.provider.Settings$Global.getInt(Settings.java:6922)
W/Settings( 7409): at com.android.internal.telephony.gsm.GsmServiceStateTracker.(GsmServiceStateTracker.java:236)
W/Settings( 7409): at com.android.internal.telephony.gsm.GSMPhone.(GSMPhone.java:198)
W/Settings( 7409): at com.android.internal.telephony.gsm.GSMPhone.(GSMPhone.java:183)
W/Settings( 7409): at com.android.internal.telephony.PhoneFactory.makeDefaultPhone(PhoneFactory.java:183)
W/Settings( 7409): at com.android.internal.telephony.PhoneFactory.makeDefaultPhones(PhoneFactory.java:80)
W/Settings( 7409): at com.android.phone.PhoneGlobals.onCreate(PhoneGlobals.java:338)
W/Settings( 7409): at com.android.phone.PhoneApp.onCreate(PhoneApp.java:41)
W/Settings( 7409): at android.app.Instrumentation.callApplicationOnCreate(Instrumentation.java:1012)
W/Settings( 7409): at android.app.ActivityThread.handleBindApplication(ActivityThread.java:4553)
W/Settings( 7409): at android.app.ActivityThread.access$1500(ActivityThread.java:151)
W/Settings( 7409): at android.app.ActivityThread$H.handleMessage(ActivityThread.java:1364)
W/Settings( 7409): at android.os.Handler.dispatchMessage(Handler.java:102)
W/Settings( 7409): at android.os.Looper.loop(Looper.java:135)
W/Settings( 7409): at android.app.ActivityThread.main(ActivityThread.java:5254)
W/Settings( 7409): at java.lang.reflect.Method.invoke(Native Method)
W/Settings( 7409): at java.lang.reflect.Method.invoke(Method.java:372)
W/Settings( 7409): at com.android.internal.os.ZygoteInit$MethodAndArgsCaller.run(ZygoteInit.java:904)
W/Settings( 7409): at com.android.internal.os.ZygoteInit.main(ZygoteInit.java:699)
I/Process ( 7290): Sending signal. PID: 7290 SIG: 9
D/Utils ( 7229): printFileName fd(7) -> /system/media/audio/ui/Unlock.ogg
D/AndroidRuntime( 7576): Shutting down VM
E/AndroidRuntime( 7576): FATAL EXCEPTION: main
E/AndroidRuntime( 7576): Process: com.fairphone.setupwizard, PID: 7576
E/AndroidRuntime( 7576): java.lang.RuntimeException: Unable to instantiate application com.fairphone.setupwizard.SetupWizardApp: java.lang.IllegalStateException: Unable to get package info for com.fairphone.setupwizard; is system dying?
E/AndroidRuntime( 7576): at android.app.LoadedApk.makeApplication(LoadedApk.java:563)
E/AndroidRuntime( 7576): at android.app.ActivityThread.handleBindApplication(ActivityThread.java:4526)
E/AndroidRuntime( 7576): at android.app.ActivityThread.access$1500(ActivityThread.java:151)
E/AndroidRuntime( 7576): at android.app.ActivityThread$H.handleMessage(ActivityThread.java:1364)
E/AndroidRuntime( 7576): at android.os.Handler.dispatchMessage(Handler.java:102)
E/AndroidRuntime( 7576): at android.os.Looper.loop(Looper.java:135)
E/AndroidRuntime( 7576): at android.app.ActivityThread.main(ActivityThread.java:5254)
E/AndroidRuntime( 7576): at java.lang.reflect.Method.invoke(Native Method)
E/AndroidRuntime( 7576): at java.lang.reflect.Method.invoke(Method.java:372)
E/AndroidRuntime( 7576): at com.android.internal.os.ZygoteInit$MethodAndArgsCaller.run(ZygoteInit.java:904)
E/AndroidRuntime( 7576): at com.android.internal.os.ZygoteInit.main(ZygoteInit.java:699)
E/AndroidRuntime( 7576): Caused by: java.lang.IllegalStateException: Unable to get package info for com.fairphone.setupwizard; is system dying?
E/AndroidRuntime( 7576): at android.app.LoadedApk.initializeJavaContextClassLoader(LoadedApk.java:405)
E/AndroidRuntime( 7576): at android.app.LoadedApk.makeApplication(LoadedApk.java:555)
E/AndroidRuntime( 7576): ... 10 more
E/AndroidRuntime( 7576): Caused by: android.os.DeadObjectException
E/AndroidRuntime( 7576): at android.os.BinderProxy.transactNative(Native Method)
E/AndroidRuntime( 7576): at android.os.BinderProxy.transact(Binder.java:496)
E/AndroidRuntime( 7576): at android.content.pm.IPackageManager$Stub$Proxy.getPackageInfo(IPackageManager.java:1786)
E/AndroidRuntime( 7576): at android.app.LoadedApk.initializeJavaContextClassLoader(LoadedApk.java:403)
E/AndroidRuntime( 7576): ... 11 more
E/AndroidRuntime( 7576): Error reporting crash
E/AndroidRuntime( 7576): android.os.DeadObjectException
E/AndroidRuntime( 7576): at android.os.BinderProxy.transactNative(Native Method)
E/AndroidRuntime( 7576): at android.os.BinderProxy.transact(Binder.java:496)
E/AndroidRuntime( 7576): at android.app.ActivityManagerProxy.handleApplicationCrash(ActivityManagerNative.java:4207)
E/AndroidRuntime( 7576): at com.android.internal.os.RuntimeInit$UncaughtHandler.uncaughtException(RuntimeInit.java:89)
E/AndroidRuntime( 7576): at java.lang.ThreadGroup.uncaughtException(ThreadGroup.java:693)
E/AndroidRuntime( 7576): at java.lang.ThreadGroup.uncaughtException(ThreadGroup.java:690)
I/Process ( 7576): Sending signal. PID: 7576 SIG: 9
W/Settings( 7409): Can't get key mobile_data0 from content://settings/global
W/Settings( 7409): android.os.DeadObjectException
W/Settings( 7409): at android.os.BinderProxy.transactNative(Native Method)
W/Settings( 7409): at android.os.BinderProxy.transact(Binder.java:496)
W/Settings( 7409): at android.content.ContentProviderProxy.query(ContentProviderNative.java:419)
W/Settings( 7409): at android.provider.Settings$NameValueCache.getStringForUser(Settings.java:1166)
W/Settings( 7409): at android.provider.Settings$Global.getStringForUser(Settings.java:6866)
W/Settings( 7409): at android.provider.Settings$Global.getString(Settings.java:6855)
W/Settings( 7409): at android.provider.Settings$Global.getInt(Settings.java:6950)
W/Settings( 7409): at com.android.internal.telephony.dataconnection.DcTrackerBase.getDataEnabled(DcTrackerBase.java:820)
W/Settings( 7409): at com.android.internal.telephony.dataconnection.DcTrackerBase.(DcTrackerBase.java:596)
W/Settings( 7409): at com.android.internal.telephony.dataconnection.DcTracker.(DcTracker.java:198)
W/Settings( 7409): at com.android.internal.telephony.gsm.GSMPhone.(GSMPhone.java:199)
W/Settings( 7409): at com.android.internal.telephony.gsm.GSMPhone.(GSMPhone.java:183)
W/Settings( 7409): at com.android.internal.telephony.PhoneFactory.makeDefaultPhone(PhoneFactory.java:183)
W/Settings( 7409): at com.android.internal.telephony.PhoneFactory.makeDefaultPhones(PhoneFactory.java:80)
W/Settings( 7409): at com.android.phone.PhoneGlobals.onCreate(PhoneGlobals.java:338)
W/Settings( 7409): at com.android.phone.PhoneApp.onCreate(PhoneApp.java:41)
W/Settings( 7409): at android.app.Instrumentation.callApplicationOnCreate(Instrumentation.java:1012)
W/Settings( 7409): at android.app.ActivityThread.handleBindApplication(ActivityThread.java:4553)
W/Settings( 7409): at android.app.ActivityThread.access$1500(ActivityThread.java:151)
W/Settings( 7409): at android.app.ActivityThread$H.handleMessage(ActivityThread.java:1364)
W/Settings( 7409): at android.os.Handler.dispatchMessage(Handler.java:102)
W/Settings( 7409): at android.os.Looper.loop(Looper.java:135)
W/Settings( 7409): at android.app.ActivityThread.main(ActivityThread.java:5254)
W/Settings( 7409): at java.lang.reflect.Method.invoke(Native Method)
W/Settings( 7409): at java.lang.reflect.Method.invoke(Method.java:372)
W/Settings( 7409): at com.android.internal.os.ZygoteInit$MethodAndArgsCaller.run(ZygoteInit.java:904)
W/Settings( 7409): at com.android.internal.os.ZygoteInit.main(ZygoteInit.java:699)
W/Settings( 7409): Can't get key mobile_data from content://settings/global
W/Settings( 7409): android.os.DeadObjectException
W/Settings( 7409): at android.os.BinderProxy.transactNative(Native Method)
W/Settings( 7409): at android.os.BinderProxy.transact(Binder.java:496)
W/Settings( 7409): at android.content.ContentProviderProxy.query(ContentProviderNative.java:419)
W/Settings( 7409): at android.provider.Settings$NameValueCache.getStringForUser(Settings.java:1166)
W/Settings( 7409): at android.provider.Settings$Global.getStringForUser(Settings.java:6866)
W/Settings( 7409): at android.provider.Settings$Global.getString(Settings.java:6855)
W/Settings( 7409): at android.provider.Settings$Global.getInt(Settings.java:6950)
W/Settings( 7409): at com.android.internal.telephony.dataconnection.DcTrackerBase.getDataEnabled(DcTrackerBase.java:825)
W/Settings( 7409): at com.android.internal.telephony.dataconnection.DcTrackerBase.(DcTrackerBase.java:596)
W/Settings( 7409): at com.android.internal.telephony.dataconnection.DcTracker.(DcTracker.java:198)
W/Settings( 7409): at com.android.internal.telephony.gsm.GSMPhone.(GSMPhone.java:199)
W/Settings( 7409): at com.android.internal.telephony.gsm.GSMPhone.(GSMPhone.java:183)
W/Settings( 7409): at com.android.internal.telephony.PhoneFactory.makeDefaultPhone(PhoneFactory.java:183)
W/Settings( 7409): at com.android.internal.telephony.PhoneFactory.makeDefaultPhones(PhoneFactory.java:80)
W/Settings( 7409): at com.android.phone.PhoneGlobals.onCreate(PhoneGlobals.java:338)
W/Settings( 7409): at com.android.phone.PhoneApp.onCreate(PhoneApp.java:41)
W/Settings( 7409): at android.app.Instrumentation.callApplicationOnCreate(Instrumentation.java:1012)
W/Settings( 7409): at android.app.ActivityThread.handleBindApplication(ActivityThread.java:4553)
W/Settings( 7409): at android.app.ActivityThread.access$1500(ActivityThread.java:151)
W/Settings( 7409): at android.app.ActivityThread$H.handleMessage(ActivityThread.java:1364)
W/Settings( 7409): at android.os.Handler.dispatchMessage(Handler.java:102)
W/Settings( 7409): at android.os.Looper.loop(Looper.java:135)
W/Settings( 7409): at android.app.ActivityThread.main(ActivityThread.java:5254)
W/Settings( 7409): at java.lang.reflect.Method.invoke(Native Method)
W/Settings( 7409): at java.lang.reflect.Method.invoke(Method.java:372)
W/Settings( 7409): at com.android.internal.os.ZygoteInit$MethodAndArgsCaller.run(ZygoteInit.java:904)
W/Settings( 7409): at com.android.internal.os.ZygoteInit.main(ZygoteInit.java:699)
D/ExtendedUtils( 7229): extended extractor not needed, return default
D/AudioPolicyManager( 7229): isOffloadSupported: stream_type != MUSIC, returning false
D/OMXCodec( 7229): Successfully allocated OMX node 'OMX.google.vorbis.decoder'
I/ExtendedUtils( 7229): decision 1 mime 
I/AudioPlayer( 7229): start of Playback, useOffload 0
E/IMemory ( 7229): binder=0xb5c74400 transaction failed fd=-2147483647, size=0, err=-32 (Broken pipe)
E/IMemory ( 7229): cannot dup fd=-2147483647, size=0, err=-32 (Bad file number)
E/IMemory ( 7229): cannot map BpMemoryHeap (binder=0xb5c74400), size=0, fd=-1 (Bad file number)
E/AudioCache( 7229): Invalid heap Id
W/Settings( 7409): Can't get key multi_sim_data_call from content://settings/global
W/Settings( 7409): android.os.DeadObjectException
W/Settings( 7409): at android.os.BinderProxy.transactNative(Native Method)
W/Settings( 7409): at android.os.BinderProxy.transact(Binder.java:496)
W/Settings( 7409): at android.content.ContentProviderProxy.query(ContentProviderNative.java:419)
W/Settings( 7409): at android.provider.Settings$NameValueCache.getStringForUser(Settings.java:1166)
W/Settings( 7409): at android.provider.Settings$Global.getStringForUser(Settings.java:6866)
W/Settings( 7409): at android.provider.Settings$Global.getString(Settings.java:6855)
W/Settings( 7409): at android.provider.Settings$Global.getInt(Settings.java:6922)
W/Settings( 7409): at com.android.internal.telephony.SubscriptionController.getDefaultDataSubId(SubscriptionController.java:1408)
W/Settings( 7409): at android.telephony.SubscriptionManager.getDefaultDataSubId(SubscriptionManager.java:993)
W/Settings( 7409): at com.android.providers.telephony.TelephonyProvider$DatabaseHelper.setDefaultValue(TelephonyProvider.java:630)
W/Settings( 7409): at com.android.providers.telephony.TelephonyProvider$DatabaseHelper.insertAddingDefaults(TelephonyProvider.java:658)
W/Settings( 7409): at com.android.providers.telephony.TelephonyProvider$DatabaseHelper.loadApns(TelephonyProvider.java:564)
W/Settings( 7409): at com.android.providers.telephony.TelephonyProvider$DatabaseHelper.initDatabase(TelephonyProvider.java:304)
W/Settings( 7409): at com.android.providers.telephony.TelephonyProvider$DatabaseHelper.onCreate(TelephonyProvider.java:162)
W/Settings( 7409): at android.database.sqlite.SQLiteOpenHelper.getDatabaseLocked(SQLiteOpenHelper.java:265)
W/Settings( 7409): at android.database.sqlite.SQLiteOpenHelper.getReadableDatabase(SQLiteOpenHelper.java:196)
W/Settings( 7409): at com.android.providers.telephony.TelephonyProvider.query(TelephonyProvider.java:791)
W/Settings( 7409): at android.content.ContentProvider.query(ContentProvider.java:1001)
W/Settings( 7409): at android.content.ContentProvider$Transport.query(ContentProvider.java:215)
W/Settings( 7409): at android.content.ContentProviderNative.onTransact(ContentProviderNative.java:112)
W/Settings( 7409): at android.os.Binder.execTransact(Binder.java:446)
W/Settings( 7409): Can't get key multi_sim_data_call from content://settings/global
W/Settings( 7409): android.os.DeadObjectException
W/Settings( 7409): at android.os.BinderProxy.transactNative(Native Method)
W/Settings( 7409): at android.os.BinderProxy.transact(Binder.java:496)
W/Settings( 7409): at android.content.ContentProviderProxy.query(ContentProviderNative.java:419)
W/Settings( 7409): at android.provider.Settings$NameValueCache.getStringForUser(Settings.java:1166)
W/Settings( 7409): at android.provider.Settings$Global.getStringForUser(Settings.java:6866)
W/Settings( 7409): at android.provider.Settings$Global.getString(Settings.java:6855)
W/Settings( 7409): at android.provider.Settings$Global.getInt(Settings.java:6922)
W/Settings( 7409): at com.android.internal.telephony.SubscriptionController.getDefaultDataSubId(SubscriptionController.java:1408)
W/Settings( 7409): at android.telephony.SubscriptionManager.getDefaultDataSubId(SubscriptionManager.java:993)
W/Settings( 7409): at com.android.providers.telephony.TelephonyProvider$DatabaseHelper.setDefaultValue(TelephonyProvider.java:630)
W/Settings( 7409): at com.android.providers.telephony.TelephonyProvider$DatabaseHelper.insertAddingDefaults(TelephonyProvider.java:658)
W/Settings( 7409): at com.android.providers.telephony.TelephonyProvider$DatabaseHelper.loadApns(TelephonyProvider.java:564)
W/Settings( 7409): at com.android.providers.telephony.TelephonyProvider$DatabaseHelper.initDatabase(TelephonyProvider.java:304)
W/Settings( 7409): at com.android.providers.telephony.TelephonyProvider$DatabaseHelper.onCreate(TelephonyProvider.java:162)
W/Settings( 7409): at android.database.sqlite.SQLiteOpenHelper.getDatabaseLocked(SQLiteOpenHelper.java:265)
W/Settings( 7409): at android.database.sqlite.SQLiteOpenHelper.getReadableDatabase(SQLiteOpenHelper.java:196)
W/Settings( 7409): at com.android.providers.telephony.TelephonyProvider.query(TelephonyProvider.java:791)
W/Settings( 7409): at android.content.ContentProvider.query(ContentProvider.java:1001)
W/Settings( 7409): at android.content.ContentProvider$Transport.query(ContentProvider.java:215)
W/Settings( 7409): at android.content.ContentProviderNative.onTransact(ContentProviderNative.java:112)
W/Settings( 7409): at android.os.Binder.execTransact(Binder.java:446)
W/Settings( 7409): Can't get key mobile_data0 from content://settings/global
W/Settings( 7409): android.os.DeadObjectException
W/Settings( 7409): at android.os.BinderProxy.transactNative(Native Method)
W/Settings( 7409): at android.os.BinderProxy.transact(Binder.java:496)
W/Settings( 7409): at android.content.ContentProviderProxy.query(ContentProviderNative.java:419)
W/Settings( 7409): at android.provider.Settings$NameValueCache.getStringForUser(Settings.java:1166)
W/Settings( 7409): at android.provider.Settings$Global.getStringForUser(Settings.java:6866)
W/Settings( 7409): at android.provider.Settings$Global.getString(Settings.java:6855)
W/Settings( 7409): at android.provider.Settings$Global.getInt(Settings.java:6922)
W/Settings( 7409): at com.android.internal.telephony.dataconnection.DcTracker.update(DcTracker.java:3050)
W/Settings( 7409): at com.android.internal.telephony.dataconnection.DcTracker.(DcTracker.java:221)
W/Settings( 7409): at com.android.internal.telephony.gsm.GSMPhone.(GSMPhone.java:199)
W/Settings( 7409): at com.android.internal.telephony.gsm.GSMPhone.(GSMPhone.java:183)
W/Settings( 7409): at com.android.internal.telephony.PhoneFactory.makeDefaultPhone(PhoneFactory.java:183)
W/Settings( 7409): at com.android.internal.telephony.PhoneFactory.makeDefaultPhones(PhoneFactory.java:80)
W/Settings( 7409): at com.android.phone.PhoneGlobals.onCreate(PhoneGlobals.java:338)
W/Settings( 7409): at com.android.phone.PhoneApp.onCreate(PhoneApp.java:41)
W/Settings( 7409): at android.app.Instrumentation.callApplicationOnCreate(Instrumentation.java:1012)
W/Settings( 7409): at android.app.ActivityThread.handleBindApplication(ActivityThread.java:4553)
W/Settings( 7409): at android.app.ActivityThread.access$1500(ActivityThread.java:151)
W/Settings( 7409): at android.app.ActivityThread$H.handleMessage(ActivityThread.java:1364)
W/Settings( 7409): at android.os.Handler.dispatchMessage(Handler.java:102)
W/Settings( 7409): at android.os.Looper.loop(Looper.java:135)
W/Settings( 7409): at android.app.ActivityThread.main(ActivityThread.java:5254)
W/Settings( 7409): at java.lang.reflect.Method.invoke(Native Method)
W/Settings( 7409): at java.lang.reflect.Method.invoke(Method.java:372)
W/Settings( 7409): at com.android.internal.os.ZygoteInit$MethodAndArgsCaller.run(ZygoteInit.java:904)
W/Settings( 7409): at com.android.internal.os.ZygoteInit.main(ZygoteInit.java:699)
W/Settings( 7409): Can't get key multi_sim_data_call from content://settings/global
W/Settings( 7409): android.os.DeadObjectException
W/Settings( 7409): at android.os.BinderProxy.transactNative(Native Method)
W/Settings( 7409): at android.os.BinderProxy.transact(Binder.java:496)
W/Settings( 7409): at android.content.ContentProviderProxy.query(ContentProviderNative.java:419)
W/Settings( 7409): at android.provider.Settings$NameValueCache.getStringForUser(Settings.java:1166)
W/Settings( 7409): at android.provider.Settings$Global.getStringForUser(Settings.java:6866)
W/Settings( 7409): at android.provider.Settings$Global.getString(Settings.java:6855)
W/Settings( 7409): at android.provider.Settings$Global.getInt(Settings.java:6922)
W/Settings( 7409): at com.android.internal.telephony.SubscriptionController.getDefaultDataSubId(SubscriptionController.java:1408)
W/Settings( 7409): at android.telephony.SubscriptionManager.getDefaultDataSubId(SubscriptionManager.java:993)
W/Settings( 7409): at com.android.providers.telephony.TelephonyProvider$DatabaseHelper.setDefaultValue(TelephonyProvider.java:630)
W/Settings( 7409): at com.android.providers.telephony.TelephonyProvider$DatabaseHelper.insertAddingDefaults(TelephonyProvider.java:658)
W/Settings( 7409): at com.android.providers.telephony.TelephonyProvider$DatabaseHelper.loadApns(TelephonyProvider.java:564)
W/Settings( 7409): at com.android.providers.telephony.TelephonyProvider$DatabaseHelper.initDatabase(TelephonyProvider.java:304)
W/Settings( 7409): at com.android.providers.telephony.TelephonyProvider$DatabaseHelper.onCreate(TelephonyProvider.java:162)
W/Settings( 7409): at android.database.sqlite.SQLiteOpenHelper.getDatabaseLocked(SQLiteOpenHelper.java:265)
W/Settings( 7409): at android.database.sqlite.SQLiteOpenHelper.getReadableDatabase(SQLiteOpenHelper.java:196)
W/Settings( 7409): at com.android.providers.telephony.TelephonyProvider.query(TelephonyProvider.java:791)
W/Settings( 7409): at android.content.ContentProvider.query(ContentProvider.java:1001)
W/Settings( 7409): at android.content.ContentProvider$Transport.query(ContentProvider.java:215)
W/Settings( 7409): at android.content.ContentProviderNative.onTransact(ContentProviderNative.java:112)
W/Settings( 7409): at android.os.Binder.execTransact(Binder.java:446)
W/Settings( 7409): Can't get key multi_sim_data_call from content://settings/global
W/Settings( 7409): android.os.DeadObjectException
W/Settings( 7409): at android.os.BinderProxy.transactNative(Native Method)
W/Settings( 7409): at android.os.BinderProxy.transact(Binder.java:496)
W/Settings( 7409): at android.content.ContentProviderProxy.query(ContentProviderNative.java:419)
W/Settings( 7409): at android.provider.Settings$NameValueCache.getStringForUser(Settings.java:1166)
W/Settings( 7409): at android.provider.Settings$Global.getStringForUser(Settings.java:6866)
W/Settings( 7409): at android.provider.Settings$Global.getString(Settings.java:6855)
W/Settings( 7409): at android.provider.Settings$Global.getInt(Settings.java:6922)
W/Settings( 7409): at com.android.internal.telephony.SubscriptionController.getDefaultDataSubId(SubscriptionController.java:1408)
W/Settings( 7409): at android.telephony.SubscriptionManager.getDefaultDataSubId(SubscriptionManager.java:993)
W/Settings( 7409): at com.android.internal.telephony.gsm.GSMPhone.updateCurrentCarrierInProvider(GSMPhone.java:1859)
W/Settings( 7409): at com.android.internal.telephony.dataconnection.DcTracker.update(DcTracker.java:3057)
W/Settings( 7409): at com.android.internal.telephony.dataconnection.DcTracker.(DcTracker.java:221)
