V/BackupManagerService( 5400): Starting with transport android/com.android.internal.backup.LocalTransport
V/BackupManagerService( 5400): Found transports: 1
I/BackupManagerService( 5400): Binding to transport host ComponentInfo{android/com.android.internal.backup.LocalTransportService}
I/BackupManagerService( 5400): Found stale backup journal, scheduling
E/SurfaceFlinger( 5244): Permission Denial: can't access SurfaceFlinger pid=5400, uid=1000
E/SurfaceFlinger( 5244): Permission Denial: can't access SurfaceFlinger pid=5400, uid=1000
W/DisplayPowerController( 5400): config_screenBrightnessDark (10) should be less than or equal to the first value of config_autoBrightnessLcdBacklightValues (3).
I/ActivityManager( 5400): System now ready
E/SurfaceFlinger( 5244): Permission Denial: can't access SurfaceFlinger pid=5400, uid=1000
I/DigitalPenService( 5400): registerOffScreenDimensionsCallback called
E/SurfaceFlinger( 5244): Permission Denial: can't access SurfaceFlinger pid=5400, uid=1000
E/SurfaceFlinger( 5244): Permission Denial: can't access SurfaceFlinger pid=5400, uid=1000
I/SystemServer( 5400): Making services ready
I/SystemServiceManager( 5400): Starting phase 550
F/WindowAnimator( 5400): Unhandled exception in Window Manager
F/WindowAnimator( 5400): java.lang.NullPointerException: Attempt to invoke virtual method 'void android.view.SurfaceControl.setLayer(int)' on a null object reference
F/WindowAnimator( 5400): at com.android.server.wm.FocusedStackFrame.setLayer(FocusedStackFrame.java:140)
F/WindowAnimator( 5400): at com.android.server.wm.WindowManagerService.setFocusedStackLayer(WindowManagerService.java:3985)
F/WindowAnimator( 5400): at com.android.server.wm.WindowAnimator.animateLocked(WindowAnimator.java:708)
F/WindowAnimator( 5400): at com.android.server.wm.WindowAnimator.access$000(WindowAnimator.java:54)
F/WindowAnimator( 5400): at com.android.server.wm.WindowAnimator$1.run(WindowAnimator.java:126)
F/WindowAnimator( 5400): at android.view.Choreographer$CallbackRecord.run(Choreographer.java:767)
F/WindowAnimator( 5400): at android.view.Choreographer.doCallbacks(Choreographer.java:580)
F/WindowAnimator( 5400): at android.view.Choreographer.doFrame(Choreographer.java:549)
F/WindowAnimator( 5400): at android.view.Choreographer$FrameDisplayEventReceiver.run(Choreographer.java:753)
F/WindowAnimator( 5400): at android.os.Handler.handleCallback(Handler.java:739)
F/WindowAnimator( 5400): at android.os.Handler.dispatchMessage(Handler.java:95)
F/WindowAnimator( 5400): at android.os.Looper.loop(Looper.java:135)
F/WindowAnimator( 5400): at android.os.HandlerThread.run(HandlerThread.java:61)
F/WindowAnimator( 5400): at com.android.server.ServiceThread.run(ServiceThread.java:46)
I/SystemServer( 5400): WebViewFactory preparation
E/SurfaceFlinger( 5244): Permission Denial: can't access SurfaceFlinger pid=5400, uid=1000
I/DigitalPenOffScreenDisplayAdapter( 5400): mInfo is null, getting a new one
I/DisplayManagerService( 5400): Display device added: DisplayDeviceInfo{"Digital Pen off-screen display": uniqueId="null", 480 x 640, 60.0 fps, supportedRefreshRates [], density 160, 160.0 x 160.0 dpi, appVsyncOff 0, presDeadline 0, touch EXTERNAL, rotation 0, type BUILT_IN, state ON, FLAG_ROTATES_WITH_CONTENT}
F/WindowManager( 5400): Unhandled exception in Window Manager
F/WindowManager( 5400): java.lang.IllegalArgumentException: displayToken must not be null
F/WindowManager( 5400): at android.view.SurfaceControl.setDisplayLayerStack(SurfaceControl.java:588)
F/WindowManager( 5400): at com.android.server.display.DisplayDevice.setLayerStackInTransactionLocked(DisplayDevice.java:140)
F/WindowManager( 5400): at com.android.server.display.LogicalDisplay.configureDisplayInTransactionLocked(LogicalDisplay.java:262)
F/WindowManager( 5400): at com.android.server.display.DisplayManagerService.configureDisplayInTransactionLocked(DisplayManagerService.java:884)
F/WindowManager( 5400): at com.android.server.display.DisplayManagerService.performTraversalInTransactionLocked(DisplayManagerService.java:806)
F/WindowManager( 5400): at com.android.server.display.DisplayManagerService.performTraversalInTransactionFromWindowManagerInternal(DisplayManagerService.java:317)
F/WindowManager( 5400): at com.android.server.display.DisplayManagerService.access$4200(DisplayManagerService.java:112)
F/WindowManager( 5400): at com.android.server.display.DisplayManagerService$LocalService.performTraversalInTransactionFromWindowManager(DisplayManagerService.java:1539)
F/WindowManager( 5400): at com.android.server.wm.WindowManagerService.performLayoutAndPlaceSurfacesLockedInner(WindowManagerService.java:9960)
F/WindowManager( 5400): at com.android.server.wm.WindowManagerService.performLayoutAndPlaceSurfacesLockedLoop(WindowManagerService.java:8828)
F/WindowManager( 5400): at com.android.server.wm.WindowManagerService.performLayoutAndPlaceSurfacesLocked(WindowManagerService.java:8770)
F/WindowManager( 5400): at com.android.server.wm.WindowManagerService.access$400(WindowManagerService.java:163)
F/WindowManager( 5400): at com.android.server.wm.WindowManagerService$H.handleMessage(WindowManagerService.java:7736)
F/WindowManager( 5400): at android.os.Handler.dispatchMessage(Handler.java:102)
F/WindowManager( 5400): at android.os.Looper.loop(Looper.java:135)
F/WindowManager( 5400): at android.os.HandlerThread.run(HandlerThread.java:61)
F/WindowManager( 5400): at com.android.server.ServiceThread.run(ServiceThread.java:46)
E/SurfaceFlinger( 5244): Permission Denial: can't access SurfaceFlinger pid=5400, uid=1000
E/SurfaceFlinger( 5244): Permission Denial: can't access SurfaceFlinger pid=5400, uid=1000
I/Zygote ( 5400): Process: zygote socket opened, supported ABIS: armeabi-v7a,armeabi
F/WindowAnimator( 5400): Unhandled exception in Window Manager
F/WindowAnimator( 5400): java.lang.NullPointerException: Attempt to invoke virtual method 'void android.view.SurfaceControl.setLayer(int)' on a null object reference
F/WindowAnimator( 5400): at com.android.server.wm.FocusedStackFrame.setLayer(FocusedStackFrame.java:140)
F/WindowAnimator( 5400): at com.android.server.wm.WindowManagerService.setFocusedStackLayer(WindowManagerService.java:3985)
F/WindowAnimator( 5400): at com.android.server.wm.WindowAnimator.animateLocked(WindowAnimator.java:708)
F/WindowAnimator( 5400): at com.android.server.wm.WindowAnimator.access$000(WindowAnimator.java:54)
F/WindowAnimator( 5400): at com.android.server.wm.WindowAnimator$1.run(WindowAnimator.java:126)
F/WindowAnimator( 5400): at android.view.Choreographer$CallbackRecord.run(Choreographer.java:767)
F/WindowAnimator( 5400): at android.view.Choreographer.doCallbacks(Choreographer.java:580)
F/WindowAnimator( 5400): at android.view.Choreographer.doFrame(Choreographer.java:549)
F/WindowAnimator( 5400): at android.view.Choreographer$FrameDisplayEventReceiver.run(Choreographer.java:753)
F/WindowAnimator( 5400): at android.os.Handler.handleCallback(Handler.java:739)
F/WindowAnimator( 5400): at android.os.Handler.dispatchMessage(Handler.java:95)
F/WindowAnimator( 5400): at android.os.Looper.loop(Looper.java:135)
F/WindowAnimator( 5400): at android.os.HandlerThread.run(HandlerThread.java:61)
F/WindowAnimator( 5400): at com.android.server.ServiceThread.run(ServiceThread.java:46)
E/SurfaceFlinger( 5244): Permission Denial: can't access SurfaceFlinger pid=5400, uid=1000
E/libprocessgroup( 7273): failed to open /acct/uid_1037/pid_7273/cgroup.procs: No such file or directory
E/Zygote ( 7273): createProcessGroup(1037, 0) failed: No such file or directory
I/ActivityManager( 5400): Start proc 7273:WebViewLoader-armeabi-v7a/1037 [android.webkit.WebViewFactory$RelroFileCreator] for
V/WebViewFactory( 7273): RelroFileCreator (64bit = false), 32-bit lib: /system/app/webview/lib/arm/libwebviewchromium.so, 64-bit lib:
E/libprocessgroup( 7290): failed to open /acct/uid_10018/pid_7290/cgroup.procs: No such file or directory
E/Zygote ( 7290): createProcessGroup(10018, 0) failed: No such file or directory
I/ActivityManager( 5400): Start proc 7290:com.android.systemui/u0a18 for service com.android.systemui/.SystemUIService
W/NetworkStats( 5400): bandwidth controls disabled, unable to track stats
W/NetworkPolicy( 5400): bandwidth controls disabled, unable to enforce policy
W/SystemServer( 5400): ***********************************************
E/MountService( 5400): Boot-time mount failed (-1)
F/SystemServer( 5400): BOOT FAILURE making Connectivity Service ready
F/SystemServer( 5400): java.lang.NullPointerException: Attempt to invoke interface method 'int android.security.IKeystoreService.exist(java.lang.String, int)' on a null object reference
F/SystemServer( 5400): at android.security.KeyStore.contains(KeyStore.java:137)
F/SystemServer( 5400): at android.security.KeyStore.contains(KeyStore.java:145)
F/SystemServer( 5400): at com.android.server.net.LockdownVpnTracker.isEnabled(LockdownVpnTracker.java:88)
F/SystemServer( 5400): at com.android.server.ConnectivityService.updateLockdownVpn(ConnectivityService.java:3129)
F/SystemServer( 5400): at com.android.server.ConnectivityService.systemReady(ConnectivityService.java:1629)
F/SystemServer( 5400): at com.android.server.SystemServer$2.run(SystemServer.java:1181)
F/SystemServer( 5400): at com.android.server.am.ActivityManagerService.systemReady(ActivityManagerService.java:11334)
F/SystemServer( 5400): at com.android.server.SystemServer.startOtherServices(SystemServer.java:1134)
F/SystemServer( 5400): at com.android.server.SystemServer.run(SystemServer.java:265)
F/SystemServer( 5400): at com.android.server.SystemServer.main(SystemServer.java:179)
F/SystemServer( 5400): at java.lang.reflect.Method.invoke(Native Method)
F/SystemServer( 5400): at java.lang.reflect.Method.invoke(Method.java:372)
F/SystemServer( 5400): at com.android.internal.os.ZygoteInit$MethodAndArgsCaller.run(ZygoteInit.java:904)
F/SystemServer( 5400): at com.android.internal.os.ZygoteInit.main(ZygoteInit.java:699)
I/SystemServiceManager( 5400): Starting phase 600
E/BluetoothAdapter( 5400): Bluetooth binder is null
I/BackupManagerService( 5400): Backup enabled => false
I/BackupManagerService( 5400): Opting out of backup
E/BluetoothAdapter( 5400): Bluetooth binder is null
E/NetlinkListener( 687): recvmsg failed (I/O error)
E/NetlinkListener( 5246): recvmsg failed (I/O error)
E/MountService( 5400): Boot-time mount failed (-1)
W/MountService( 5400): Duplicate state transition (mounted -> mounted) for /storage/emulated/0
E/NetlinkListener( 5246): recvmsg failed (I/O error)
E/NetlinkListener( 687): recvmsg failed (I/O error)
E/InputMethodManagerService( 5400): Ignoring setImeWindowStatus due to an invalid token. uid:1000 token:null
E/OMXMaster( 7229): A component of name 'OMX.qcom.audio.decoder.aac' already exists, ignoring this one.
D/Utils ( 7229): printFileName fd(7) -> /system/media/audio/ui/Effect_Tick.ogg
E/libprocessgroup( 7325): failed to open /acct/uid_10039/pid_7325/cgroup.procs: No such file or directory
E/Zygote ( 7325): createProcessGroup(10039, 0) failed: No such file or directory
I/ActivityManager( 5400): Start proc 7325:com.android.inputmethod.latin/u0a39 for service com.android.inputmethod.latin/.LatinIME
V/InputMethodManagerService( 5400): Adding window token: android.os.Binder@1a7f59e7
D/GpsLocationProvider( 5400): Reset GPS properties, previous size = 0
D/GpsLocationProvider( 5400): GpsParamsResource: SUPL_HOST=supl.google.com
D/GpsLocationProvider( 5400): GpsParamsResource: SUPL_PORT=7275
D/GpsLocationProvider( 5400): GpsParamsResource: NTP_SERVER=north-america.pool.ntp.org
D/GpsLocationProvider( 5400): GpsParamsResource: SUPL_VER=0x20000
D/GpsLocationProvider( 5400): GpsParamsResource: SUPL_MODE=1
D/GpsLocationProvider( 5400): GPS properties reloaded, size = 16
E/GpsLocationProvider( 5400): no AGPS interface in set_agps_server
E/GpsLocationProvider( 5400): no GPS configuration interface in configuraiton_update
D/GpsLocationProvider( 5400): final config = #Fri Dec 09 19:51:39 GMT+00:00 2016
D/GpsLocationProvider( 5400): SUPL_HOST=supl.google.com
D/GpsLocationProvider( 5400): SUPL_PORT=7275
D/GpsLocationProvider( 5400): XTRA_VERSION_CHECK=0
D/GpsLocationProvider( 5400): DEBUG_LEVEL=3
D/GpsLocationProvider( 5400): SUPL_ES=1
D/GpsLocationProvider( 5400): NMEA_PROVIDER=0
D/GpsLocationProvider( 5400): CAPABILITIES=0x37
D/GpsLocationProvider( 5400): SUPL_VER=0x10000
D/GpsLocationProvider( 5400): ERR_ESTIMATE=0
D/GpsLocationProvider( 5400): A_GLONASS_POS_PROTOCOL_SELECT=bitmap 3 set
D/GpsLocationProvider( 5400): INTERMEDIATE_POS=0
D/GpsLocationProvider( 5400): SGLTE_TARGET=0
D/GpsLocationProvider( 5400): LPP_PROFILE=3
D/GpsLocationProvider( 5400): USE_EMERGENCY_PDN_FOR_EMERGENCY_SUPL=1
D/GpsLocationProvider( 5400): NTP_SERVER=time.gpsonextra.net
D/GpsLocationProvider( 5400): SUPL_MODE=1
D/ExtendedUtils( 7229): extended extractor not needed, return default
D/AudioPolicyManager( 7229): isOffloadSupported: stream_type != MUSIC, returning false
E/WifiStateMachine( 5400): wifi info recent enough
W/ServiceWatcher( 5400): com.google.android.gms not found
W/ServiceWatcher( 5400): com.google.android.gms not found
W/LocationManagerService( 5400): no network location provider found
W/ServiceWatcher( 5400): com.qualcomm.location not found
E/LocationManagerService( 5400): no fused location provider found
E/LocationManagerService( 5400): java.lang.IllegalStateException: Location service needs a fused location provider
E/LocationManagerService( 5400): at com.android.server.LocationManagerService.loadProvidersLocked(LocationManagerService.java:504)
E/LocationManagerService( 5400): at com.android.server.LocationManagerService.systemRunning(LocationManagerService.java:295)
E/LocationManagerService( 5400): at com.android.server.SystemServer$2.run(SystemServer.java:1208)
E/LocationManagerService( 5400): at com.android.server.am.ActivityManagerService.systemReady(ActivityManagerService.java:11334)
E/LocationManagerService( 5400): at com.android.server.SystemServer.startOtherServices(SystemServer.java:1134)
E/LocationManagerService( 5400): at com.android.server.SystemServer.run(SystemServer.java:265)
E/LocationManagerService( 5400): at com.android.server.SystemServer.main(SystemServer.java:179)
E/LocationManagerService( 5400): at java.lang.reflect.Method.invoke(Native Method)
E/LocationManagerService( 5400): at java.lang.reflect.Method.invoke(Method.java:372)
E/LocationManagerService( 5400): at com.android.internal.os.ZygoteInit$MethodAndArgsCaller.run(ZygoteInit.java:904)
E/LocationManagerService( 5400): at com.android.internal.os.ZygoteInit.main(ZygoteInit.java:699)
W/ServiceWatcher( 5400): com.google.android.gms not found
E/LocationManagerService( 5400): no geocoder provider found
E/FlpHardwareProvider( 5400): Error hw_get_module 'flp': sfdroid disabled
E/LocationManagerService( 5400): FLP HAL not supported
W/ServiceWatcher( 5400): com.google.android.gms not found
V/SystemUIService( 7290): Starting SystemUI services.
E/LocationManagerService( 5400): Unable to bind FLP Geofence proxy.
E/Sensors ( 1010): sns_acm_mr.c(432):Transport error -45
I/art ( 7273): System.exit called, status: 0
I/AndroidRuntime( 7273): VM exiting with result code 0, cleanup skipped.
W/ServiceWatcher( 5400): com.google.android.gms not found
E/ActivityRecognitionProxy( 5400): ServiceWatcher could not start.
E/LocationManagerService( 5400): Unable to bind ActivityRecognitionProxy.
E/WifiStateMachine( 5400): wifi info recent enough
E/WifiStateMachine( 5400): wifi info recent enough
I/CommonTimeManagementService( 5400): No common time service detected on this platform. Common time services will be unavailable.
I/InputReader( 5400): Reconfiguring input devices. changes=0x00000020
I/MmsServiceBroker( 5400): systemRunning
W/VoiceInteractionManagerService( 5400): no available voice interaction services found for user 0
W/VoiceInteractionManagerService( 5400): no available voice recognition services found for user 0
I/InputReader( 5400): Reconfiguring input devices. changes=0x00000010
E/QC_EVRCENC( 7229): component init: role = OMX.qcom.audio.encoder.evrc
I/QC_EVRCENC( 7229): component init: role = OMX.qcom.audio.encoder.evrc
I/QC_EVRCENC( 7229):
I/QC_EVRCENC( 7229): component_init: Component OMX.qcom.audio.encoder.evrc LOADED
I/QC_EVRCENC( 7229): Driver in Non Tunnel mode open
I/QC_EVRCENC( 7229): Returning the state 1
I/QC_EVRCENC( 7229): Returning the state 1
I/QC_EVRCENC( 7229): Component-deinit being processed
I/QC_EVRCENC( 7229): ********************************
I/QC_EVRCENC( 7229): STATS: in-buf-len[0]out-buf-len[0] tot-pb-time[0]
I/QC_EVRCENC( 7229): STATS: fbd-cnt[0]ftb-cnt[0]etb-cnt[0]ebd-cnt[0]
E/libprocessgroup( 7383): failed to open /acct/uid_1000/pid_7383/cgroup.procs: No such file or directory
E/Zygote ( 7383): createProcessGroup(1000, 0) failed: No such file or directory
I/QC_EVRCENC( 7229): ************************************
I/QC_EVRCENC( 7229): DEINIT COMPLETED
I/QC_EVRCENC( 7229): ************************************
E/QC_EVRCENC( 7229): component_deinit:COMPONENT DEINIT...
E/QC_EVRCENC( 7229): EVRC Object getting destroyed comp-deinit=1
E/QC_EVRCENC( 7229): OMX EVRC component destroyed
E/QC_QCELP13ENC( 7229): component init: role = OMX.qcom.audio.encoder.qcelp13
I/QC_QCELP13ENC( 7229): component init: role = OMX.qcom.audio.encoder.qcelp13
I/QC_QCELP13ENC( 7229):
I/QC_QCELP13ENC( 7229): component_init: Component OMX.qcom.audio.encoder.qcelp13 LOADED
I/QC_QCELP13ENC( 7229): Driver in Non Tunnel mode open
I/QC_QCELP13ENC( 7229): Returning the state 1
I/QC_QCELP13ENC( 7229): Returning the state 1
I/QC_QCELP13ENC( 7229): Component-deinit being processed
I/QC_QCELP13ENC( 7229): ********************************
I/QC_QCELP13ENC( 7229): STATS: in-buf-len[0]out-buf-len[0] tot-pb-time[0]
I/QC_QCELP13ENC( 7229): STATS: fbd-cnt[0]ftb-cnt[0]etb-cnt[0]ebd-cnt[0]
I/ActivityManager( 5400): Start proc 7383:com.android.server.telecom/1000 for added application com.android.server.telecom
I/QC_QCELP13ENC( 7229): ************************************
I/QC_QCELP13ENC( 7229): DEINIT COMPLETED
I/QC_QCELP13ENC( 7229): ************************************
E/QC_QCELP13ENC( 7229): component_deinit:COMPONENT DEINIT...
E/QC_QCELP13ENC( 7229): QCELP13 Object getting destroyed comp-deinit=1
E/QC_QCELP13ENC( 7229): OMX QCELP13 component destroyed
E/NetlinkListener( 5246): recvmsg failed (I/O error)
E/NetlinkListener( 687): recvmsg failed (I/O error)
E/NetlinkListener( 687): recvmsg failed (I/O error)
E/NetlinkListener( 5246): recvmsg failed (I/O error)
E/NetlinkListener( 5246): recvmsg failed (I/O error)
E/NetlinkListener( 687): recvmsg failed (I/O error)
E/NetlinkListener( 5246): recvmsg failed (I/O error)
E/NetlinkListener( 687): recvmsg failed (I/O error)
E/NetlinkListener( 5246): recvmsg failed (I/O error)
E/NetlinkListener( 687): recvmsg failed (I/O error)
E/NetlinkListener( 5246): recvmsg failed (I/O error)
E/NetlinkListener( 687): recvmsg failed (I/O error)
E/NetlinkListener( 5246): recvmsg failed (I/O error)
E/NetlinkListener( 687): recvmsg failed (I/O error)
E/NetlinkListener( 5246): recvmsg failed (I/O error)
E/NetlinkListener( 687): recvmsg failed (I/O error)
E/libprocessgroup( 7409): failed to open /acct/uid_1001/pid_7409/cgroup.procs: No such file or directory
E/Zygote ( 7409): createProcessGroup(1001, 0) failed: No such file or directory
I/ActivityManager( 5400): Start proc 7409:com.android.phone/1001 for added application com.android.phone
I/ActivityManager( 5400): START u0 {act=android.intent.action.MAIN cat=[android.intent.category.HOME] flg=0x10000000 cmp=com.android.settings/.CryptKeeper} from uid 0 on display 0
V/WindowManager( 5400): addAppToken: AppWindowToken{11367231 token=Token{152eaed8 ActivityRecord{1c7ae9bb u0 com.android.settings/.CryptKeeper t1}}} to stack=0 task=1 at 0
E/libprocessgroup( 7427): failed to open /acct/uid_1000/pid_7427/cgroup.procs: No such file or directory
E/Zygote ( 7427): createProcessGroup(1000, 0) failed: No such file or directory
I/ActivityManager( 5400): Start proc 7427:com.android.settings/1000 for activity com.android.settings/.CryptKeeper
I/SystemServer( 5400): Enabled StrictMode for system server main thread.
V/ActivityManager( 5400): Display changed displayId=0
D/Tethering( 5400): MasterInitialState.processMessage what=3
E/WifiStateMachine( 5400): wifi info recent enough
E/WifiStateMachine( 5400): wifi info recent enough
E/WifiStateMachine( 5400): wifi info recent enough
E/WifiStateMachine( 5400): wifi info recent enough
E/WifiStateMachine( 5400): wifi info recent enough
E/WifiStateMachine( 5400): wifi info recent enough
D/WifiScanningService( 5400): SCAN_AVAILABLE : 1
D/RttService( 5400): SCAN_AVAILABLE : 1
D/WifiScanningService( 5400): DefaultState got{ when=0 what=160007 target=com.android.internal.util.StateMachine$SmHandler }
E/SurfaceFlinger( 5244): Permission Denial: can't access SurfaceFlinger pid=5400, uid=1000
D/RttService( 5400): DefaultState got{ when=0 what=160513 target=com.android.internal.util.StateMachine$SmHandler }
E/SurfaceFlinger( 5244): Permission Denial: can't access SurfaceFlinger pid=5400, uid=1000
V/ActivityManager( 5400): Display changed displayId=0
W/WindowStateAnimator( 5400): OutOfResourcesException creating surface
I/WindowManager( 5400): Out of memory for surface! Looking for leaks...
W/WindowManager( 5400): No leaked surfaces; killing applicatons!
W/WindowManager( 5400): Due to memory failure, waiting a bit for next layout
V/FingerprintService( 5400): startListening(android.service.fingerprint.IFingerprintServiceReceiver$Stub$Proxy@1147918f)
D/Utils ( 7229): printFileName fd(15) -> /system/media/audio/ui/Lock.ogg
D/ExtendedUtils( 7229): extended extractor not needed, return default
D/AudioPolicyManager( 7229): isOffloadSupported: stream_type != MUSIC, returning false
E/OMX-VENC-720p( 7229): Invalid entry returned from get_supported_profile_level 2130706433, 65536
W/ACodec ( 7229): do not know color format 0x7fa30c04 = 2141391876
W/ACodec ( 7229): do not know color format 0x7f000789 = 2130708361
I/LatinIME( 7325): Hardware accelerated drawing: true
E/OMX-VENC-720p( 7229): get_parameter: OMX_IndexParamVideoProfileLevelQuerySupported nProfileIndex ret NoMore 2
E/OMX-VENC-720p( 7229): Invalid entry returned from get_supported_profile_level 32768, 128
W/ACodec ( 7229): do not know color format 0x7fa30c04 = 2141391876
W/ACodec ( 7229): do not know color format 0x7f000789 = 2130708361
E/OMX-VENC-720p( 7229): get_parameter: OMX_IndexParamVideoProfileLevelQuerySupported nProfileIndex ret NoMore 1
E/OMX-VENC-720p( 7229): Invalid entry returned from get_supported_profile_level 1, 128
W/ACodec ( 7229): do not know color format 0x7fa30c04 = 2141391876
W/ACodec ( 7229): do not know color format 0x7f000789 = 2130708361
E/OMX-VENC-720p( 7229): Invalid entry returned from get_supported_profile_level 1, 2
W/ACodec ( 7229): do not know color format 0x7fa30c04 = 2141391876
W/ACodec ( 7229): do not know color format 0x7f000789 = 2130708361
E/QC_WMADEC( 7229): component init: role = OMX.qcom.audio.decoder.wma
E/WifiStateMachine( 5400): wifi info recent enough
E/WifiStateMachine( 5400): wifi info recent enough
E/QC_WMADEC( 7229): COMPONENT DEINIT...
E/QC_WMADEC( 7229): OMX WMA component destroyed
E/QC_WMADEC( 7229): component init: role = OMX.qcom.audio.decoder.wmaLossLess
E/QC_WMADEC( 7229): COMPONENT DEINIT...
E/QC_WMADEC( 7229): OMX WMA component destroyed
E/QC_WMADEC( 7229): component init: role = OMX.qcom.audio.decoder.wma10Pro
E/QC_WMADEC( 7229): COMPONENT DEINIT...
E/QC_WMADEC( 7229): OMX WMA component destroyed
I/OMX_QCELP13_DEC( 7229): Enabling Non-Tunnel mode
I/OMX_QCELP13_DEC( 7229): MIME type: aud
I/OMX_QCELP13_DEC( 7229): component init: role = OMX.qcom.audio.decoder.Qcelp13
I/OMX_QCELP13_DEC( 7229):
I/OMX_QCELP13_DEC( 7229): component_init: Component OMX.qcom.audio.decoder.Qcelp13 LOADED
I/OMX_QCELP13_DEC( 7229): Created thread for INP
I/OMX_QCELP13_DEC( 7229): Created thread for CMD
I/OMX_QCELP13_DEC( 7229): omx_Qcelp13_thread_stop stop server
I/OMX_QCELP13_DEC( 7229): omx_Qcelp13_thread_stop stop server
E/OMX_EVRC_DEC( 7229): COMPONENT INIT OMX.qcom.audio.decoder.evrc
E/OMX_EVRC_DEC( 7229): COMPONENT DEINIT
E/OMX-VDEC-1080P( 7229): Extension: OMX.google.android.index.configureVideoTunnelMode not implemented
E/OMX-VDEC-1080P( 7229): Extension: OMX.google.android.index.useAndroidNativeBuffer is supported
E/OMXNodeInstance( 7229): getParameter(1b:qcom.decoder.avc, ??(0x7f000044)) ERROR: UnsupportedSetting(0x80001019)
E/OMXNodeInstance( 7229): getParameter(1b:qcom.decoder.avc, ??(0x7f000044)) ERROR: UnsupportedSetting(0x80001019)
E/ ( 7229): Destroy C2D instance
E/ ( 7229): Destroy C2D instance
E/OMX-VDEC-1080P( 7229): Extension: OMX.google.android.index.configureVideoTunnelMode not implemented
E/OMX-VDEC-1080P( 7229): Extension: OMX.google.android.index.useAndroidNativeBuffer is supported
E/OMXNodeInstance( 7229): getParameter(1c:qcom.decoder.avc.secure, ??(0x7f000044)) ERROR: UnsupportedSetting(0x80001019)
E/OMXNodeInstance( 7229): getParameter(1c:qcom.decoder.avc.secure, ??(0x7f000044)) ERROR: UnsupportedSetting(0x80001019)
E/ ( 7229): Destroy C2D instance
E/ ( 7229): Destroy C2D instance
E/OMX-VDEC-1080P( 7229): Extension: OMX.google.android.index.configureVideoTunnelMode not implemented
E/OMX-VDEC-1080P( 7229): Extension: OMX.google.android.index.useAndroidNativeBuffer is supported
E/OMXNodeInstance( 7229): getParameter(1d:qcom.decoder.mpeg2, ??(0x7f000044)) ERROR: UnsupportedSetting(0x80001019)
E/OMXNodeInstance( 7229): getParameter(1d:qcom.decoder.mpeg2, ??(0x7f000044)) ERROR: UnsupportedSetting(0x80001019)
E/ ( 7229): Destroy C2D instance
E/ ( 7229): Destroy C2D instance
E/OMX-VDEC-1080P( 7229): Extension: OMX.google.android.index.configureVideoTunnelMode not implemented
E/OMX-VDEC-1080P( 7229): Extension: OMX.google.android.index.useAndroidNativeBuffer is supported
E/OMXNodeInstance( 7229): getParameter(1e:qcom.decoder.mpeg2.secure, ??(0x7f000044)) ERROR: UnsupportedSetting(0x80001019)
E/OMXNodeInstance( 7229): getParameter(1e:qcom.decoder.mpeg2.secure, ??(0x7f000044)) ERROR: UnsupportedSetting(0x80001019)
E/ ( 7229): Destroy C2D instance
E/ ( 7229): Destroy C2D instance
E/SurfaceFlinger( 5244): Permission Denial: can't access SurfaceFlinger pid=5400, uid=1000
E/SurfaceFlinger( 5244): Permission Denial: can't access SurfaceFlinger pid=5400, uid=1000
W/InputMethodManagerService( 5400): Focus gain on non-focused client android.view.inputmethod.InputMethodManager$1@3d789ba1 (uid=1000 pid=5400)
F/WindowAnimator( 5400): Unhandled exception in Window Manager
F/WindowAnimator( 5400): java.lang.NullPointerException: Attempt to invoke virtual method 'void android.view.SurfaceControl.setLayer(int)' on a null object reference
F/WindowAnimator( 5400): at com.android.server.wm.FocusedStackFrame.setLayer(FocusedStackFrame.java:140)
F/WindowAnimator( 5400): at com.android.server.wm.WindowManagerService.setFocusedStackLayer(WindowManagerService.java:3985)
F/WindowAnimator( 5400): at com.android.server.wm.WindowAnimator.animateLocked(WindowAnimator.java:708)
F/WindowAnimator( 5400): at com.android.server.wm.WindowAnimator.access$000(WindowAnimator.java:54)
F/WindowAnimator( 5400): at com.android.server.wm.WindowAnimator$1.run(WindowAnimator.java:126)
F/WindowAnimator( 5400): at android.view.Choreographer$CallbackRecord.run(Choreographer.java:767)
F/WindowAnimator( 5400): at android.view.Choreographer.doCallbacks(Choreographer.java:580)
F/WindowAnimator( 5400): at android.view.Choreographer.doFrame(Choreographer.java:549)
F/WindowAnimator( 5400): at android.view.Choreographer$FrameDisplayEventReceiver.run(Choreographer.java:753)
F/WindowAnimator( 5400): at android.os.Handler.handleCallback(Handler.java:739)
F/WindowAnimator( 5400): at android.os.Handler.dispatchMessage(Handler.java:95)
F/WindowAnimator( 5400): at android.os.Looper.loop(Looper.java:135)
F/WindowAnimator( 5400): at android.os.HandlerThread.run(HandlerThread.java:61)
F/WindowAnimator( 5400): at com.android.server.ServiceThread.run(ServiceThread.java:46)
E/SurfaceFlinger( 5244): Permission Denial: can't access SurfaceFlinger pid=5400, uid=1000
F/WindowManager( 5400): Unhandled exception in Window Manager
F/WindowManager( 5400): java.lang.IllegalArgumentException: displayToken must not be null
F/WindowManager( 5400): at android.view.SurfaceControl.setDisplayProjection(SurfaceControl.java:573)
F/WindowManager( 5400): at com.android.server.display.DisplayDevice.setProjectionInTransactionLocked(DisplayDevice.java:173)
F/WindowManager( 5400): at com.android.server.display.LogicalDisplay.configureDisplayInTransactionLocked(LogicalDisplay.java:316)
F/WindowManager( 5400): at com.android.server.display.DisplayManagerService.configureDisplayInTransactionLocked(DisplayManagerService.java:884)
F/WindowManager( 5400): at com.android.server.display.DisplayManagerService.performTraversalInTransactionLocked(DisplayManagerService.java:806)
F/WindowManager( 5400): at com.android.server.display.DisplayManagerService.performTraversalInTransactionFromWindowManagerInternal(DisplayManagerService.java:317)
F/WindowManager( 5400): at com.android.server.display.DisplayManagerService.access$4200(DisplayManagerService.java:112)
F/WindowManager( 5400): at com.android.server.display.DisplayManagerService$LocalService.performTraversalInTransactionFromWindowManager(DisplayManagerService.java:1539)
F/WindowManager( 5400): at com.android.server.wm.WindowManagerService.performLayoutAndPlaceSurfacesLockedInner(WindowManagerService.java:9960)
F/WindowManager( 5400): at com.android.server.wm.WindowManagerService.performLayoutAndPlaceSurfacesLockedLoop(WindowManagerService.java:8828)
F/WindowManager( 5400): at com.android.server.wm.WindowManagerService.performLayoutAndPlaceSurfacesLocked(WindowManagerService.java:8770)
F/WindowManager( 5400): at com.android.server.wm.WindowManagerService.executeAppTransition(WindowManagerService.java:4152)
F/WindowManager( 5400): at com.android.server.am.ActivityStackSupervisor.reportResumedActivityLocked(ActivityStackSupervisor.java:2915)
F/WindowManager( 5400): at com.android.server.am.ActivityStack.completeResumeLocked(ActivityStack.java:1067)
F/WindowManager( 5400): at com.android.server.am.ActivityStack.minimalResumeActivityLocked(ActivityStack.java:650)
F/WindowManager( 5400): at com.android.server.am.ActivityStackSupervisor.realStartActivityLocked(ActivityStackSupervisor.java:1265)
F/WindowManager( 5400): at com.android.server.am.ActivityStackSupervisor.attachApplicationLocked(ActivityStackSupervisor.java:581)
F/WindowManager( 5400): at com.android.server.am.ActivityManagerService.attachApplicationLocked(ActivityManagerService.java:6043)
F/WindowManager( 5400): at com.android.server.am.ActivityManagerService.attachApplication(ActivityManagerService.java:6105)
F/WindowManager( 5400): at android.app.ActivityManagerNative.onTransact(ActivityManagerNative.java:482)
F/WindowManager( 5400): at com.android.server.am.ActivityManagerService.onTransact(ActivityManagerService.java:2211)
F/WindowManager( 5400): at android.os.Binder.execTransact(Binder.java:446)
E/OMX-VDEC-1080P( 7229): Extension: OMX.google.android.index.configureVideoTunnelMode not implemented
E/OMX-VDEC-1080P( 7229): Extension: OMX.google.android.index.useAndroidNativeBuffer is supported
E/OMXNodeInstance( 7229): getParameter(1f:qcom.decoder.mpeg4, ??(0x7f000044)) ERROR: UnsupportedSetting(0x80001019)
E/OMXNodeInstance( 7229): getParameter(1f:qcom.decoder.mpeg4, ??(0x7f000044)) ERROR: UnsupportedSetting(0x80001019)
E/ ( 7229): Destroy C2D instance
E/SurfaceFlinger( 5244): Permission Denial: can't access SurfaceFlinger pid=5400, uid=1000
E/ ( 7229): Destroy C2D instance
E/SurfaceFlinger( 5244): Permission Denial: can't access SurfaceFlinger pid=5400, uid=1000
E/SurfaceFlinger( 5244): Permission Denial: can't access SurfaceFlinger pid=5400, uid=1000
E/SurfaceFlinger( 5244): Permission Denial: can't access SurfaceFlinger pid=5400, uid=1000
W/art ( 5400): Long monitor contention event with owner method=void com.android.server.am.ActivityManagerService.attachApplication(android.app.IApplicationThread) from ActivityManagerService.java:6102 waiters=1 for 255ms
W/art ( 5400): Long monitor contention event with owner method=void com.android.server.am.ActivityManagerService.attachApplication(android.app.IApplicationThread) from ActivityManagerService.java:6102 waiters=2 for 257ms
E/SurfaceFlinger( 5244): Permission Denial: can't access SurfaceFlinger pid=5400, uid=1000
E/SurfaceFlinger( 5244): Permission Denial: can't access SurfaceFlinger pid=5400, uid=1000
D/Telecom ( 5400): TelecomService: onCreate
F/WindowAnimator( 5400): Unhandled exception in Window Manager
F/WindowAnimator( 5400): java.lang.NullPointerException: Attempt to invoke virtual method 'void android.view.SurfaceControl.setLayer(int)' on a null object reference
F/WindowAnimator( 5400): at com.android.server.wm.FocusedStackFrame.setLayer(FocusedStackFrame.java:140)
F/WindowAnimator( 5400): at com.android.server.wm.WindowManagerService.setFocusedStackLayer(WindowManagerService.java:3985)
F/WindowAnimator( 5400): at com.android.server.wm.WindowAnimator.animateLocked(WindowAnimator.java:708)
F/WindowAnimator( 5400): at com.android.server.wm.WindowAnimator.access$000(WindowAnimator.java:54)
F/WindowAnimator( 5400): at com.android.server.wm.WindowAnimator$1.run(WindowAnimator.java:126)
F/WindowAnimator( 5400): at android.view.Choreographer$CallbackRecord.run(Choreographer.java:767)
F/WindowAnimator( 5400): at android.view.Choreographer.doCallbacks(Choreographer.java:580)
F/WindowAnimator( 5400): at android.view.Choreographer.doFrame(Choreographer.java:549)
F/WindowAnimator( 5400): at android.view.Choreographer$FrameDisplayEventReceiver.run(Choreographer.java:753)
F/WindowAnimator( 5400): at android.os.Handler.handleCallback(Handler.java:739)
F/WindowAnimator( 5400): at android.os.Handler.dispatchMessage(Handler.java:95)
F/WindowAnimator( 5400): at android.os.Looper.loop(Looper.java:135)
F/WindowAnimator( 5400): at android.os.HandlerThread.run(HandlerThread.java:61)
F/WindowAnimator( 5400): at com.android.server.ServiceThread.run(ServiceThread.java:46)
E/OMX-VDEC-1080P( 7229): Extension: OMX.google.android.index.configureVideoTunnelMode not implemented
E/OMX-VDEC-1080P( 7229): Extension: OMX.google.android.index.useAndroidNativeBuffer is supported
E/OMXNodeInstance( 7229): getParameter(20:qcom.decoder.h263, ??(0x7f000044)) ERROR: UnsupportedSetting(0x80001019)
E/OMXNodeInstance( 7229): getParameter(20:qcom.decoder.h263, ??(0x7f000044)) ERROR: UnsupportedSetting(0x80001019)
E/SurfaceFlinger( 5244): Permission Denial: can't access SurfaceFlinger pid=5400, uid=1000
E/ ( 7229): Destroy C2D instance
E/ ( 7229): Destroy C2D instance
I/Telecom ( 5400): TelecomGlobals: TelecomGlobals initializing
D/Telecom ( 5400): MissedCallNotifier: updateOnStartup()...
W/InputAttributes( 7325): No editor info for this field. Bug?
E/OMX-VDEC-1080P( 7229): get_parameter: OMX_IndexParamVideoProfileLevelQuerySupported ret NoMore for codec: OMX.qcom.video.decoder.vc1
E/OMX-VDEC-1080P( 7229): Extension: OMX.google.android.index.configureVideoTunnelMode not implemented
E/OMX-VDEC-1080P( 7229): Extension: OMX.google.android.index.useAndroidNativeBuffer is supported
E/OMXNodeInstance( 7229): getParameter(21:qcom.decoder.vc1, ??(0x7f000044)) ERROR: UnsupportedSetting(0x80001019)
E/OMXNodeInstance( 7229): getParameter(21:qcom.decoder.vc1, ??(0x7f000044)) ERROR: UnsupportedSetting(0x80001019)
E/ ( 7229): Destroy C2D instance
E/ ( 7229): Destroy C2D instance
E/OMX-VDEC-1080P( 7229): DIVX 5/6 Decoder selected
E/OMX-VDEC-1080P( 7229): get_parameter: OMX_IndexParamVideoProfileLevelQuerySupported ret NoMore for codec: OMX.qcom.video.decoder.divx
E/OMX-VDEC-1080P( 7229): Extension: OMX.google.android.index.configureVideoTunnelMode not implemented
E/OMX-VDEC-1080P( 7229): Extension: OMX.google.android.index.useAndroidNativeBuffer is supported
E/OMXNodeInstance( 7229): getParameter(22:qcom.decoder.divx, ??(0x7f000044)) ERROR: UnsupportedSetting(0x80001019)
E/OMXNodeInstance( 7229): getParameter(22:qcom.decoder.divx, ??(0x7f000044)) ERROR: UnsupportedSetting(0x80001019)
E/ ( 7229): Destroy C2D instance
E/ ( 7229): Destroy C2D instance
I/LatinIME:LogUtils( 7325): Dictionary info: dictionary = UserHistoryDictionary.en_US ; version = 1480285013 ; date = 1481045847
I/ActivityManager( 5400): Start proc 7520:android.process.acore/u0a4 for content provider com.android.providers.contacts/.CallLogProvider
E/OMX-VDEC-1080P( 7229): get_parameter: OMX_IndexParamVideoProfileLevelQuerySupported ret NoMore for codec: OMX.qcom.video.decoder.divx311
E/OMX-VDEC-1080P( 7229): Extension: OMX.google.android.index.configureVideoTunnelMode not implemented
E/OMX-VDEC-1080P( 7229): Extension: OMX.google.android.index.useAndroidNativeBuffer is supported
E/OMXNodeInstance( 7229): getParameter(23:qcom.decoder.divx311, ??(0x7f000044)) ERROR: UnsupportedSetting(0x80001019)
E/OMXNodeInstance( 7229): getParameter(23:qcom.decoder.divx311, ??(0x7f000044)) ERROR: UnsupportedSetting(0x80001019)
E/libprocessgroup( 7520): failed to open /acct/uid_10004/pid_7520/cgroup.procs: No such file or directory
E/Zygote ( 7520): createProcessGroup(10004, 0) failed: No such file or directory
E/ ( 7229): Destroy C2D instance
E/ ( 7229): Destroy C2D instance
E/OMX-VDEC-1080P( 7229): DIVX 4 Decoder selected
E/BluetoothAdapter( 5400): Bluetooth binder is null
I/LatinIME:LogUtils( 7325): Dictionary info: dictionary = userunigram.en_US ; version = 1481313099 ; date = ?
V/PhoneApp( 7409): onCreate()...
I/LatinIME:LogUtils( 7325): Dictionary info: dictionary = contacts.en_US ; version = 1481313099 ; date = ?
I/LatinIME:LogUtils( 7325): Dictionary info: dictionary = PersonalizationDictionary.en_US ; version = 1481313099 ; date = ?
E/OMX-VDEC-1080P( 7229): get_parameter: OMX_IndexParamVideoProfileLevelQuerySupported ret NoMore for codec: OMX.qcom.video.decoder.divx4
E/OMX-VDEC-1080P( 7229): Extension: OMX.google.android.index.configureVideoTunnelMode not implemented
E/OMX-VDEC-1080P( 7229): Extension: OMX.google.android.index.useAndroidNativeBuffer is supported
E/OMXNodeInstance( 7229): getParameter(24:qcom.decoder.divx4, ??(0x7f000044)) ERROR: UnsupportedSetting(0x80001019)
E/OMXNodeInstance( 7229): getParameter(24:qcom.decoder.divx4, ??(0x7f000044)) ERROR: UnsupportedSetting(0x80001019)
E/ ( 7229): Destroy C2D instance
E/ ( 7229): Destroy C2D instance
I/LatinIME:LogUtils( 7325): Dictionary info: dictionary = ContextualDictionary.en_US ; version = 1481313099 ; date = ?
D/Telecom ( 5400): ProximitySensorManager: onCreate: mProximityWakeLock:
E/OMX-VDEC-1080P( 7229): Extension: OMX.google.android.index.configureVideoTunnelMode not implemented
E/OMX-VDEC-1080P( 7229): Extension: OMX.google.android.index.useAndroidNativeBuffer is supported
E/OMXNodeInstance( 7229): getParameter(25:qcom.decoder.vp8, ??(0x7f000044)) ERROR: UnsupportedSetting(0x80001019)
E/OMXNodeInstance( 7229): getParameter(25:qcom.decoder.vp8, ??(0x7f000044)) ERROR: UnsupportedSetting(0x80001019)
E/ ( 7229): Destroy C2D instance
E/ ( 7229): Destroy C2D instance
E/OMX-VDEC-1080P( 7229): Full DSP mode
I/Telecom ( 5400): TelecomGlobals: CallsManager initialized
E/BluetoothAdapter( 5400): Bluetooth binder is null
D/Telecom ( 5400): TelecomService: onBind
V/ActivityManager( 5400): Display added displayId=1
E/SurfaceFlinger( 5244): Permission Denial: can't access SurfaceFlinger pid=5400, uid=1000
E/SurfaceFlinger( 5244): Permission Denial: can't access SurfaceFlinger pid=5400, uid=1000
D/ZenLog ( 5400): downtime: Autotrigger skipped: not in downtime
E/OMX-VDEC-1080P( 7229): NOTE: enable_extradata: actual[0] requested[20000] enable[1], is_internal: 1 swvdec mode -1
E/OMX-VDEC-1080P( 7229): Extension: OMX.google.android.index.configureVideoTunnelMode not implemented
E/OMX-VDEC-1080P( 7229): Extension: OMX.google.android.index.useAndroidNativeBuffer is supported
E/OMXNodeInstance( 7229): getParameter(26:qcom.decoder.hevc, ??(0x7f000044)) ERROR: UnsupportedSetting(0x80001019)
E/OMXNodeInstance( 7229): setParameter(26:qcom.decoder.hevc, OMX.google.android.index.storeMetaDataInBuffers(0x7f00001c): Output:1 en=1 GB=0) ERROR: UnsupportedSetting(0x80001019)
E/OMXNodeInstance( 7229): setParameter(26:qcom.decoder.hevc, OMX.google.android.index.prepareForAdaptivePlayback(0x7f00002e): Output:1 en=1 max=1280x720) ERROR: UnsupportedSetting(0x80001019)
V/WiredAccessoryManager( 5400): notifyWiredAccessoryChanged: when=0 bits= mask=54
V/WiredAccessoryManager( 5400): newName=h2w newState=0 headsetState=0 prev headsetState=0
E/WiredAccessoryManager( 5400): No state change.
V/WiredAccessoryManager( 5400): init()
E/ ( 7229): Destroy C2D instance
E/ ( 7229): Destroy C2D instance
E/MM_OSAL ( 7229): CSwVdecComponent::Creating Thread
E/MM_OSAL ( 7229): MM_Thread_CreateEx::set thread Prio to 2
E/MM_OSAL ( 7229): MM_Thread_CreateEx::thread 0xb5098700 created with stack 1040384 bytes
F/WindowAnimator( 5400): Unhandled exception in Window Manager
F/WindowAnimator( 5400): java.lang.NullPointerException: Attempt to invoke virtual method 'void android.view.SurfaceControl.setLayer(int)' on a null object reference
F/WindowAnimator( 5400): at com.android.server.wm.FocusedStackFrame.setLayer(FocusedStackFrame.java:140)
F/WindowAnimator( 5400): at com.android.server.wm.WindowManagerService.setFocusedStackLayer(WindowManagerService.java:3985)
F/WindowAnimator( 5400): at com.android.server.wm.WindowAnimator.animateLocked(WindowAnimator.java:708)
F/WindowAnimator( 5400): at com.android.server.wm.WindowAnimator.access$000(WindowAnimator.java:54)
F/WindowAnimator( 5400): at com.android.server.wm.WindowAnimator$1.run(WindowAnimator.java:126)
F/WindowAnimator( 5400): at android.view.Choreographer$CallbackRecord.run(Choreographer.java:767)
F/WindowAnimator( 5400): at android.view.Choreographer.doCallbacks(Choreographer.java:580)
F/WindowAnimator( 5400): at android.view.Choreographer.doFrame(Choreographer.java:549)
F/WindowAnimator( 5400): at android.view.Choreographer$FrameDisplayEventReceiver.run(Choreographer.java:753)
F/WindowAnimator( 5400): at android.os.Handler.handleCallback(Handler.java:739)
F/WindowAnimator( 5400): at android.os.Handler.dispatchMessage(Handler.java:95)
F/WindowAnimator( 5400): at android.os.Looper.loop(Looper.java:135)
F/WindowAnimator( 5400): at android.os.HandlerThread.run(HandlerThread.java:61)
F/WindowAnimator( 5400): at com.android.server.ServiceThread.run(ServiceThread.java:46)
E/SurfaceFlinger( 5244): Permission Denial: can't access SurfaceFlinger pid=5400, uid=1000
E/MM_OSAL ( 7229): CSwVdecComponent::Creating Thread
E/MM_OSAL ( 7229): MM_Thread_CreateEx::set thread Prio to 3
E/MM_OSAL ( 7229): MM_Thread_CreateEx::thread 0xb5097f80 created with stack 1040384 bytes
E/MM_OSAL ( 7229): HEVC::Codec Creation Done ...
E/MM_OSAL ( 7229): CSwVdecHevcComponent:: STATE CHANGE -> LOADED
E/MM_OSAL ( 7229): MM_Thread_CreateEx::set thread Prio to 1
E/MM_OSAL ( 7229): MM_Thread_CreateEx::thread 0xb5098e80 created with stack 1040384 bytes
E/MM_OSAL ( 7229): Helper thread 0 created...
E/MM_OSAL ( 7229): MM_Thread_CreateEx::set thread Prio to 1
E/MM_OSAL ( 7229): MM_Thread_CreateEx::thread 0xb5099100 created with stack 1040384 bytes
E/MM_OSAL ( 7229): Helper thread 1 created...
E/MM_OSAL ( 7229): MM_Thread_CreateEx::set thread Prio to 1
E/MM_OSAL ( 7229): MM_Thread_CreateEx::thread 0xb5098980 created with stack 1040384 bytes
E/MM_OSAL ( 7229): Helper thread 2 created...
E/MM_OSAL ( 7229): CSwVdecHevcComponent:: STATE CHANGE -> LOADED
E/MM_OSAL ( 7229): SwVdec_Init - Initializing H.265 Decoder
E/MM_OSAL ( 7229): CSwVdecComponent::SetFormatPlane - Error Unsupported color format
E/MM_OSAL ( 7229): HEVCD_SetResolution: nCurrSeqMaxDecPicBuffering 0
E/MM_OSAL ( 7229): HEVCD_SetResolution: Setting the Max Buf count to 9
E/MM_OSAL ( 7229): Color Format: 3
E/MM_OSAL ( 7229): Color Format Requested: 3 Has: 3
E/MM_OSAL ( 7229): FRAME ATTRIBUTE:: Width: 320
E/MM_OSAL ( 7229): FRAME ATTRIBUTE:: Height: 240
E/MM_OSAL ( 7229): FRAME ATTRIBUTE:: Luma Stride: 384
E/MM_OSAL ( 7229): FRAME ATTRIBUTE:: Chroma Offset: 98304
E/MM_OSAL ( 7229): FRAME ATTRIBUTE:: Chroma Stride: 384
E/OMX-VDEC-1080P( 7229): NOTE: enable_extradata: actual[0] requested[20000] enable[1], is_internal: 1 swvdec mode 2
E/MM_OSAL ( 7229): HEVCD_GetOutputBufParam pDecCtx->sCurrentCfg.nPicBufCount = 10
E/OMX-VDEC-1080P( 7229): Extension: OMX.google.android.index.configureVideoTunnelMode not implemented
E/OMX-VDEC-1080P( 7229): Extension: OMX.google.android.index.useAndroidNativeBuffer is supported
E/OMXNodeInstance( 7229): getParameter(27:qcom.decoder.hevchybrid, ??(0x7f000044)) ERROR: UnsupportedSetting(0x80001019)
E/OMXNodeInstance( 7229): setParameter(27:qcom.decoder.hevchybrid, OMX.google.android.index.storeMetaDataInBuffers(0x7f00001c): Output:1 en=1 GB=0) ERROR: UnsupportedSetting(0x80001019)
E/OMXNodeInstance( 7229): setParameter(27:qcom.decoder.hevchybrid, OMX.google.android.index.prepareForAdaptivePlayback(0x7f00002e): Output:1 en=1 max=1280x720) ERROR: UnsupportedSetting(0x80001019)
E/MM_OSAL ( 7229): HEVCD Release done
E/MM_OSAL ( 7229): =================================
E/MM_OSAL ( 7229): Codec Destroy Done!!! Good Bye...
E/MM_OSAL ( 7229): =================================
E/MM_OSAL ( 7229): HEVCD Destroy done
E/MM_OSAL ( 7229): ============================================================
E/MM_OSAL ( 7229): Number of Helper Threads Used = 3
E/MM_OSAL ( 7229): Number of Helper Job Size = 1
E/MM_OSAL ( 7229): Number of Helper Priority = 1
E/MM_OSAL ( 7229): ============================================================
E/SurfaceFlinger( 5244): Permission Denial: can't access SurfaceFlinger pid=5400, uid=1000
E/SurfaceFlinger( 5244): Permission Denial: can't access SurfaceFlinger pid=5400, uid=1000
E/MM_OSAL ( 7229): Batch Server Release done
E/MM_OSAL ( 7229): CSwVdecComponent::Destroying Thread
E/MM_OSAL ( 7229): Exit the worker thread
E/MM_OSAL ( 7229): CSwVdecComponent::Destroying Thread
E/MM_OSAL ( 7229): Exit the Event Dispatcher thread
E/SurfaceFlinger( 5244): Permission Denial: can't access SurfaceFlinger pid=5400, uid=1000
E/SurfaceFlinger( 5244): Permission Denial: can't access SurfaceFlinger pid=5400, uid=1000
I/ActivityManager( 5400): START u0 {act=android.intent.action.MAIN cat=[android.intent.category.HOME] flg=0x10000000 cmp=com.fairphone.setupwizard/.ui.SetupWizardActivity} from uid 0 on display 0
E/OMX-VDEC-1080P( 7229): ERROR: read from pipe failed, ret -1 errno 9
D/TelephonyProvider( 7409): dbh.onCreate:+ db=SQLiteDatabase: /data/data/com.android.providers.telephony/databases/telephony.db
D/TelephonyProvider( 7409): dbh.createSimInfoTable:+
E/ ( 7229): Destroy C2D instance
E/ ( 7229): Destroy C2D instance
E/SurfaceFlinger( 5244): Permission Denial: can't access SurfaceFlinger pid=5400, uid=1000
E/SurfaceFlinger( 5244): Permission Denial: can't access SurfaceFlinger pid=5400, uid=1000
W/OMXNodeInstance( 7229): [28:google.mpeg4.decoder] component does not support metadata mode; using fallback
V/WindowManager( 5400): addAppToken: AppWindowToken{27c9e4dc token=Token{2f30e54f ActivityRecord{2558a3ae u0 com.fairphone.setupwizard/.ui.SetupWizardActivity t2}}} to stack=0 task=2 at 0
W/OMXNodeInstance( 7229): [29:google.mpeg4.decoder] component does not support metadata mode; using fallback
F/WindowAnimator( 5400): Unhandled exception in Window Manager
F/WindowAnimator( 5400): java.lang.NullPointerException: Attempt to invoke virtual method 'void android.view.SurfaceControl.setLayer(int)' on a null object reference
F/WindowAnimator( 5400): at com.android.server.wm.FocusedStackFrame.setLayer(FocusedStackFrame.java:140)
F/WindowAnimator( 5400): at com.android.server.wm.WindowManagerService.setFocusedStackLayer(WindowManagerService.java:3985)
F/WindowAnimator( 5400): at com.android.server.wm.WindowAnimator.animateLocked(WindowAnimator.java:708)
F/WindowAnimator( 5400): at com.android.server.wm.WindowAnimator.access$000(WindowAnimator.java:54)
F/WindowAnimator( 5400): at com.android.server.wm.WindowAnimator$1.run(WindowAnimator.java:126)
F/WindowAnimator( 5400): at android.view.Choreographer$CallbackRecord.run(Choreographer.java:767)
F/WindowAnimator( 5400): at android.view.Choreographer.doCallbacks(Choreographer.java:580)
F/WindowAnimator( 5400): at android.view.Choreographer.doFrame(Choreographer.java:549)
F/WindowAnimator( 5400): at android.view.Choreographer$FrameDisplayEventReceiver.run(Choreographer.java:753)
F/WindowAnimator( 5400): at android.os.Handler.handleCallback(Handler.java:739)
F/WindowAnimator( 5400): at android.os.Handler.dispatchMessage(Handler.java:95)
F/WindowAnimator( 5400): at android.os.Looper.loop(Looper.java:135)
F/WindowAnimator( 5400): at android.os.HandlerThread.run(HandlerThread.java:61)
F/WindowAnimator( 5400): at com.android.server.ServiceThread.run(ServiceThread.java:46)
E/SurfaceFlinger( 5244): Permission Denial: can't access SurfaceFlinger pid=5400, uid=1000
W/asset ( 5400): Asset path /system/framework/com.google.android.media.effects.jar is neither a directory nor file (type=1).
W/ResourcesManager( 5400): Asset path '/system/framework/com.google.android.media.effects.jar' does not exist or contains no resources.
W/MediaCodecList( 7229): ignoring Limit specified outside of a Type
W/MediaCodecList( 7229): ignoring Limit specified outside of a Type
W/MediaCodecList( 7229): ignoring Limit specified outside of a Type
W/MediaCodecList( 7229): ignoring Limit specified outside of a Type
W/MediaCodecList( 7229): ignoring Limit specified outside of a Type
W/MediaCodecList( 7229): ignoring Feature specified outside of a Type
W/OMXNodeInstance( 7229): [2a:google.h263.decoder] component does not support metadata mode; using fallback
E/libprocessgroup( 7576): failed to open /acct/uid_1000/pid_7576/cgroup.procs: No such file or directory
E/Zygote ( 7576): createProcessGroup(1000, 0) failed: No such file or directory
