E/qdhwcomposer( 1587): isValidDimension: layer handle is NULL
E/qdoverlay( 1587): Bad ov dump: mdp_overlay z=0 fg=0 alpha=255 mask=-1 flags=0x220000 id=8
E/qdoverlay( 1587): src msmfb_img w=1152 h=1920 format=13 MDP_RGBA_8888
E/qdoverlay( 1587): src_rect mdp_rect x=0 y=0 w=1080 h=1920
E/qdoverlay( 1587): dst_rect mdp_rect x=0 y=0 w=1080 h=1920
E/qdhwcomposer( 1587): isValidDimension: layer handle is NULL
E/qdhwcomposer( 1587): isValidDimension: layer handle is NULL
E/qdoverlay( 1587): Bad ov dump: mdp_overlay z=0 fg=0 alpha=255 mask=-1 flags=0x220000 id=8
E/qdoverlay( 1587): src msmfb_img w=1152 h=1920 format=13 MDP_RGBA_8888
E/qdoverlay( 1587): src_rect mdp_rect x=0 y=0 w=1080 h=1920
E/qdoverlay( 1587): dst_rect mdp_rect x=0 y=0 w=1080 h=1920
E/qdhwcomposer( 1587): isValidDimension: layer handle is NULL
E/qdhwcomposer( 1587): isValidDimension: layer handle is NULL
E/qdoverlay( 1587): Bad ov dump: mdp_overlay z=0 fg=0 alpha=255 mask=-1 flags=0x220000 id=8
E/qdoverlay( 1587): src msmfb_img w=1152 h=1920 format=13 MDP_RGBA_8888
E/qdoverlay( 1587): src_rect mdp_rect x=0 y=0 w=1080 h=1920
E/qdoverlay( 1587): dst_rect mdp_rect x=0 y=0 w=1080 h=1920
E/qdhwcomposer( 1587): isValidDimension: layer handle is NULL
E/qdhwcomposer( 1587): isValidDimension: layer handle is NULL
E/qdoverlay( 1587): Bad ov dump: mdp_overlay z=0 fg=0 alpha=255 mask=-1 flags=0x220000 id=8
E/qdoverlay( 1587): src msmfb_img w=1152 h=1920 format=13 MDP_RGBA_8888
E/qdoverlay( 1587): src_rect mdp_rect x=0 y=0 w=1080 h=1920
E/qdoverlay( 1587): dst_rect mdp_rect x=0 y=0 w=1080 h=1920
E/qdhwcomposer( 1587): isValidDimension: layer handle is NULL
E/qdhwcomposer( 1587): isValidDimension: layer handle is NULL
E/qdoverlay( 1587): Bad ov dump: mdp_overlay z=0 fg=0 alpha=255 mask=-1 flags=0x220000 id=8
E/qdoverlay( 1587): src msmfb_img w=1152 h=1920 format=13 MDP_RGBA_8888
E/qdoverlay( 1587): src_rect mdp_rect x=0 y=0 w=1080 h=1920
E/qdoverlay( 1587): dst_rect mdp_rect x=0 y=0 w=1080 h=1920
E/qdhwcomposer( 1587): isValidDimension: layer handle is NULL
E/qdhwcomposer( 1587): isValidDimension: layer handle is NULL
E/qdoverlay( 1587): Bad ov dump: mdp_overlay z=0 fg=0 alpha=255 mask=-1 flags=0x220000 id=8
E/qdoverlay( 1587): src msmfb_img w=1152 h=1920 format=13 MDP_RGBA_8888
E/qdoverlay( 1587): src_rect mdp_rect x=0 y=0 w=1080 h=1920
E/qdoverlay( 1587): dst_rect mdp_rect x=0 y=0 w=1080 h=1920
E/qdhwcomposer( 1587): isValidDimension: layer handle is NULL
E/qdhwcomposer( 1587): isValidDimension: layer handle is NULL
E/qdoverlay( 1587): Bad ov dump: mdp_overlay z=0 fg=0 alpha=255 mask=-1 flags=0x220000 id=8
E/qdoverlay( 1587): src msmfb_img w=1152 h=1920 format=13 MDP_RGBA_8888
E/qdoverlay( 1587): src_rect mdp_rect x=0 y=0 w=1080 h=1920
E/qdoverlay( 1587): dst_rect mdp_rect x=0 y=0 w=1080 h=1920
E/qdhwcomposer( 1587): isValidDimension: layer handle is NULL
E/qdhwcomposer( 1587): isValidDimension: layer handle is NULL
E/qdoverlay( 1587): Bad ov dump: mdp_overlay z=0 fg=0 alpha=255 mask=-1 flags=0x220000 id=8
E/qdoverlay( 1587): src msmfb_img w=1152 h=1920 format=13 MDP_RGBA_8888
E/qdoverlay( 1587): src_rect mdp_rect x=0 y=0 w=1080 h=1920
E/qdoverlay( 1587): dst_rect mdp_rect x=0 y=0 w=1080 h=1920
E/qdhwcomposer( 1587): isValidDimension: layer handle is NULL
E/qdhwcomposer( 1587): isValidDimension: layer handle is NULL
E/qdoverlay( 1587): Bad ov dump: mdp_overlay z=0 fg=0 alpha=255 mask=-1 flags=0x220000 id=8
E/qdoverlay( 1587): src msmfb_img w=1152 h=1920 format=13 MDP_RGBA_8888
E/qdoverlay( 1587): src_rect mdp_rect x=0 y=0 w=1080 h=1920
E/qdoverlay( 1587): dst_rect mdp_rect x=0 y=0 w=1080 h=1920
E/qdhwcomposer( 1587): isValidDimension: layer handle is NULL
E/qdhwcomposer( 1587): isValidDimension: layer handle is NULL
E/qdoverlay( 1587): Bad ov dump: mdp_overlay z=0 fg=0 alpha=255 mask=-1 flags=0x220000 id=8
E/qdoverlay( 1587): src msmfb_img w=1152 h=1920 format=13 MDP_RGBA_8888
E/qdoverlay( 1587): src_rect mdp_rect x=0 y=0 w=1080 h=1920
E/qdoverlay( 1587): dst_rect mdp_rect x=0 y=0 w=1080 h=1920
E/qdhwcomposer( 1587): isValidDimension: layer handle is NULL
E/qdhwcomposer( 1587): isValidDimension: layer handle is NULL
E/qdoverlay( 1587): Bad ov dump: mdp_overlay z=0 fg=0 alpha=255 mask=-1 flags=0x220000 id=8
E/qdoverlay( 1587): src msmfb_img w=1152 h=1920 format=13 MDP_RGBA_8888
E/qdoverlay( 1587): src_rect mdp_rect x=0 y=0 w=1080 h=1920
E/qdoverlay( 1587): dst_rect mdp_rect x=0 y=0 w=1080 h=1920
E/qdhwcomposer( 1587): isValidDimension: layer handle is NULL
E/qdhwcomposer( 1587): isValidDimension: layer handle is NULL
E/qdoverlay( 1587): Bad ov dump: mdp_overlay z=0 fg=0 alpha=255 mask=-1 flags=0x220000 id=8
E/qdoverlay( 1587): src msmfb_img w=1152 h=1920 format=13 MDP_RGBA_8888
E/qdoverlay( 1587): src_rect mdp_rect x=0 y=0 w=1080 h=1920
E/qdoverlay( 1587): dst_rect mdp_rect x=0 y=0 w=1080 h=1920
E/qdhwcomposer( 1587): isValidDimension: layer handle is NULL
E/qdhwcomposer( 1587): isValidDimension: layer handle is NULL
E/qdoverlay( 1587): Bad ov dump: mdp_overlay z=0 fg=0 alpha=255 mask=-1 flags=0x220000 id=8
E/qdoverlay( 1587): src msmfb_img w=1152 h=1920 format=13 MDP_RGBA_8888
E/qdoverlay( 1587): src_rect mdp_rect x=0 y=0 w=1080 h=1920
E/qdoverlay( 1587): dst_rect mdp_rect x=0 y=0 w=1080 h=1920
E/qdhwcomposer( 1587): isValidDimension: layer handle is NULL
E/qdhwcomposer( 1587): isValidDimension: layer handle is NULL
E/qdoverlay( 1587): Bad ov dump: mdp_overlay z=0 fg=0 alpha=255 mask=-1 flags=0x220000 id=8
E/qdoverlay( 1587): src msmfb_img w=1152 h=1920 format=13 MDP_RGBA_8888
E/qdoverlay( 1587): src_rect mdp_rect x=0 y=0 w=1080 h=1920
E/qdoverlay( 1587): dst_rect mdp_rect x=0 y=0 w=1080 h=1920
E/qdhwcomposer( 1587): isValidDimension: layer handle is NULL
E/qdhwcomposer( 1587): isValidDimension: layer handle is NULL
E/qdoverlay( 1587): Bad ov dump: mdp_overlay z=0 fg=0 alpha=255 mask=-1 flags=0x220000 id=8
E/qdoverlay( 1587): src msmfb_img w=1152 h=1920 format=13 MDP_RGBA_8888
E/qdoverlay( 1587): src_rect mdp_rect x=0 y=0 w=1080 h=1920
E/qdoverlay( 1587): dst_rect mdp_rect x=0 y=0 w=1080 h=1920
E/qdhwcomposer( 1587): isValidDimension: layer handle is NULL
E/qdhwcomposer( 1587): isValidDimension: layer handle is NULL
E/qdoverlay( 1587): Bad ov dump: mdp_overlay z=0 fg=0 alpha=255 mask=-1 flags=0x220000 id=8
E/qdoverlay( 1587): src msmfb_img w=1152 h=1920 format=13 MDP_RGBA_8888
E/qdoverlay( 1587): src_rect mdp_rect x=0 y=0 w=1080 h=1920
E/qdoverlay( 1587): dst_rect mdp_rect x=0 y=0 w=1080 h=1920
E/qdhwcomposer( 1587): isValidDimension: layer handle is NULL
E/qdhwcomposer( 1587): isValidDimension: layer handle is NULL
E/qdoverlay( 1587): Bad ov dump: mdp_overlay z=0 fg=0 alpha=255 mask=-1 flags=0x220000 id=8
E/qdoverlay( 1587): src msmfb_img w=1152 h=1920 format=13 MDP_RGBA_8888
E/qdoverlay( 1587): src_rect mdp_rect x=0 y=0 w=1080 h=1920
E/qdoverlay( 1587): dst_rect mdp_rect x=0 y=0 w=1080 h=1920
E/qdhwcomposer( 1587): isValidDimension: layer handle is NULL
E/qdhwcomposer( 1587): isValidDimension: layer handle is NULL
E/qdoverlay( 1587): Bad ov dump: mdp_overlay z=0 fg=0 alpha=255 mask=-1 flags=0x220000 id=8
E/qdoverlay( 1587): src msmfb_img w=1152 h=1920 format=13 MDP_RGBA_8888
E/qdoverlay( 1587): src_rect mdp_rect x=0 y=0 w=1080 h=1920
E/qdoverlay( 1587): dst_rect mdp_rect x=0 y=0 w=1080 h=1920
E/qdhwcomposer( 1587): isValidDimension: layer handle is NULL
E/qdhwcomposer( 1587): isValidDimension: layer handle is NULL
E/qdoverlay( 1587): Bad ov dump: mdp_overlay z=0 fg=0 alpha=255 mask=-1 flags=0x220000 id=8
E/qdoverlay( 1587): src msmfb_img w=1152 h=1920 format=13 MDP_RGBA_8888
E/qdoverlay( 1587): src_rect mdp_rect x=0 y=0 w=1080 h=1920
E/qdoverlay( 1587): dst_rect mdp_rect x=0 y=0 w=1080 h=1920
E/qdhwcomposer( 1587): isValidDimension: layer handle is NULL
E/qdhwcomposer( 1587): isValidDimension: layer handle is NULL
E/qdoverlay( 1587): Bad ov dump: mdp_overlay z=0 fg=0 alpha=255 mask=-1 flags=0x220000 id=8
E/qdoverlay( 1587): src msmfb_img w=1152 h=1920 format=13 MDP_RGBA_8888
E/qdoverlay( 1587): src_rect mdp_rect x=0 y=0 w=1080 h=1920
E/qdoverlay( 1587): dst_rect mdp_rect x=0 y=0 w=1080 h=1920
E/qdhwcomposer( 1587): isValidDimension: layer handle is NULL
E/qdhwcomposer( 1587): isValidDimension: layer handle is NULL
E/qdoverlay( 1587): Bad ov dump: mdp_overlay z=0 fg=0 alpha=255 mask=-1 flags=0x220000 id=8
E/qdoverlay( 1587): src msmfb_img w=1152 h=1920 format=13 MDP_RGBA_8888
E/qdoverlay( 1587): src_rect mdp_rect x=0 y=0 w=1080 h=1920
E/qdoverlay( 1587): dst_rect mdp_rect x=0 y=0 w=1080 h=1920
E/qdhwcomposer( 1587): isValidDimension: layer handle is NULL
E/qdhwcomposer( 1587): isValidDimension: layer handle is NULL
E/qdoverlay( 1587): Bad ov dump: mdp_overlay z=0 fg=0 alpha=255 mask=-1 flags=0x220000 id=8
E/qdoverlay( 1587): src msmfb_img w=1152 h=1920 format=13 MDP_RGBA_8888
E/qdoverlay( 1587): src_rect mdp_rect x=0 y=0 w=1080 h=1920
E/qdoverlay( 1587): dst_rect mdp_rect x=0 y=0 w=1080 h=1920
E/qdhwcomposer( 1587): isValidDimension: layer handle is NULL
E/qdhwcomposer( 1587): isValidDimension: layer handle is NULL
E/qdoverlay( 1587): Bad ov dump: mdp_overlay z=0 fg=0 alpha=255 mask=-1 flags=0x220000 id=8
E/qdoverlay( 1587): src msmfb_img w=1152 h=1920 format=13 MDP_RGBA_8888
E/qdoverlay( 1587): src_rect mdp_rect x=0 y=0 w=1080 h=1920
E/qdoverlay( 1587): dst_rect mdp_rect x=0 y=0 w=1080 h=1920
E/qdhwcomposer( 1587): isValidDimension: layer handle is NULL
E/qdhwcomposer( 1587): isValidDimension: layer handle is NULL
E/qdoverlay( 1587): Bad ov dump: mdp_overlay z=0 fg=0 alpha=255 mask=-1 flags=0x220000 id=8
E/qdoverlay( 1587): src msmfb_img w=1152 h=1920 format=13 MDP_RGBA_8888
E/qdoverlay( 1587): src_rect mdp_rect x=0 y=0 w=1080 h=1920
E/qdoverlay( 1587): dst_rect mdp_rect x=0 y=0 w=1080 h=1920
E/qdhwcomposer( 1587): isValidDimension: layer handle is NULL
E/qdhwcomposer( 1587): isValidDimension: layer handle is NULL
E/qdoverlay( 1587): Bad ov dump: mdp_overlay z=0 fg=0 alpha=255 mask=-1 flags=0x220000 id=8
E/qdoverlay( 1587): src msmfb_img w=1152 h=1920 format=13 MDP_RGBA_8888
E/qdoverlay( 1587): src_rect mdp_rect x=0 y=0 w=1080 h=1920
E/qdoverlay( 1587): dst_rect mdp_rect x=0 y=0 w=1080 h=1920
E/qdhwcomposer( 1587): isValidDimension: layer handle is NULL
E/qdhwcomposer( 1587): isValidDimension: layer handle is NULL
E/qdoverlay( 1587): Bad ov dump: mdp_overlay z=0 fg=0 alpha=255 mask=-1 flags=0x220000 id=8
E/qdoverlay( 1587): src msmfb_img w=1152 h=1920 format=13 MDP_RGBA_8888
E/qdoverlay( 1587): src_rect mdp_rect x=0 y=0 w=1080 h=1920
E/qdoverlay( 1587): dst_rect mdp_rect x=0 y=0 w=1080 h=1920
E/qdhwcomposer( 1587): isValidDimension: layer handle is NULL
E/qdhwcomposer( 1587): isValidDimension: layer handle is NULL
E/qdoverlay( 1587): Bad ov dump: mdp_overlay z=0 fg=0 alpha=255 mask=-1 flags=0x220000 id=8
E/qdoverlay( 1587): src msmfb_img w=1152 h=1920 format=13 MDP_RGBA_8888
E/qdoverlay( 1587): src_rect mdp_rect x=0 y=0 w=1080 h=1920
E/qdoverlay( 1587): dst_rect mdp_rect x=0 y=0 w=1080 h=1920
E/qdhwcomposer( 1587): isValidDimension: layer handle is NULL
E/qdhwcomposer( 1587): isValidDimension: layer handle is NULL
E/qdoverlay( 1587): Bad ov dump: mdp_overlay z=0 fg=0 alpha=255 mask=-1 flags=0x220000 id=8
E/qdoverlay( 1587): src msmfb_img w=1152 h=1920 format=13 MDP_RGBA_8888
E/qdoverlay( 1587): src_rect mdp_rect x=0 y=0 w=1080 h=1920
E/qdoverlay( 1587): dst_rect mdp_rect x=0 y=0 w=1080 h=1920
E/qdhwcomposer( 1587): isValidDimension: layer handle is NULL
E/qdhwcomposer( 1587): isValidDimension: layer handle is NULL
E/qdoverlay( 1587): Bad ov dump: mdp_overlay z=0 fg=0 alpha=255 mask=-1 flags=0x220000 id=8
E/qdoverlay( 1587): src msmfb_img w=1152 h=1920 format=13 MDP_RGBA_8888
E/qdoverlay( 1587): src_rect mdp_rect x=0 y=0 w=1080 h=1920
E/qdoverlay( 1587): dst_rect mdp_rect x=0 y=0 w=1080 h=1920
E/qdhwcomposer( 1587): isValidDimension: layer handle is NULL
E/qdhwcomposer( 1587): isValidDimension: layer handle is NULL
E/qdoverlay( 1587): Bad ov dump: mdp_overlay z=0 fg=0 alpha=255 mask=-1 flags=0x220000 id=8
E/qdoverlay( 1587): src msmfb_img w=1152 h=1920 format=13 MDP_RGBA_8888
E/qdoverlay( 1587): src_rect mdp_rect x=0 y=0 w=1080 h=1920
E/qdoverlay( 1587): dst_rect mdp_rect x=0 y=0 w=1080 h=1920
E/qdhwcomposer( 1587): isValidDimension: layer handle is NULL
E/qdhwcomposer( 1587): isValidDimension: layer handle is NULL
E/qdoverlay( 1587): Bad ov dump: mdp_overlay z=0 fg=0 alpha=255 mask=-1 flags=0x220000 id=8
E/qdoverlay( 1587): src msmfb_img w=1152 h=1920 format=13 MDP_RGBA_8888
E/qdoverlay( 1587): src_rect mdp_rect x=0 y=0 w=1080 h=1920
E/qdoverlay( 1587): dst_rect mdp_rect x=0 y=0 w=1080 h=1920
E/qdhwcomposer( 1587): isValidDimension: layer handle is NULL
E/qdhwcomposer( 1587): isValidDimension: layer handle is NULL
E/qdoverlay( 1587): Bad ov dump: mdp_overlay z=0 fg=0 alpha=255 mask=-1 flags=0x220000 id=8
E/qdoverlay( 1587): src msmfb_img w=1152 h=1920 format=13 MDP_RGBA_8888
E/qdoverlay( 1587): src_rect mdp_rect x=0 y=0 w=1080 h=1920
E/qdoverlay( 1587): dst_rect mdp_rect x=0 y=0 w=1080 h=1920
E/qdhwcomposer( 1587): isValidDimension: layer handle is NULL
E/qdhwcomposer( 1587): isValidDimension: layer handle is NULL
E/qdoverlay( 1587): Bad ov dump: mdp_overlay z=0 fg=0 alpha=255 mask=-1 flags=0x220000 id=8
E/qdoverlay( 1587): src msmfb_img w=1152 h=1920 format=13 MDP_RGBA_8888
E/qdoverlay( 1587): src_rect mdp_rect x=0 y=0 w=1080 h=1920
E/qdoverlay( 1587): dst_rect mdp_rect x=0 y=0 w=1080 h=1920
E/qdhwcomposer( 1587): isValidDimension: layer handle is NULL
E/qdhwcomposer( 1587): isValidDimension: layer handle is NULL
E/qdoverlay( 1587): Bad ov dump: mdp_overlay z=0 fg=0 alpha=255 mask=-1 flags=0x220000 id=8
E/qdoverlay( 1587): src msmfb_img w=1152 h=1920 format=13 MDP_RGBA_8888
E/qdoverlay( 1587): src_rect mdp_rect x=0 y=0 w=1080 h=1920
E/qdoverlay( 1587): dst_rect mdp_rect x=0 y=0 w=1080 h=1920
E/qdhwcomposer( 1587): isValidDimension: layer handle is NULL
E/qdhwcomposer( 1587): isValidDimension: layer handle is NULL
E/qdoverlay( 1587): Bad ov dump: mdp_overlay z=0 fg=0 alpha=255 mask=-1 flags=0x220000 id=8
E/qdoverlay( 1587): src msmfb_img w=1152 h=1920 format=13 MDP_RGBA_8888
E/qdoverlay( 1587): src_rect mdp_rect x=0 y=0 w=1080 h=1920
E/qdoverlay( 1587): dst_rect mdp_rect x=0 y=0 w=1080 h=1920
E/qdhwcomposer( 1587): isValidDimension: layer handle is NULL
E/qdhwcomposer( 1587): isValidDimension: layer handle is NULL
E/qdoverlay( 1587): Bad ov dump: mdp_overlay z=0 fg=0 alpha=255 mask=-1 flags=0x220000 id=8
E/qdoverlay( 1587): src msmfb_img w=1152 h=1920 format=13 MDP_RGBA_8888
E/qdoverlay( 1587): src_rect mdp_rect x=0 y=0 w=1080 h=1920
E/qdoverlay( 1587): dst_rect mdp_rect x=0 y=0 w=1080 h=1920
E/qdhwcomposer( 1587): isValidDimension: layer handle is NULL
E/qdhwcomposer( 1587): isValidDimension: layer handle is NULL
E/qdoverlay( 1587): Bad ov dump: mdp_overlay z=0 fg=0 alpha=255 mask=-1 flags=0x220000 id=8
E/qdoverlay( 1587): src msmfb_img w=1152 h=1920 format=13 MDP_RGBA_8888
E/qdoverlay( 1587): src_rect mdp_rect x=0 y=0 w=1080 h=1920
E/qdoverlay( 1587): dst_rect mdp_rect x=0 y=0 w=1080 h=1920
E/qdhwcomposer( 1587): isValidDimension: layer handle is NULL
E/qdhwcomposer( 1587): isValidDimension: layer handle is NULL
E/qdoverlay( 1587): Bad ov dump: mdp_overlay z=0 fg=0 alpha=255 mask=-1 flags=0x220000 id=8
E/qdoverlay( 1587): src msmfb_img w=1152 h=1920 format=13 MDP_RGBA_8888
E/qdoverlay( 1587): src_rect mdp_rect x=0 y=0 w=1080 h=1920
E/qdoverlay( 1587): dst_rect mdp_rect x=0 y=0 w=1080 h=1920
E/qdhwcomposer( 1587): isValidDimension: layer handle is NULL
E/qdhwcomposer( 1587): isValidDimension: layer handle is NULL
E/qdoverlay( 1587): Bad ov dump: mdp_overlay z=0 fg=0 alpha=255 mask=-1 flags=0x220000 id=8
E/qdoverlay( 1587): src msmfb_img w=1152 h=1920 format=13 MDP_RGBA_8888
E/qdoverlay( 1587): src_rect mdp_rect x=0 y=0 w=1080 h=1920
E/qdoverlay( 1587): dst_rect mdp_rect x=0 y=0 w=1080 h=1920
E/qdhwcomposer( 1587): isValidDimension: layer handle is NULL
E/qdhwcomposer( 1587): isValidDimension: layer handle is NULL
E/qdoverlay( 1587): Bad ov dump: mdp_overlay z=0 fg=0 alpha=255 mask=-1 flags=0x220000 id=8
E/qdoverlay( 1587): src msmfb_img w=1152 h=1920 format=13 MDP_RGBA_8888
E/qdoverlay( 1587): src_rect mdp_rect x=0 y=0 w=1080 h=1920
E/qdoverlay( 1587): dst_rect mdp_rect x=0 y=0 w=1080 h=1920
E/qdhwcomposer( 1587): isValidDimension: layer handle is NULL
E/qdhwcomposer( 1587): isValidDimension: layer handle is NULL
E/qdoverlay( 1587): Bad ov dump: mdp_overlay z=0 fg=0 alpha=255 mask=-1 flags=0x220000 id=8
E/qdoverlay( 1587): src msmfb_img w=1152 h=1920 format=13 MDP_RGBA_8888
E/qdoverlay( 1587): src_rect mdp_rect x=0 y=0 w=1080 h=1920
E/qdoverlay( 1587): dst_rect mdp_rect x=0 y=0 w=1080 h=1920
E/qdhwcomposer( 1587): isValidDimension: layer handle is NULL
E/qdhwcomposer( 1587): isValidDimension: layer handle is NULL
E/qdoverlay( 1587): Bad ov dump: mdp_overlay z=0 fg=0 alpha=255 mask=-1 flags=0x220000 id=8
E/qdoverlay( 1587): src msmfb_img w=1152 h=1920 format=13 MDP_RGBA_8888
E/qdoverlay( 1587): src_rect mdp_rect x=0 y=0 w=1080 h=1920
E/qdoverlay( 1587): dst_rect mdp_rect x=0 y=0 w=1080 h=1920
E/qdhwcomposer( 1587): isValidDimension: layer handle is NULL
E/qdhwcomposer( 1587): isValidDimension: layer handle is NULL
E/qdoverlay( 1587): Bad ov dump: mdp_overlay z=0 fg=0 alpha=255 mask=-1 flags=0x220000 id=8
E/qdoverlay( 1587): src msmfb_img w=1152 h=1920 format=13 MDP_RGBA_8888
E/qdoverlay( 1587): src_rect mdp_rect x=0 y=0 w=1080 h=1920
E/qdoverlay( 1587): dst_rect mdp_rect x=0 y=0 w=1080 h=1920
E/qdhwcomposer( 1587): isValidDimension: layer handle is NULL
E/qdhwcomposer( 1587): isValidDimension: layer handle is NULL
E/qdoverlay( 1587): Bad ov dump: mdp_overlay z=0 fg=0 alpha=255 mask=-1 flags=0x220000 id=8
E/qdoverlay( 1587): src msmfb_img w=1152 h=1920 format=13 MDP_RGBA_8888
E/qdoverlay( 1587): src_rect mdp_rect x=0 y=0 w=1080 h=1920
E/qdoverlay( 1587): dst_rect mdp_rect x=0 y=0 w=1080 h=1920
E/qdhwcomposer( 1587): isValidDimension: layer handle is NULL
E/qdhwcomposer( 1587): isValidDimension: layer handle is NULL
E/qdoverlay( 1587): Bad ov dump: mdp_overlay z=0 fg=0 alpha=255 mask=-1 flags=0x220000 id=8
E/qdoverlay( 1587): src msmfb_img w=1152 h=1920 format=13 MDP_RGBA_8888
E/qdoverlay( 1587): src_rect mdp_rect x=0 y=0 w=1080 h=1920
E/qdoverlay( 1587): dst_rect mdp_rect x=0 y=0 w=1080 h=1920
E/qdhwcomposer( 1587): isValidDimension: layer handle is NULL
E/qdhwcomposer( 1587): isValidDimension: layer handle is NULL
E/qdoverlay( 1587): Bad ov dump: mdp_overlay z=0 fg=0 alpha=255 mask=-1 flags=0x220000 id=8
E/qdoverlay( 1587): src msmfb_img w=1152 h=1920 format=13 MDP_RGBA_8888
E/qdoverlay( 1587): src_rect mdp_rect x=0 y=0 w=1080 h=1920
E/qdoverlay( 1587): dst_rect mdp_rect x=0 y=0 w=1080 h=1920
E/qdhwcomposer( 1587): isValidDimension: layer handle is NULL
E/qdhwcomposer( 1587): isValidDimension: layer handle is NULL
E/qdoverlay( 1587): Bad ov dump: mdp_overlay z=0 fg=0 alpha=255 mask=-1 flags=0x220000 id=8
E/qdoverlay( 1587): src msmfb_img w=1152 h=1920 format=13 MDP_RGBA_8888
E/qdoverlay( 1587): src_rect mdp_rect x=0 y=0 w=1080 h=1920
E/qdoverlay( 1587): dst_rect mdp_rect x=0 y=0 w=1080 h=1920
E/qdhwcomposer( 1587): isValidDimension: layer handle is NULL
E/qdhwcomposer( 1587): isValidDimension: layer handle is NULL
E/qdoverlay( 1587): Bad ov dump: mdp_overlay z=0 fg=0 alpha=255 mask=-1 flags=0x220000 id=8
E/qdoverlay( 1587): src msmfb_img w=1152 h=1920 format=13 MDP_RGBA_8888
E/qdoverlay( 1587): src_rect mdp_rect x=0 y=0 w=1080 h=1920
E/qdoverlay( 1587): dst_rect mdp_rect x=0 y=0 w=1080 h=1920
E/qdhwcomposer( 1587): isValidDimension: layer handle is NULL
E/qdhwcomposer( 1587): isValidDimension: layer handle is NULL
E/qdoverlay( 1587): Bad ov dump: mdp_overlay z=0 fg=0 alpha=255 mask=-1 flags=0x220000 id=8
E/qdoverlay( 1587): src msmfb_img w=1152 h=1920 format=13 MDP_RGBA_8888
E/qdoverlay( 1587): src_rect mdp_rect x=0 y=0 w=1080 h=1920
E/qdoverlay( 1587): dst_rect mdp_rect x=0 y=0 w=1080 h=1920
E/qdhwcomposer( 1587): isValidDimension: layer handle is NULL
E/qdhwcomposer( 1587): isValidDimension: layer handle is NULL
E/qdoverlay( 1587): Bad ov dump: mdp_overlay z=0 fg=0 alpha=255 mask=-1 flags=0x220000 id=8
E/qdoverlay( 1587): src msmfb_img w=1152 h=1920 format=13 MDP_RGBA_8888
E/qdoverlay( 1587): src_rect mdp_rect x=0 y=0 w=1080 h=1920
E/qdoverlay( 1587): dst_rect mdp_rect x=0 y=0 w=1080 h=1920
E/qdhwcomposer( 1587): isValidDimension: layer handle is NULL
E/qdhwcomposer( 1587): isValidDimension: layer handle is NULL
E/qdoverlay( 1587): Bad ov dump: mdp_overlay z=0 fg=0 alpha=255 mask=-1 flags=0x220000 id=8
E/qdoverlay( 1587): src msmfb_img w=1152 h=1920 format=13 MDP_RGBA_8888
E/qdoverlay( 1587): src_rect mdp_rect x=0 y=0 w=1080 h=1920
E/qdoverlay( 1587): dst_rect mdp_rect x=0 y=0 w=1080 h=1920
E/qdhwcomposer( 1587): isValidDimension: layer handle is NULL
E/qdhwcomposer( 1587): isValidDimension: layer handle is NULL
E/qdoverlay( 1587): Bad ov dump: mdp_overlay z=0 fg=0 alpha=255 mask=-1 flags=0x220000 id=8
E/qdoverlay( 1587): src msmfb_img w=1152 h=1920 format=13 MDP_RGBA_8888
E/qdoverlay( 1587): src_rect mdp_rect x=0 y=0 w=1080 h=1920
E/qdoverlay( 1587): dst_rect mdp_rect x=0 y=0 w=1080 h=1920
E/qdhwcomposer( 1587): isValidDimension: layer handle is NULL
E/qdhwcomposer( 1587): isValidDimension: layer handle is NULL
E/qdoverlay( 1587): Bad ov dump: mdp_overlay z=0 fg=0 alpha=255 mask=-1 flags=0x220000 id=8
E/qdoverlay( 1587): src msmfb_img w=1152 h=1920 format=13 MDP_RGBA_8888
E/qdoverlay( 1587): src_rect mdp_rect x=0 y=0 w=1080 h=1920
E/qdoverlay( 1587): dst_rect mdp_rect x=0 y=0 w=1080 h=1920
E/qdhwcomposer( 1587): isValidDimension: layer handle is NULL
E/qdhwcomposer( 1587): isValidDimension: layer handle is NULL
E/qdoverlay( 1587): Bad ov dump: mdp_overlay z=0 fg=0 alpha=255 mask=-1 flags=0x220000 id=8
E/qdoverlay( 1587): src msmfb_img w=1152 h=1920 format=13 MDP_RGBA_8888
E/qdoverlay( 1587): src_rect mdp_rect x=0 y=0 w=1080 h=1920
E/qdoverlay( 1587): dst_rect mdp_rect x=0 y=0 w=1080 h=1920
E/qdhwcomposer( 1587): isValidDimension: layer handle is NULL
E/qdhwcomposer( 1587): isValidDimension: layer handle is NULL
E/qdoverlay( 1587): Bad ov dump: mdp_overlay z=0 fg=0 alpha=255 mask=-1 flags=0x220000 id=8
E/qdoverlay( 1587): src msmfb_img w=1152 h=1920 format=13 MDP_RGBA_8888
E/qdoverlay( 1587): src_rect mdp_rect x=0 y=0 w=1080 h=1920
E/qdoverlay( 1587): dst_rect mdp_rect x=0 y=0 w=1080 h=1920
E/qdhwcomposer( 1587): isValidDimension: layer handle is NULL
E/qdhwcomposer( 1587): isValidDimension: layer handle is NULL
E/qdoverlay( 1587): Bad ov dump: mdp_overlay z=0 fg=0 alpha=255 mask=-1 flags=0x220000 id=8
E/qdoverlay( 1587): src msmfb_img w=1152 h=1920 format=13 MDP_RGBA_8888
E/qdoverlay( 1587): src_rect mdp_rect x=0 y=0 w=1080 h=1920
E/qdoverlay( 1587): dst_rect mdp_rect x=0 y=0 w=1080 h=1920
E/qdhwcomposer( 1587): isValidDimension: layer handle is NULL
E/qdhwcomposer( 1587): isValidDimension: layer handle is NULL
E/qdoverlay( 1587): Bad ov dump: mdp_overlay z=0 fg=0 alpha=255 mask=-1 flags=0x220000 id=8
E/qdoverlay( 1587): src msmfb_img w=1152 h=1920 format=13 MDP_RGBA_8888
E/qdoverlay( 1587): src_rect mdp_rect x=0 y=0 w=1080 h=1920
E/qdoverlay( 1587): dst_rect mdp_rect x=0 y=0 w=1080 h=1920
E/qdhwcomposer( 1587): isValidDimension: layer handle is NULL
E/qdhwcomposer( 1587): isValidDimension: layer handle is NULL
E/qdoverlay( 1587): Bad ov dump: mdp_overlay z=0 fg=0 alpha=255 mask=-1 flags=0x220000 id=8
E/qdoverlay( 1587): src msmfb_img w=1152 h=1920 format=13 MDP_RGBA_8888
E/qdoverlay( 1587): src_rect mdp_rect x=0 y=0 w=1080 h=1920
E/qdoverlay( 1587): dst_rect mdp_rect x=0 y=0 w=1080 h=1920
E/qdhwcomposer( 1587): isValidDimension: layer handle is NULL
E/qdhwcomposer( 1587): isValidDimension: layer handle is NULL
E/qdoverlay( 1587): Bad ov dump: mdp_overlay z=0 fg=0 alpha=255 mask=-1 flags=0x220000 id=8
E/qdoverlay( 1587): src msmfb_img w=1152 h=1920 format=13 MDP_RGBA_8888
E/qdoverlay( 1587): src_rect mdp_rect x=0 y=0 w=1080 h=1920
E/qdoverlay( 1587): dst_rect mdp_rect x=0 y=0 w=1080 h=1920
E/qdhwcomposer( 1587): isValidDimension: layer handle is NULL
E/qdhwcomposer( 1587): isValidDimension: layer handle is NULL
E/qdoverlay( 1587): Bad ov dump: mdp_overlay z=0 fg=0 alpha=255 mask=-1 flags=0x220000 id=8
E/qdoverlay( 1587): src msmfb_img w=1152 h=1920 format=13 MDP_RGBA_8888
E/qdoverlay( 1587): src_rect mdp_rect x=0 y=0 w=1080 h=1920
E/qdoverlay( 1587): dst_rect mdp_rect x=0 y=0 w=1080 h=1920
E/qdhwcomposer( 1587): isValidDimension: layer handle is NULL
E/qdhwcomposer( 1587): isValidDimension: layer handle is NULL
E/qdoverlay( 1587): Bad ov dump: mdp_overlay z=0 fg=0 alpha=255 mask=-1 flags=0x220000 id=8
E/qdoverlay( 1587): src msmfb_img w=1152 h=1920 format=13 MDP_RGBA_8888
E/qdoverlay( 1587): src_rect mdp_rect x=0 y=0 w=1080 h=1920
E/qdoverlay( 1587): dst_rect mdp_rect x=0 y=0 w=1080 h=1920
E/qdhwcomposer( 1587): isValidDimension: layer handle is NULL
E/qdhwcomposer( 1587): isValidDimension: layer handle is NULL
E/qdoverlay( 1587): Bad ov dump: mdp_overlay z=0 fg=0 alpha=255 mask=-1 flags=0x220000 id=8
E/qdoverlay( 1587): src msmfb_img w=1152 h=1920 format=13 MDP_RGBA_8888
E/qdoverlay( 1587): src_rect mdp_rect x=0 y=0 w=1080 h=1920
E/qdoverlay( 1587): dst_rect mdp_rect x=0 y=0 w=1080 h=1920
E/qdhwcomposer( 1587): isValidDimension: layer handle is NULL
E/qdhwcomposer( 1587): isValidDimension: layer handle is NULL
E/qdoverlay( 1587): Bad ov dump: mdp_overlay z=0 fg=0 alpha=255 mask=-1 flags=0x220000 id=8
E/qdoverlay( 1587): src msmfb_img w=1152 h=1920 format=13 MDP_RGBA_8888
E/qdoverlay( 1587): src_rect mdp_rect x=0 y=0 w=1080 h=1920
E/qdoverlay( 1587): dst_rect mdp_rect x=0 y=0 w=1080 h=1920
E/qdhwcomposer( 1587): isValidDimension: layer handle is NULL
E/qdhwcomposer( 1587): isValidDimension: layer handle is NULL
E/qdoverlay( 1587): Bad ov dump: mdp_overlay z=0 fg=0 alpha=255 mask=-1 flags=0x220000 id=8
E/qdoverlay( 1587): src msmfb_img w=1152 h=1920 format=13 MDP_RGBA_8888
E/qdoverlay( 1587): src_rect mdp_rect x=0 y=0 w=1080 h=1920
E/qdoverlay( 1587): dst_rect mdp_rect x=0 y=0 w=1080 h=1920
E/qdhwcomposer( 1587): isValidDimension: layer handle is NULL
E/qdhwcomposer( 1587): isValidDimension: layer handle is NULL
E/qdoverlay( 1587): Bad ov dump: mdp_overlay z=0 fg=0 alpha=255 mask=-1 flags=0x220000 id=8
E/qdoverlay( 1587): src msmfb_img w=1152 h=1920 format=13 MDP_RGBA_8888
E/qdoverlay( 1587): src_rect mdp_rect x=0 y=0 w=1080 h=1920
E/qdoverlay( 1587): dst_rect mdp_rect x=0 y=0 w=1080 h=1920
E/qdhwcomposer( 1587): isValidDimension: layer handle is NULL
E/qdhwcomposer( 1587): isValidDimension: layer handle is NULL
E/qdoverlay( 1587): Bad ov dump: mdp_overlay z=0 fg=0 alpha=255 mask=-1 flags=0x220000 id=8
E/qdoverlay( 1587): src msmfb_img w=1152 h=1920 format=13 MDP_RGBA_8888
E/qdoverlay( 1587): src_rect mdp_rect x=0 y=0 w=1080 h=1920
E/qdoverlay( 1587): dst_rect mdp_rect x=0 y=0 w=1080 h=1920
E/qdhwcomposer( 1587): isValidDimension: layer handle is NULL
E/qdhwcomposer( 1587): isValidDimension: layer handle is NULL
E/qdoverlay( 1587): Bad ov dump: mdp_overlay z=0 fg=0 alpha=255 mask=-1 flags=0x220000 id=8
E/qdoverlay( 1587): src msmfb_img w=1152 h=1920 format=13 MDP_RGBA_8888
E/qdoverlay( 1587): src_rect mdp_rect x=0 y=0 w=1080 h=1920
E/qdoverlay( 1587): dst_rect mdp_rect x=0 y=0 w=1080 h=1920
E/qdhwcomposer( 1587): isValidDimension: layer handle is NULL
E/qdhwcomposer( 1587): isValidDimension: layer handle is NULL
E/qdoverlay( 1587): Bad ov dump: mdp_overlay z=0 fg=0 alpha=255 mask=-1 flags=0x220000 id=8
E/qdoverlay( 1587): src msmfb_img w=1152 h=1920 format=13 MDP_RGBA_8888
E/qdoverlay( 1587): src_rect mdp_rect x=0 y=0 w=1080 h=1920
E/qdoverlay( 1587): dst_rect mdp_rect x=0 y=0 w=1080 h=1920
W/dex2oat ( 5294): Skipping class org.codeaurora.Performance from /system/framework/org.codeaurora.Performance.jar previously found in /usr/libexec/sfdroid/system/framework/framework.jar:classes2.dex
W/dex2oat ( 5294): Skipping class org.codeaurora.camera.QCFace from /system/framework/org.codeaurora.Performance.jar previously found in /usr/libexec/sfdroid/system/framework/framework.jar:classes2.dex
W/dex2oat ( 5294): Skipping class org.codeaurora.camera.ExtendedFace from /system/framework/org.codeaurora.Performance.jar previously found in /usr/libexec/sfdroid/system/framework/framework.jar:classes2.dex
E/NetlinkListener( 5246): recvmsg failed (I/O error)
E/NetlinkListener( 687): recvmsg failed (I/O error)
E/NetlinkListener( 5246): recvmsg failed (I/O error)
E/NetlinkListener( 687): recvmsg failed (I/O error)
V/WLAN_PSA( 673): NL MSG, len[048], NL type[0x11] WNI type[0x5050] len[028]
V/WLAN_PSA( 673): NL MSG, PID: 673
V/WLAN_PSA( 673): NL MSG, len[4063], NL type[0x1C] WNI type[0x5900] len[50959]
V/WLAN_PSA( 673): NL MSG, PID: 673
W/dex2oat ( 5294): Skipping class org.codeaurora.Performance from /system/framework/org.codeaurora.Performance.jar previously found in /usr/libexec/sfdroid/system/framework/framework.jar:classes2.dex
W/dex2oat ( 5294): Skipping class org.codeaurora.camera.ExtendedFace from /system/framework/org.codeaurora.Performance.jar previously found in /usr/libexec/sfdroid/system/framework/framework.jar:classes2.dex
W/dex2oat ( 5294): Skipping class org.codeaurora.camera.QCFace from /system/framework/org.codeaurora.Performance.jar previously found in /usr/libexec/sfdroid/system/framework/framework.jar:classes2.dex
I/dex2oat ( 5294): Explicit concurrent mark sweep GC freed 42759(5MB) AllocSpace objects, 0(0B) LOS objects, 15% free, 21MB/25MB, paused 171us total 115.736ms
E/NetlinkListener( 5246): recvmsg failed (I/O error)
E/NetlinkListener( 687): recvmsg failed (I/O error)
E/NetlinkListener( 687): recvmsg failed (I/O error)
E/NetlinkListener( 5246): recvmsg failed (I/O error)
I/dex2oat ( 5294): Method exceeds compiler instruction limit: 21296 in void org.ccil.cowan.tagsoup.HTMLSchema.()
E/qdhwcomposer( 1587): isValidDimension: layer handle is NULL
E/qdhwcomposer( 1587): isValidDimension: layer handle is NULL
E/qdoverlay( 1587): Bad ov dump: mdp_overlay z=0 fg=0 alpha=255 mask=-1 flags=0x220000 id=8
E/qdoverlay( 1587): src msmfb_img w=1152 h=1920 format=13 MDP_RGBA_8888
E/qdoverlay( 1587): src_rect mdp_rect x=0 y=0 w=1080 h=1920
E/qdoverlay( 1587): dst_rect mdp_rect x=0 y=0 w=1080 h=1920
V/WLAN_PSA( 673): NL MSG, len[048], NL type[0x11] WNI type[0x5050] len[028]
V/WLAN_PSA( 673): NL MSG, PID: 673
V/WLAN_PSA( 673): NL MSG, len[4027], NL type[0x1C] WNI type[0x5900] len[41743]
V/WLAN_PSA( 673): NL MSG, PID: 673
V/WLAN_PSA( 673): NL MSG, len[4095], NL type[0x1C] WNI type[0x5900] len[59151]
V/WLAN_PSA( 673): NL MSG, PID: 673
V/WLAN_PSA( 673): NL MSG, len[048], NL type[0x11] WNI type[0x5050] len[028]
V/WLAN_PSA( 673): NL MSG, PID: 673
W/dex2oat ( 5294): Skipping class org.codeaurora.Performance from /system/framework/org.codeaurora.Performance.jar previously found in /usr/libexec/sfdroid/system/framework/framework.jar:classes2.dex
W/dex2oat ( 5294): Skipping class org.codeaurora.camera.QCFace from /system/framework/org.codeaurora.Performance.jar previously found in /usr/libexec/sfdroid/system/framework/framework.jar:classes2.dex
W/dex2oat ( 5294): Skipping class org.codeaurora.camera.ExtendedFace from /system/framework/org.codeaurora.Performance.jar previously found in /usr/libexec/sfdroid/system/framework/framework.jar:classes2.dex
E/NetlinkListener( 5246): recvmsg failed (I/O error)
E/NetlinkListener( 687): recvmsg failed (I/O error)
E/NetlinkListener( 5246): recvmsg failed (I/O error)
E/NetlinkListener( 687): recvmsg failed (I/O error)
I/dex2oat ( 5294): Explicit concurrent mark sweep GC freed 233600(16MB) AllocSpace objects, 0(0B) LOS objects, 26% free, 11MB/15MB, paused 163us total 57.383ms
V/WLAN_PSA( 673): NL MSG, len[048], NL type[0x11] WNI type[0x5050] len[028]
V/WLAN_PSA( 673): NL MSG, PID: 673
V/WLAN_PSA( 673): NL MSG, len[4047], NL type[0x1C] WNI type[0x5900] len[46863]
V/WLAN_PSA( 673): NL MSG, PID: 673
I/dex2oat ( 5294): dex2oat took 24.949s (threads: 4) arena alloc=2MB java alloc=11MB native alloc=68MB free=19MB
I/SamplingProfilerIntegration( 5245): Profiling disabled.
D/Zygote ( 5245): begin preload
I/Zygote ( 5245): Preloading classes...
I/art ( 5245): Explicit concurrent mark sweep GC freed 824(38KB) AllocSpace objects, 0(0B) LOS objects, 98% free, 52KB/4MB, paused 104us total 3.466ms
I/art ( 5245): Counter: 1
I/art ( 5245): Explicit concurrent mark sweep GC freed 96(4KB) AllocSpace objects, 0(0B) LOS objects, 98% free, 72KB/4MB, paused 99us total 2.566ms
I/art ( 5245): Explicit concurrent mark sweep GC freed 457(29KB) AllocSpace objects, 0(0B) LOS objects, 98% free, 72KB/4MB, paused 101us total 1.600ms
I/art ( 5245): Explicit concurrent mark sweep GC freed 5(160B) AllocSpace objects, 0(0B) LOS objects, 98% free, 72KB/4MB, paused 95us total 1.535ms
W/Zygote ( 5245): Class not found for preloading: android.app.ContextImpl$62
I/art ( 5245): Explicit concurrent mark sweep GC freed 633(41KB) AllocSpace objects, 0(0B) LOS objects, 98% free, 80KB/4MB, paused 104us total 3.062ms
I/art ( 5245): Explicit concurrent mark sweep GC freed 5(160B) AllocSpace objects, 0(0B) LOS objects, 98% free, 80KB/4MB, paused 97us total 1.705ms
I/art ( 5245): Explicit concurrent mark sweep GC freed 443(26KB) AllocSpace objects, 0(0B) LOS objects, 97% free, 110KB/4MB, paused 99us total 2.433ms
I/art ( 5245): Explicit concurrent mark sweep GC freed 25(1056B) AllocSpace objects, 0(0B) LOS objects, 97% free, 109KB/4MB, paused 94us total 1.662ms
E/Minikin ( 5245): addFont failed to create font /system/fonts/NanumGothic.ttf
E/Minikin ( 5245): addFont failed to create font /system/fonts/DroidSansFallback.ttf
I/art ( 5245): Explicit concurrent mark sweep GC freed 1773(128KB) AllocSpace objects, 0(0B) LOS objects, 97% free, 121KB/4MB, paused 113us total 4.044ms
I/art ( 5245): Explicit concurrent mark sweep GC freed 26(880B) AllocSpace objects, 0(0B) LOS objects, 97% free, 121KB/4MB, paused 96us total 1.783ms
I/art ( 5245): Explicit concurrent mark sweep GC freed 1910(91KB) AllocSpace objects, 0(0B) LOS objects, 96% free, 162KB/4MB, paused 107us total 4.258ms
I/art ( 5245): Explicit concurrent mark sweep GC freed 5(160B) AllocSpace objects, 0(0B) LOS objects, 96% free, 162KB/4MB, paused 95us total 1.830ms
I/art ( 5245): Explicit concurrent mark sweep GC freed 1975(87KB) AllocSpace objects, 0(0B) LOS objects, 95% free, 197KB/4MB, paused 102us total 3.186ms
I/art ( 5245): Explicit concurrent mark sweep GC freed 5(160B) AllocSpace objects, 0(0B) LOS objects, 95% free, 197KB/4MB, paused 96us total 1.864ms
I/art ( 5245): Explicit concurrent mark sweep GC freed 369(19KB) AllocSpace objects, 0(0B) LOS objects, 94% free, 230KB/4MB, paused 101us total 3.328ms
I/art ( 5245): Explicit concurrent mark sweep GC freed 5(160B) AllocSpace objects, 0(0B) LOS objects, 94% free, 230KB/4MB, paused 94us total 1.970ms
I/art ( 5245): Thread[1,tid=5245,WaitingForJniOnLoad,Thread*=0xb4827800,peer=0x12c411c0,"main"] recursive attempt to load library "/system/lib/libmedia_jni.so"
D/MtpDeviceJNI( 5245): register_android_mtp_MtpDevice
I/art ( 5245): Thread[1,tid=5245,WaitingForJniOnLoad,Thread*=0xb4827800,peer=0x12c411c0,"main"] recursive attempt to load library "/system/lib/libmedia_jni.so"
I/art ( 5245): Thread[1,tid=5245,WaitingForJniOnLoad,Thread*=0xb4827800,peer=0x12c411c0,"main"] recursive attempt to load library "/system/lib/libmedia_jni.so"
I/art ( 5245): Explicit concurrent mark sweep GC freed 748(43KB) AllocSpace objects, 0(0B) LOS objects, 94% free, 239KB/4MB, paused 104us total 3.266ms
I/art ( 5245): Explicit concurrent mark sweep GC freed 7(288B) AllocSpace objects, 0(0B) LOS objects, 94% free, 239KB/4MB, paused 95us total 1.955ms
I/art ( 5245): Explicit concurrent mark sweep GC freed 541(27KB) AllocSpace objects, 0(0B) LOS objects, 94% free, 260KB/4MB, paused 219us total 3.711ms
I/art ( 5245): Explicit concurrent mark sweep GC freed 5(160B) AllocSpace objects, 0(0B) LOS objects, 94% free, 260KB/4MB, paused 95us total 2.050ms
I/art ( 5245): Explicit concurrent mark sweep GC freed 641(35KB) AllocSpace objects, 0(0B) LOS objects, 93% free, 274KB/4MB, paused 105us total 3.652ms
I/art ( 5245): Explicit concurrent mark sweep GC freed 5(160B) AllocSpace objects, 0(0B) LOS objects, 93% free, 274KB/4MB, paused 96us total 2.076ms
I/art ( 5245): Explicit concurrent mark sweep GC freed 222(13KB) AllocSpace objects, 0(0B) LOS objects, 92% free, 312KB/4MB, paused 103us total 2.729ms
I/art ( 5245): Explicit concurrent mark sweep GC freed 5(160B) AllocSpace objects, 0(0B) LOS objects, 92% free, 312KB/4MB, paused 97us total 2.282ms
I/art ( 5245): Explicit concurrent mark sweep GC freed 1815(105KB) AllocSpace objects, 0(0B) LOS objects, 89% free, 462KB/4MB, paused 167us total 3.776ms
I/art ( 5245): Explicit concurrent mark sweep GC freed 5(160B) AllocSpace objects, 0(0B) LOS objects, 89% free, 462KB/4MB, paused 98us total 2.509ms
E/EmojiFactory_jni( 5245): Failed to load libemoji.so: dlopen failed: library "libemoji.so" not found
I/art ( 5245): Explicit concurrent mark sweep GC freed 356(45KB) AllocSpace objects, 0(0B) LOS objects, 84% free, 760KB/4MB, paused 105us total 5.358ms
I/art ( 5245): Explicit concurrent mark sweep GC freed 9(272B) AllocSpace objects, 0(0B) LOS objects, 84% free, 759KB/4MB, paused 104us total 3.551ms
I/art ( 5245): Explicit concurrent mark sweep GC freed 432(30KB) AllocSpace objects, 0(0B) LOS objects, 84% free, 778KB/4MB, paused 106us total 4.426ms
I/art ( 5245): Explicit concurrent mark sweep GC freed 5(160B) AllocSpace objects, 0(0B) LOS objects, 84% free, 778KB/4MB, paused 103us total 3.506ms
I/art ( 5245): Explicit concurrent mark sweep GC freed 787(49KB) AllocSpace objects, 0(0B) LOS objects, 84% free, 780KB/4MB, paused 104us total 3.752ms
I/art ( 5245): Explicit concurrent mark sweep GC freed 5(160B) AllocSpace objects, 0(0B) LOS objects, 84% free, 780KB/4MB, paused 101us total 3.338ms
I/art ( 5245): Explicit concurrent mark sweep GC freed 957(105KB) AllocSpace objects, 0(0B) LOS objects, 83% free, 822KB/4MB, paused 104us total 4.924ms
I/art ( 5245): Explicit concurrent mark sweep GC freed 37(1744B) AllocSpace objects, 0(0B) LOS objects, 83% free, 821KB/4MB, paused 100us total 3.766ms
I/art ( 5245): Explicit concurrent mark sweep GC freed 528(39KB) AllocSpace objects, 0(0B) LOS objects, 83% free, 830KB/4MB, paused 108us total 4.331ms
I/art ( 5245): Explicit concurrent mark sweep GC freed 5(160B) AllocSpace objects, 0(0B) LOS objects, 83% free, 830KB/4MB, paused 106us total 3.680ms
I/art ( 5245): Explicit concurrent mark sweep GC freed 360(25KB) AllocSpace objects, 0(0B) LOS objects, 82% free, 859KB/4MB, paused 106us total 4.293ms
I/art ( 5245): Explicit concurrent mark sweep GC freed 5(160B) AllocSpace objects, 0(0B) LOS objects, 82% free, 859KB/4MB, paused 104us total 3.684ms
I/art ( 5245): Explicit concurrent mark sweep GC freed 10831(530KB) AllocSpace objects, 0(0B) LOS objects, 76% free, 1238KB/5MB, paused 113us total 6.936ms
I/art ( 5245): Explicit concurrent mark sweep GC freed 11(432B) AllocSpace objects, 0(0B) LOS objects, 76% free, 1238KB/5MB, paused 112us total 5.235ms
I/art ( 5245): Explicit concurrent mark sweep GC freed 570(33KB) AllocSpace objects, 0(0B) LOS objects, 76% free, 1254KB/5MB, paused 114us total 5.504ms
I/art ( 5245): Explicit concurrent mark sweep GC freed 5(160B) AllocSpace objects, 0(0B) LOS objects, 76% free, 1254KB/5MB, paused 113us total 4.991ms
I/art ( 5245): Explicit concurrent mark sweep GC freed 739(45KB) AllocSpace objects, 0(0B) LOS objects, 76% free, 1257KB/5MB, paused 111us total 4.842ms
I/art ( 5245): Explicit concurrent mark sweep GC freed 5(160B) AllocSpace objects, 0(0B) LOS objects, 76% free, 1257KB/5MB, paused 108us total 4.577ms
I/System ( 5245): Loaded time zone names for "" in 43ms (40ms in ICU)
I/System ( 5245): Loaded time zone names for "en_US" in 28ms (26ms in ICU)
I/art ( 5245): Explicit concurrent mark sweep GC freed 2343(178KB) AllocSpace objects, 0(0B) LOS objects, 74% free, 1416KB/5MB, paused 114us total 5.525ms
I/art ( 5245): Explicit concurrent mark sweep GC freed 5(160B) AllocSpace objects, 0(0B) LOS objects, 74% free, 1416KB/5MB, paused 108us total 4.738ms
I/art ( 5245): Explicit concurrent mark sweep GC freed 136(12KB) AllocSpace objects, 0(0B) LOS objects, 73% free, 1481KB/5MB, paused 110us total 5.024ms
I/art ( 5245): Explicit concurrent mark sweep GC freed 5(160B) AllocSpace objects, 0(0B) LOS objects, 73% free, 1481KB/5MB, paused 110us total 5.493ms
I/art ( 5245): Explicit concurrent mark sweep GC freed 286(24KB) AllocSpace objects, 0(0B) LOS objects, 72% free, 1526KB/5MB, paused 111us total 6.375ms
I/art ( 5245): Explicit concurrent mark sweep GC freed 13(416B) AllocSpace objects, 0(0B) LOS objects, 72% free, 1526KB/5MB, paused 110us total 5.645ms
I/art ( 5245): Explicit concurrent mark sweep GC freed 667(47KB) AllocSpace objects, 0(0B) LOS objects, 72% free, 1528KB/5MB, paused 111us total 5.252ms
I/art ( 5245): Explicit concurrent mark sweep GC freed 25(800B) AllocSpace objects, 0(0B) LOS objects, 72% free, 1527KB/5MB, paused 112us total 5.040ms
I/Zygote ( 5245): ...preloaded 3004 classes in 677ms.
I/art ( 5245): VMRuntime.preloadDexCaches starting
I/art ( 5245): VMRuntime.preloadDexCaches strings total=223573 before=41006 after=41006
I/art ( 5245): VMRuntime.preloadDexCaches types total=19030 before=6653 after=6697
I/art ( 5245): VMRuntime.preloadDexCaches fields total=88636 before=32658 after=33035
I/art ( 5245): VMRuntime.preloadDexCaches methods total=156114 before=67685 after=68621
I/art ( 5245): VMRuntime.preloadDexCaches finished
I/art ( 5245): Counter: 0
I/art ( 5245): Counter: 1
I/art ( 5245): Explicit concurrent mark sweep GC freed 41(15KB) AllocSpace objects, 0(0B) LOS objects, 73% free, 1514KB/5MB, paused 110us total 6.538ms
D/idmap ( 5399): error: no read access to /vendor/overlay: No such file or directory
I/Zygote ( 5245): Preloading resources...
W/Resources( 5245): Preloaded drawable resource #0x1080096 (android:drawable/toast_frame) that varies with configuration!!
W/Resources( 5245): Preloaded drawable resource #0x108010d (android:drawable/btn_check_on_pressed_holo_light) that varies with configuration!!
W/Resources( 5245): Preloaded drawable resource #0x108010c (android:drawable/btn_check_on_pressed_holo_dark) that varies with configuration!!
W/Resources( 5245): Preloaded drawable resource #0x108010a (android:drawable/btn_check_on_holo_light) that varies with configuration!!
W/Resources( 5245): Preloaded drawable resource #0x1080109 (android:drawable/btn_check_on_holo_dark) that varies with configuration!!
W/Resources( 5245): Preloaded drawable resource #0x1080107 (android:drawable/btn_check_on_focused_holo_light) that varies with configuration!!
W/Resources( 5245): Preloaded drawable resource #0x1080106 (android:drawable/btn_check_on_focused_holo_dark) that varies with configuration!!
W/Resources( 5245): Preloaded drawable resource #0x1080105 (android:drawable/btn_check_on_disabled_holo_light) that varies with configuration!!
W/Resources( 5245): Preloaded drawable resource #0x1080104 (android:drawable/btn_check_on_disabled_holo_dark) that varies with configuration!!
W/Resources( 5245): Preloaded drawable resource #0x1080103 (android:drawable/btn_check_on_disabled_focused_holo_light) that varies with configuration!!
W/Resources( 5245): Preloaded drawable resource #0x1080102 (android:drawable/btn_check_on_disabled_focused_holo_dark) that varies with configuration!!
W/Resources( 5245): Preloaded drawable resource #0x10800fa (android:drawable/btn_check_off_pressed_holo_light) that varies with configuration!!
W/Resources( 5245): Preloaded drawable resource #0x10800f9 (android:drawable/btn_check_off_pressed_holo_dark) that varies with configuration!!
W/Resources( 5245): Preloaded drawable resource #0x10800f5 (android:drawable/btn_check_off_holo_light) that varies with configuration!!
W/Resources( 5245): Preloaded drawable resource #0x10800f4 (android:drawable/btn_check_off_holo_dark) that varies with configuration!!
W/Resources( 5245): Preloaded drawable resource #0x10800f2 (android:drawable/btn_check_off_focused_holo_light) that varies with configuration!!
W/Resources( 5245): Preloaded drawable resource #0x10800f1 (android:drawable/btn_check_off_focused_holo_dark) that varies with configuration!!
W/Resources( 5245): Preloaded drawable resource #0x10800f0 (android:drawable/btn_check_off_disabled_holo_light) that varies with configuration!!
W/Resources( 5245): Preloaded drawable resource #0x10800ef (android:drawable/btn_check_off_disabled_holo_dark) that varies with configuration!!
W/Resources( 5245): Preloaded drawable resource #0x10800ee (android:drawable/btn_check_off_disabled_focused_holo_light) that varies with configuration!!
W/Resources( 5245): Preloaded drawable resource #0x10800ed (android:drawable/btn_check_off_disabled_focused_holo_dark) that varies with configuration!!
W/Resources( 5245): Preloaded drawable resource #0x108010a (android:drawable/btn_check_on_holo_light) that varies with configuration!!
W/Resources( 5245): Preloaded drawable resource #0x10800f5 (android:drawable/btn_check_off_holo_light) that varies with configuration!!
W/Resources( 5245): Preloaded drawable resource #0x108010d (android:drawable/btn_check_on_pressed_holo_light) that varies with configuration!!
W/Resources( 5245): Preloaded drawable resource #0x10800fa (android:drawable/btn_check_off_pressed_holo_light) that varies with configuration!!
W/Resources( 5245): Preloaded drawable resource #0x1080107 (android:drawable/btn_check_on_focused_holo_light) that varies with configuration!!
W/Resources( 5245): Preloaded drawable resource #0x10800f2 (android:drawable/btn_check_off_focused_holo_light) that varies with configuration!!
W/Resources( 5245): Preloaded drawable resource #0x10800f5 (android:drawable/btn_check_off_holo_light) that varies with configuration!!
W/Resources( 5245): Preloaded drawable resource #0x108010a (android:drawable/btn_check_on_holo_light) that varies with configuration!!
W/Resources( 5245): Preloaded drawable resource #0x1080105 (android:drawable/btn_check_on_disabled_holo_light) that varies with configuration!!
W/Resources( 5245): Preloaded drawable resource #0x10800f0 (android:drawable/btn_check_off_disabled_holo_light) that varies with configuration!!
W/Resources( 5245): Preloaded drawable resource #0x1080103 (android:drawable/btn_check_on_disabled_focused_holo_light) that varies with configuration!!
W/Resources( 5245): Preloaded drawable resource #0x10800ee (android:drawable/btn_check_off_disabled_focused_holo_light) that varies with configuration!!
W/Resources( 5245): Preloaded drawable resource #0x10800f0 (android:drawable/btn_check_off_disabled_holo_light) that varies with configuration!!
W/Resources( 5245): Preloaded drawable resource #0x1080105 (android:drawable/btn_check_on_disabled_holo_light) that varies with configuration!!
W/Resources( 5245): Preloaded drawable resource #0x10800e3 (android:drawable/btn_check_holo_light) that varies with configuration!!
W/Resources( 5245): Preloaded drawable resource #0x1080109 (android:drawable/btn_check_on_holo_dark) that varies with configuration!!
W/Resources( 5245): Preloaded drawable resource #0x10800f4 (android:drawable/btn_check_off_holo_dark) that varies with configuration!!
W/Resources( 5245): Preloaded drawable resource #0x108010c (android:drawable/btn_check_on_pressed_holo_dark) that varies with configuration!!
W/Resources( 5245): Preloaded drawable resource #0x10800f9 (android:drawable/btn_check_off_pressed_holo_dark) that varies with configuration!!
W/Resources( 5245): Preloaded drawable resource #0x1080106 (android:drawable/btn_check_on_focused_holo_dark) that varies with configuration!!
W/Resources( 5245): Preloaded drawable resource #0x10800f1 (android:drawable/btn_check_off_focused_holo_dark) that varies with configuration!!
W/Resources( 5245): Preloaded drawable resource #0x10800f4 (android:drawable/btn_check_off_holo_dark) that varies with configuration!!
W/Resources( 5245): Preloaded drawable resource #0x1080109 (android:drawable/btn_check_on_holo_dark) that varies with configuration!!
W/Resources( 5245): Preloaded drawable resource #0x1080104 (android:drawable/btn_check_on_disabled_holo_dark) that varies with configuration!!
W/Resources( 5245): Preloaded drawable resource #0x10800ef (android:drawable/btn_check_off_disabled_holo_dark) that varies with configuration!!
W/Resources( 5245): Preloaded drawable resource #0x1080102 (android:drawable/btn_check_on_disabled_focused_holo_dark) that varies with configuration!!
W/Resources( 5245): Preloaded drawable resource #0x10800ed (android:drawable/btn_check_off_disabled_focused_holo_dark) that varies with configuration!!
W/Resources( 5245): Preloaded drawable resource #0x10800ef (android:drawable/btn_check_off_disabled_holo_dark) that varies with configuration!!
W/Resources( 5245): Preloaded drawable resource #0x1080104 (android:drawable/btn_check_on_disabled_holo_dark) that varies with configuration!!
W/Resources( 5245): Preloaded drawable resource #0x10800e2 (android:drawable/btn_check_holo_dark) that varies with configuration!!
W/Resources( 5245): Preloaded drawable resource #0x10801bd (android:drawable/btn_radio_on_pressed_holo_light) that varies with configuration!!
W/Resources( 5245): Preloaded drawable resource #0x10801bc (android:drawable/btn_radio_on_pressed_holo_dark) that varies with configuration!!
W/Resources( 5245): Preloaded drawable resource #0x10801b9 (android:drawable/btn_radio_on_holo_light) that varies with configuration!!
W/Resources( 5245): Preloaded drawable resource #0x10801b8 (android:drawable/btn_radio_on_holo_dark) that varies with configuration!!
W/Resources( 5245): Preloaded drawable resource #0x10801b6 (android:drawable/btn_radio_on_focused_holo_light) that varies with configuration!!
W/Resources( 5245): Preloaded drawable resource #0x10801b5 (android:drawable/btn_radio_on_focused_holo_dark) that varies with configuration!!
