W/Settings(10129): at com.android.systemui.statusbar.phone.PhoneStatusBar.start(PhoneStatusBar.java:602)
W/Settings(10129): at com.android.systemui.statusbar.SystemBars.createStatusBarFromConfig(SystemBars.java:106)
W/Settings(10129): at com.android.systemui.statusbar.SystemBars.onNoService(SystemBars.java:58)
W/Settings(10129): at com.android.systemui.statusbar.ServiceMonitor.startService(ServiceMonitor.java:228)
W/Settings(10129): at com.android.systemui.statusbar.ServiceMonitor.access$000(ServiceMonitor.java:49)
W/Settings(10129): at com.android.systemui.statusbar.ServiceMonitor$1.handleMessage(ServiceMonitor.java:73)
W/Settings(10129): at android.os.Handler.dispatchMessage(Handler.java:102)
W/Settings(10129): at android.os.Looper.loop(Looper.java:135)
W/Settings(10129): at android.app.ActivityThread.main(ActivityThread.java:5254)
W/Settings(10129): at java.lang.reflect.Method.invoke(Native Method)
W/Settings(10129): at java.lang.reflect.Method.invoke(Method.java:372)
W/Settings(10129): at com.android.internal.os.ZygoteInit$MethodAndArgsCaller.run(ZygoteInit.java:904)
W/Settings(10129): at com.android.internal.os.ZygoteInit.main(ZygoteInit.java:699)
D/AndroidRuntime(10129): Shutting down VM
E/AndroidRuntime(10129): FATAL EXCEPTION: main
E/AndroidRuntime(10129): Process: com.android.systemui, PID: 10129
E/AndroidRuntime(10129): java.lang.NullPointerException: Attempt to invoke interface method 'boolean com.android.internal.widget.ILockSettings.getBoolean(java.lang.String, boolean, int)' on a null object reference
E/AndroidRuntime(10129): at com.android.internal.widget.LockPatternUtils.getBoolean(LockPatternUtils.java:1328)
E/AndroidRuntime(10129): at com.android.internal.widget.LockPatternUtils.getBoolean(LockPatternUtils.java:1335)
E/AndroidRuntime(10129): at com.android.internal.widget.LockPatternUtils.isOwnerInfoEnabled(LockPatternUtils.java:663)
E/AndroidRuntime(10129): at com.android.keyguard.KeyguardStatusView.getOwnerInfo(KeyguardStatusView.java:207)
E/AndroidRuntime(10129): at com.android.keyguard.KeyguardStatusView.updateOwnerInfo(KeyguardStatusView.java:179)
E/AndroidRuntime(10129): at com.android.keyguard.KeyguardStatusView.onFinishInflate(KeyguardStatusView.java:120)
E/AndroidRuntime(10129): at android.view.LayoutInflater.rInflate(LayoutInflater.java:814)
E/AndroidRuntime(10129): at android.view.LayoutInflater.parseInclude(LayoutInflater.java:916)
E/AndroidRuntime(10129): at android.view.LayoutInflater.rInflate(LayoutInflater.java:802)
E/AndroidRuntime(10129): at android.view.LayoutInflater.parseInclude(LayoutInflater.java:916)
E/AndroidRuntime(10129): at android.view.LayoutInflater.rInflate(LayoutInflater.java:802)
E/AndroidRuntime(10129): at android.view.LayoutInflater.rInflate(LayoutInflater.java:809)
E/AndroidRuntime(10129): at android.view.LayoutInflater.inflate(LayoutInflater.java:504)
E/AndroidRuntime(10129): at android.view.LayoutInflater.inflate(LayoutInflater.java:414)
E/AndroidRuntime(10129): at android.view.LayoutInflater.inflate(LayoutInflater.java:365)
E/AndroidRuntime(10129): at android.view.View.inflate(View.java:18540)
E/AndroidRuntime(10129): at com.android.systemui.statusbar.phone.PhoneStatusBar.makeStatusBarView(PhoneStatusBar.java:656)
E/AndroidRuntime(10129): at com.android.systemui.statusbar.phone.PhoneStatusBar.addStatusBarWindow(PhoneStatusBar.java:3138)
E/AndroidRuntime(10129): at com.android.systemui.statusbar.phone.PhoneStatusBar.createAndAddWindows(PhoneStatusBar.java:3134)
E/AndroidRuntime(10129): at com.android.systemui.statusbar.BaseStatusBar.start(BaseStatusBar.java:561)
E/AndroidRuntime(10129): at com.android.systemui.statusbar.phone.PhoneStatusBar.start(PhoneStatusBar.java:602)
E/AndroidRuntime(10129): at com.android.systemui.statusbar.SystemBars.createStatusBarFromConfig(SystemBars.java:106)
E/AndroidRuntime(10129): at com.android.systemui.statusbar.SystemBars.onNoService(SystemBars.java:58)
E/AndroidRuntime(10129): at com.android.systemui.statusbar.ServiceMonitor.startService(ServiceMonitor.java:228)
E/AndroidRuntime(10129): at com.android.systemui.statusbar.ServiceMonitor.access$000(ServiceMonitor.java:49)
E/AndroidRuntime(10129): at com.android.systemui.statusbar.ServiceMonitor$1.handleMessage(ServiceMonitor.java:73)
E/AndroidRuntime(10129): at android.os.Handler.dispatchMessage(Handler.java:102)
E/AndroidRuntime(10129): at android.os.Looper.loop(Looper.java:135)
E/AndroidRuntime(10129): at android.app.ActivityThread.main(ActivityThread.java:5254)
E/AndroidRuntime(10129): at java.lang.reflect.Method.invoke(Native Method)
E/AndroidRuntime(10129): at java.lang.reflect.Method.invoke(Method.java:372)
E/AndroidRuntime(10129): at com.android.internal.os.ZygoteInit$MethodAndArgsCaller.run(ZygoteInit.java:904)
E/AndroidRuntime(10129): at com.android.internal.os.ZygoteInit.main(ZygoteInit.java:699)
E/AndroidRuntime(10129): Error reporting crash
E/AndroidRuntime(10129): android.os.DeadObjectException
E/AndroidRuntime(10129): at android.os.BinderProxy.transactNative(Native Method)
E/AndroidRuntime(10129): at android.os.BinderProxy.transact(Binder.java:496)
E/AndroidRuntime(10129): at android.app.ActivityManagerProxy.handleApplicationCrash(ActivityManagerNative.java:4207)
E/AndroidRuntime(10129): at com.android.internal.os.RuntimeInit$UncaughtHandler.uncaughtException(RuntimeInit.java:89)
E/AndroidRuntime(10129): at java.lang.ThreadGroup.uncaughtException(ThreadGroup.java:693)
E/AndroidRuntime(10129): at java.lang.ThreadGroup.uncaughtException(ThreadGroup.java:690)
I/Process (10129): Sending signal. PID: 10129 SIG: 9
I/lowmemorykiller( 689): ActivityManager disconnected
I/lowmemorykiller( 689): Closing Activity Manager data connection
E/Zygote ( 8192): Exit zygote because system server (8323) has terminated
E/NetlinkListener( 8193): recvmsg failed (I/O error)
E/NetlinkListener( 687): recvmsg failed (I/O error)
I/ServiceManager( 5238): service 'media.audio_flinger' died
I/ServiceManager( 5238): service 'media.audio_policy' died
I/ServiceManager( 5238): service 'media.sound_trigger_hw' died
I/Netd (10405): Netd 1.0 starting
D/MDnsDS (10405): MDnsSdListener::Hander starting up
D/MDnsDS (10405): MDnsSdListener starting to monitor
D/MDnsDS (10405): Going to poll with pollCount 1
E/NetlinkListener(10405): recvmsg failed (I/O error)
E/NetlinkListener( 687): recvmsg failed (I/O error)
D/AndroidRuntime(10404): >>>>>> START com.android.internal.os.ZygoteInit uid 0 <<<<<<
D/AndroidRuntime(10404): CheckJNI is OFF
I/art (10404): option[0]=-Xzygote
I/art (10404): option[1]=-Xstacktracefile:/data/anr/traces.txt
I/art (10404): option[2]=exit
I/art (10404): option[3]=vfprintf
I/art (10404): option[4]=sensitiveThread
I/art (10404): option[5]=-verbose:gc
I/art (10404): option[6]=-Xms8m
I/art (10404): option[7]=-Xmx256m
I/art (10404): option[8]=-XX:mainThreadStackSize=24K
I/art (10404): option[9]=-XX:HeapGrowthLimit=128m
I/art (10404): option[10]=-XX:HeapMinFree=2m
I/art (10404): option[11]=-XX:HeapMaxFree=8m
I/art (10404): option[12]=-XX:HeapTargetUtilization=0.75
I/art (10404): option[13]=-agentlib:jdwp=transport=dt_android_adb,suspend=n,server=y
I/art (10404): option[14]=-Xlockprofthreshold:500
I/art (10404): option[15]=-Ximage-compiler-option
I/art (10404): option[16]=--runtime-arg
I/art (10404): option[17]=-Ximage-compiler-option
I/art (10404): option[18]=-Xms64m
I/art (10404): option[19]=-Ximage-compiler-option
I/art (10404): option[20]=--runtime-arg
I/art (10404): option[21]=-Ximage-compiler-option
I/art (10404): option[22]=-Xmx64m
I/art (10404): option[23]=-Ximage-compiler-option
I/art (10404): option[24]=--image-classes=/system/etc/preloaded-classes
I/art (10404): option[25]=-Xcompiler-option
I/art (10404): option[26]=--runtime-arg
I/art (10404): option[27]=-Xcompiler-option
I/art (10404): option[28]=-Xms64m
I/art (10404): option[29]=-Xcompiler-option
I/art (10404): option[30]=--runtime-arg
I/art (10404): option[31]=-Xcompiler-option
I/art (10404): option[32]=-Xmx512m
I/art (10404): option[33]=-Duser.language=en
I/art (10404): option[34]=-Duser.region=US
V/MediaUtils(10406): physMem: 1961033728
V/MediaUtils(10406): requested limit: 1274671905
V/MediaUtils(10406): actual limit: 1274671905
V/MediaUtils(10406): original limits: 4294967295/4294967295
V/MediaUtils(10406): new limits: 1274671905/4294967295
I/mediaserver(10406): ServiceManager: 0xb58700c0
I/AudioFlinger(10406): Using default 3000 mSec as standby time.
I/AudioPolicyService(10406): AudioPolicyService CSTOR in new mode
I/AudioPolicyManager(10406): loadAudioPolicyConfig() loaded /system/etc/audio_policy.conf
D/audio_hw_primary(10406): adev_open: enter
E/NetlinkListener(10405): recvmsg failed (I/O error)
E/NetlinkListener( 687): recvmsg failed (I/O error)
I/SamplingProfilerIntegration(10404): Profiling disabled.
D/Zygote (10404): begin preload
I/Zygote (10404): Preloading classes...
I/art (10404): Explicit concurrent mark sweep GC freed 824(38KB) AllocSpace objects, 0(0B) LOS objects, 98% free, 52KB/4MB, paused 103us total 7.297ms
I/art (10404): Counter: 1
I/art (10404): Explicit concurrent mark sweep GC freed 96(4KB) AllocSpace objects, 0(0B) LOS objects, 98% free, 72KB/4MB, paused 98us total 2.514ms
I/art (10404): Explicit concurrent mark sweep GC freed 457(29KB) AllocSpace objects, 0(0B) LOS objects, 98% free, 72KB/4MB, paused 106us total 7.506ms
E/audio_route(10406): Control 'SLIMBUS_0_RX Port Mixer INT_BT_SCO_TX' doesn't exist - skipping
E/audio_route(10406): Control 'INTERNAL_BT_SCO_RX Audio Mixer Multimedia6' doesn't exist - skipping
E/audio_route(10406): Control 'MultiMedia4 Mixer MI2S_TX' doesn't exist - skipping
I/art (10404): Explicit concurrent mark sweep GC freed 5(160B) AllocSpace objects, 0(0B) LOS objects, 98% free, 72KB/4MB, paused 99us total 2.786ms
E/audio_route(10406): Control 'RX4 DSM MUX' doesn't exist - skipping
E/audio_route(10406): Control 'RX6 DSM MUX' doesn't exist - skipping
E/audio_route(10406): Control 'RX4 DSM MUX' doesn't exist - skipping
E/audio_route(10406): Control 'RX6 DSM MUX' doesn't exist - skipping
D/msm8974_platform(10406): platform_init: Opened sound card:0
D/ACDB-LOADER(10406): ACDB -> Load file: /etc/acdbdata/MTP/MTP_Bluetooth_cal.acdb
D/ACDB-LOADER(10406): ACDB -> Load file: /etc/acdbdata/MTP/MTP_General_cal.acdb
D/ACDB-LOADER(10406): ACDB -> Load file: /etc/acdbdata/MTP/MTP_Global_cal.acdb
D/ACDB-LOADER(10406): ACDB -> Load file: /etc/acdbdata/MTP/MTP_Handset_cal.acdb
D/ACDB-LOADER(10406): ACDB -> Load file: /etc/acdbdata/MTP/MTP_Hdmi_cal.acdb
D/ACDB-LOADER(10406): ACDB -> Load file: /etc/acdbdata/MTP/MTP_Headset_cal.acdb
D/ACDB-LOADER(10406): ACDB -> Load file: /etc/acdbdata/MTP/MTP_Speaker_cal.acdb
D/ACDB-LOADER(10406): ACDB -> ACDB_CMD_INITIALIZE_V2
D/ (10406): [ACDB Command]->SW Minor/Major/Revision version mismatch warning /etc/acdbdata/MTP/MTP_Bluetooth_cal.acdb
D/ (10406): [ACDB Command]->ACDB Sw Major = 3, ACDB Sw Minor = 0, ACDB Sw Revision = 0
D/ (10406): [ACDB Command]->ACDB File Major = 3, ACDB File Minor = 0, ACDB File Revision = 2
D/ (10406): [ACDB Command]->SW Minor/Major/Revision version mismatch warning /etc/acdbdata/MTP/MTP_General_cal.acdb
D/ (10406): [ACDB Command]->ACDB Sw Major = 3, ACDB Sw Minor = 0, ACDB Sw Revision = 0
D/ (10406): [ACDB Command]->ACDB File Major = 3, ACDB File Minor = 0, ACDB File Revision = 2
D/ (10406): [ACDB Command]->SW Minor/Major/Revision version mismatch warning /etc/acdbdata/MTP/MTP_Global_cal.acdb
D/ (10406): [ACDB Command]->ACDB Sw Major = 3, ACDB Sw Minor = 0, ACDB Sw Revision = 0
D/ (10406): [ACDB Command]->ACDB File Major = 3, ACDB File Minor = 0, ACDB File Revision = 2
D/ (10406): [ACDB Command]->SW Minor/Major/Revision version mismatch warning /etc/acdbdata/MTP/MTP_Handset_cal.acdb
D/ (10406): [ACDB Command]->ACDB Sw Major = 3, ACDB Sw Minor = 0, ACDB Sw Revision = 0
D/ (10406): [ACDB Command]->ACDB File Major = 3, ACDB File Minor = 0, ACDB File Revision = 2
D/ (10406): [ACDB Command]->SW Minor/Major/Revision version mismatch warning /etc/acdbdata/MTP/MTP_Hdmi_cal.acdb
D/ (10406): [ACDB Command]->ACDB Sw Major = 3, ACDB Sw Minor = 0, ACDB Sw Revision = 0
D/ (10406): [ACDB Command]->ACDB File Major = 3, ACDB File Minor = 0, ACDB File Revision = 2
W/Zygote (10404): Class not found for preloading: android.app.ContextImpl$62
D/ (10406): [ACDB Command]->SW Minor/Major/Revision version mismatch warning /etc/acdbdata/MTP/MTP_Headset_cal.acdb
D/ (10406): [ACDB Command]->ACDB Sw Major = 3, ACDB Sw Minor = 0, ACDB Sw Revision = 0
D/ (10406): [ACDB Command]->ACDB File Major = 3, ACDB File Minor = 0, ACDB File Revision = 2
D/ (10406): [ACDB Command]->SW Minor/Major/Revision version mismatch warning /etc/acdbdata/MTP/MTP_Speaker_cal.acdb
D/ (10406): [ACDB Command]->ACDB Sw Major = 3, ACDB Sw Minor = 0, ACDB Sw Revision = 0
D/ (10406): [ACDB Command]->ACDB File Major = 3, ACDB File Minor = 0, ACDB File Revision = 2
D/ACDB-LOADER(10406): ACDB -> ACPH INIT
D/ (10406): [ACPH]->Online service registered with ACPH
I/art (10404): Explicit concurrent mark sweep GC freed 633(41KB) AllocSpace objects, 0(0B) LOS objects, 98% free, 80KB/4MB, paused 104us total 2.994ms
D/ (10406): [ACPH]->ACPH init success
D/ACDB-LOADER(10406): ACDB -> RTAC INIT
D/ (10406): [ACPH]->DSP RTC service registered with ACPH
D/ACDB-LOADER(10406): ACDB -> ADIE RTAC INIT
D/ (10406): [ACPH]->ADIE RTC service registered with ACPH
D/ACDB-LOADER(10406): No existing ION info in ACDB driver
D/ACDB-LOADER(10406): ACDB -> ION_IOC_ALLOC
D/ACDB-LOADER(10406): ACDB -> ION_IOC_SHARE
D/ACDB-LOADER(10406): ACDB -> MMAP ADDR
D/ACDB-LOADER(10406): ACDB -> register MEM to ACDB driver: 0xb608a000
D/ACDB-LOADER(10406): ACDB -> send_asm_topology
D/ACDB-LOADER(10406): ACDB -> ACDB_CMD_GET_AUDPROC_STREAM_TOPOLOGY_ID
D/ACDB-LOADER(10406): ACDB -> send_adm_custom_topology
D/ACDB-LOADER(10406): ACDB -> ACDB_CMD_GET_AUDIO_COPP_TOPOLOGIES
D/ (10406): ACDBFILE_MGR: Property for the pid 00012E47 not found
D/ (10406): ACDB_COMMAND: Failed to fetch the property info for pid 00012E47
E/ACDB-LOADER(10406): Error: ACDB get adm topologies returned = -18
D/ACDB-LOADER(10406): ACDB -> AUDIO_SET_ADM_CUSTOM_TOPOLOGY
D/ACDB-LOADER(10406): ACDB -> send_asm_custom_topology
D/ACDB-LOADER(10406): ACDB -> ACDB_CMD_GET_AUDIO_POPP_TOPOLOGIES
D/ACDB-LOADER(10406): ACDB -> AUDIO_SET_ASM_CUSTOM_TOPOLOGY
D/ACDB-LOADER(10406): ACDB -> init done!
D/platform_parser(10406): platform_info_init: Failed to open /system/etc/platform_info.xml, using defaults.
D/audio_hw_spkr_prot(10406): audio_extn_spkr_prot_init: Initialize speaker protection module
D/audio_hw_spkr_prot(10406): audio_extn_spkr_prot_init: Speaker protection disabled
E/msm8974_platform(10406): hw_util_open Opening device /dev/snd/hwC0D1000
E/msm8974_platform(10406): hw_util_open success
D/ACDB-LOADER(10406): ACDB -> ACDB_CMD_GET_ANC_SETTING
D/ACDB-LOADER(10406): ACDB -> ACDB_CMD_GET_ANC_SETTING
D/ACDB-LOADER(10406): ACDB -> ACDB_CMD_GET_ANC_SETTING
D/ACDB-LOADER(10406): ACDB -> ACDB_CMD_GET_ANC_SETTING
D/ACDB-LOADER(10406): ACDB -> ACDB_CMD_GET_ANC_SETTING
D/ACDB-LOADER(10406): ACDB -> ACDB_CMD_GET_ANC_SETTING
D/ACDB-LOADER(10406): ACDB -> ACDB_CMD_GET_ANC_SETTING
E/msm8974_platform(10406): send_codec_cal cal sent for anc_cal
E/ACDB-LOADER(10406): ACDB -> send_codec_cal
D/ACDB-LOADER(10406): ACDB -> ACDB_CMD_GET_CODEC_CAL_DATA
E/msm8974_platform(10406): send_codec_cal cal sent for mad_cal
D/ACDB-LOADER(10406): send mbhc data
D/ACDB-LOADER(10406): ACDB -> MBHC ACDB_PID_GENERAL_CONFIG
D/ACDB-LOADER(10406): ACDB -> MBHC ACDB_PID_PLUG_REMOVAL_DETECTION
D/ACDB-LOADER(10406): ACDB -> MBHC ACDB_PID_PLUG_TYPE_DETECTION
D/ACDB-LOADER(10406): ACDB -> MBHC ACDB_PID_BUTTON_PRESS_DETECTION
D/ACDB-LOADER(10406): ACDB -> MBHC ACDB_PID_IMPEDANCE_DETECTION
E/msm8974_platform(10406): send_codec_cal cal sent for mbhc_cal
I/AudioFlinger(10406): loadHwModule() Loaded primary audio interface from QCOM Audio HAL (audio) handle 1
D/audio_hw_primary(10406): adev_open_output_stream: enter: sample_rate(48000) channel_mask(0x3) devices(0x2) flags(0x2) stream_handle(0xb58809c0)
D/audio_hw_primary(10406): adev_open_output_stream: Stream (0xb58809c0) picks up usecase (deep-buffer-playback)
I/AudioFlinger(10406): HAL output buffer size 960 frames, normal sink buffer size 960 frames
I/art (10404): Explicit concurrent mark sweep GC freed 5(160B) AllocSpace objects, 0(0B) LOS objects, 98% free, 80KB/4MB, paused 100us total 5.527ms
E/NetlinkListener(10405): recvmsg failed (I/O error)
E/NetlinkListener( 687): recvmsg failed (I/O error)
I/AudioMixer(10406): found effect "Multichannel Downmix To Stereo" from The Android Open Source Project
I/AudioFlinger(10406): Using module 1 has the primary audio interface
E/AudioPolicyManager(10406): unknown stream type 13
E/AudioPolicyManager(10406): unknown stream type 13
E/AudioPolicyManager(10406): unknown stream type 13
I/AudioFlinger(10406): AudioFlinger's thread 0xb59e5000 ready to run
W/AudioFlinger(10406): Thread AudioOut_2 cannot connect to the power manager service
D/audio_hw_primary(10406): out_set_parameters: enter: usecase(0: deep-buffer-playback) kvpairs: routing=2
D/audio_hw_extn(10406): audio_extn_set_anc_parameters: anc_enabled:0
D/audio_hw_primary(10406): out_standby: enter: stream (0xb58809c0) usecase(0: deep-buffer-playback)
W/AudioFlinger(10406): Thread AudioOut_2 cannot connect to the power manager service
D/audio_hw_primary(10406): out_set_parameters: enter: usecase(0: deep-buffer-playback) kvpairs: fm_volume=0.0000000000
D/audio_hw_extn(10406): audio_extn_set_anc_parameters: anc_enabled:0
D/audio_hw_fm(10406): audio_extn_fm_set_parameters: set_fm_volume usecase
D/audio_hw_fm(10406): fm_set_volume: (0.000000)
W/AudioFlinger(10406): Thread AudioOut_2 cannot connect to the power manager service
E/AudioFlinger(10406): no wake lock to update!
E/AudioPolicyManager(10406): unknown stream type 13
D/audio_hw_primary(10406): adev_open_output_stream: enter: sample_rate(48000) channel_mask(0x3) devices(0x2) flags(0x4) stream_handle(0xb5880b00)
D/audio_hw_primary(10406): adev_open_output_stream: Stream (0xb5880b00) picks up usecase (low-latency-playback)
I/AudioFlinger(10406): HAL output buffer size 240 frames, normal sink buffer size 960 frames
E/MonoPipe(10406): Failed to fetch local time frequency when constructing a MonoPipe (res = -32). getNextWriteTimestamp calls will be non-functional
I/art (10404): Explicit concurrent mark sweep GC freed 443(26KB) AllocSpace objects, 0(0B) LOS objects, 97% free, 110KB/4MB, paused 102us total 2.245ms
I/art (10404): Explicit concurrent mark sweep GC freed 25(1056B) AllocSpace objects, 0(0B) LOS objects, 97% free, 109KB/4MB, paused 105us total 1.769ms
E/Minikin (10404): addFont failed to create font /system/fonts/NanumGothic.ttf
E/Minikin (10404): addFont failed to create font /system/fonts/DroidSansFallback.ttf
I/art (10404): Explicit concurrent mark sweep GC freed 1773(128KB) AllocSpace objects, 0(0B) LOS objects, 97% free, 121KB/4MB, paused 107us total 3.061ms
V/WLAN_PSA( 673): NL MSG, len[4006], NL type[0x1C] WNI type[0x5900] len[36367]
V/WLAN_PSA( 673): NL MSG, PID: 673
I/art (10404): Explicit concurrent mark sweep GC freed 26(880B) AllocSpace objects, 0(0B) LOS objects, 97% free, 121KB/4MB, paused 100us total 4.808ms
I/art (10404): Explicit concurrent mark sweep GC freed 1910(91KB) AllocSpace objects, 0(0B) LOS objects, 96% free, 162KB/4MB, paused 105us total 3.654ms
I/art (10404): Explicit concurrent mark sweep GC freed 5(160B) AllocSpace objects, 0(0B) LOS objects, 96% free, 162KB/4MB, paused 99us total 2.294ms
I/art (10404): Explicit concurrent mark sweep GC freed 1975(87KB) AllocSpace objects, 0(0B) LOS objects, 95% free, 197KB/4MB, paused 104us total 3.433ms
I/art (10404): Explicit concurrent mark sweep GC freed 5(160B) AllocSpace objects, 0(0B) LOS objects, 95% free, 197KB/4MB, paused 94us total 1.964ms
I/art (10404): Explicit concurrent mark sweep GC freed 369(19KB) AllocSpace objects, 0(0B) LOS objects, 94% free, 230KB/4MB, paused 97us total 3.137ms
I/art (10404): Explicit concurrent mark sweep GC freed 5(160B) AllocSpace objects, 0(0B) LOS objects, 94% free, 230KB/4MB, paused 95us total 2.001ms
I/art (10404): Thread[1,tid=10404,WaitingForJniOnLoad,Thread*=0xb4827800,peer=0x12c411c0,"main"] recursive attempt to load library "/system/lib/libmedia_jni.so"
D/MtpDeviceJNI(10404): register_android_mtp_MtpDevice
I/art (10404): Thread[1,tid=10404,WaitingForJniOnLoad,Thread*=0xb4827800,peer=0x12c411c0,"main"] recursive attempt to load library "/system/lib/libmedia_jni.so"
I/art (10404): Thread[1,tid=10404,WaitingForJniOnLoad,Thread*=0xb4827800,peer=0x12c411c0,"main"] recursive attempt to load library "/system/lib/libmedia_jni.so"
I/art (10404): Explicit concurrent mark sweep GC freed 748(43KB) AllocSpace objects, 0(0B) LOS objects, 94% free, 239KB/4MB, paused 102us total 3.027ms
I/art (10404): Explicit concurrent mark sweep GC freed 7(288B) AllocSpace objects, 0(0B) LOS objects, 94% free, 239KB/4MB, paused 100us total 2.244ms
I/art (10404): Explicit concurrent mark sweep GC freed 541(27KB) AllocSpace objects, 0(0B) LOS objects, 94% free, 260KB/4MB, paused 101us total 3.221ms
I/art (10404): Explicit concurrent mark sweep GC freed 5(160B) AllocSpace objects, 0(0B) LOS objects, 94% free, 260KB/4MB, paused 98us total 2.103ms
I/art (10404): Explicit concurrent mark sweep GC freed 641(35KB) AllocSpace objects, 0(0B) LOS objects, 93% free, 274KB/4MB, paused 103us total 3.434ms
I/art (10404): Explicit concurrent mark sweep GC freed 5(160B) AllocSpace objects, 0(0B) LOS objects, 93% free, 274KB/4MB, paused 101us total 2.144ms
I/art (10404): Explicit concurrent mark sweep GC freed 222(13KB) AllocSpace objects, 0(0B) LOS objects, 92% free, 312KB/4MB, paused 99us total 2.749ms
I/art (10404): Explicit concurrent mark sweep GC freed 5(160B) AllocSpace objects, 0(0B) LOS objects, 92% free, 312KB/4MB, paused 95us total 2.200ms
I/art (10404): Explicit concurrent mark sweep GC freed 1815(105KB) AllocSpace objects, 0(0B) LOS objects, 89% free, 462KB/4MB, paused 101us total 3.501ms
I/art (10404): Explicit concurrent mark sweep GC freed 5(160B) AllocSpace objects, 0(0B) LOS objects, 89% free, 462KB/4MB, paused 101us total 2.574ms
E/EmojiFactory_jni(10404): Failed to load libemoji.so: dlopen failed: library "libemoji.so" not found
I/art (10404): Explicit concurrent mark sweep GC freed 356(45KB) AllocSpace objects, 0(0B) LOS objects, 84% free, 760KB/4MB, paused 109us total 8.162ms
I/art (10404): Explicit concurrent mark sweep GC freed 9(272B) AllocSpace objects, 0(0B) LOS objects, 84% free, 760KB/4MB, paused 103us total 4.840ms
E/NetlinkListener(10405): recvmsg failed (I/O error)
E/NetlinkListener( 687): recvmsg failed (I/O error)
I/art (10404): Explicit concurrent mark sweep GC freed 432(30KB) AllocSpace objects, 0(0B) LOS objects, 84% free, 778KB/4MB, paused 104us total 4.466ms
I/art (10404): Explicit concurrent mark sweep GC freed 5(160B) AllocSpace objects, 0(0B) LOS objects, 84% free, 778KB/4MB, paused 99us total 3.823ms
I/art (10404): Explicit concurrent mark sweep GC freed 787(49KB) AllocSpace objects, 0(0B) LOS objects, 84% free, 780KB/4MB, paused 101us total 3.869ms
I/art (10404): Explicit concurrent mark sweep GC freed 5(160B) AllocSpace objects, 0(0B) LOS objects, 84% free, 780KB/4MB, paused 98us total 3.462ms
I/art (10404): Explicit concurrent mark sweep GC freed 957(105KB) AllocSpace objects, 0(0B) LOS objects, 83% free, 823KB/4MB, paused 107us total 4.755ms
I/art (10404): Explicit concurrent mark sweep GC freed 37(1744B) AllocSpace objects, 0(0B) LOS objects, 83% free, 821KB/4MB, paused 104us total 3.629ms
I/art (10404): Explicit concurrent mark sweep GC freed 528(39KB) AllocSpace objects, 0(0B) LOS objects, 83% free, 830KB/4MB, paused 105us total 3.963ms
I/art (10404): Explicit concurrent mark sweep GC freed 5(160B) AllocSpace objects, 0(0B) LOS objects, 83% free, 830KB/4MB, paused 99us total 3.776ms
I/art (10404): Explicit concurrent mark sweep GC freed 360(25KB) AllocSpace objects, 0(0B) LOS objects, 82% free, 859KB/4MB, paused 104us total 3.980ms
I/art (10404): Explicit concurrent mark sweep GC freed 5(160B) AllocSpace objects, 0(0B) LOS objects, 82% free, 859KB/4MB, paused 101us total 3.635ms
I/art (10404): Explicit concurrent mark sweep GC freed 10831(530KB) AllocSpace objects, 0(0B) LOS objects, 76% free, 1238KB/5MB, paused 116us total 5.835ms
I/art (10404): Explicit concurrent mark sweep GC freed 11(432B) AllocSpace objects, 0(0B) LOS objects, 76% free, 1238KB/5MB, paused 112us total 4.600ms
I/art (10404): Explicit concurrent mark sweep GC freed 570(33KB) AllocSpace objects, 0(0B) LOS objects, 76% free, 1254KB/5MB, paused 112us total 4.980ms
I/art (10404): Explicit concurrent mark sweep GC freed 5(160B) AllocSpace objects, 0(0B) LOS objects, 76% free, 1254KB/5MB, paused 107us total 4.643ms
I/art (10404): Explicit concurrent mark sweep GC freed 739(45KB) AllocSpace objects, 0(0B) LOS objects, 76% free, 1257KB/5MB, paused 116us total 4.890ms
I/art (10404): Explicit concurrent mark sweep GC freed 5(160B) AllocSpace objects, 0(0B) LOS objects, 76% free, 1257KB/5MB, paused 109us total 4.582ms
I/System (10404): Loaded time zone names for "" in 42ms (40ms in ICU)
I/System (10404): Loaded time zone names for "en_US" in 29ms (27ms in ICU)
I/art (10404): Explicit concurrent mark sweep GC freed 2343(178KB) AllocSpace objects, 0(0B) LOS objects, 74% free, 1416KB/5MB, paused 115us total 6.596ms
I/art (10404): Explicit concurrent mark sweep GC freed 5(160B) AllocSpace objects, 0(0B) LOS objects, 74% free, 1416KB/5MB, paused 113us total 6.895ms
I/art (10404): Explicit concurrent mark sweep GC freed 136(12KB) AllocSpace objects, 0(0B) LOS objects, 73% free, 1481KB/5MB, paused 108us total 5.689ms
I/art (10404): Explicit concurrent mark sweep GC freed 5(160B) AllocSpace objects, 0(0B) LOS objects, 73% free, 1481KB/5MB, paused 109us total 4.984ms
I/art (10404): Explicit concurrent mark sweep GC freed 286(24KB) AllocSpace objects, 0(0B) LOS objects, 72% free, 1526KB/5MB, paused 110us total 5.628ms
E/NetlinkListener(10405): recvmsg failed (I/O error)
E/NetlinkListener( 687): recvmsg failed (I/O error)
I/art (10404): Explicit concurrent mark sweep GC freed 13(416B) AllocSpace objects, 0(0B) LOS objects, 72% free, 1526KB/5MB, paused 740us total 20.131ms
I/art (10404): Explicit concurrent mark sweep GC freed 667(47KB) AllocSpace objects, 0(0B) LOS objects, 72% free, 1528KB/5MB, paused 292us total 9.545ms
I/art (10404): Explicit concurrent mark sweep GC freed 25(800B) AllocSpace objects, 0(0B) LOS objects, 72% free, 1527KB/5MB, paused 154us total 6.989ms
I/Zygote (10404): ...preloaded 3004 classes in 733ms.
I/art (10404): VMRuntime.preloadDexCaches starting
I/art (10404): VMRuntime.preloadDexCaches strings total=223573 before=41006 after=41006
I/art (10404): VMRuntime.preloadDexCaches types total=19030 before=6653 after=6697
I/art (10404): VMRuntime.preloadDexCaches fields total=88636 before=32658 after=33035
I/art (10404): VMRuntime.preloadDexCaches methods total=156114 before=67685 after=68621
I/art (10404): VMRuntime.preloadDexCaches finished
I/art (10404): Counter: 0
I/art (10404): Counter: 1
I/art (10404): Explicit concurrent mark sweep GC freed 41(15KB) AllocSpace objects, 0(0B) LOS objects, 73% free, 1514KB/5MB, paused 113us total 6.827ms
D/idmap (10447): error: no read access to /vendor/overlay: No such file or directory
I/Zygote (10404): Preloading resources...
W/Resources(10404): Preloaded drawable resource #0x1080096 (android:drawable/toast_frame) that varies with configuration!!
W/Resources(10404): Preloaded drawable resource #0x108010d (android:drawable/btn_check_on_pressed_holo_light) that varies with configuration!!
W/Resources(10404): Preloaded drawable resource #0x108010c (android:drawable/btn_check_on_pressed_holo_dark) that varies with configuration!!
W/Resources(10404): Preloaded drawable resource #0x108010a (android:drawable/btn_check_on_holo_light) that varies with configuration!!
W/Resources(10404): Preloaded drawable resource #0x1080109 (android:drawable/btn_check_on_holo_dark) that varies with configuration!!
W/Resources(10404): Preloaded drawable resource #0x1080107 (android:drawable/btn_check_on_focused_holo_light) that varies with configuration!!
W/Resources(10404): Preloaded drawable resource #0x1080106 (android:drawable/btn_check_on_focused_holo_dark) that varies with configuration!!
W/Resources(10404): Preloaded drawable resource #0x1080105 (android:drawable/btn_check_on_disabled_holo_light) that varies with configuration!!
W/Resources(10404): Preloaded drawable resource #0x1080104 (android:drawable/btn_check_on_disabled_holo_dark) that varies with configuration!!
W/Resources(10404): Preloaded drawable resource #0x1080103 (android:drawable/btn_check_on_disabled_focused_holo_light) that varies with configuration!!
W/Resources(10404): Preloaded drawable resource #0x1080102 (android:drawable/btn_check_on_disabled_focused_holo_dark) that varies with configuration!!
W/Resources(10404): Preloaded drawable resource #0x10800fa (android:drawable/btn_check_off_pressed_holo_light) that varies with configuration!!
W/Resources(10404): Preloaded drawable resource #0x10800f9 (android:drawable/btn_check_off_pressed_holo_dark) that varies with configuration!!
W/Resources(10404): Preloaded drawable resource #0x10800f5 (android:drawable/btn_check_off_holo_light) that varies with configuration!!
W/Resources(10404): Preloaded drawable resource #0x10800f4 (android:drawable/btn_check_off_holo_dark) that varies with configuration!!
W/Resources(10404): Preloaded drawable resource #0x10800f2 (android:drawable/btn_check_off_focused_holo_light) that varies with configuration!!
W/Resources(10404): Preloaded drawable resource #0x10800f1 (android:drawable/btn_check_off_focused_holo_dark) that varies with configuration!!
W/Resources(10404): Preloaded drawable resource #0x10800f0 (android:drawable/btn_check_off_disabled_holo_light) that varies with configuration!!
W/Resources(10404): Preloaded drawable resource #0x10800ef (android:drawable/btn_check_off_disabled_holo_dark) that varies with configuration!!
W/Resources(10404): Preloaded drawable resource #0x10800ee (android:drawable/btn_check_off_disabled_focused_holo_light) that varies with configuration!!
W/Resources(10404): Preloaded drawable resource #0x10800ed (android:drawable/btn_check_off_disabled_focused_holo_dark) that varies with configuration!!
W/Resources(10404): Preloaded drawable resource #0x108010a (android:drawable/btn_check_on_holo_light) that varies with configuration!!
W/Resources(10404): Preloaded drawable resource #0x10800f5 (android:drawable/btn_check_off_holo_light) that varies with configuration!!
W/Resources(10404): Preloaded drawable resource #0x108010d (android:drawable/btn_check_on_pressed_holo_light) that varies with configuration!!
W/Resources(10404): Preloaded drawable resource #0x10800fa (android:drawable/btn_check_off_pressed_holo_light) that varies with configuration!!
W/Resources(10404): Preloaded drawable resource #0x1080107 (android:drawable/btn_check_on_focused_holo_light) that varies with configuration!!
W/Resources(10404): Preloaded drawable resource #0x10800f2 (android:drawable/btn_check_off_focused_holo_light) that varies with configuration!!
W/Resources(10404): Preloaded drawable resource #0x10800f5 (android:drawable/btn_check_off_holo_light) that varies with configuration!!
W/Resources(10404): Preloaded drawable resource #0x108010a (android:drawable/btn_check_on_holo_light) that varies with configuration!!
W/Resources(10404): Preloaded drawable resource #0x1080105 (android:drawable/btn_check_on_disabled_holo_light) that varies with configuration!!
W/Resources(10404): Preloaded drawable resource #0x10800f0 (android:drawable/btn_check_off_disabled_holo_light) that varies with configuration!!
W/Resources(10404): Preloaded drawable resource #0x1080103 (android:drawable/btn_check_on_disabled_focused_holo_light) that varies with configuration!!
W/Resources(10404): Preloaded drawable resource #0x10800ee (android:drawable/btn_check_off_disabled_focused_holo_light) that varies with configuration!!
W/Resources(10404): Preloaded drawable resource #0x10800f0 (android:drawable/btn_check_off_disabled_holo_light) that varies with configuration!!
W/Resources(10404): Preloaded drawable resource #0x1080105 (android:drawable/btn_check_on_disabled_holo_light) that varies with configuration!!
W/Resources(10404): Preloaded drawable resource #0x10800e3 (android:drawable/btn_check_holo_light) that varies with configuration!!
W/Resources(10404): Preloaded drawable resource #0x1080109 (android:drawable/btn_check_on_holo_dark) that varies with configuration!!
W/Resources(10404): Preloaded drawable resource #0x10800f4 (android:drawable/btn_check_off_holo_dark) that varies with configuration!!
W/Resources(10404): Preloaded drawable resource #0x108010c (android:drawable/btn_check_on_pressed_holo_dark) that varies with configuration!!
W/Resources(10404): Preloaded drawable resource #0x10800f9 (android:drawable/btn_check_off_pressed_holo_dark) that varies with configuration!!
W/Resources(10404): Preloaded drawable resource #0x1080106 (android:drawable/btn_check_on_focused_holo_dark) that varies with configuration!!
W/Resources(10404): Preloaded drawable resource #0x10800f1 (android:drawable/btn_check_off_focused_holo_dark) that varies with configuration!!
W/Resources(10404): Preloaded drawable resource #0x10800f4 (android:drawable/btn_check_off_holo_dark) that varies with configuration!!
W/Resources(10404): Preloaded drawable resource #0x1080109 (android:drawable/btn_check_on_holo_dark) that varies with configuration!!
W/Resources(10404): Preloaded drawable resource #0x1080104 (android:drawable/btn_check_on_disabled_holo_dark) that varies with configuration!!
W/Resources(10404): Preloaded drawable resource #0x10800ef (android:drawable/btn_check_off_disabled_holo_dark) that varies with configuration!!
W/Resources(10404): Preloaded drawable resource #0x1080102 (android:drawable/btn_check_on_disabled_focused_holo_dark) that varies with configuration!!
W/Resources(10404): Preloaded drawable resource #0x10800ed (android:drawable/btn_check_off_disabled_focused_holo_dark) that varies with configuration!!
W/Resources(10404): Preloaded drawable resource #0x10800ef (android:drawable/btn_check_off_disabled_holo_dark) that varies with configuration!!
W/Resources(10404): Preloaded drawable resource #0x1080104 (android:drawable/btn_check_on_disabled_holo_dark) that varies with configuration!!
W/Resources(10404): Preloaded drawable resource #0x10800e2 (android:drawable/btn_check_holo_dark) that varies with configuration!!
W/Resources(10404): Preloaded drawable resource #0x10801bd (android:drawable/btn_radio_on_pressed_holo_light) that varies with configuration!!
W/Resources(10404): Preloaded drawable resource #0x10801bc (android:drawable/btn_radio_on_pressed_holo_dark) that varies with configuration!!
W/Resources(10404): Preloaded drawable resource #0x10801b9 (android:drawable/btn_radio_on_holo_light) that varies with configuration!!
W/Resources(10404): Preloaded drawable resource #0x10801b8 (android:drawable/btn_radio_on_holo_dark) that varies with configuration!!
W/Resources(10404): Preloaded drawable resource #0x10801b6 (android:drawable/btn_radio_on_focused_holo_light) that varies with configuration!!
W/Resources(10404): Preloaded drawable resource #0x10801b5 (android:drawable/btn_radio_on_focused_holo_dark) that varies with configuration!!
W/Resources(10404): Preloaded drawable resource #0x10801b4 (android:drawable/btn_radio_on_disabled_holo_light) that varies with configuration!!
W/Resources(10404): Preloaded drawable resource #0x10801b3 (android:drawable/btn_radio_on_disabled_holo_dark) that varies with configuration!!
W/Resources(10404): Preloaded drawable resource #0x10801b2 (android:drawable/btn_radio_on_disabled_focused_holo_light) that varies with configuration!!
W/Resources(10404): Preloaded drawable resource #0x10801b1 (android:drawable/btn_radio_on_disabled_focused_holo_dark) that varies with configuration!!
W/Resources(10404): Preloaded drawable resource #0x10801ae (android:drawable/btn_radio_off_pressed_holo_light) that varies with configuration!!
W/Resources(10404): Preloaded drawable resource #0x10801ad (android:drawable/btn_radio_off_pressed_holo_dark) that varies with configuration!!
W/Resources(10404): Preloaded drawable resource #0x10801ab (android:drawable/btn_radio_off_holo_light) that varies with configuration!!
W/Resources(10404): Preloaded drawable resource #0x10801aa (android:drawable/btn_radio_off_holo_dark) that varies with configuration!!
W/Resources(10404): Preloaded drawable resource #0x10801a8 (android:drawable/btn_radio_off_focused_holo_light) that varies with configuration!!
W/Resources(10404): Preloaded drawable resource #0x10801a7 (android:drawable/btn_radio_off_focused_holo_dark) that varies with configuration!!
W/Resources(10404): Preloaded drawable resource #0x10801a6 (android:drawable/btn_radio_off_disabled_holo_light) that varies with configuration!!
W/Resources(10404): Preloaded drawable resource #0x10801a5 (android:drawable/btn_radio_off_disabled_holo_dark) that varies with configuration!!
W/Resources(10404): Preloaded drawable resource #0x10801a4 (android:drawable/btn_radio_off_disabled_focused_holo_light) that varies with configuration!!
W/Resources(10404): Preloaded drawable resource #0x10801a3 (android:drawable/btn_radio_off_disabled_focused_holo_dark) that varies with configuration!!
W/Resources(10404): Preloaded drawable resource #0x108014e (android:drawable/btn_default_pressed_holo_light) that varies with configuration!!
W/Resources(10404): Preloaded drawable resource #0x108014d (android:drawable/btn_default_pressed_holo_dark) that varies with configuration!!
W/Resources(10404): Preloaded drawable resource #0x108014a (android:drawable/btn_default_normal_holo_light) that varies with configuration!!
W/Resources(10404): Preloaded drawable resource #0x1080149 (android:drawable/btn_default_normal_holo_dark) that varies with configuration!!
W/Resources(10404): Preloaded drawable resource #0x1080140 (android:drawable/btn_default_focused_holo_light) that varies with configuration!!
W/Resources(10404): Preloaded drawable resource #0x108013f (android:drawable/btn_default_focused_holo_dark) that varies with configuration!!
W/Resources(10404): Preloaded drawable resource #0x108013d (android:drawable/btn_default_disabled_holo_light) that varies with configuration!!
W/Resources(10404): Preloaded drawable resource #0x108013c (android:drawable/btn_default_disabled_holo_dark) that varies with configuration!!
W/Resources(10404): Preloaded drawable resource #0x108013a (android:drawable/btn_default_disabled_focused_holo_light) that varies with configuration!!
W/Resources(10404): Preloaded drawable resource #0x1080139 (android:drawable/btn_default_disabled_focused_holo_dark) that varies with configuration!!
W/Resources(10404): Preloaded drawable resource #0x1080149 (android:drawable/btn_default_normal_holo_dark) that varies with configuration!!
W/Resources(10404): Preloaded drawable resource #0x108013c (android:drawable/btn_default_disabled_holo_dark) that varies with configuration!!
W/Resources(10404): Preloaded drawable resource #0x108014d (android:drawable/btn_default_pressed_holo_dark) that varies with configuration!!
W/Resources(10404): Preloaded drawable resource #0x108013f (android:drawable/btn_default_focused_holo_dark) that varies with configuration!!
W/Resources(10404): Preloaded drawable resource #0x1080149 (android:drawable/btn_default_normal_holo_dark) that varies with configuration!!
W/Resources(10404): Preloaded drawable resource #0x1080139 (android:drawable/btn_default_disabled_focused_holo_dark) that varies with configuration!!
W/Resources(10404): Preloaded drawable resource #0x108013c (android:drawable/btn_default_disabled_holo_dark) that varies with configuration!!
W/Resources(10404): Preloaded drawable resource #0x1080141 (android:drawable/btn_default_holo_dark) that varies with configuration!!
W/Resources(10404): Preloaded drawable resource #0x108014a (android:drawable/btn_default_normal_holo_light) that varies with configuration!!
W/Resources(10404): Preloaded drawable resource #0x108013d (android:drawable/btn_default_disabled_holo_light) that varies with configuration!!
W/Resources(10404): Preloaded drawable resource #0x108014e (android:drawable/btn_default_pressed_holo_light) that varies with configuration!!
W/Resources(10404): Preloaded drawable resource #0x1080140 (android:drawable/btn_default_focused_holo_light) that varies with configuration!!
W/Resources(10404): Preloaded drawable resource #0x108014a (android:drawable/btn_default_normal_holo_light) that varies with configuration!!
W/Resources(10404): Preloaded drawable resource #0x108013a (android:drawable/btn_default_disabled_focused_holo_light) that varies with configuration!!
W/Resources(10404): Preloaded drawable resource #0x108013d (android:drawable/btn_default_disabled_holo_light) that varies with configuration!!
W/Resources(10404): Preloaded drawable resource #0x1080142 (android:drawable/btn_default_holo_light) that varies with configuration!!
W/Resources(10404): Preloaded drawable resource #0x108021e (android:drawable/btn_star_off_normal_holo_light) that varies with configuration!!
W/Resources(10404): Preloaded drawable resource #0x1080228 (android:drawable/btn_star_on_normal_holo_light) that varies with configuration!!
W/Resources(10404): Preloaded drawable resource #0x1080224 (android:drawable/btn_star_on_disabled_holo_light) that varies with configuration!!
W/Resources(10404): Preloaded drawable resource #0x108021a (android:drawable/btn_star_off_disabled_holo_light) that varies with configuration!!
W/Resources(10404): Preloaded drawable resource #0x108022a (android:drawable/btn_star_on_pressed_holo_light) that varies with configuration!!
W/Resources(10404): Preloaded drawable resource #0x1080220 (android:drawable/btn_star_off_pressed_holo_light) that varies with configuration!!
W/Resources(10404): Preloaded drawable resource #0x1080226 (android:drawable/btn_star_on_focused_holo_light) that varies with configuration!!
W/Resources(10404): Preloaded drawable resource #0x108021c (android:drawable/btn_star_off_focused_holo_light) that varies with configuration!!
W/Resources(10404): Preloaded drawable resource #0x1080222 (android:drawable/btn_star_on_disabled_focused_holo_light) that varies with configuration!!
W/Resources(10404): Preloaded drawable resource #0x1080218 (android:drawable/btn_star_off_disabled_focused_holo_light) that varies with configuration!!
W/Resources(10404): Preloaded drawable resource #0x108021e (android:drawable/btn_star_off_normal_holo_light) that varies with configuration!!
W/Resources(10404): Preloaded drawable resource #0x1080228 (android:drawable/btn_star_on_normal_holo_light) that varies with configuration!!
W/Resources(10404): Preloaded drawable resource #0x1080224 (android:drawable/btn_star_on_disabled_holo_light) that varies with configuration!!
W/Resources(10404): Preloaded drawable resource #0x108021a (android:drawable/btn_star_off_disabled_holo_light) that varies with configuration!!
W/Resources(10404): Preloaded drawable resource #0x108022a (android:drawable/btn_star_on_pressed_holo_light) that varies with configuration!!
W/Resources(10404): Preloaded drawable resource #0x1080220 (android:drawable/btn_star_off_pressed_holo_light) that varies with configuration!!
W/Resources(10404): Preloaded drawable resource #0x1080226 (android:drawable/btn_star_on_focused_holo_light) that varies with configuration!!
W/Resources(10404): Preloaded drawable resource #0x108021c (android:drawable/btn_star_off_focused_holo_light) that varies with configuration!!
W/Resources(10404): Preloaded drawable resource #0x1080222 (android:drawable/btn_star_on_disabled_focused_holo_light) that varies with configuration!!
W/Resources(10404): Preloaded drawable resource #0x1080224 (android:drawable/btn_star_on_disabled_holo_light) that varies with configuration!!
W/Resources(10404): Preloaded drawable resource #0x1080218 (android:drawable/btn_star_off_disabled_focused_holo_light) that varies with configuration!!
W/Resources(10404): Preloaded drawable resource #0x108021a (android:drawable/btn_star_off_disabled_holo_light) that varies with configuration!!
W/Resources(10404): Preloaded drawable resource #0x108021e (android:drawable/btn_star_off_normal_holo_light) that varies with configuration!!
W/Resources(10404): Preloaded drawable resource #0x1080228 (android:drawable/btn_star_on_normal_holo_light) that varies with configuration!!
W/Resources(10404): Preloaded drawable resource #0x1080213 (android:drawable/btn_star_holo_light) that varies with configuration!!
W/Resources(10404): Preloaded drawable resource #0x108021d (android:drawable/btn_star_off_normal_holo_dark) that varies with configuration!!
W/Resources(10404): Preloaded drawable resource #0x1080227 (android:drawable/btn_star_on_normal_holo_dark) that varies with configuration!!
W/Resources(10404): Preloaded drawable resource #0x1080223 (android:drawable/btn_star_on_disabled_holo_dark) that varies with configuration!!
W/Resources(10404): Preloaded drawable resource #0x1080219 (android:drawable/btn_star_off_disabled_holo_dark) that varies with configuration!!
W/Resources(10404): Preloaded drawable resource #0x1080229 (android:drawable/btn_star_on_pressed_holo_dark) that varies with configuration!!
W/Resources(10404): Preloaded drawable resource #0x108021f (android:drawable/btn_star_off_pressed_holo_dark) that varies with configuration!!
W/Resources(10404): Preloaded drawable resource #0x1080225 (android:drawable/btn_star_on_focused_holo_dark) that varies with configuration!!
W/Resources(10404): Preloaded drawable resource #0x108021b (android:drawable/btn_star_off_focused_holo_dark) that varies with configuration!!
W/Resources(10404): Preloaded drawable resource #0x1080221 (android:drawable/btn_star_on_disabled_focused_holo_dark) that varies with configuration!!
W/Resources(10404): Preloaded drawable resource #0x1080217 (android:drawable/btn_star_off_disabled_focused_holo_dark) that varies with configuration!!
W/Resources(10404): Preloaded drawable resource #0x108021d (android:drawable/btn_star_off_normal_holo_dark) that varies with configuration!!
W/Resources(10404): Preloaded drawable resource #0x1080227 (android:drawable/btn_star_on_normal_holo_dark) that varies with configuration!!
W/Resources(10404): Preloaded drawable resource #0x1080223 (android:drawable/btn_star_on_disabled_holo_dark) that varies with configuration!!
W/Resources(10404): Preloaded drawable resource #0x1080219 (android:drawable/btn_star_off_disabled_holo_dark) that varies with configuration!!
W/Resources(10404): Preloaded drawable resource #0x1080229 (android:drawable/btn_star_on_pressed_holo_dark) that varies with configuration!!
W/Resources(10404): Preloaded drawable resource #0x108021f (android:drawable/btn_star_off_pressed_holo_dark) that varies with configuration!!
W/Resources(10404): Preloaded drawable resource #0x1080225 (android:drawable/btn_star_on_focused_holo_dark) that varies with configuration!!
W/Resources(10404): Preloaded drawable resource #0x108021b (android:drawable/btn_star_off_focused_holo_dark) that varies with configuration!!
W/Resources(10404): Preloaded drawable resource #0x1080221 (android:drawable/btn_star_on_disabled_focused_holo_dark) that varies with configuration!!
W/Resources(10404): Preloaded drawable resource #0x1080223 (android:drawable/btn_star_on_disabled_holo_dark) that varies with configuration!!
W/Resources(10404): Preloaded drawable resource #0x1080217 (android:drawable/btn_star_off_disabled_focused_holo_dark) that varies with configuration!!
W/Resources(10404): Preloaded drawable resource #0x1080219 (android:drawable/btn_star_off_disabled_holo_dark) that varies with configuration!!
W/Resources(10404): Preloaded drawable resource #0x108021d (android:drawable/btn_star_off_normal_holo_dark) that varies with configuration!!
W/Resources(10404): Preloaded drawable resource #0x1080227 (android:drawable/btn_star_on_normal_holo_dark) that varies with configuration!!
W/Resources(10404): Preloaded drawable resource #0x1080212 (android:drawable/btn_star_holo_dark) that varies with configuration!!
W/Resources(10404): Preloaded drawable resource #0x108025e (android:drawable/btn_toggle_on_pressed_holo_light) that varies with configuration!!
W/Resources(10404): Preloaded drawable resource #0x108025d (android:drawable/btn_toggle_on_pressed_holo_dark) that varies with configuration!!
W/Resources(10404): Preloaded drawable resource #0x108025c (android:drawable/btn_toggle_on_normal_holo_light) that varies with configuration!!
W/Resources(10404): Preloaded drawable resource #0x108025b (android:drawable/btn_toggle_on_normal_holo_dark) that varies with configuration!!
W/Resources(10404): Preloaded drawable resource #0x108025a (android:drawable/btn_toggle_on_focused_holo_light) that varies with configuration!!
W/Resources(10404): Preloaded drawable resource #0x1080259 (android:drawable/btn_toggle_on_focused_holo_dark) that varies with configuration!!
W/Resources(10404): Preloaded drawable resource #0x1080258 (android:drawable/btn_toggle_on_disabled_holo_light) that varies with configuration!!
W/Resources(10404): Preloaded drawable resource #0x1080257 (android:drawable/btn_toggle_on_disabled_holo_dark) that varies with configuration!!
W/Resources(10404): Preloaded drawable resource #0x1080256 (android:drawable/btn_toggle_on_disabled_focused_holo_light) that varies with configuration!!
W/Resources(10404): Preloaded drawable resource #0x1080255 (android:drawable/btn_toggle_on_disabled_focused_holo_dark) that varies with configuration!!
W/Resources(10404): Preloaded drawable resource #0x1080253 (android:drawable/btn_toggle_off_pressed_holo_light) that varies with configuration!!
