W/Settings( 7839): at com.android.internal.os.ZygoteInit.main(ZygoteInit.java:699)
D/ExtendedUtils( 7779): extended extractor not needed, return default
D/AudioPolicyManager( 7779): isOffloadSupported: stream_type != MUSIC, returning false
D/audio_hw_primary( 7638): out_set_parameters: enter: usecase(0: deep-buffer-playback) kvpairs: exiting=1
D/audio_hw_extn( 7638): audio_extn_set_anc_parameters: anc_enabled:0
D/audio_hw_primary( 7638): adev_close_output_stream: enter:stream_handle(0xb58809c0)
D/audio_hw_primary( 7638): out_standby: enter: stream (0xb58809c0) usecase(0: deep-buffer-playback)
D/audio_hw_primary( 7638): out_set_parameters: enter: usecase(1: low-latency-playback) kvpairs: exiting=1
D/OMXCodec( 7779): Successfully allocated OMX node 'OMX.google.vorbis.decoder'
I/ExtendedUtils( 7779): decision 1 mime 
I/ServiceManager( 5238): service 'sensorservice' died
I/ServiceManager( 5238): service 'batterystats' died
I/ServiceManager( 5238): service 'appops' died
I/ServiceManager( 5238): service 'power' died
I/ServiceManager( 5238): service 'display' died
I/ServiceManager( 5238): service 'package' died
I/ServiceManager( 5238): service 'battery' died
I/ServiceManager( 5238): service 'usagestats' died
I/ServiceManager( 5238): service 'connectivity' died
I/ServiceManager( 5238): service 'webviewupdate' died
I/ServiceManager( 5238): service 'scheduling_policy' died
I/ServiceManager( 5238): service 'telephony.registry' died
I/ServiceManager( 5238): service 'entropy' died
I/ServiceManager( 5238): service 'account' died
I/AudioPlayer( 7779): start of Playback, useOffload 0
E/DatabaseUtils( 8068): Writing exception to parcel
E/DatabaseUtils( 8068): java.lang.SecurityException: Permission Denial: reading com.android.providers.userdictionary.UserDictionaryProvider uri content://user_dictionary/words from pid=7865, uid=10039 requires android.permission.READ_USER_DICTIONARY, or grantUriPermission()
E/DatabaseUtils( 8068): at android.content.ContentProvider.enforceReadPermissionInner(ContentProvider.java:574)
E/DatabaseUtils( 8068): at android.content.ContentProvider$Transport.enforceReadPermission(ContentProvider.java:462)
E/DatabaseUtils( 8068): at android.content.ContentProvider$Transport.query(ContentProvider.java:208)
E/DatabaseUtils( 8068): at android.content.ContentProviderNative.onTransact(ContentProviderNative.java:112)
E/DatabaseUtils( 8068): at android.os.Binder.execTransact(Binder.java:446)
W/Settings( 7974): Can't get key development_settings_enabled from content://settings/global
W/Settings( 7974): android.os.DeadObjectException
W/Settings( 7974): at android.os.BinderProxy.transactNative(Native Method)
W/Settings( 7974): at android.os.BinderProxy.transact(Binder.java:496)
W/Settings( 7974): at android.content.ContentProviderProxy.query(ContentProviderNative.java:419)
W/Settings( 7974): at android.provider.Settings$NameValueCache.getStringForUser(Settings.java:1166)
W/Settings( 7974): at android.provider.Settings$Global.getStringForUser(Settings.java:6866)
W/Settings( 7974): at android.provider.Settings$Global.getString(Settings.java:6855)
W/Settings( 7974): at android.provider.Settings$Global.getInt(Settings.java:6922)
W/Settings( 7974): at com.android.internal.app.LocalePicker.constructAdapter(LocalePicker.java:175)
W/Settings( 7974): at com.fairphone.setupwizard.setup.WelcomePage$WelcomeFragment.loadLanguages(WelcomePage.java:163)
W/Settings( 7974): at com.fairphone.setupwizard.setup.WelcomePage$WelcomeFragment.initializePage(WelcomePage.java:154)
W/Settings( 7974): at com.fairphone.setupwizard.ui.SetupPageFragment.onCreateView(SetupPageFragment.java:53)
W/Settings( 7974): at android.app.Fragment.performCreateView(Fragment.java:2053)
W/Settings( 7974): at android.app.FragmentManagerImpl.moveToState(FragmentManager.java:894)
W/Settings( 7974): at android.app.FragmentManagerImpl.moveToState(FragmentManager.java:1067)
W/Settings( 7974): at android.app.BackStackRecord.run(BackStackRecord.java:834)
W/Settings( 7974): at android.app.FragmentManagerImpl.execPendingActions(FragmentManager.java:1452)
W/Settings( 7974): at android.app.Activity.performStart(Activity.java:6006)
W/Settings( 7974): at android.app.ActivityThread.performLaunchActivity(ActivityThread.java:2288)
W/Settings( 7974): at android.app.ActivityThread.handleLaunchActivity(ActivityThread.java:2387)
W/Settings( 7974): at android.app.ActivityThread.access$800(ActivityThread.java:151)
W/Settings( 7974): at android.app.ActivityThread$H.handleMessage(ActivityThread.java:1303)
W/Settings( 7974): at android.os.Handler.dispatchMessage(Handler.java:102)
W/Settings( 7974): at android.os.Looper.loop(Looper.java:135)
W/Settings( 7974): at android.app.ActivityThread.main(ActivityThread.java:5254)
W/Settings( 7974): at java.lang.reflect.Method.invoke(Native Method)
W/Settings( 7974): at java.lang.reflect.Method.invoke(Method.java:372)
W/Settings( 7974): at com.android.internal.os.ZygoteInit$MethodAndArgsCaller.run(ZygoteInit.java:904)
W/Settings( 7974): at com.android.internal.os.ZygoteInit.main(ZygoteInit.java:699)
D/audio_hw_primary( 7638): adev_close_output_stream: enter:stream_handle(0xb5880b00)
D/audio_hw_primary( 7638): out_standby: enter: stream (0xb5880b00) usecase(1: low-latency-playback)
I/ServiceManager( 5238): service 'content' died
I/ServiceManager( 5238): service 'meminfo' died
I/ServiceManager( 5238): service 'vibrator' died
I/ServiceManager( 5238): service 'consumer_ir' died
I/ServiceManager( 5238): service 'alarm' died
I/ServiceManager( 5238): service 'window' died
I/ServiceManager( 5238): service 'input' died
I/ServiceManager( 5238): service 'gfxinfo' died
I/ServiceManager( 5238): service 'input_method' died
I/ServiceManager( 5238): service 'accessibility' died
I/ServiceManager( 5238): service 'mount' died
I/ServiceManager( 5238): service 'lock_settings' died
I/ServiceManager( 5238): service 'device_policy' died
I/ServiceManager( 5238): service 'statusbar' died
I/ServiceManager( 5238): service 'clipboard' died
I/ServiceManager( 5238): service 'textservices' died
I/ServiceManager( 5238): service 'dbinfo' died
I/ServiceManager( 5238): service 'cpuinfo' died
I/ServiceManager( 5238): service 'permission' died
I/ServiceManager( 5238): service 'hardware' died
I/ServiceManager( 5238): service 'network_score' died
I/ServiceManager( 5238): service 'netstats' died
I/ServiceManager( 5238): service 'netpolicy' died
I/ServiceManager( 5238): service 'wifip2p' died
I/ServiceManager( 5238): service 'wifi' died
I/ServiceManager( 5238): service 'wifiscanner' died
I/ServiceManager( 5238): service 'rttmanager' died
I/ServiceManager( 5238): service 'servicediscovery' died
I/ServiceManager( 5238): service 'updatelock' died
I/ServiceManager( 5238): service 'notification' died
I/ServiceManager( 5238): service 'devicestoragemonitor' died
I/ServiceManager( 5238): service 'location' died
I/ServiceManager( 5238): service 'country_detector' died
I/ServiceManager( 5238): service 'search' died
I/ServiceManager( 5238): service 'dropbox' died
I/ServiceManager( 5238): service 'wallpaper' died
I/ServiceManager( 5238): service 'audio' died
I/ServiceManager( 5238): service 'DockObserver' died
I/ServiceManager( 5238): service 'serial' died
I/ServiceManager( 5238): service 'uimode' died
I/ServiceManager( 5238): service 'jobscheduler' died
I/ServiceManager( 5238): service 'backup' died
D/AndroidRuntime( 7865): Shutting down VM
E/AndroidRuntime( 7865): FATAL EXCEPTION: main
E/AndroidRuntime( 7865): Process: com.android.inputmethod.latin, PID: 7865
E/AndroidRuntime( 7865): java.lang.RuntimeException: Unable to create service com.android.inputmethod.latin.LatinIME: java.lang.RuntimeException: android.os.DeadObjectException
E/AndroidRuntime( 7865): at android.app.ActivityThread.handleCreateService(ActivityThread.java:2771)
E/AndroidRuntime( 7865): at android.app.ActivityThread.access$1800(ActivityThread.java:151)
E/AndroidRuntime( 7865): at android.app.ActivityThread$H.handleMessage(ActivityThread.java:1386)
E/AndroidRuntime( 7865): at android.os.Handler.dispatchMessage(Handler.java:102)
E/AndroidRuntime( 7865): at android.os.Looper.loop(Looper.java:135)
E/AndroidRuntime( 7865): at android.app.ActivityThread.main(ActivityThread.java:5254)
E/AndroidRuntime( 7865): at java.lang.reflect.Method.invoke(Native Method)
E/AndroidRuntime( 7865): at java.lang.reflect.Method.invoke(Method.java:372)
E/AndroidRuntime( 7865): at com.android.internal.os.ZygoteInit$MethodAndArgsCaller.run(ZygoteInit.java:904)
E/AndroidRuntime( 7865): at com.android.internal.os.ZygoteInit.main(ZygoteInit.java:699)
E/AndroidRuntime( 7865): Caused by: java.lang.RuntimeException: android.os.DeadObjectException
E/AndroidRuntime( 7865): at android.view.inputmethod.InputMethodManager.getEnabledInputMethodList(InputMethodManager.java:661)
E/AndroidRuntime( 7865): at com.android.inputmethod.latin.SubtypeSwitcher.isSystemLocaleSameAsLocaleOfAllEnabledSubtypesOfEnabledImes(SubtypeSwitcher.java:261)
E/AndroidRuntime( 7865): at com.android.inputmethod.latin.LatinIME.refreshPersonalizationDictionarySession(LatinIME.java:598)
E/AndroidRuntime( 7865): at com.android.inputmethod.latin.LatinIME.loadSettings(LatinIME.java:592)
E/AndroidRuntime( 7865): at com.android.inputmethod.latin.LatinIME.onCreate(LatinIME.java:545)
E/AndroidRuntime( 7865): at android.app.ActivityThread.handleCreateService(ActivityThread.java:2761)
E/AndroidRuntime( 7865): ... 9 more
E/AndroidRuntime( 7865): Caused by: android.os.DeadObjectException
E/AndroidRuntime( 7865): at android.os.BinderProxy.transactNative(Native Method)
E/AndroidRuntime( 7865): at android.os.BinderProxy.transact(Binder.java:496)
E/AndroidRuntime( 7865): at com.android.internal.view.IInputMethodManager$Stub$Proxy.getEnabledInputMethodList(IInputMethodManager.java:503)
E/AndroidRuntime( 7865): at android.view.inputmethod.InputMethodManager.getEnabledInputMethodList(InputMethodManager.java:659)
E/AndroidRuntime( 7865): ... 14 more
E/AndroidRuntime( 7865): Error reporting crash
E/AndroidRuntime( 7865): android.os.DeadObjectException
E/AndroidRuntime( 7865): at android.os.BinderProxy.transactNative(Native Method)
E/AndroidRuntime( 7865): at android.os.BinderProxy.transact(Binder.java:496)
E/AndroidRuntime( 7865): at android.app.ActivityManagerProxy.handleApplicationCrash(ActivityManagerNative.java:4207)
E/AndroidRuntime( 7865): at com.android.internal.os.RuntimeInit$UncaughtHandler.uncaughtException(RuntimeInit.java:89)
E/AndroidRuntime( 7865): at java.lang.ThreadGroup.uncaughtException(ThreadGroup.java:693)
E/AndroidRuntime( 7865): at java.lang.ThreadGroup.uncaughtException(ThreadGroup.java:690)
I/Process ( 7865): Sending signal. PID: 7865 SIG: 9
I/ServiceManager( 5238): service 'appwidget' died
I/ServiceManager( 5238): service 'voiceinteraction' died
I/ServiceManager( 5238): service 'diskstats' died
I/ServiceManager( 5238): service 'samplingprofiler' died
I/ServiceManager( 5238): service 'commontime_management' died
I/ServiceManager( 5238): service 'dreams' died
I/ServiceManager( 5238): service 'assetatlas' died
I/ServiceManager( 5238): service 'print' died
I/ServiceManager( 5238): service 'restrictions' died
I/ServiceManager( 5238): service 'media_session' died
I/ServiceManager( 5238): service 'media_router' died
I/ServiceManager( 5238): service 'trust' died
I/ServiceManager( 5238): service 'fingerprint' died
I/ServiceManager( 5238): service 'launcherapps' died
I/ServiceManager( 5238): service 'DigitalPen' died
I/ServiceManager( 5238): service 'media_projection' died
I/ServiceManager( 5238): service 'PrivacyImpact' died
I/ServiceManager( 5238): service 'imms' died
I/ServiceManager( 5238): service 'activity' died
I/ServiceManager( 5238): service 'user' died
I/ServiceManager( 5238): service 'procstats' died
W/Settings( 7947): Can't get key airplane_mode_on from content://settings/global
W/Settings( 7947): android.os.DeadObjectException
W/Settings( 7947): at android.os.BinderProxy.transactNative(Native Method)
W/Settings( 7947): at android.os.BinderProxy.transact(Binder.java:496)
W/Settings( 7947): at android.content.ContentProviderProxy.query(ContentProviderNative.java:419)
W/Settings( 7947): at android.provider.Settings$NameValueCache.getStringForUser(Settings.java:1166)
W/Settings( 7947): at android.provider.Settings$Global.getStringForUser(Settings.java:6866)
W/Settings( 7947): at android.provider.Settings$Global.getString(Settings.java:6855)
W/Settings( 7947): at android.provider.Settings$Global.getInt(Settings.java:6922)
W/Settings( 7947): at com.android.internal.telephony.gsm.GsmServiceStateTracker.(GsmServiceStateTracker.java:236)
W/Settings( 7947): at com.android.internal.telephony.gsm.GSMPhone.(GSMPhone.java:198)
W/Settings( 7947): at com.android.internal.telephony.gsm.GSMPhone.(GSMPhone.java:183)
W/Settings( 7947): at com.android.internal.telephony.PhoneFactory.makeDefaultPhone(PhoneFactory.java:183)
W/Settings( 7947): at com.android.internal.telephony.PhoneFactory.makeDefaultPhones(PhoneFactory.java:80)
W/Settings( 7947): at com.android.phone.PhoneGlobals.onCreate(PhoneGlobals.java:338)
W/Settings( 7947): at com.android.phone.PhoneApp.onCreate(PhoneApp.java:41)
W/Settings( 7947): at android.app.Instrumentation.callApplicationOnCreate(Instrumentation.java:1012)
W/Settings( 7947): at android.app.ActivityThread.handleBindApplication(ActivityThread.java:4553)
W/Settings( 7947): at android.app.ActivityThread.access$1500(ActivityThread.java:151)
W/Settings( 7947): at android.app.ActivityThread$H.handleMessage(ActivityThread.java:1364)
W/Settings( 7947): at android.os.Handler.dispatchMessage(Handler.java:102)
W/Settings( 7947): at android.os.Looper.loop(Looper.java:135)
W/Settings( 7947): at android.app.ActivityThread.main(ActivityThread.java:5254)
W/Settings( 7947): at java.lang.reflect.Method.invoke(Native Method)
W/Settings( 7947): at java.lang.reflect.Method.invoke(Method.java:372)
W/Settings( 7947): at com.android.internal.os.ZygoteInit$MethodAndArgsCaller.run(ZygoteInit.java:904)
W/Settings( 7947): at com.android.internal.os.ZygoteInit.main(ZygoteInit.java:699)
E/DisplayManager( 7839): Could not get display information from display manager.
E/DisplayManager( 7839): android.os.DeadObjectException
E/DisplayManager( 7839): at android.os.BinderProxy.transactNative(Native Method)
E/DisplayManager( 7839): at android.os.BinderProxy.transact(Binder.java:496)
E/DisplayManager( 7839): at android.hardware.display.IDisplayManager$Stub$Proxy.getDisplayInfo(IDisplayManager.java:254)
E/DisplayManager( 7839): at android.hardware.display.DisplayManagerGlobal.getDisplayInfo(DisplayManagerGlobal.java:119)
E/DisplayManager( 7839): at android.view.Choreographer.getRefreshRate(Choreographer.java:179)
E/DisplayManager( 7839): at android.view.Choreographer.(Choreographer.java:170)
E/DisplayManager( 7839): at android.view.Choreographer.(Choreographer.java:72)
E/DisplayManager( 7839): at android.view.Choreographer$1.initialValue(Choreographer.java:98)
E/DisplayManager( 7839): at android.view.Choreographer$1.initialValue(Choreographer.java:91)
E/DisplayManager( 7839): at java.lang.ThreadLocal$Values.getAfterMiss(ThreadLocal.java:430)
E/DisplayManager( 7839): at java.lang.ThreadLocal.get(ThreadLocal.java:65)
E/DisplayManager( 7839): at android.view.Choreographer.getInstance(Choreographer.java:192)
E/DisplayManager( 7839): at android.animation.ValueAnimator$AnimationHandler.(ValueAnimator.java:656)
E/DisplayManager( 7839): at android.animation.ValueAnimator$AnimationHandler.(ValueAnimator.java:631)
E/DisplayManager( 7839): at android.animation.ValueAnimator.getOrCreateAnimationHandler(ValueAnimator.java:1453)
E/DisplayManager( 7839): at android.animation.ValueAnimator.start(ValueAnimator.java:1034)
E/DisplayManager( 7839): at android.animation.ValueAnimator.start(ValueAnimator.java:1050)
E/DisplayManager( 7839): at android.animation.ObjectAnimator.start(ObjectAnimator.java:829)
E/DisplayManager( 7839): at android.animation.AnimatorSet.start(AnimatorSet.java:585)
E/DisplayManager( 7839): at android.animation.StateListAnimator.start(StateListAnimator.java:187)
E/DisplayManager( 7839): at android.animation.StateListAnimator.setState(StateListAnimator.java:180)
E/DisplayManager( 7839): at android.view.View.drawableStateChanged(View.java:15996)
E/DisplayManager( 7839): at android.widget.TextView.drawableStateChanged(TextView.java:3662)
E/DisplayManager( 7839): at android.view.View.refreshDrawableState(View.java:16040)
E/DisplayManager( 7839): at android.view.View.setSelected(View.java:16734)
E/DisplayManager( 7839): at android.widget.TextView.setSelected(TextView.java:7951)
E/DisplayManager( 7839): at com.android.systemui.volume.SegmentedButtons.setSelectedValue(SegmentedButtons.java:62)
E/DisplayManager( 7839): at com.android.systemui.volume.ZenModePanel.handleUpdateZen(ZenModePanel.java:369)
E/DisplayManager( 7839): at com.android.systemui.volume.ZenModePanel.init(ZenModePanel.java:312)
E/DisplayManager( 7839): at com.android.systemui.volume.VolumePanel.initZenModePanel(VolumePanel.java:576)
E/DisplayManager( 7839): at com.android.systemui.volume.VolumePanel.(VolumePanel.java:450)
E/DisplayManager( 7839): at com.android.systemui.volume.VolumePanel.(VolumePanel.java:507)
E/DisplayManager( 7839): at com.android.systemui.volume.VolumeUI.initPanel(VolumeUI.java:108)
E/DisplayManager( 7839): at com.android.systemui.volume.VolumeUI.start(VolumeUI.java:70)
E/DisplayManager( 7839): at com.android.systemui.SystemUIApplication.startServicesIfNeeded(SystemUIApplication.java:124)
E/DisplayManager( 7839): at com.android.systemui.SystemUIService.onCreate(SystemUIService.java:31)
E/DisplayManager( 7839): at android.app.ActivityThread.handleCreateService(ActivityThread.java:2761)
E/DisplayManager( 7839): at android.app.ActivityThread.access$1800(ActivityThread.java:151)
E/DisplayManager( 7839): at android.app.ActivityThread$H.handleMessage(ActivityThread.java:1386)
E/DisplayManager( 7839): at android.os.Handler.dispatchMessage(Handler.java:102)
E/DisplayManager( 7839): at android.os.Looper.loop(Looper.java:135)
E/DisplayManager( 7839): at android.app.ActivityThread.main(ActivityThread.java:5254)
E/DisplayManager( 7839): at java.lang.reflect.Method.invoke(Native Method)
E/DisplayManager( 7839): at java.lang.reflect.Method.invoke(Method.java:372)
E/DisplayManager( 7839): at com.android.internal.os.ZygoteInit$MethodAndArgsCaller.run(ZygoteInit.java:904)
E/DisplayManager( 7839): at com.android.internal.os.ZygoteInit.main(ZygoteInit.java:699)
D/AndroidRuntime( 7839): Shutting down VM
E/AndroidRuntime( 7839): FATAL EXCEPTION: main
E/AndroidRuntime( 7839): Process: com.android.systemui, PID: 7839
E/AndroidRuntime( 7839): java.lang.RuntimeException: Unable to create service com.android.systemui.SystemUIService: java.lang.NullPointerException: Attempt to read from field 'float android.view.DisplayInfo.refreshRate' on a null object reference
E/AndroidRuntime( 7839): at android.app.ActivityThread.handleCreateService(ActivityThread.java:2771)
E/AndroidRuntime( 7839): at android.app.ActivityThread.access$1800(ActivityThread.java:151)
E/AndroidRuntime( 7839): at android.app.ActivityThread$H.handleMessage(ActivityThread.java:1386)
E/AndroidRuntime( 7839): at android.os.Handler.dispatchMessage(Handler.java:102)
E/AndroidRuntime( 7839): at android.os.Looper.loop(Looper.java:135)
E/AndroidRuntime( 7839): at android.app.ActivityThread.main(ActivityThread.java:5254)
E/AndroidRuntime( 7839): at java.lang.reflect.Method.invoke(Native Method)
E/AndroidRuntime( 7839): at java.lang.reflect.Method.invoke(Method.java:372)
E/AndroidRuntime( 7839): at com.android.internal.os.ZygoteInit$MethodAndArgsCaller.run(ZygoteInit.java:904)
E/AndroidRuntime( 7839): at com.android.internal.os.ZygoteInit.main(ZygoteInit.java:699)
E/AndroidRuntime( 7839): Caused by: java.lang.NullPointerException: Attempt to read from field 'float android.view.DisplayInfo.refreshRate' on a null object reference
E/AndroidRuntime( 7839): at android.view.Choreographer.getRefreshRate(Choreographer.java:181)
E/AndroidRuntime( 7839): at android.view.Choreographer.(Choreographer.java:170)
E/AndroidRuntime( 7839): at android.view.Choreographer.(Choreographer.java:72)
E/AndroidRuntime( 7839): at android.view.Choreographer$1.initialValue(Choreographer.java:98)
E/AndroidRuntime( 7839): at android.view.Choreographer$1.initialValue(Choreographer.java:91)
E/AndroidRuntime( 7839): at java.lang.ThreadLocal$Values.getAfterMiss(ThreadLocal.java:430)
E/AndroidRuntime( 7839): at java.lang.ThreadLocal.get(ThreadLocal.java:65)
E/AndroidRuntime( 7839): at android.view.Choreographer.getInstance(Choreographer.java:192)
E/AndroidRuntime( 7839): at android.animation.ValueAnimator$AnimationHandler.(ValueAnimator.java:656)
E/AndroidRuntime( 7839): at android.animation.ValueAnimator$AnimationHandler.(ValueAnimator.java:631)
E/AndroidRuntime( 7839): at android.animation.ValueAnimator.getOrCreateAnimationHandler(ValueAnimator.java:1453)
E/AndroidRuntime( 7839): at android.animation.ValueAnimator.start(ValueAnimator.java:1034)
E/AndroidRuntime( 7839): at android.animation.ValueAnimator.start(ValueAnimator.java:1050)
E/AndroidRuntime( 7839): at android.animation.ObjectAnimator.start(ObjectAnimator.java:829)
E/AndroidRuntime( 7839): at android.animation.AnimatorSet.start(AnimatorSet.java:585)
E/AndroidRuntime( 7839): at android.animation.StateListAnimator.start(StateListAnimator.java:187)
E/AndroidRuntime( 7839): at android.animation.StateListAnimator.setState(StateListAnimator.java:180)
E/AndroidRuntime( 7839): at android.view.View.drawableStateChanged(View.java:15996)
E/AndroidRuntime( 7839): at android.widget.TextView.drawableStateChanged(TextView.java:3662)
E/AndroidRuntime( 7839): at android.view.View.refreshDrawableState(View.java:16040)
E/AndroidRuntime( 7839): at android.view.View.setSelected(View.java:16734)
E/AndroidRuntime( 7839): at android.widget.TextView.setSelected(TextView.java:7951)
E/AndroidRuntime( 7839): at com.android.systemui.volume.SegmentedButtons.setSelectedValue(SegmentedButtons.java:62)
E/AndroidRuntime( 7839): at com.android.systemui.volume.ZenModePanel.handleUpdateZen(ZenModePanel.java:369)
E/AndroidRuntime( 7839): at com.android.systemui.volume.ZenModePanel.init(ZenModePanel.java:312)
E/AndroidRuntime( 7839): at com.android.systemui.volume.VolumePanel.initZenModePanel(VolumePanel.java:576)
E/AndroidRuntime( 7839): at com.android.systemui.volume.VolumePanel.(VolumePanel.java:450)
E/AndroidRuntime( 7839): at com.android.systemui.volume.VolumePanel.(VolumePanel.java:507)
E/AndroidRuntime( 7839): at com.android.systemui.volume.VolumeUI.initPanel(VolumeUI.java:108)
E/AndroidRuntime( 7839): at com.android.systemui.volume.VolumeUI.start(VolumeUI.java:70)
E/AndroidRuntime( 7839): at com.android.systemui.SystemUIApplication.startServicesIfNeeded(SystemUIApplication.java:124)
E/AndroidRuntime( 7839): at com.android.systemui.SystemUIService.onCreate(SystemUIService.java:31)
E/AndroidRuntime( 7839): at android.app.ActivityThread.handleCreateService(ActivityThread.java:2761)
E/AndroidRuntime( 7839): ... 9 more
E/AndroidRuntime( 7839): Error reporting crash
E/AndroidRuntime( 7839): android.os.DeadObjectException
E/AndroidRuntime( 7839): at android.os.BinderProxy.transactNative(Native Method)
E/AndroidRuntime( 7839): at android.os.BinderProxy.transact(Binder.java:496)
E/AndroidRuntime( 7839): at android.app.ActivityManagerProxy.handleApplicationCrash(ActivityManagerNative.java:4207)
E/AndroidRuntime( 7839): at com.android.internal.os.RuntimeInit$UncaughtHandler.uncaughtException(RuntimeInit.java:89)
E/AndroidRuntime( 7839): at java.lang.ThreadGroup.uncaughtException(ThreadGroup.java:693)
E/AndroidRuntime( 7839): at java.lang.ThreadGroup.uncaughtException(ThreadGroup.java:690)
I/Process ( 7839): Sending signal. PID: 7839 SIG: 9
W/Settings( 7947): Can't get key mobile_data0 from content://settings/global
W/Settings( 7947): android.os.DeadObjectException
W/Settings( 7947): at android.os.BinderProxy.transactNative(Native Method)
W/Settings( 7947): at android.os.BinderProxy.transact(Binder.java:496)
W/Settings( 7947): at android.content.ContentProviderProxy.query(ContentProviderNative.java:419)
W/Settings( 7947): at android.provider.Settings$NameValueCache.getStringForUser(Settings.java:1166)
W/Settings( 7947): at android.provider.Settings$Global.getStringForUser(Settings.java:6866)
W/Settings( 7947): at android.provider.Settings$Global.getString(Settings.java:6855)
W/Settings( 7947): at android.provider.Settings$Global.getInt(Settings.java:6950)
W/Settings( 7947): at com.android.internal.telephony.dataconnection.DcTrackerBase.getDataEnabled(DcTrackerBase.java:820)
W/Settings( 7947): at com.android.internal.telephony.dataconnection.DcTrackerBase.(DcTrackerBase.java:596)
W/Settings( 7947): at com.android.internal.telephony.dataconnection.DcTracker.(DcTracker.java:198)
W/Settings( 7947): at com.android.internal.telephony.gsm.GSMPhone.(GSMPhone.java:199)
W/Settings( 7947): at com.android.internal.telephony.gsm.GSMPhone.(GSMPhone.java:183)
W/Settings( 7947): at com.android.internal.telephony.PhoneFactory.makeDefaultPhone(PhoneFactory.java:183)
W/Settings( 7947): at com.android.internal.telephony.PhoneFactory.makeDefaultPhones(PhoneFactory.java:80)
W/Settings( 7947): at com.android.phone.PhoneGlobals.onCreate(PhoneGlobals.java:338)
W/Settings( 7947): at com.android.phone.PhoneApp.onCreate(PhoneApp.java:41)
W/Settings( 7947): at android.app.Instrumentation.callApplicationOnCreate(Instrumentation.java:1012)
W/Settings( 7947): at android.app.ActivityThread.handleBindApplication(ActivityThread.java:4553)
W/Settings( 7947): at android.app.ActivityThread.access$1500(ActivityThread.java:151)
W/Settings( 7947): at android.app.ActivityThread$H.handleMessage(ActivityThread.java:1364)
W/Settings( 7947): at android.os.Handler.dispatchMessage(Handler.java:102)
W/Settings( 7947): at android.os.Looper.loop(Looper.java:135)
W/Settings( 7947): at android.app.ActivityThread.main(ActivityThread.java:5254)
W/Settings( 7947): at java.lang.reflect.Method.invoke(Native Method)
W/Settings( 7947): at java.lang.reflect.Method.invoke(Method.java:372)
W/Settings( 7947): at com.android.internal.os.ZygoteInit$MethodAndArgsCaller.run(ZygoteInit.java:904)
W/Settings( 7947): at com.android.internal.os.ZygoteInit.main(ZygoteInit.java:699)
W/Settings( 7947): Can't get key mobile_data from content://settings/global
W/Settings( 7947): android.os.DeadObjectException
W/Settings( 7947): at android.os.BinderProxy.transactNative(Native Method)
W/Settings( 7947): at android.os.BinderProxy.transact(Binder.java:496)
W/Settings( 7947): at android.content.ContentProviderProxy.query(ContentProviderNative.java:419)
W/Settings( 7947): at android.provider.Settings$NameValueCache.getStringForUser(Settings.java:1166)
W/Settings( 7947): at android.provider.Settings$Global.getStringForUser(Settings.java:6866)
W/Settings( 7947): at android.provider.Settings$Global.getString(Settings.java:6855)
W/Settings( 7947): at android.provider.Settings$Global.getInt(Settings.java:6950)
W/Settings( 7947): at com.android.internal.telephony.dataconnection.DcTrackerBase.getDataEnabled(DcTrackerBase.java:825)
W/Settings( 7947): at com.android.internal.telephony.dataconnection.DcTrackerBase.(DcTrackerBase.java:596)
W/Settings( 7947): at com.android.internal.telephony.dataconnection.DcTracker.(DcTracker.java:198)
W/Settings( 7947): at com.android.internal.telephony.gsm.GSMPhone.(GSMPhone.java:199)
W/Settings( 7947): at com.android.internal.telephony.gsm.GSMPhone.(GSMPhone.java:183)
W/Settings( 7947): at com.android.internal.telephony.PhoneFactory.makeDefaultPhone(PhoneFactory.java:183)
W/Settings( 7947): at com.android.internal.telephony.PhoneFactory.makeDefaultPhones(PhoneFactory.java:80)
W/Settings( 7947): at com.android.phone.PhoneGlobals.onCreate(PhoneGlobals.java:338)
W/Settings( 7947): at com.android.phone.PhoneApp.onCreate(PhoneApp.java:41)
W/Settings( 7947): at android.app.Instrumentation.callApplicationOnCreate(Instrumentation.java:1012)
W/Settings( 7947): at android.app.ActivityThread.handleBindApplication(ActivityThread.java:4553)
W/Settings( 7947): at android.app.ActivityThread.access$1500(ActivityThread.java:151)
W/Settings( 7947): at android.app.ActivityThread$H.handleMessage(ActivityThread.java:1364)
W/Settings( 7947): at android.os.Handler.dispatchMessage(Handler.java:102)
W/Settings( 7947): at android.os.Looper.loop(Looper.java:135)
W/Settings( 7947): at android.app.ActivityThread.main(ActivityThread.java:5254)
W/Settings( 7947): at java.lang.reflect.Method.invoke(Native Method)
W/Settings( 7947): at java.lang.reflect.Method.invoke(Method.java:372)
W/Settings( 7947): at com.android.internal.os.ZygoteInit$MethodAndArgsCaller.run(ZygoteInit.java:904)
W/Settings( 7947): at com.android.internal.os.ZygoteInit.main(ZygoteInit.java:699)
E/DatabaseUtils( 8068): Writing exception to parcel
E/DatabaseUtils( 8068): java.lang.NullPointerException: Attempt to invoke interface method 'void android.content.IContentService.registerContentObserver(android.net.Uri, boolean, android.database.IContentObserver, int)' on a null object reference
E/DatabaseUtils( 8068): at android.content.ContentResolver.registerContentObserver(ContentResolver.java:1571)
E/DatabaseUtils( 8068): at android.database.AbstractCursor.setNotificationUri(AbstractCursor.java:361)
E/DatabaseUtils( 8068): at android.database.AbstractCursor.setNotificationUri(AbstractCursor.java:349)
E/DatabaseUtils( 8068): at com.android.providers.contacts.CallLogProvider.query(CallLogProvider.java:233)
E/DatabaseUtils( 8068): at android.content.ContentProvider.query(ContentProvider.java:1001)
E/DatabaseUtils( 8068): at android.content.ContentProvider$Transport.query(ContentProvider.java:215)
E/DatabaseUtils( 8068): at android.content.ContentProviderNative.onTransact(ContentProviderNative.java:112)
E/DatabaseUtils( 8068): at android.os.Binder.execTransact(Binder.java:446)
W/Settings( 7947): Can't get key multi_sim_data_call from content://settings/global
W/Settings( 7947): android.os.DeadObjectException
W/Settings( 7947): at android.os.BinderProxy.transactNative(Native Method)
W/Settings( 7947): at android.os.BinderProxy.transact(Binder.java:496)
W/Settings( 7947): at android.content.ContentProviderProxy.query(ContentProviderNative.java:419)
W/Settings( 7947): at android.provider.Settings$NameValueCache.getStringForUser(Settings.java:1166)
W/Settings( 7947): at android.provider.Settings$Global.getStringForUser(Settings.java:6866)
W/Settings( 7947): at android.provider.Settings$Global.getString(Settings.java:6855)
W/Settings( 7947): at android.provider.Settings$Global.getInt(Settings.java:6922)
W/Settings( 7947): at com.android.internal.telephony.SubscriptionController.getDefaultDataSubId(SubscriptionController.java:1408)
W/Settings( 7947): at android.telephony.SubscriptionManager.getDefaultDataSubId(SubscriptionManager.java:993)
W/Settings( 7947): at com.android.providers.telephony.TelephonyProvider$DatabaseHelper.setDefaultValue(TelephonyProvider.java:630)
W/Settings( 7947): at com.android.providers.telephony.TelephonyProvider$DatabaseHelper.insertAddingDefaults(TelephonyProvider.java:658)
W/Settings( 7947): at com.android.providers.telephony.TelephonyProvider$DatabaseHelper.loadApns(TelephonyProvider.java:564)
W/Settings( 7947): at com.android.providers.telephony.TelephonyProvider$DatabaseHelper.initDatabase(TelephonyProvider.java:304)
W/Settings( 7947): at com.android.providers.telephony.TelephonyProvider$DatabaseHelper.onCreate(TelephonyProvider.java:162)
W/Settings( 7947): at android.database.sqlite.SQLiteOpenHelper.getDatabaseLocked(SQLiteOpenHelper.java:265)
W/Settings( 7947): at android.database.sqlite.SQLiteOpenHelper.getReadableDatabase(SQLiteOpenHelper.java:196)
W/Settings( 7947): at com.android.providers.telephony.TelephonyProvider.query(TelephonyProvider.java:791)
W/Settings( 7947): at android.content.ContentProvider.query(ContentProvider.java:1001)
W/Settings( 7947): at android.content.ContentProvider$Transport.query(ContentProvider.java:215)
W/Settings( 7947): at android.content.ContentProviderNative.onTransact(ContentProviderNative.java:112)
W/Settings( 7947): at android.os.Binder.execTransact(Binder.java:446)
W/Settings( 7947): Can't get key mobile_data0 from content://settings/global
W/Settings( 7947): android.os.DeadObjectException
W/Settings( 7947): at android.os.BinderProxy.transactNative(Native Method)
W/Settings( 7947): at android.os.BinderProxy.transact(Binder.java:496)
W/Settings( 7947): at android.content.ContentProviderProxy.query(ContentProviderNative.java:419)
W/Settings( 7947): at android.provider.Settings$NameValueCache.getStringForUser(Settings.java:1166)
W/Settings( 7947): at android.provider.Settings$Global.getStringForUser(Settings.java:6866)
W/Settings( 7947): at android.provider.Settings$Global.getString(Settings.java:6855)
W/Settings( 7947): at android.provider.Settings$Global.getInt(Settings.java:6922)
W/Settings( 7947): at com.android.internal.telephony.dataconnection.DcTracker.update(DcTracker.java:3050)
W/Settings( 7947): at com.android.internal.telephony.dataconnection.DcTracker.(DcTracker.java:221)
W/Settings( 7947): at com.android.internal.telephony.gsm.GSMPhone.(GSMPhone.java:199)
W/Settings( 7947): at com.android.internal.telephony.gsm.GSMPhone.(GSMPhone.java:183)
W/Settings( 7947): at com.android.internal.telephony.PhoneFactory.makeDefaultPhone(PhoneFactory.java:183)
W/Settings( 7947): at com.android.internal.telephony.PhoneFactory.makeDefaultPhones(PhoneFactory.java:80)
W/Settings( 7947): at com.android.phone.PhoneGlobals.onCreate(PhoneGlobals.java:338)
W/Settings( 7947): at com.android.phone.PhoneApp.onCreate(PhoneApp.java:41)
W/Settings( 7947): at android.app.Instrumentation.callApplicationOnCreate(Instrumentation.java:1012)
W/Settings( 7947): at android.app.ActivityThread.handleBindApplication(ActivityThread.java:4553)
W/Settings( 7947): at android.app.ActivityThread.access$1500(ActivityThread.java:151)
W/Settings( 7947): at android.app.ActivityThread$H.handleMessage(ActivityThread.java:1364)
W/Settings( 7947): at android.os.Handler.dispatchMessage(Handler.java:102)
W/Settings( 7947): at android.os.Looper.loop(Looper.java:135)
W/Settings( 7947): at android.app.ActivityThread.main(ActivityThread.java:5254)
W/Settings( 7947): at java.lang.reflect.Method.invoke(Native Method)
W/Settings( 7947): at java.lang.reflect.Method.invoke(Method.java:372)
W/Settings( 7947): at com.android.internal.os.ZygoteInit$MethodAndArgsCaller.run(ZygoteInit.java:904)
W/Settings( 7947): at com.android.internal.os.ZygoteInit.main(ZygoteInit.java:699)
I/ContactLocale( 8068): AddressBook Labels [en-US]: [, A, B, C, D, E, F, G, H, I, J, K, L, M, N, O, P, Q, R, S, T, U, V, W, X, Y, Z, Α, Β, Γ, Δ, Ε, Ζ, Η, Θ, Ι, Κ, Λ, Μ, Ν, Ξ, Ο, Π, Ρ, Σ, Τ, Υ, Φ, Χ, Ψ, Ω, , А, Б, В, Г, Д, Ђ, Е, Є, Ж, З, И, І, Ї, Й, Ј, К, Л, Љ, М, Н, Њ, О, П, Р, С, Т, Ћ, У, Ф, Х, Ц, Ч, Џ, Ш, Щ, Ю, Я, , א, ב, ג, ד, ה, ו, ז, ח, ט, י, כ, ל, מ, נ, ס, ע, פ, צ, ק, ר, ש, ת, , ا, ب, ت, ث, ج, ح, خ, د, ذ, ر, ز, س, ش, ص, ض, ط, ظ, ع, غ, ف, ق, ك, ل, م, ن, ه, و, ي, , ก, ข, ฃ, ค, ฅ, ฆ, ง, จ, ฉ, ช, ซ, ฌ, ญ, ฎ, ฏ, ฐ, ฑ, ฒ, ณ, ด, ต, ถ, ท, ธ, น, บ, ป, ผ, ฝ, พ, ฟ, ภ, ม, ย, ร, ฤ, ล, ฦ, ว, ศ, ษ, ส, ห, ฬ, อ, ฮ, , ㄱ, ㄴ, ㄷ, ㄹ, ㅁ, ㅂ, ㅅ, ㅇ, ㅈ, ㅊ, ㅋ, ㅌ, ㅍ, ㅎ, , あ, か, さ, た, な, は, ま, や, ら, わ, #, ]
W/Settings( 7947): Can't get key multi_sim_data_call from content://settings/global
W/Settings( 7947): android.os.DeadObjectException
W/Settings( 7947): at android.os.BinderProxy.transactNative(Native Method)
W/Settings( 7947): at android.os.BinderProxy.transact(Binder.java:496)
W/Settings( 7947): at android.content.ContentProviderProxy.query(ContentProviderNative.java:419)
W/Settings( 7947): at android.provider.Settings$NameValueCache.getStringForUser(Settings.java:1166)
W/Settings( 7947): at android.provider.Settings$Global.getStringForUser(Settings.java:6866)
W/Settings( 7947): at android.provider.Settings$Global.getString(Settings.java:6855)
W/Settings( 7947): at android.provider.Settings$Global.getInt(Settings.java:6922)
W/Settings( 7947): at com.android.internal.telephony.SubscriptionController.getDefaultDataSubId(SubscriptionController.java:1408)
W/Settings( 7947): at android.telephony.SubscriptionManager.getDefaultDataSubId(SubscriptionManager.java:993)
W/Settings( 7947): at com.android.internal.telephony.gsm.GSMPhone.updateCurrentCarrierInProvider(GSMPhone.java:1859)
W/Settings( 7947): at com.android.internal.telephony.dataconnection.DcTracker.update(DcTracker.java:3057)
W/Settings( 7947): at com.android.internal.telephony.dataconnection.DcTracker.(DcTracker.java:221)
W/Settings( 7947): at com.android.internal.telephony.gsm.GSMPhone.(GSMPhone.java:199)
W/Settings( 7947): at com.android.internal.telephony.gsm.GSMPhone.(GSMPhone.java:183)
W/Settings( 7947): at com.android.internal.telephony.PhoneFactory.makeDefaultPhone(PhoneFactory.java:183)
W/Settings( 7947): at com.android.internal.telephony.PhoneFactory.makeDefaultPhones(PhoneFactory.java:80)
W/Settings( 7947): at com.android.phone.PhoneGlobals.onCreate(PhoneGlobals.java:338)
W/Settings( 7947): at com.android.phone.PhoneApp.onCreate(PhoneApp.java:41)
W/Settings( 7947): at android.app.Instrumentation.callApplicationOnCreate(Instrumentation.java:1012)
W/Settings( 7947): at android.app.ActivityThread.handleBindApplication(ActivityThread.java:4553)
W/Settings( 7947): at android.app.ActivityThread.access$1500(ActivityThread.java:151)
W/Settings( 7947): at android.app.ActivityThread$H.handleMessage(ActivityThread.java:1364)
W/Settings( 7947): at android.os.Handler.dispatchMessage(Handler.java:102)
W/Settings( 7947): at android.os.Looper.loop(Looper.java:135)
W/Settings( 7947): at android.app.ActivityThread.main(ActivityThread.java:5254)
W/Settings( 7947): at java.lang.reflect.Method.invoke(Native Method)
W/Settings( 7947): at java.lang.reflect.Method.invoke(Method.java:372)
W/Settings( 7947): at com.android.internal.os.ZygoteInit$MethodAndArgsCaller.run(ZygoteInit.java:904)
W/Settings( 7947): at com.android.internal.os.ZygoteInit.main(ZygoteInit.java:699)
I/AudioPlayer( 7779): Pause Playback at 60000
I/AudioPlayer( 7779): reset: mPlaying=0 mReachedEOS=1 useOffload=0
W/Settings( 7947): Can't get key multi_sim_data_call from content://settings/global
W/Settings( 7947): android.os.DeadObjectException
W/Settings( 7947): at android.os.BinderProxy.transactNative(Native Method)
W/Settings( 7947): at android.os.BinderProxy.transact(Binder.java:496)
W/Settings( 7947): at android.content.ContentProviderProxy.query(ContentProviderNative.java:419)
W/Settings( 7947): at android.provider.Settings$NameValueCache.getStringForUser(Settings.java:1166)
W/Settings( 7947): at android.provider.Settings$Global.getStringForUser(Settings.java:6866)
W/Settings( 7947): at android.provider.Settings$Global.getString(Settings.java:6855)
W/Settings( 7947): at android.provider.Settings$Global.getInt(Settings.java:6922)
W/Settings( 7947): at com.android.internal.telephony.SubscriptionController.getDefaultDataSubId(SubscriptionController.java:1408)
W/Settings( 7947): at android.telephony.SubscriptionManager.getDefaultDataSubId(SubscriptionManager.java:993)
W/Settings( 7947): at com.android.providers.telephony.TelephonyProvider$DatabaseHelper.setDefaultValue(TelephonyProvider.java:630)
W/Settings( 7947): at com.android.providers.telephony.TelephonyProvider$DatabaseHelper.insertAddingDefaults(TelephonyProvider.java:658)
W/Settings( 7947): at com.android.providers.telephony.TelephonyProvider$DatabaseHelper.loadApns(TelephonyProvider.java:564)
W/Settings( 7947): at com.android.providers.telephony.TelephonyProvider$DatabaseHelper.initDatabase(TelephonyProvider.java:304)
W/Settings( 7947): at com.android.providers.telephony.TelephonyProvider$DatabaseHelper.onCreate(TelephonyProvider.java:162)
W/Settings( 7947): at android.database.sqlite.SQLiteOpenHelper.getDatabaseLocked(SQLiteOpenHelper.java:265)
W/Settings( 7947): at android.database.sqlite.SQLiteOpenHelper.getReadableDatabase(SQLiteOpenHelper.java:196)
W/Settings( 7947): at com.android.providers.telephony.TelephonyProvider.query(TelephonyProvider.java:791)
W/Settings( 7947): at android.content.ContentProvider.query(ContentProvider.java:1001)
W/Settings( 7947): at android.content.ContentProvider$Transport.query(ContentProvider.java:215)
W/Settings( 7947): at android.content.ContentProviderNative.onTransact(ContentProviderNative.java:112)
W/Settings( 7947): at android.os.Binder.execTransact(Binder.java:446)
W/Settings( 7947): Can't get key multi_sim_data_call from content://settings/global
W/Settings( 7947): android.os.DeadObjectException
W/Settings( 7947): at android.os.BinderProxy.transactNative(Native Method)
W/Settings( 7947): at android.os.BinderProxy.transact(Binder.java:496)
W/Settings( 7947): at android.content.ContentProviderProxy.query(ContentProviderNative.java:419)
W/Settings( 7947): at android.provider.Settings$NameValueCache.getStringForUser(Settings.java:1166)
W/Settings( 7947): at android.provider.Settings$Global.getStringForUser(Settings.java:6866)
W/Settings( 7947): at android.provider.Settings$Global.getString(Settings.java:6855)
W/Settings( 7947): at android.provider.Settings$Global.getInt(Settings.java:6922)
W/Settings( 7947): at com.android.internal.telephony.SubscriptionController.getDefaultDataSubId(SubscriptionController.java:1408)
W/Settings( 7947): at android.telephony.SubscriptionManager.getDefaultDataSubId(SubscriptionManager.java:993)
W/Settings( 7947): at com.android.providers.telephony.TelephonyProvider$DatabaseHelper.setDefaultValue(TelephonyProvider.java:630)
W/Settings( 7947): at com.android.providers.telephony.TelephonyProvider$DatabaseHelper.insertAddingDefaults(TelephonyProvider.java:658)
W/Settings( 7947): at com.android.providers.telephony.TelephonyProvider$DatabaseHelper.loadApns(TelephonyProvider.java:564)
W/Settings( 7947): at com.android.providers.telephony.TelephonyProvider$DatabaseHelper.initDatabase(TelephonyProvider.java:304)
W/Settings( 7947): at com.android.providers.telephony.TelephonyProvider$DatabaseHelper.onCreate(TelephonyProvider.java:162)
W/Settings( 7947): at android.database.sqlite.SQLiteOpenHelper.getDatabaseLocked(SQLiteOpenHelper.java:265)
W/Settings( 7947): at android.database.sqlite.SQLiteOpenHelper.getReadableDatabase(SQLiteOpenHelper.java:196)
W/Settings( 7947): at com.android.providers.telephony.TelephonyProvider.query(TelephonyProvider.java:791)
W/Settings( 7947): at android.content.ContentProvider.query(ContentProvider.java:1001)
W/Settings( 7947): at android.content.ContentProvider$Transport.query(ContentProvider.java:215)
W/Settings( 7947): at android.content.ContentProviderNative.onTransact(ContentProviderNative.java:112)
W/Settings( 7947): at android.os.Binder.execTransact(Binder.java:446)
W/Settings( 7947): Can't get key multi_sim_data_call from content://settings/global
W/Settings( 7947): android.os.DeadObjectException
W/Settings( 7947): at android.os.BinderProxy.transactNative(Native Method)
W/Settings( 7947): at android.os.BinderProxy.transact(Binder.java:496)
W/Settings( 7947): at android.content.ContentProviderProxy.query(ContentProviderNative.java:419)
W/Settings( 7947): at android.provider.Settings$NameValueCache.getStringForUser(Settings.java:1166)
W/Settings( 7947): at android.provider.Settings$Global.getStringForUser(Settings.java:6866)
W/Settings( 7947): at android.provider.Settings$Global.getString(Settings.java:6855)
W/Settings( 7947): at android.provider.Settings$Global.getInt(Settings.java:6922)
W/Settings( 7947): at com.android.internal.telephony.SubscriptionController.getDefaultDataSubId(SubscriptionController.java:1408)
W/Settings( 7947): at android.telephony.SubscriptionManager.getDefaultDataSubId(SubscriptionManager.java:993)
W/Settings( 7947): at com.android.providers.telephony.TelephonyProvider$DatabaseHelper.setDefaultValue(TelephonyProvider.java:630)
W/Settings( 7947): at com.android.providers.telephony.TelephonyProvider$DatabaseHelper.insertAddingDefaults(TelephonyProvider.java:658)
W/Settings( 7947): at com.android.providers.telephony.TelephonyProvider$DatabaseHelper.loadApns(TelephonyProvider.java:564)
W/Settings( 7947): at com.android.providers.telephony.TelephonyProvider$DatabaseHelper.initDatabase(TelephonyProvider.java:304)
W/Settings( 7947): at com.android.providers.telephony.TelephonyProvider$DatabaseHelper.onCreate(TelephonyProvider.java:162)
W/Settings( 7947): at android.database.sqlite.SQLiteOpenHelper.getDatabaseLocked(SQLiteOpenHelper.java:265)
W/Settings( 7947): at android.database.sqlite.SQLiteOpenHelper.getReadableDatabase(SQLiteOpenHelper.java:196)
W/Settings( 7947): at com.android.providers.telephony.TelephonyProvider.query(TelephonyProvider.java:791)
W/Settings( 7947): at android.content.ContentProvider.query(ContentProvider.java:1001)
W/Settings( 7947): at android.content.ContentProvider$Transport.query(ContentProvider.java:215)
W/Settings( 7947): at android.content.ContentProviderNative.onTransact(ContentProviderNative.java:112)
W/Settings( 7947): at android.os.Binder.execTransact(Binder.java:446)
W/Settings( 7947): Can't get key multi_sim_data_call from content://settings/global
W/Settings( 7947): android.os.DeadObjectException
W/Settings( 7947): at android.os.BinderProxy.transactNative(Native Method)
W/Settings( 7947): at android.os.BinderProxy.transact(Binder.java:496)
W/Settings( 7947): at android.content.ContentProviderProxy.query(ContentProviderNative.java:419)
W/Settings( 7947): at android.provider.Settings$NameValueCache.getStringForUser(Settings.java:1166)
W/Settings( 7947): at android.provider.Settings$Global.getStringForUser(Settings.java:6866)
W/Settings( 7947): at android.provider.Settings$Global.getString(Settings.java:6855)
W/Settings( 7947): at android.provider.Settings$Global.getInt(Settings.java:6922)
W/Settings( 7947): at com.android.internal.telephony.SubscriptionController.getDefaultDataSubId(SubscriptionController.java:1408)
W/Settings( 7947): at android.telephony.SubscriptionManager.getDefaultDataSubId(SubscriptionManager.java:993)
W/Settings( 7947): at com.android.providers.telephony.TelephonyProvider.query(TelephonyProvider.java:690)
W/Settings( 7947): at android.content.ContentProvider.query(ContentProvider.java:1001)
W/Settings( 7947): at android.content.ContentProvider$Transport.query(ContentProvider.java:215)
W/Settings( 7947): at android.content.ContentResolver.query(ContentResolver.java:478)
W/Settings( 7947): at android.content.ContentResolver.query(ContentResolver.java:422)
W/Settings( 7947): at com.android.internal.telephony.dataconnection.DcTracker.initEmergencyApnSetting(DcTracker.java:3256)
W/Settings( 7947): at com.android.internal.telephony.dataconnection.DcTracker.(DcTracker.java:237)
W/Settings( 7947): at com.android.internal.telephony.gsm.GSMPhone.(GSMPhone.java:199)
W/Settings( 7947): at com.android.internal.telephony.gsm.GSMPhone.(GSMPhone.java:183)
W/Settings( 7947): at com.android.internal.telephony.PhoneFactory.makeDefaultPhone(PhoneFactory.java:183)
W/Settings( 7947): at com.android.internal.telephony.PhoneFactory.makeDefaultPhones(PhoneFactory.java:80)
W/Settings( 7947): at com.android.phone.PhoneGlobals.onCreate(PhoneGlobals.java:338)
W/Settings( 7947): at com.android.phone.PhoneApp.onCreate(PhoneApp.java:41)
W/Settings( 7947): at android.app.Instrumentation.callApplicationOnCreate(Instrumentation.java:1012)
W/Settings( 7947): at android.app.ActivityThread.handleBindApplication(ActivityThread.java:4553)
W/Settings( 7947): at android.app.ActivityThread.access$1500(ActivityThread.java:151)
W/Settings( 7947): at android.app.ActivityThread$H.handleMessage(ActivityThread.java:1364)
W/Settings( 7947): at android.os.Handler.dispatchMessage(Handler.java:102)
W/Settings( 7947): at android.os.Looper.loop(Looper.java:135)
W/Settings( 7947): at android.app.ActivityThread.main(ActivityThread.java:5254)
W/Settings( 7947): at java.lang.reflect.Method.invoke(Native Method)
W/Settings( 7947): at java.lang.reflect.Method.invoke(Method.java:372)
W/Settings( 7947): at com.android.internal.os.ZygoteInit$MethodAndArgsCaller.run(ZygoteInit.java:904)
W/Settings( 7947): at com.android.internal.os.ZygoteInit.main(ZygoteInit.java:699)
D/AndroidRuntime( 7947): Shutting down VM
W/Settings( 7947): Can't get key multi_sim_data_call from content://settings/global
W/Settings( 7947): android.os.DeadObjectException
W/Settings( 7947): at android.os.BinderProxy.transactNative(Native Method)
W/Settings( 7947): at android.os.BinderProxy.transact(Binder.java:496)
W/Settings( 7947): at android.content.ContentProviderProxy.query(ContentProviderNative.java:419)
W/Settings( 7947): at android.provider.Settings$NameValueCache.getStringForUser(Settings.java:1166)
W/Settings( 7947): at android.provider.Settings$Global.getStringForUser(Settings.java:6866)
W/Settings( 7947): at android.provider.Settings$Global.getString(Settings.java:6855)
W/Settings( 7947): at android.provider.Settings$Global.getInt(Settings.java:6922)
W/Settings( 7947): at com.android.internal.telephony.SubscriptionController.getDefaultDataSubId(SubscriptionController.java:1408)
W/Settings( 7947): at android.telephony.SubscriptionManager.getDefaultDataSubId(SubscriptionManager.java:993)
W/Settings( 7947): at com.android.providers.telephony.TelephonyProvider$DatabaseHelper.setDefaultValue(TelephonyProvider.java:630)
W/Settings( 7947): at com.android.providers.telephony.TelephonyProvider$DatabaseHelper.insertAddingDefaults(TelephonyProvider.java:658)
W/Settings( 7947): at com.android.providers.telephony.TelephonyProvider$DatabaseHelper.loadApns(TelephonyProvider.java:564)
W/Settings( 7947): at com.android.providers.telephony.TelephonyProvider$DatabaseHelper.initDatabase(TelephonyProvider.java:304)
W/Settings( 7947): at com.android.providers.telephony.TelephonyProvider$DatabaseHelper.onCreate(TelephonyProvider.java:162)
W/Settings( 7947): at android.database.sqlite.SQLiteOpenHelper.getDatabaseLocked(SQLiteOpenHelper.java:265)
