E/AudioPolicyManager(10860): unknown stream type 13
E/AudioPolicyManager(10860): unknown stream type 13
E/AudioPolicyManager(10860): unknown stream type 13
E/AudioPolicyManager(10860): unknown stream type 13
E/AudioPolicyManager(10860): unknown stream type 13
E/AudioPolicyManager(10860): unknown stream type 13
E/AudioPolicyManager(10860): unknown stream type 13
E/AudioPolicyManager(10860): unknown stream type 13
E/AudioPolicyManager(10860): unknown stream type 13
E/AudioPolicyManager(10860): unknown stream type 13
E/AudioPolicyManager(10860): unknown stream type 13
E/AudioPolicyManager(10860): unknown stream type 13
E/AudioPolicyManager(10860): unknown stream type 13
E/AudioPolicyManager(10860): unknown stream type 13
E/AudioPolicyManager(10860): unknown stream type 13
E/AudioPolicyManager(10860): unknown stream type 13
E/AudioPolicyManager(10860): unknown stream type 13
E/AudioPolicyManager(10860): unknown stream type 13
E/AudioPolicyManager(10860): unknown stream type 13
E/AudioPolicyManager(10860): unknown stream type 13
E/AudioPolicyManager(10860): unknown stream type 13
E/AudioPolicyManager(10860): unknown stream type 13
E/AudioPolicyManager(10860): unknown stream type 13
E/AudioPolicyManager(10860): unknown stream type 13
E/AudioPolicyManager(10860): unknown stream type 13
E/AudioPolicyManager(10860): unknown stream type 13
E/AudioPolicyManager(10860): unknown stream type 13
E/AudioPolicyManager(10860): unknown stream type 13
E/AudioPolicyManager(10860): unknown stream type 13
E/AudioPolicyManager(10860): unknown stream type 13
E/AudioPolicyManager(10860): unknown stream type 13
W/TelecomManager(10969): Telecom Service not found.
D/audio_hw_primary(10860): adev_set_mic_mute state 0
E/AudioPolicyManager(10860): unknown stream type 13
E/AudioPolicyManager(10860): unknown stream type 13
E/AudioPolicyManager(10860): unknown stream type 13
E/AudioPolicyManager(10860): unknown stream type 13
E/AudioPolicyManager(10860): unknown stream type 13
E/AudioPolicyManager(10860): unknown stream type 13
E/AudioPolicyManager(10860): unknown stream type 13
E/AudioPolicyManager(10860): unknown stream type 13
E/AudioPolicyManager(10860): unknown stream type 13
E/AudioPolicyManager(10860): unknown stream type 13
E/AudioPolicyManager(10860): unknown stream type 13
E/AudioPolicyManager(10860): unknown stream type 13
E/AudioPolicyManager(10860): unknown stream type 13
E/AudioPolicyManager(10860): unknown stream type 13
E/AudioPolicyManager(10860): unknown stream type 13
E/AudioPolicyManager(10860): unknown stream type 13
E/AudioPolicyManager(10860): unknown stream type 13
E/AudioPolicyManager(10860): unknown stream type 13
E/AudioPolicyManager(10860): unknown stream type 13
E/AudioPolicyManager(10860): unknown stream type 13
E/AudioPolicyManager(10860): unknown stream type 13
E/AudioPolicyManager(10860): unknown stream type 13
E/AudioPolicyManager(10860): unknown stream type 13
E/AudioPolicyManager(10860): unknown stream type 13
E/AudioPolicyManager(10860): unknown stream type 13
E/AudioPolicyManager(10860): unknown stream type 13
E/AudioPolicyManager(10860): unknown stream type 13
E/AudioPolicyManager(10860): unknown stream type 13
E/AudioPolicyManager(10860): unknown stream type 13
E/AudioPolicyManager(10860): unknown stream type 13
E/AudioPolicyManager(10860): unknown stream type 13
E/AudioPolicyManager(10860): unknown stream type 13
E/AudioPolicyManager(10860): unknown stream type 13
E/AudioPolicyManager(10860): unknown stream type 13
E/AudioPolicyManager(10860): unknown stream type 13
E/AudioPolicyManager(10860): unknown stream type 13
D/audio_hw_primary(10860): out_set_parameters: enter: usecase(0: deep-buffer-playback) kvpairs: fm_volume=0.4253543019
D/audio_hw_extn(10860): audio_extn_set_anc_parameters: anc_enabled:0
D/audio_hw_fm(10860): audio_extn_fm_set_parameters: set_fm_volume usecase
D/audio_hw_fm(10860): fm_set_volume: (0.425354)
E/AudioPolicyManager(10860): unknown stream type 13
E/AudioPolicyManager(10860): unknown stream type 13
I/SystemServiceManager(10969): Starting com.android.server.DockObserver
W/DockObserver(10969): This kernel does not have dock station support
I/SystemServer(10969): Wired Accessory Manager
W/WiredAccessoryManager(10969): This kernel does not have usb audio support
W/WiredAccessoryManager(10969): This kernel does not have HDMI audio support
I/SystemServer(10969): Serial Service
I/SystemServiceManager(10969): Starting com.android.server.twilight.TwilightService
I/SystemServiceManager(10969): Starting com.android.server.UiModeManagerService
I/SystemServiceManager(10969): Starting com.android.server.job.JobSchedulerService
D/WifiService(10969): New client listening to asynchronous messages
E/WifiStateMachine(10969): handleMessage: E msg.what=131223
E/WifiStateMachine(10969): processMsg: ConnectedState
E/dbus_Helpers(10969): unhandled: name: MaxRate type: u
E/dbus_Helpers(10969): unhandled: name: Frequency type: q
D/ConnectivityService(10969): registerNetworkAgent NetworkAgentInfo{ ni{[type: WIFI[], state: UNKNOWN/IDLE, reason: (unspecified), extra: (none), roaming: false, failover: false, isAvailable: true, isConnectedToProvisioningNetwork: false]} network{null} lp{{InterfaceName: wlan0 LinkAddresses: [192.168.1.59/24,] Routes: [0.0.0.0/0 -> 192.168.1.1 wlan0,] DnsAddresses: [195.197.54.100,192.168.1.1,] Domains: null MTU: 1500}} nc{[ Transports: WIFI Capabilities: INTERNET&NOT_RESTRICTED&TRUSTED&NOT_VPN LinkUpBandwidth>=1048576Kbps LinkDnBandwidth>=1048576Kbps]} Score{20} everValidated{false} lastValidated{false} created{false} explicitlySelected{false} }
E/WifiStateMachine(10969): setDetailed state, old =IDLE and new state=CONNECTED hidden=false
D/ConnectivityService(10969): NetworkAgentInfo [WIFI () - 100] EVENT_NETWORK_INFO_CHANGED, going from null to UNKNOWN
E/WifiStateMachine(10969): setWifiState: enabled
E/WifiStateMachine(10969): wifi info recent enough
E/WifiStateMachine(10969): handleMessage: X
I/SystemServiceManager(10969): Starting com.android.server.backup.BackupManagerService$Lifecycle
D/ConnectivityService(10969): NetworkAgentInfo [WIFI () - 100] EVENT_NETWORK_INFO_CHANGED, going from UNKNOWN to CONNECTED
D/ConnectivityService(10969): notifyType IP_CHANGED for NetworkAgentInfo [WIFI () - 100]
D/ConnectivityService(10969): notifyType PRECHECK for NetworkAgentInfo [WIFI () - 100]
D/ConnectivityService(10969): rematching NetworkAgentInfo [WIFI () - 100]
D/ConnectivityService(10969): accepting network in place of null
D/ConnectivityService(10969): Switching to new default network: NetworkAgentInfo{ ni{[type: WIFI[], state: CONNECTED/CONNECTED, reason: (unspecified), extra: "marsu", roaming: false, failover: false, isAvailable: true, isConnectedToProvisioningNetwork: false]} network{100} lp{{InterfaceName: wlan0 LinkAddresses: [192.168.1.59/24,] Routes: [0.0.0.0/0 -> 192.168.1.1 wlan0,] DnsAddresses: [195.197.54.100,192.168.1.1,] Domains: null MTU: 1500}} nc{[ Transports: WIFI Capabilities: INTERNET&NOT_RESTRICTED&TRUSTED&NOT_VPN LinkUpBandwidth>=1048576Kbps LinkDnBandwidth>=1048576Kbps]} Score{100} everValidated{false} lastValidated{false} created{true} explicitlySelected{true} }
D/ConnectivityService(10969): Invalid tcpBufferSizes string: null, using defaults
D/ConnectivityService(10969): Setting tx/rx TCP buffers to 4096,87380,110208,4096,16384,110208 D/NetworkMonitor/NetworkAgentInfo [WIFI () - 100](10969): DefaultState{ when=-4ms what=532481 target=com.android.internal.util.StateMachine$SmHandler } D/NetworkMonitor/NetworkAgentInfo [WIFI () - 100](10969): Connected D/NetworkMonitor/NetworkAgentInfo [WIFI () - 100](10969): EvaluatingState{ when=0 what=532486 arg1=1 target=com.android.internal.util.StateMachine$SmHandler } D/NetworkMonitor/NetworkAgentInfo [WIFI () - 100](10969): Validated
I/SystemServiceManager(10969): Starting com.android.server.appwidget.AppWidgetService
D/ConnectivityService(10969): notifyType AVAILABLE for NetworkAgentInfo [WIFI () - 100]
D/CSLegacyTypeTracker(10969): Sending connected broadcast for type 1 NetworkAgentInfo [WIFI () - 100] isDefaultNetwork=true
D/ConnectivityService(10969): sendStickyBroadcast: action=android.net.conn.CONNECTIVITY_CHANGE_IMMEDIATE
D/ConnectivityService(10969): sendStickyBroadcast: action=android.net.conn.CONNECTIVITY_CHANGE
D/ConnectivityService(10969): setProvNotificationVisibleIntent: E visible=false networkType=0 extraInfo=null
D/ConnectivityService(10969): Validated NetworkAgentInfo [WIFI () - 100]
D/ConnectivityService(10969): rematching NetworkAgentInfo [WIFI () - 100]
D/ConnectivityService(10969): Network NetworkAgentInfo [WIFI () - 100] was already satisfying request 1. No change.
D/ConnectivityService(10969): notifyType AVAILABLE for NetworkAgentInfo [WIFI () - 100]
D/ConnectivityService(10969): sendStickyBroadcast: action=android.net.conn.INET_CONDITION_ACTION
I/SystemServiceManager(10969): Starting com.android.server.voiceinteraction.VoiceInteractionManagerService
D/WifiNetworkAgent(10969): NetworkAgent: WifiNetworkAgent -> Wifi networkStatus valid, score= 0
E/WifiStateMachine(10969): handleMessage: E msg.what=131220
E/WifiStateMachine(10969): processMsg: ConnectedState
E/WifiStateMachine(10969): handleMessage: X
W/SoundTriggerHelper(10969): listModules status=0, # of modules=0
I/SystemServer(10969): DiskStats Service
I/SystemServer(10969): SamplingProfiler Service
I/SystemServer(10969): NetworkTimeUpdateService
I/SystemServer(10969): CommonTimeManagementService
I/SystemServer(10969): CertBlacklister
I/SystemServiceManager(10969): Starting com.android.server.dreams.DreamManagerService
I/SystemServer(10969): Assets Atlas Service
I/SystemServiceManager(10969): Starting com.android.server.print.PrintManagerService
D/AssetAtlas(10969): Loaded configuration: SliceMinArea (768x768) flags=0x2 count=2
I/SystemServiceManager(10969): Starting com.android.server.restrictions.RestrictionsManagerService
I/SystemServiceManager(10969): Starting com.android.server.media.MediaSessionService
I/SystemServer(10969): Media Router Service
I/SystemServiceManager(10969): Starting com.android.server.trust.TrustManagerService
I/SystemServiceManager(10969): Starting com.android.server.fingerprint.FingerprintService
V/Fingerprint-JNI(10969): nativeInit()
V/Fingerprint-JNI(10969): nativeOpenHal()
E/Fingerprint-JNI(10969): Can't open fingerprint HW Module, error: -2
I/SystemServer(10969): BackgroundDexOptService
I/SystemServiceManager(10969): Starting com.android.server.pm.LauncherAppsService
I/Adreno-EGL(10969): : EGL 1.4 QUALCOMM build: ()
I/Adreno-EGL(10969): OpenGL ES Shader Compiler Version: E031.25.03.06
I/Adreno-EGL(10969): Build Date: 01/14/16 Thu I/Adreno-EGL(10969): Local Branch:
I/Adreno-EGL(10969): Remote Branch:
I/Adreno-EGL(10969): Local Patches:
I/Adreno-EGL(10969): Reconstruct Branch:
D/SystemServer(10969): Wipower not supported
I/SystemServer(10969): Digital Pen Service
D/DigitalPenService(10969): Loaded DigitalPenService library
I/DigitalPenService(10969): startPostBootThread called
I/SystemServer(10969): Successfully loaded DigitalPenService class
I/SystemServiceManager(10969): Starting com.android.server.media.projection.MediaProjectionManagerService
I/SystemServer(10969): PrivacyImpactService
I/PrivacyImpactService(10969): Starting PrivacyImpactService
D/PrivacyImpactService(10969): Started PrivacyImpactService
I/WindowManager(10969): SAFE MODE not enabled
D/AssetAtlas(10969): Rendered atlas in 60.47ms (1.49+58.97ms)
I/SystemServiceManager(10969): Starting com.android.server.MmsServiceBroker
E/GlobalSettingsPersister(10969): FileNotFoundException while opening xml
W/System.err(10969): java.io.FileNotFoundException: /data/usf/epos/cfg_mtp/service_settings_mtp.xml: open failed: ENOENT (No such file or directory)
W/System.err(10969): at libcore.io.IoBridge.open(IoBridge.java:456)
W/System.err(10969): at java.io.FileInputStream.(FileInputStream.java:76)
W/System.err(10969): at android.util.AtomicFile.openRead(AtomicFile.java:199)
W/System.err(10969): at com.qti.snapdragon.digitalpen.GlobalSettingsPersister.deserialize(GlobalSettingsPersister.java:69)
W/System.err(10969): at com.qti.snapdragon.digitalpen.DigitalPenService.setGlobalConfigFromPersister(DigitalPenService.java:1008)
W/System.err(10969): at com.qti.snapdragon.digitalpen.DigitalPenService.access$1600(DigitalPenService.java:68)
W/System.err(10969): at com.qti.snapdragon.digitalpen.DigitalPenService$PollingPostBootThread.run(DigitalPenService.java:902)
W/System.err(10969): Caused by: android.system.ErrnoException: open failed: ENOENT (No such file or directory)
W/System.err(10969): at libcore.io.Posix.open(Native Method)
W/System.err(10969): at libcore.io.BlockGuardOs.open(BlockGuardOs.java:186)
W/System.err(10969): at libcore.io.IoBridge.open(IoBridge.java:442)
W/System.err(10969): ... 6 more
E/GlobalSettingsPersister(10969): Error deserializing XML: /data/usf/epos/service_settings.xml getting default DigitalPenConfig
I/DigitalPenService(10969): isEnabled called
W/DigitalPenService(10969): Ignoring changeConfig when service not enabled
E/DigitalPenService(10969): Could not set off screen display dimensions since callback is null
E/NetlinkListener(10859): recvmsg failed (I/O error)
E/NetlinkListener( 687): recvmsg failed (I/O error)
E/SQLiteLog(10969): (283) recovered 14 frames from WAL file /data/system/locksettings.db-wal
E/LockSettingsStorage(10969): Cannot read file java.io.FileNotFoundException: /data/system/password.key: open failed: ENOENT (No such file or directory)
E/LockSettingsStorage(10969): Cannot read file java.io.FileNotFoundException: /data/system/gesture.key: open failed: ENOENT (No such file or directory)
I/SystemServiceManager(10969): Starting phase 480
I/SystemServiceManager(10969): Starting phase 500
I/WifiService(10969): WifiService starting up with Wi-Fi enabled
D/WifiService(10969): setWifiEnabled: true pid=10969, uid=1000
E/WifiService(10969): Invoking mWifiStateMachine.setWifiEnabled
I/WifiScanningService(10969): Registering wifiscanner
D/WifiScanningService(10969): New client, channel: null messenger: null
I/RttService(10969): Registering rttmanager
D/WifiChangeStateMachine(10969): Entering IdleState
D/WifiScanningService(10969): DefaultState
I/ActivityManager(10969): Config changes=200 {1.0 ?mcc?mnc en_US ?layoutDir sw360dp w360dp h567dp 480dpi nrml port -touch -keyb/v/h -nav/h s.4}
E/SurfaceFlinger( 5244): Permission Denial: can't access SurfaceFlinger pid=10969, uid=1000
E/SurfaceFlinger( 5244): Permission Denial: can't access SurfaceFlinger pid=10969, uid=1000
V/BackupManagerService(10969): No ancestral data
D/BackupManagerService(10969): Now staging backup of com.android.browser
F/WindowAnimator(10969): Unhandled exception in Window Manager
F/WindowAnimator(10969): java.lang.NullPointerException: Attempt to invoke virtual method 'void android.view.SurfaceControl.setLayer(int)' on a null object reference
F/WindowAnimator(10969): at com.android.server.wm.FocusedStackFrame.setLayer(FocusedStackFrame.java:140)
F/WindowAnimator(10969): at com.android.server.wm.WindowManagerService.setFocusedStackLayer(WindowManagerService.java:3985)
F/WindowAnimator(10969): at com.android.server.wm.WindowAnimator.animateLocked(WindowAnimator.java:708)
F/WindowAnimator(10969): at com.android.server.wm.WindowAnimator.access$000(WindowAnimator.java:54)
F/WindowAnimator(10969): at com.android.server.wm.WindowAnimator$1.run(WindowAnimator.java:126)
F/WindowAnimator(10969): at android.view.Choreographer$CallbackRecord.run(Choreographer.java:767)
F/WindowAnimator(10969): at android.view.Choreographer.doCallbacks(Choreographer.java:580)
F/WindowAnimator(10969): at android.view.Choreographer.doFrame(Choreographer.java:549)
F/WindowAnimator(10969): at android.view.Choreographer$FrameDisplayEventReceiver.run(Choreographer.java:753)
F/WindowAnimator(10969): at android.os.Handler.handleCallback(Handler.java:739)
F/WindowAnimator(10969): at android.os.Handler.dispatchMessage(Handler.java:95)
F/WindowAnimator(10969): at android.os.Looper.loop(Looper.java:135)
F/WindowAnimator(10969): at android.os.HandlerThread.run(HandlerThread.java:61)
F/WindowAnimator(10969): at com.android.server.ServiceThread.run(ServiceThread.java:46)
E/SurfaceFlinger( 5244): Permission Denial: can't access SurfaceFlinger pid=10969, uid=1000
D/BackupManagerService(10969): Now staging backup of android
D/BackupManagerService(10969): Now staging backup of com.android.mms
D/BackupManagerService(10969): Now staging backup of com.android.calendar
D/BackupManagerService(10969): Now staging backup of com.android.providers.settings
D/BackupManagerService(10969): Now staging backup of com.android.sharedstoragebackup
D/BackupManagerService(10969): Now staging backup of com.android.dialer
D/BackupManagerService(10969): Now staging backup of com.qti.backupagent
D/BackupManagerService(10969): Now staging backup of com.android.providers.userdictionary
V/BackupManagerService(10969): Starting with transport android/com.android.internal.backup.LocalTransport
V/BackupManagerService(10969): Found transports: 1
I/BackupManagerService(10969): Binding to transport host ComponentInfo{android/com.android.internal.backup.LocalTransportService}
I/BackupManagerService(10969): Found stale backup journal, scheduling
E/SurfaceFlinger( 5244): Permission Denial: can't access SurfaceFlinger pid=10969, uid=1000
W/DisplayPowerController(10969): config_screenBrightnessDark (10) should be less than or equal to the first value of config_autoBrightnessLcdBacklightValues (3).
E/SurfaceFlinger( 5244): Permission Denial: can't access SurfaceFlinger pid=10969, uid=1000
I/ActivityManager(10969): System now ready
E/SurfaceFlinger( 5244): Permission Denial: can't access SurfaceFlinger pid=10969, uid=1000
I/DigitalPenService(10969): registerOffScreenDimensionsCallback called
E/SurfaceFlinger( 5244): Permission Denial: can't access SurfaceFlinger pid=10969, uid=1000
E/SurfaceFlinger( 5244): Permission Denial: can't access SurfaceFlinger pid=10969, uid=1000
I/SystemServer(10969): Making services ready
I/SystemServiceManager(10969): Starting phase 550
F/WindowAnimator(10969): Unhandled exception in Window Manager
F/WindowAnimator(10969): java.lang.NullPointerException: Attempt to invoke virtual method 'void android.view.SurfaceControl.setLayer(int)' on a null object reference
F/WindowAnimator(10969): at com.android.server.wm.FocusedStackFrame.setLayer(FocusedStackFrame.java:140)
F/WindowAnimator(10969): at com.android.server.wm.WindowManagerService.setFocusedStackLayer(WindowManagerService.java:3985)
F/WindowAnimator(10969): at com.android.server.wm.WindowAnimator.animateLocked(WindowAnimator.java:708)
F/WindowAnimator(10969): at com.android.server.wm.WindowAnimator.access$000(WindowAnimator.java:54)
F/WindowAnimator(10969): at com.android.server.wm.WindowAnimator$1.run(WindowAnimator.java:126)
F/WindowAnimator(10969): at android.view.Choreographer$CallbackRecord.run(Choreographer.java:767)
F/WindowAnimator(10969): at android.view.Choreographer.doCallbacks(Choreographer.java:580)
F/WindowAnimator(10969): at android.view.Choreographer.doFrame(Choreographer.java:549)
F/WindowAnimator(10969): at android.view.Choreographer$FrameDisplayEventReceiver.run(Choreographer.java:753)
F/WindowAnimator(10969): at android.os.Handler.handleCallback(Handler.java:739)
F/WindowAnimator(10969): at android.os.Handler.dispatchMessage(Handler.java:95)
F/WindowAnimator(10969): at android.os.Looper.loop(Looper.java:135)
F/WindowAnimator(10969): at android.os.HandlerThread.run(HandlerThread.java:61)
F/WindowAnimator(10969): at com.android.server.ServiceThread.run(ServiceThread.java:46)
I/SystemServer(10969): WebViewFactory preparation
E/SurfaceFlinger( 5244): Permission Denial: can't access SurfaceFlinger pid=10969, uid=1000
I/Zygote (10969): Process: zygote socket opened, supported ABIS: armeabi-v7a,armeabi
E/libprocessgroup(12826): failed to open /acct/uid_1037/pid_12826/cgroup.procs: No such file or directory
E/Zygote (12826): createProcessGroup(1037, 0) failed: No such file or directory
I/ActivityManager(10969): Start proc 12826:WebViewLoader-armeabi-v7a/1037 [android.webkit.WebViewFactory$RelroFileCreator] for
I/DigitalPenOffScreenDisplayAdapter(10969): mInfo is null, getting a new one
I/DisplayManagerService(10969): Display device added: DisplayDeviceInfo{"Digital Pen off-screen display": uniqueId="null", 480 x 640, 60.0 fps, supportedRefreshRates [], density 160, 160.0 x 160.0 dpi, appVsyncOff 0, presDeadline 0, touch EXTERNAL, rotation 0, type BUILT_IN, state ON, FLAG_ROTATES_WITH_CONTENT}
V/WebViewFactory(12826): RelroFileCreator (64bit = false), 32-bit lib: /system/app/webview/lib/arm/libwebviewchromium.so, 64-bit lib:
E/libprocessgroup(12846): failed to open /acct/uid_10018/pid_12846/cgroup.procs: No such file or directory
E/Zygote (12846): createProcessGroup(10018, 0) failed: No such file or directory
I/ActivityManager(10969): Start proc 12846:com.android.systemui/u0a18 for service com.android.systemui/.SystemUIService
W/NetworkStats(10969): bandwidth controls disabled, unable to track stats
W/NetworkPolicy(10969): bandwidth controls disabled, unable to enforce policy
F/WindowManager(10969): Unhandled exception in Window Manager
F/WindowManager(10969): java.lang.IllegalArgumentException: displayToken must not be null
F/WindowManager(10969): at android.view.SurfaceControl.setDisplayLayerStack(SurfaceControl.java:588)
F/WindowManager(10969): at com.android.server.display.DisplayDevice.setLayerStackInTransactionLocked(DisplayDevice.java:140)
F/WindowManager(10969): at com.android.server.display.LogicalDisplay.configureDisplayInTransactionLocked(LogicalDisplay.java:262)
F/WindowManager(10969): at com.android.server.display.DisplayManagerService.configureDisplayInTransactionLocked(DisplayManagerService.java:884)
F/WindowManager(10969): at com.android.server.display.DisplayManagerService.performTraversalInTransactionLocked(DisplayManagerService.java:806)
F/WindowManager(10969): at com.android.server.display.DisplayManagerService.performTraversalInTransactionFromWindowManagerInternal(DisplayManagerService.java:317)
F/WindowManager(10969): at com.android.server.display.DisplayManagerService.access$4200(DisplayManagerService.java:112)
F/WindowManager(10969): at com.android.server.display.DisplayManagerService$LocalService.performTraversalInTransactionFromWindowManager(DisplayManagerService.java:1539)
F/WindowManager(10969): at com.android.server.wm.WindowManagerService.performLayoutAndPlaceSurfacesLockedInner(WindowManagerService.java:9960)
F/WindowManager(10969): at com.android.server.wm.WindowManagerService.performLayoutAndPlaceSurfacesLockedLoop(WindowManagerService.java:8828)
F/WindowManager(10969): at com.android.server.wm.WindowManagerService.performLayoutAndPlaceSurfacesLocked(WindowManagerService.java:8770)
F/WindowManager(10969): at com.android.server.wm.WindowManagerService.access$400(WindowManagerService.java:163)
F/WindowManager(10969): at com.android.server.wm.WindowManagerService$H.handleMessage(WindowManagerService.java:7736)
F/WindowManager(10969): at android.os.Handler.dispatchMessage(Handler.java:102)
F/WindowManager(10969): at android.os.Looper.loop(Looper.java:135)
F/WindowManager(10969): at android.os.HandlerThread.run(HandlerThread.java:61)
F/WindowManager(10969): at com.android.server.ServiceThread.run(ServiceThread.java:46)
E/MountService(10969): Boot-time mount failed (-1)
E/SurfaceFlinger( 5244): Permission Denial: can't access SurfaceFlinger pid=10969, uid=1000
E/SurfaceFlinger( 5244): Permission Denial: can't access SurfaceFlinger pid=10969, uid=1000
W/SystemServer(10969): ***********************************************
E/MountService(10969): Boot-time mount failed (-1)
W/MountService(10969): Duplicate state transition (mounted -> mounted) for /storage/emulated/0
F/SystemServer(10969): BOOT FAILURE making Connectivity Service ready
F/SystemServer(10969): java.lang.NullPointerException: Attempt to invoke interface method 'int android.security.IKeystoreService.exist(java.lang.String, int)' on a null object reference
F/SystemServer(10969): at android.security.KeyStore.contains(KeyStore.java:137)
F/SystemServer(10969): at android.security.KeyStore.contains(KeyStore.java:145)
F/SystemServer(10969): at com.android.server.net.LockdownVpnTracker.isEnabled(LockdownVpnTracker.java:88)
F/SystemServer(10969): at com.android.server.ConnectivityService.updateLockdownVpn(ConnectivityService.java:3129)
F/SystemServer(10969): at com.android.server.ConnectivityService.systemReady(ConnectivityService.java:1629)
F/SystemServer(10969): at com.android.server.SystemServer$2.run(SystemServer.java:1181)
F/SystemServer(10969): at com.android.server.am.ActivityManagerService.systemReady(ActivityManagerService.java:11334)
F/SystemServer(10969): at com.android.server.SystemServer.startOtherServices(SystemServer.java:1134)
F/SystemServer(10969): at com.android.server.SystemServer.run(SystemServer.java:265)
F/SystemServer(10969): at com.android.server.SystemServer.main(SystemServer.java:179)
F/SystemServer(10969): at java.lang.reflect.Method.invoke(Native Method)
F/SystemServer(10969): at java.lang.reflect.Method.invoke(Method.java:372)
F/SystemServer(10969): at com.android.internal.os.ZygoteInit$MethodAndArgsCaller.run(ZygoteInit.java:904)
F/SystemServer(10969): at com.android.internal.os.ZygoteInit.main(ZygoteInit.java:699)
I/SystemServiceManager(10969): Starting phase 600
E/BluetoothAdapter(10969): Bluetooth binder is null
E/BluetoothAdapter(10969): Bluetooth binder is null
I/BackupManagerService(10969): Backup enabled => false
I/BackupManagerService(10969): Opting out of backup
D/Utils ( 7779): printFileName fd(7) -> /system/media/audio/ui/Effect_Tick.ogg
F/WindowAnimator(10969): Unhandled exception in Window Manager
F/WindowAnimator(10969): java.lang.NullPointerException: Attempt to invoke virtual method 'void android.view.SurfaceControl.setLayer(int)' on a null object reference
F/WindowAnimator(10969): at com.android.server.wm.FocusedStackFrame.setLayer(FocusedStackFrame.java:140)
F/WindowAnimator(10969): at com.android.server.wm.WindowManagerService.setFocusedStackLayer(WindowManagerService.java:3985)
F/WindowAnimator(10969): at com.android.server.wm.WindowAnimator.animateLocked(WindowAnimator.java:708)
F/WindowAnimator(10969): at com.android.server.wm.WindowAnimator.access$000(WindowAnimator.java:54)
F/WindowAnimator(10969): at com.android.server.wm.WindowAnimator$1.run(WindowAnimator.java:126)
F/WindowAnimator(10969): at android.view.Choreographer$CallbackRecord.run(Choreographer.java:767)
F/WindowAnimator(10969): at android.view.Choreographer.doCallbacks(Choreographer.java:580)
F/WindowAnimator(10969): at android.view.Choreographer.doFrame(Choreographer.java:549)
F/WindowAnimator(10969): at android.view.Choreographer$FrameDisplayEventReceiver.run(Choreographer.java:753)
F/WindowAnimator(10969): at android.os.Handler.handleCallback(Handler.java:739)
F/WindowAnimator(10969): at android.os.Handler.dispatchMessage(Handler.java:95)
F/WindowAnimator(10969): at android.os.Looper.loop(Looper.java:135)
F/WindowAnimator(10969): at android.os.HandlerThread.run(HandlerThread.java:61)
F/WindowAnimator(10969): at com.android.server.ServiceThread.run(ServiceThread.java:46)
E/SurfaceFlinger( 5244): Permission Denial: can't access SurfaceFlinger pid=10969, uid=1000
E/InputMethodManagerService(10969): Ignoring setImeWindowStatus due to an invalid token. uid:1000 token:null
D/ExtendedUtils( 7779): extended extractor not needed, return default
D/AudioPolicyManager( 7779): isOffloadSupported: stream_type != MUSIC, returning false
D/OMXCodec( 7779): Successfully allocated OMX node 'OMX.google.vorbis.decoder'
I/ExtendedUtils( 7779): decision 1 mime 
I/AudioPlayer( 7779): start of Playback, useOffload 0
E/libprocessgroup(12872): failed to open /acct/uid_10039/pid_12872/cgroup.procs: No such file or directory
E/Zygote (12872): createProcessGroup(10039, 0) failed: No such file or directory
I/ActivityManager(10969): Start proc 12872:com.android.inputmethod.latin/u0a39 for service com.android.inputmethod.latin/.LatinIME
V/InputMethodManagerService(10969): Adding window token: android.os.Binder@2e33b657
V/SystemUIService(12846): Starting SystemUI services.
I/AudioPlayer( 7779): Pause Playback at 78666
I/AudioPlayer( 7779): reset: mPlaying=0 mReachedEOS=1 useOffload=0
D/GpsLocationProvider(10969): Reset GPS properties, previous size = 0
D/GpsLocationProvider(10969): GpsParamsResource: SUPL_HOST=supl.google.com
D/Utils ( 7779): printFileName fd(7) -> /system/media/audio/ui/KeypressStandard.ogg
D/GpsLocationProvider(10969): GpsParamsResource: SUPL_PORT=7275
D/GpsLocationProvider(10969): GpsParamsResource: NTP_SERVER=north-america.pool.ntp.org
D/GpsLocationProvider(10969): GpsParamsResource: SUPL_VER=0x20000
D/GpsLocationProvider(10969): GpsParamsResource: SUPL_MODE=1
D/GpsLocationProvider(10969): GPS properties reloaded, size = 16
E/GpsLocationProvider(10969): no AGPS interface in set_agps_server
E/GpsLocationProvider(10969): no GPS configuration interface in configuraiton_update
D/GpsLocationProvider(10969): final config = #Fri Dec 09 19:55:42 GMT+00:00 2016
D/GpsLocationProvider(10969): SUPL_HOST=supl.google.com
D/GpsLocationProvider(10969): SUPL_PORT=7275
D/GpsLocationProvider(10969): XTRA_VERSION_CHECK=0
D/GpsLocationProvider(10969): DEBUG_LEVEL=3
D/GpsLocationProvider(10969): SUPL_ES=1
D/GpsLocationProvider(10969): NMEA_PROVIDER=0
D/GpsLocationProvider(10969): CAPABILITIES=0x37
D/GpsLocationProvider(10969): SUPL_VER=0x10000
D/GpsLocationProvider(10969): ERR_ESTIMATE=0
D/GpsLocationProvider(10969): A_GLONASS_POS_PROTOCOL_SELECT=bitmap 3 set
D/GpsLocationProvider(10969): INTERMEDIATE_POS=0
D/GpsLocationProvider(10969): SGLTE_TARGET=0
D/GpsLocationProvider(10969): LPP_PROFILE=3
D/GpsLocationProvider(10969): USE_EMERGENCY_PDN_FOR_EMERGENCY_SUPL=1
D/GpsLocationProvider(10969): NTP_SERVER=time.gpsonextra.net
D/GpsLocationProvider(10969): SUPL_MODE=1
E/NetlinkListener(10859): recvmsg failed (I/O error)
E/NetlinkListener( 687): recvmsg failed (I/O error)
I/art (12826): System.exit called, status: 0
I/AndroidRuntime(12826): VM exiting with result code 0, cleanup skipped.
V/FingerprintService(10969): startListening(android.service.fingerprint.IFingerprintServiceReceiver$Stub$Proxy@2f684f0d)
D/Utils ( 7779): printFileName fd(13) -> /system/media/audio/ui/Lock.ogg
D/ExtendedUtils( 7779): extended extractor not needed, return default
D/AudioPolicyManager( 7779): isOffloadSupported: stream_type != MUSIC, returning false
D/OMXCodec( 7779): Successfully allocated OMX node 'OMX.google.vorbis.decoder'
I/ExtendedUtils( 7779): decision 1 mime 
I/AudioPlayer( 7779): start of Playback, useOffload 0
W/ServiceWatcher(10969): com.google.android.gms not found
I/AudioPlayer( 7779): Pause Playback at 105333
I/AudioPlayer( 7779): reset: mPlaying=0 mReachedEOS=1 useOffload=0
W/ServiceWatcher(10969): com.google.android.gms not found
W/LocationManagerService(10969): no network location provider found
W/ServiceWatcher(10969): com.qualcomm.location not found
D/ExtendedUtils( 7779): extended extractor not needed, return default
E/LocationManagerService(10969): no fused location provider found
E/LocationManagerService(10969): java.lang.IllegalStateException: Location service needs a fused location provider
E/LocationManagerService(10969): at com.android.server.LocationManagerService.loadProvidersLocked(LocationManagerService.java:504)
E/LocationManagerService(10969): at com.android.server.LocationManagerService.systemRunning(LocationManagerService.java:295)
E/LocationManagerService(10969): at com.android.server.SystemServer$2.run(SystemServer.java:1208)
E/LocationManagerService(10969): at com.android.server.am.ActivityManagerService.systemReady(ActivityManagerService.java:11334)
E/LocationManagerService(10969): at com.android.server.SystemServer.startOtherServices(SystemServer.java:1134)
E/LocationManagerService(10969): at com.android.server.SystemServer.run(SystemServer.java:265)
E/LocationManagerService(10969): at com.android.server.SystemServer.main(SystemServer.java:179)
E/LocationManagerService(10969): at java.lang.reflect.Method.invoke(Native Method)
E/LocationManagerService(10969): at java.lang.reflect.Method.invoke(Method.java:372)
E/LocationManagerService(10969): at com.android.internal.os.ZygoteInit$MethodAndArgsCaller.run(ZygoteInit.java:904)
E/LocationManagerService(10969): at com.android.internal.os.ZygoteInit.main(ZygoteInit.java:699)
W/ServiceWatcher(10969): com.google.android.gms not found
E/LocationManagerService(10969): no geocoder provider found
E/FlpHardwareProvider(10969): Error hw_get_module 'flp': sfdroid disabled
E/LocationManagerService(10969): FLP HAL not supported
W/ServiceWatcher(10969): com.google.android.gms not found
D/AudioPolicyManager( 7779): isOffloadSupported: stream_type != MUSIC, returning false
D/OMXCodec( 7779): Successfully allocated OMX node 'OMX.google.vorbis.decoder'
E/LocationManagerService(10969): Unable to bind FLP Geofence proxy.
I/ExtendedUtils( 7779): decision 1 mime 
D/Utils ( 7779): printFileName fd(7) -> /system/media/audio/ui/KeypressSpacebar.ogg
I/AudioPlayer( 7779): start of Playback, useOffload 0
E/Sensors ( 1010): sns_acm_mr.c(432):Transport error -45
D/ExtendedUtils( 7779): extended extractor not needed, return default
D/AudioPolicyManager( 7779): isOffloadSupported: stream_type != MUSIC, returning false
W/ServiceWatcher(10969): com.google.android.gms not found
E/ActivityRecognitionProxy(10969): ServiceWatcher could not start.
E/LocationManagerService(10969): Unable to bind ActivityRecognitionProxy.
D/OMXCodec( 7779): Successfully allocated OMX node 'OMX.google.vorbis.decoder'
I/ExtendedUtils( 7779): decision 1 mime 
E/WifiStateMachine(10969): wifi info recent enough
I/AudioPlayer( 7779): start of Playback, useOffload 0
E/WifiStateMachine(10969): wifi info recent enough
E/WifiStateMachine(10969): wifi info recent enough
I/CommonTimeManagementService(10969): No common time service detected on this platform. Common time services will be unavailable.
I/InputReader(10969): Reconfiguring input devices. changes=0x00000020
I/MmsServiceBroker(10969): systemRunning
I/InputReader(10969): Reconfiguring input devices. changes=0x00000010
W/VoiceInteractionManagerService(10969): no available voice interaction services found for user 0
W/VoiceInteractionManagerService(10969): no available voice recognition services found for user 0
I/AudioPlayer( 7779): Pause Playback at 89333
I/AudioPlayer( 7779): reset: mPlaying=0 mReachedEOS=1 useOffload=0
D/Utils ( 7779): printFileName fd(7) -> /system/media/audio/ui/KeypressDelete.ogg
I/LatinIME(12872): Hardware accelerated drawing: true
I/AudioPlayer( 7779): Pause Playback at 213333
I/AudioPlayer( 7779): reset: mPlaying=0 mReachedEOS=1 useOffload=0
D/Utils ( 7779): printFileName fd(13) -> /system/media/audio/ui/Unlock.ogg
D/ExtendedUtils( 7779): extended extractor not needed, return default
D/ExtendedUtils( 7779): extended extractor not needed, return default
D/AudioPolicyManager( 7779): isOffloadSupported: stream_type != MUSIC, returning false
D/AudioPolicyManager( 7779): isOffloadSupported: stream_type != MUSIC, returning false
E/libprocessgroup(12920): failed to open /acct/uid_1000/pid_12920/cgroup.procs: No such file or directory
E/Zygote (12920): createProcessGroup(1000, 0) failed: No such file or directory
D/OMXCodec( 7779): Successfully allocated OMX node 'OMX.google.vorbis.decoder'
I/ExtendedUtils( 7779): decision 1 mime 
D/OMXCodec( 7779): Successfully allocated OMX node 'OMX.google.vorbis.decoder'
I/ExtendedUtils( 7779): decision 1 mime 
I/AudioPlayer( 7779): start of Playback, useOffload 0
I/AudioPlayer( 7779): start of Playback, useOffload 0
I/ActivityManager(10969): Start proc 12920:com.android.server.telecom/1000 for added application com.android.server.telecom
I/AudioPlayer( 7779): Pause Playback at 105333
I/AudioPlayer( 7779): reset: mPlaying=0 mReachedEOS=1 useOffload=0
D/Utils ( 7779): printFileName fd(7) -> /system/media/audio/ui/KeypressReturn.ogg
E/WifiStateMachine(10969): wifi info recent enough
E/WifiStateMachine(10969): wifi info recent enough
I/AudioPlayer( 7779): Pause Playback at 175600
I/AudioPlayer( 7779): reset: mPlaying=0 mReachedEOS=1 useOffload=0
D/Utils ( 7779): printFileName fd(13) -> /system/media/audio/ui/Trusted.ogg
D/ExtendedUtils( 7779): extended extractor not needed, return default
D/AudioPolicyManager( 7779): isOffloadSupported: stream_type != MUSIC, returning false
D/OMXCodec( 7779): Successfully allocated OMX node 'OMX.google.vorbis.decoder'
I/ExtendedUtils( 7779): decision 1 mime 
I/AudioPlayer( 7779): start of Playback, useOffload 0
E/libprocessgroup(12948): failed to open /acct/uid_1001/pid_12948/cgroup.procs: No such file or directory
E/Zygote (12948): createProcessGroup(1001, 0) failed: No such file or directory
I/ActivityManager(10969): Start proc 12948:com.android.phone/1001 for added application com.android.phone
I/ActivityManager(10969): START u0 {act=android.intent.action.MAIN cat=[android.intent.category.HOME] flg=0x10000000 cmp=com.android.settings/.CryptKeeper} from uid 0 on display 0
V/WindowManager(10969): addAppToken: AppWindowToken{2716b415 token=Token{28e8f9cc ActivityRecord{2a1c77ff u0 com.android.settings/.CryptKeeper t1}}} to stack=0 task=1 at 0
I/AudioPlayer( 7779): Pause Playback at 100000
D/ExtendedUtils( 7779): extended extractor not needed, return default
I/AudioPlayer( 7779): reset: mPlaying=0 mReachedEOS=1 useOffload=0
D/AudioPolicyManager( 7779): isOffloadSupported: stream_type != MUSIC, returning false
D/OMXCodec( 7779): Successfully allocated OMX node 'OMX.google.vorbis.decoder'
I/ExtendedUtils( 7779): decision 1 mime 
W/AlarmManager(10969): Not setting time since no alarm driver is available.
I/AudioPlayer( 7779): start of Playback, useOffload 0
D/Utils ( 7779): printFileName fd(7) -> /system/media/audio/ui/KeypressInvalid.ogg
I/AudioPlayer( 7779): Pause Playback at 60000
I/AudioPlayer( 7779): reset: mPlaying=0 mReachedEOS=1 useOffload=0
E/libprocessgroup(12973): failed to open /acct/uid_1000/pid_12973/cgroup.procs: No such file or directory
E/Zygote (12973): createProcessGroup(1000, 0) failed: No such file or directory
D/ExtendedUtils( 7779): extended extractor not needed, return default
D/AudioPolicyManager( 7779): isOffloadSupported: stream_type != MUSIC, returning false
I/ActivityManager(10969): Start proc 12973:com.android.settings/1000 for activity com.android.settings/.CryptKeeper
I/SystemServer(10969): Enabled StrictMode for system server main thread.
V/ActivityManager(10969): Display changed displayId=0
W/art (10969): Long monitor contention event with owner method=void com.android.server.am.ActivityManagerService.systemReady(java.lang.Runnable) from ActivityManagerService.java:11342 waiters=0 for 121ms
E/SurfaceFlinger( 5244): Permission Denial: can't access SurfaceFlinger pid=10969, uid=1000
W/InputAttributes(12872): No editor info for this field. Bug?
D/OMXCodec( 7779): Successfully allocated OMX node 'OMX.google.vorbis.decoder'
I/ExtendedUtils( 7779): decision 1 mime 
E/WifiStateMachine(10969): wifi info recent enough
E/WifiStateMachine(10969): wifi info recent enough
D/Tethering(10969): MasterInitialState.processMessage what=3
I/AudioPlayer( 7779): start of Playback, useOffload 0
E/SurfaceFlinger( 5244): Permission Denial: can't access SurfaceFlinger pid=10969, uid=1000
E/WifiStateMachine(10969): wifi info recent enough
E/WifiStateMachine(10969): wifi info recent enough
E/WifiStateMachine(10969): wifi info recent enough
E/WifiStateMachine(10969): wifi info recent enough
D/WifiScanningService(10969): SCAN_AVAILABLE : 1
D/WifiScanningService(10969): DefaultState got{ when=-1ms what=160007 target=com.android.internal.util.StateMachine$SmHandler }
D/RttService(10969): SCAN_AVAILABLE : 1
D/RttService(10969): DefaultState got{ when=0 what=160513 target=com.android.internal.util.StateMachine$SmHandler }
I/LatinIME:LogUtils(12872): Dictionary info: dictionary = PersonalizationDictionary.en_US ; version = 1481313342 ; date = ?
I/LatinIME:LogUtils(12872): Dictionary info: dictionary = UserHistoryDictionary.en_US ; version = 1480285013 ; date = 1481045847
V/ActivityManager(10969): Display changed displayId=0
F/WindowAnimator(10969): Unhandled exception in Window Manager
F/WindowAnimator(10969): java.lang.NullPointerException: Attempt to invoke virtual method 'void android.view.SurfaceControl.setLayer(int)' on a null object reference
F/WindowAnimator(10969): at com.android.server.wm.FocusedStackFrame.setLayer(FocusedStackFrame.java:140)
F/WindowAnimator(10969): at com.android.server.wm.WindowManagerService.setFocusedStackLayer(WindowManagerService.java:3985)
F/WindowAnimator(10969): at com.android.server.wm.WindowAnimator.animateLocked(WindowAnimator.java:708)
F/WindowAnimator(10969): at com.android.server.wm.WindowAnimator.access$000(WindowAnimator.java:54)
F/WindowAnimator(10969): at com.android.server.wm.WindowAnimator$1.run(WindowAnimator.java:126)
F/WindowAnimator(10969): at android.view.Choreographer$CallbackRecord.run(Choreographer.java:767)
F/WindowAnimator(10969): at android.view.Choreographer.doCallbacks(Choreographer.java:580)
F/WindowAnimator(10969): at android.view.Choreographer.doFrame(Choreographer.java:549)
F/WindowAnimator(10969): at android.view.Choreographer$FrameDisplayEventReceiver.run(Choreographer.java:753)
F/WindowAnimator(10969): at android.os.Handler.handleCallback(Handler.java:739)
F/WindowAnimator(10969): at android.os.Handler.dispatchMessage(Handler.java:95)
F/WindowAnimator(10969): at android.os.Looper.loop(Looper.java:135)
F/WindowAnimator(10969): at android.os.HandlerThread.run(HandlerThread.java:61)
F/WindowAnimator(10969): at com.android.server.ServiceThread.run(ServiceThread.java:46)
E/SurfaceFlinger( 5244): Permission Denial: can't access SurfaceFlinger pid=10969, uid=1000
E/SurfaceFlinger( 5244): Permission Denial: can't access SurfaceFlinger pid=10969, uid=1000
E/SurfaceFlinger( 5244): Permission Denial: can't access SurfaceFlinger pid=10969, uid=1000
W/WindowStateAnimator(10969): OutOfResourcesException creating surface
I/WindowManager(10969): Out of memory for surface! Looking for leaks...
W/WindowManager(10969): No leaked surfaces; killing applicatons!
W/WindowManager(10969): Due to memory failure, waiting a bit for next layout
I/AudioPlayer( 7779): Pause Playback at 169795
I/AudioPlayer( 7779): reset: mPlaying=0 mReachedEOS=1 useOffload=0
I/LatinIME:LogUtils(12872): Dictionary info: dictionary = ContextualDictionary.en_US ; version = 1481313342 ; date = ?
I/LatinIME:LogUtils(12872): Dictionary info: dictionary = contacts.en_US ; version = 1481313342 ; date = ?
I/LatinIME:LogUtils(12872): Dictionary info: dictionary = userunigram.en_US ; version = 1481313342 ; date = ?
E/SurfaceFlinger( 5244): Permission Denial: can't access SurfaceFlinger pid=10969, uid=1000
E/SurfaceFlinger( 5244): Permission Denial: can't access SurfaceFlinger pid=10969, uid=1000
W/art (10969): Long monitor contention event with owner method=void com.android.server.wm.WindowManagerService$H.handleMessage(android.os.Message) from WindowManagerService.java:7734 waiters=1 for 261ms
F/WindowAnimator(10969): Unhandled exception in Window Manager
F/WindowAnimator(10969): java.lang.NullPointerException: Attempt to invoke virtual method 'void android.view.SurfaceControl.setLayer(int)' on a null object reference
F/WindowAnimator(10969): at com.android.server.wm.FocusedStackFrame.setLayer(FocusedStackFrame.java:140)
F/WindowAnimator(10969): at com.android.server.wm.WindowManagerService.setFocusedStackLayer(WindowManagerService.java:3985)
F/WindowAnimator(10969): at com.android.server.wm.WindowAnimator.animateLocked(WindowAnimator.java:708)
F/WindowAnimator(10969): at com.android.server.wm.WindowAnimator.access$000(WindowAnimator.java:54)
F/WindowAnimator(10969): at com.android.server.wm.WindowAnimator$1.run(WindowAnimator.java:126)
F/WindowAnimator(10969): at android.view.Choreographer$CallbackRecord.run(Choreographer.java:767)
F/WindowAnimator(10969): at android.view.Choreographer.doCallbacks(Choreographer.java:580)
F/WindowAnimator(10969): at android.view.Choreographer.doFrame(Choreographer.java:549)
F/WindowAnimator(10969): at android.view.Choreographer$FrameDisplayEventReceiver.run(Choreographer.java:753)
F/WindowAnimator(10969): at android.os.Handler.handleCallback(Handler.java:739)
F/WindowAnimator(10969): at android.os.Handler.dispatchMessage(Handler.java:95)
F/WindowAnimator(10969): at android.os.Looper.loop(Looper.java:135)
F/WindowAnimator(10969): at android.os.HandlerThread.run(HandlerThread.java:61)
F/WindowAnimator(10969): at com.android.server.ServiceThread.run(ServiceThread.java:46)
E/SurfaceFlinger( 5244): Permission Denial: can't access SurfaceFlinger pid=10969, uid=1000
W/InputMethodManagerService(10969): Focus gain on non-focused client android.view.inputmethod.InputMethodManager$1@380933cc (uid=1000 pid=10969)
E/NetlinkListener(10859): recvmsg failed (I/O error)
E/NetlinkListener( 687): recvmsg failed (I/O error)
F/WindowManager(10969): Unhandled exception in Window Manager
F/WindowManager(10969): java.lang.IllegalArgumentException: displayToken must not be null
F/WindowManager(10969): at android.view.SurfaceControl.setDisplayProjection(SurfaceControl.java:573)
F/WindowManager(10969): at com.android.server.display.DisplayDevice.setProjectionInTransactionLocked(DisplayDevice.java:173)
F/WindowManager(10969): at com.android.server.display.LogicalDisplay.configureDisplayInTransactionLocked(LogicalDisplay.java:316)
F/WindowManager(10969): at com.android.server.display.DisplayManagerService.configureDisplayInTransactionLocked(DisplayManagerService.java:884)
F/WindowManager(10969): at com.android.server.display.DisplayManagerService.performTraversalInTransactionLocked(DisplayManagerService.java:806)
F/WindowManager(10969): at com.android.server.display.DisplayManagerService.performTraversalInTransactionFromWindowManagerInternal(DisplayManagerService.java:317)
F/WindowManager(10969): at com.android.server.display.DisplayManagerService.access$4200(DisplayManagerService.java:112)
F/WindowManager(10969): at com.android.server.display.DisplayManagerService$LocalService.performTraversalInTransactionFromWindowManager(DisplayManagerService.java:1539)
F/WindowManager(10969): at com.android.server.wm.WindowManagerService.performLayoutAndPlaceSurfacesLockedInner(WindowManagerService.java:9960)
F/WindowManager(10969): at com.android.server.wm.WindowManagerService.performLayoutAndPlaceSurfacesLockedLoop(WindowManagerService.java:8828)
F/WindowManager(10969): at com.android.server.wm.WindowManagerService.performLayoutAndPlaceSurfacesLocked(WindowManagerService.java:8770)
F/WindowManager(10969): at com.android.server.wm.WindowManagerService.executeAppTransition(WindowManagerService.java:4152)
F/WindowManager(10969): at com.android.server.am.ActivityStackSupervisor.reportResumedActivityLocked(ActivityStackSupervisor.java:2915)
F/WindowManager(10969): at com.android.server.am.ActivityStack.completeResumeLocked(ActivityStack.java:1067)
F/WindowManager(10969): at com.android.server.am.ActivityStack.minimalResumeActivityLocked(ActivityStack.java:650)
F/WindowManager(10969): at com.android.server.am.ActivityStackSupervisor.realStartActivityLocked(ActivityStackSupervisor.java:1265)
F/WindowManager(10969): at com.android.server.am.ActivityStackSupervisor.attachApplicationLocked(ActivityStackSupervisor.java:581)
F/WindowManager(10969): at com.android.server.am.ActivityManagerService.attachApplicationLocked(ActivityManagerService.java:6043)
F/WindowManager(10969): at com.android.server.am.ActivityManagerService.attachApplication(ActivityManagerService.java:6105)
F/WindowManager(10969): at android.app.ActivityManagerNative.onTransact(ActivityManagerNative.java:482)
F/WindowManager(10969): at com.android.server.am.ActivityManagerService.onTransact(ActivityManagerService.java:2211)
F/WindowManager(10969): at android.os.Binder.execTransact(Binder.java:446)
E/SurfaceFlinger( 5244): Permission Denial: can't access SurfaceFlinger pid=10969, uid=1000
E/SurfaceFlinger( 5244): Permission Denial: can't access SurfaceFlinger pid=10969, uid=1000
E/SurfaceFlinger( 5244): Permission Denial: can't access SurfaceFlinger pid=10969, uid=1000
E/SurfaceFlinger( 5244): Permission Denial: can't access SurfaceFlinger pid=10969, uid=1000
E/SurfaceFlinger( 5244): Permission Denial: can't access SurfaceFlinger pid=10969, uid=1000
E/SurfaceFlinger( 5244): Permission Denial: can't access SurfaceFlinger pid=10969, uid=1000
W/art (10969): Long monitor contention event with owner method=void com.android.server.am.ActivityManagerService.attachApplication(android.app.IApplicationThread) from ActivityManagerService.java:6102 waiters=0 for 301ms
W/art (10969): Long monitor contention event with owner method=void com.android.server.am.ActivityManagerService.attachApplication(android.app.IApplicationThread) from ActivityManagerService.java:6102 waiters=1 for 300ms
F/WindowAnimator(10969): Unhandled exception in Window Manager
F/WindowAnimator(10969): java.lang.NullPointerException: Attempt to invoke virtual method 'void android.view.SurfaceControl.setLayer(int)' on a null object reference
F/WindowAnimator(10969): at com.android.server.wm.FocusedStackFrame.setLayer(FocusedStackFrame.java:140)
F/WindowAnimator(10969): at com.android.server.wm.WindowManagerService.setFocusedStackLayer(WindowManagerService.java:3985)
F/WindowAnimator(10969): at com.android.server.wm.WindowAnimator.animateLocked(WindowAnimator.java:708)
F/WindowAnimator(10969): at com.android.server.wm.WindowAnimator.access$000(WindowAnimator.java:54)
F/WindowAnimator(10969): at com.android.server.wm.WindowAnimator$1.run(WindowAnimator.java:126)
F/WindowAnimator(10969): at android.view.Choreographer$CallbackRecord.run(Choreographer.java:767)
F/WindowAnimator(10969): at android.view.Choreographer.doCallbacks(Choreographer.java:580)
