I/ActivityManager(23638): Config changes=1df8 {1.0 ?mcc?mnc en_US ?layoutDir sw360dp w360dp h640dp 480dpi nrml long port ?uimode ?night -touch -keyb/v/h -nav/h s.2}
E/SurfaceFlinger(23549): Permission Denial: can't access SurfaceFlinger pid=23638, uid=1000
I/InputReader(23638): Reconfiguring input devices. changes=0x00000004
E/SurfaceFlinger(23549): Permission Denial: can't access SurfaceFlinger pid=23638, uid=1000
E/SurfaceFlinger(23549): Permission Denial: can't access SurfaceFlinger pid=23638, uid=1000
E/SurfaceFlinger(23549): Permission Denial: can't access SurfaceFlinger pid=23638, uid=1000
I/ActivityManager(23638): Config changes=500 {1.0 ?mcc?mnc en_US ?layoutDir sw360dp w360dp h567dp 480dpi nrml port ?uimode ?night -touch -keyb/v/h -nav/h s.3}
E/SurfaceFlinger(23549): Permission Denial: can't access SurfaceFlinger pid=23638, uid=1000
E/SurfaceFlinger(23549): Permission Denial: can't access SurfaceFlinger pid=23638, uid=1000
I/SystemServer(23638): Mount Service
D/MountService(23638): got storage path: /storage/sdcard0 description: Internal storage primary: true removable: false emulated: true mtpReserve: 100 allowMassStorage: false maxFileSize: 0 allowMtp: true
D/MountService(23638): addVolumeLocked() StorageVolume:
D/MountService(23638): mStorageId=65537 mPath=/storage/emulated/0 mDescriptionId=17040829
D/MountService(23638): mPrimary=true mRemovable=false mEmulated=true mMtpReserveSpace=100
D/MountService(23638): mAllowMassStorage=false mMaxFileSize=0 mOwner=UserHandle{0} mUuid=null
D/MountService(23638): mUserLabel=null mState=null mAllowMtp=true
D/MountService(23638): got storage path: /storage/sdcard1 description: SD card primary: false removable: true emulated: false mtpReserve: 0 allowMassStorage: true maxFileSize: 0 allowMtp: true
D/MountService(23638): addVolumeLocked() StorageVolume:
D/MountService(23638): mStorageId=0 mPath=/storage/sdcard1 mDescriptionId=17040830 mPrimary=false
D/MountService(23638): mRemovable=true mEmulated=false mMtpReserveSpace=0 mAllowMassStorage=true
D/MountService(23638): mMaxFileSize=0 mOwner=null mUuid=null mUserLabel=null mState=null
D/MountService(23638): mAllowMtp=true
D/MountService(23638): got storage path: /storage/usbotg description: USB storage primary: false removable: true emulated: false mtpReserve: 0 allowMassStorage: false maxFileSize: 0 allowMtp: true
D/MountService(23638): addVolumeLocked() StorageVolume:
D/MountService(23638): mStorageId=0 mPath=/storage/usbotg mDescriptionId=17040831 mPrimary=false
D/MountService(23638): mRemovable=true mEmulated=false mMtpReserveSpace=0 mAllowMassStorage=false
D/MountService(23638): mMaxFileSize=0 mOwner=null mUuid=null mUserLabel=null mState=null
D/MountService(23638): mAllowMtp=true
I/PackageManager(23638): Running dexopt on: /system/priv-app/Contacts/Contacts.apk pkg=com.android.contacts isa=arm vmSafeMode=false
F/WindowAnimator(23638): Unhandled exception in Window Manager
F/WindowAnimator(23638): java.lang.NullPointerException: Attempt to invoke virtual method 'void android.view.SurfaceControl.setLayer(int)' on a null object reference
F/WindowAnimator(23638): at com.android.server.wm.FocusedStackFrame.setLayer(FocusedStackFrame.java:140)
F/WindowAnimator(23638): at com.android.server.wm.WindowManagerService.setFocusedStackLayer(WindowManagerService.java:3985)
F/WindowAnimator(23638): at com.android.server.wm.WindowAnimator.animateLocked(WindowAnimator.java:708)
F/WindowAnimator(23638): at com.android.server.wm.WindowAnimator.access$000(WindowAnimator.java:54)
F/WindowAnimator(23638): at com.android.server.wm.WindowAnimator$1.run(WindowAnimator.java:126)
F/WindowAnimator(23638): at android.view.Choreographer$CallbackRecord.run(Choreographer.java:767)
F/WindowAnimator(23638): at android.view.Choreographer.doCallbacks(Choreographer.java:580)
F/WindowAnimator(23638): at android.view.Choreographer.doFrame(Choreographer.java:549)
F/WindowAnimator(23638): at android.view.Choreographer$FrameDisplayEventReceiver.run(Choreographer.java:753)
F/WindowAnimator(23638): at android.os.Handler.handleCallback(Handler.java:739)
F/WindowAnimator(23638): at android.os.Handler.dispatchMessage(Handler.java:95)
F/WindowAnimator(23638): at android.os.Looper.loop(Looper.java:135)
F/WindowAnimator(23638): at android.os.HandlerThread.run(HandlerThread.java:61)
F/WindowAnimator(23638): at com.android.server.ServiceThread.run(ServiceThread.java:46)
E/SurfaceFlinger(23549): Permission Denial: can't access SurfaceFlinger pid=23638, uid=1000
I/PackageManager(23638): No secure containers found
W/PackageManager(23638): Unknown permission com.google.android.googleapps.permission.GOOGLE_AUTH in package com.android.providers.calendar
W/PackageManager(23638): Unknown permission com.google.android.googleapps.permission.GOOGLE_AUTH.cl in package com.android.providers.calendar
W/PackageManager(23638): Unknown permission com.qualcomm.permission.USE_QCRIL_MSG_TUNNEL in package com.qualcomm.shutdownlistner
W/PackageManager(23638): Unknown permission android.permission.PREVENT_POWER_KEY in package com.fairphone.checkup
W/PackageManager(23638): Not granting permission android.permission.GLOBAL_SEARCH to package com.android.quicksearchbox (protectionLevel=18 flags=0x48be45)
W/PackageManager(23638): Not granting permission android.permission.ACCESS_DOWNLOAD_MANAGER to package com.android.browser (protectionLevel=18 flags=0x9be45)
W/PackageManager(23638): Not granting permission android.permission.SEND_DOWNLOAD_COMPLETED_INTENTS to package com.android.browser (protectionLevel=2 flags=0x9be45)
W/PackageManager(23638): Unknown permission android.permission.MMS_PUSH in package org.codeaurora.bluetooth
W/PackageManager(23638): Not granting permission android.permission.BIND_WALLPAPER to package com.android.camera2 (protectionLevel=18 flags=0x58bc45)
W/PackageManager(23638): Unknown permission android.permission.INSTALL_DRM in package com.android.mms
W/PackageManager(23638): Unknown permission com.google.android.googleapps.permission.GOOGLE_AUTH.mail in package com.android.calendar
W/PackageManager(23638): Unknown permission com.android.launcher.permission.READ_SETTINGS in package com.android.onetimeinitializer
W/PackageManager(23638): Unknown permission com.android.launcher.permission.WRITE_SETTINGS in package com.android.onetimeinitializer
W/PackageManager(23638): Not granting permission android.permission.DELETE_PACKAGES to package com.svox.pico (protectionLevel=18 flags=0x8be45)
W/PackageManager(23638): Unknown permission android.permission.ACCESS_THEME_MANAGER in package com.fairphone.setupwizard
W/PackageManager(23638): Unknown permission com.google.android.gallery3d.permission.PICASA_STORE in package com.android.dreams.phototable
W/PackageManager(23638): Unknown permission android.permission.ACCESS_SUPERUSER in package com.amaze.filemanager
W/PackageManager(23638): Unknown permission com.android.launcher.permission.READ_SETTINGS in package com.fairphone.fplauncher3
W/PackageManager(23638): Unknown permission com.android.launcher.permission.WRITE_SETTINGS in package com.fairphone.fplauncher3
W/PackageManager(23638): Unknown permission android.permission.ACCESS_SUPERUSER in package com.fairphone.updater
W/PackageManager(23638): Not granting permission android.permission.DEVICE_POWER to package com.android.deskclock (protectionLevel=2 flags=0x48be45)
W/PackageManager(23638): Unknown permission com.google.android.gallery3d.permission.GALLERY_PROVIDER in package com.android.bluetooth
I/dex2oat (23734): /system/bin/dex2oat --zip-fd=5 --zip-location=/system/priv-app/Contacts/Contacts.apk --oat-fd=6 --oat-location=/data/dalvik-cache/arm/system@priv-app@Contacts@Contacts.apk@classes.dex --instruction-set=arm --instruction-set-features=div --runtime-arg -Xms64m --runtime-arg -Xmx512m --swap-fd=7
D/OpenGLRenderer(23638): Use EGL_SWAP_BEHAVIOR_PRESERVED: true
E/SurfaceFlinger(23549): Permission Denial: can't access SurfaceFlinger pid=23638, uid=1000
W/WindowStateAnimator(23638): OutOfResourcesException creating surface
I/WindowManager(23638): Out of memory for surface! Looking for leaks...
W/WindowManager(23638): No leaked surfaces; killing applicatons!
W/WindowManager(23638): Due to memory failure, waiting a bit for next layout
V/WLAN_PSA( 673): NL MSG, len[048], NL type[0x11] WNI type[0x5050] len[028]
V/WLAN_PSA( 673): NL MSG, PID: 673
I/dex2oat (23734): Decided to run without swap.
E/NetlinkListener(23553): recvmsg failed (I/O error)
E/NetlinkListener( 741): recvmsg failed (I/O error)
E/SurfaceFlinger(23549): Permission Denial: can't access SurfaceFlinger pid=23638, uid=1000
E/SurfaceFlinger(23549): Permission Denial: can't access SurfaceFlinger pid=23638, uid=1000
W/art (23638): Long monitor contention event with owner method=int com.android.server.wm.WindowManagerService.relayoutWindow(com.android.server.wm.Session, android.view.IWindow, int, android.view.WindowManager$LayoutParams, int, int, int, int, android.graphics.Rect, android.graphics.Rect, android.graphics.Rect, android.graphics.Rect, android.graphics.Rect, android.content.res.Configuration, android.view.Surface) from WindowManagerService.java:3013 waiters=0 for 253ms
F/WindowAnimator(23638): Unhandled exception in Window Manager
F/WindowAnimator(23638): java.lang.NullPointerException: Attempt to invoke virtual method 'void android.view.SurfaceControl.setLayer(int)' on a null object reference
F/WindowAnimator(23638): at com.android.server.wm.FocusedStackFrame.setLayer(FocusedStackFrame.java:140)
F/WindowAnimator(23638): at com.android.server.wm.WindowManagerService.setFocusedStackLayer(WindowManagerService.java:3985)
F/WindowAnimator(23638): at com.android.server.wm.WindowAnimator.animateLocked(WindowAnimator.java:708)
F/WindowAnimator(23638): at com.android.server.wm.WindowAnimator.access$000(WindowAnimator.java:54)
F/WindowAnimator(23638): at com.android.server.wm.WindowAnimator$1.run(WindowAnimator.java:126)
F/WindowAnimator(23638): at android.view.Choreographer$CallbackRecord.run(Choreographer.java:767)
F/WindowAnimator(23638): at android.view.Choreographer.doCallbacks(Choreographer.java:580)
F/WindowAnimator(23638): at android.view.Choreographer.doFrame(Choreographer.java:549)
F/WindowAnimator(23638): at android.view.Choreographer$FrameDisplayEventReceiver.run(Choreographer.java:753)
F/WindowAnimator(23638): at android.os.Handler.handleCallback(Handler.java:739)
F/WindowAnimator(23638): at android.os.Handler.dispatchMessage(Handler.java:95)
F/WindowAnimator(23638): at android.os.Looper.loop(Looper.java:135)
F/WindowAnimator(23638): at android.os.HandlerThread.run(HandlerThread.java:61)
F/WindowAnimator(23638): at com.android.server.ServiceThread.run(ServiceThread.java:46)
E/SurfaceFlinger(23549): Permission Denial: can't access SurfaceFlinger pid=23638, uid=1000
E/SurfaceFlinger(23549): Permission Denial: can't access SurfaceFlinger pid=23638, uid=1000
E/SurfaceFlinger(23549): Permission Denial: can't access SurfaceFlinger pid=23638, uid=1000
E/AudioPolicyManager(23552): unknown stream type 13
E/AudioPolicyManager(23552): unknown stream type 13
E/AudioPolicyManager(23552): unknown stream type 13
E/AudioPolicyManager(23552): unknown stream type 13
I/AudioFlinger(23552): AudioFlinger's thread 0xb5a2e000 ready to run
D/audio_hw_primary(23552): out_standby: enter: stream (0xb5880b00) usecase(1: low-latency-playback)
D/audio_hw_primary(23552): out_set_parameters: enter: usecase(1: low-latency-playback) kvpairs: routing=2
F/WindowAnimator(23638): Unhandled exception in Window Manager
F/WindowAnimator(23638): java.lang.NullPointerException: Attempt to invoke virtual method 'void android.view.SurfaceControl.setLayer(int)' on a null object reference
F/WindowAnimator(23638): at com.android.server.wm.FocusedStackFrame.setLayer(FocusedStackFrame.java:140)
F/WindowAnimator(23638): at com.android.server.wm.WindowManagerService.setFocusedStackLayer(WindowManagerService.java:3985)
F/WindowAnimator(23638): at com.android.server.wm.WindowAnimator.animateLocked(WindowAnimator.java:708)
F/WindowAnimator(23638): at com.android.server.wm.WindowAnimator.access$000(WindowAnimator.java:54)
F/WindowAnimator(23638): at com.android.server.wm.WindowAnimator$1.run(WindowAnimator.java:126)
F/WindowAnimator(23638): at android.view.Choreographer$CallbackRecord.run(Choreographer.java:767)
F/WindowAnimator(23638): at android.view.Choreographer.doCallbacks(Choreographer.java:580)
F/WindowAnimator(23638): at android.view.Choreographer.doFrame(Choreographer.java:549)
F/WindowAnimator(23638): at android.view.Choreographer$FrameDisplayEventReceiver.run(Choreographer.java:753)
F/WindowAnimator(23638): at android.os.Handler.handleCallback(Handler.java:739)
F/WindowAnimator(23638): at android.os.Handler.dispatchMessage(Handler.java:95)
F/WindowAnimator(23638): at android.os.Looper.loop(Looper.java:135)
F/WindowAnimator(23638): at android.os.HandlerThread.run(HandlerThread.java:61)
F/WindowAnimator(23638): at com.android.server.ServiceThread.run(ServiceThread.java:46)
E/SurfaceFlinger(23549): Permission Denial: can't access SurfaceFlinger pid=23638, uid=1000
E/AudioPolicyManager(23552): unknown stream type 13
D/audio_hw_primary(23552): adev_open_input_stream: enter: sample_rate(48000) channel_mask(0xc) devices(0x80000004) stream_handle(0xb586da20)
I/AudioFlinger(23552): AudioFlinger's thread 0xb5ac7000 ready to run
D/audio_hw_primary(23552): adev_close_input_stream: enter:stream_handle(0xb586da20)
D/audio_hw_primary(23552): in_standby: enter: stream (0xb586da20) usecase(7: audio-record)
I/audio_a2dp_hw(23552): adev_open: adev_open in A2dp_hw module
I/AudioFlinger(23552): loadHwModule() Loaded a2dp audio interface from A2DP Audio HW HAL (audio) handle 7
I/AudioFlinger(23552): loadHwModule() Loaded usb audio interface from USB audio HW HAL (audio) handle 8
I/r_submix(23552): adev_open(name=audio_hw_if)
I/r_submix(23552): adev_init_check()
I/AudioFlinger(23552): loadHwModule() Loaded r_submix audio interface from Wifi Display audio HAL (audio) handle 9
D/r_submix(23552): adev_open_input_stream(addr=0)
D/r_submix(23552): submix_audio_device_create_pipe_l(addr=0, idx=9)
D/r_submix(23552): now using address 0 for route 9
I/AudioFlinger(23552): AudioFlinger's thread 0xb5b11000 ready to run
D/r_submix(23552): adev_close_input_stream()
D/r_submix(23552): submix_audio_device_release_pipe_l(idx=9) addr=0
D/r_submix(23552): submix_audio_device_destroy_pipe_l(): pipe destroyed
E/AudioPolicyManager(23552): unknown stream type 13
E/AudioPolicyManager(23552): unknown stream type 13
E/SoundTriggerHwService(23552): couldn't load sound trigger module sound_trigger.primary (No such file or directory)
W/AudioFlinger(23552): loadHwModule() module primary already loaded
D/audio_hw_primary(23552): adev_open_output_stream: enter: sample_rate(48000) channel_mask(0x3) devices(0x2) flags(0x2) stream_handle(0xb5880c40)
E/audio_hw_primary(23552): adev_open_output_stream: Primary output is already opened
D/audio_hw_primary(23552): adev_open_output_stream: exit: ret -17
W/AudioPolicyManager(23550): Cannot open output stream for device 00000002 on hw module primary
D/audio_hw_primary(23552): adev_open_output_stream: enter: sample_rate(48000) channel_mask(0x3) devices(0x2) flags(0x4) stream_handle(0xb5afb280)
D/audio_hw_primary(23552): adev_open_output_stream: Stream (0xb5afb280) picks up usecase (low-latency-playback)
I/AudioFlinger(23552): HAL output buffer size 240 frames, normal sink buffer size 960 frames
E/AudioPolicyManager(23550): unknown stream type 13
E/AudioPolicyManager(23550): unknown stream type 13
E/AudioPolicyManager(23550): unknown stream type 13
I/AudioFlinger(23552): AudioFlinger's thread 0xb5b11000 ready to run
D/audio_hw_primary(23552): out_set_parameters: enter: usecase(1: low-latency-playback) kvpairs: routing=2
D/audio_hw_primary(23552): out_standby: enter: stream (0xb5afb280) usecase(1: low-latency-playback)
W/AudioFlinger(23552): setStreamVolume() pid 23550 cannot use internal stream type 10
W/AudioFlinger(23552): setStreamVolume() pid 23550 cannot use internal stream type 11
E/AudioPolicyManager(23550): unknown stream type 13
W/AudioFlinger(23552): setStreamVolume() pid 23550 cannot use internal stream type 13
D/audio_hw_primary(23552): adev_open_input_stream: enter: sample_rate(48000) channel_mask(0xc) devices(0x80000004) stream_handle(0xb586e1a0)
I/AudioFlinger(23552): AudioFlinger's thread 0xb5b9b000 ready to run
D/audio_hw_primary(23552): adev_close_input_stream: enter:stream_handle(0xb586e1a0)
D/audio_hw_primary(23552): in_standby: enter: stream (0xb586e1a0) usecase(7: audio-record)
W/AudioFlinger(23552): loadHwModule() module a2dp already loaded
W/AudioFlinger(23552): loadHwModule() module usb already loaded
W/AudioFlinger(23552): loadHwModule() module r_submix already loaded
D/r_submix(23552): adev_open_input_stream(addr=0)
D/r_submix(23552): submix_audio_device_create_pipe_l(addr=0, idx=9)
D/r_submix(23552): now using address 0 for route 9
I/AudioFlinger(23552): AudioFlinger's thread 0xb4c49000 ready to run
I/r_submix(23552): in_standby()
I/r_submix(23552): in_standby()
D/r_submix(23552): adev_close_input_stream()
D/r_submix(23552): submix_audio_device_release_pipe_l(idx=9) addr=0
D/r_submix(23552): submix_audio_device_destroy_pipe_l(): pipe destroyed
E/AudioPolicyManager(23550): Failed to open primary output
E/AudioPolicyManager(23550): unknown stream type 13
E/ServiceManager(23544): add_service('media.audio_policy',28) uid=1013 - ALREADY REGISTERED, OVERRIDE
I/ServiceManager(23544): service 'media.audio_policy' died
D/audio_hw_primary(23552): out_set_parameters: enter: usecase(0: deep-buffer-playback) kvpairs: exiting=1
D/audio_hw_extn(23552): audio_extn_set_anc_parameters: anc_enabled:0
D/audio_hw_primary(23552): adev_close_output_stream: enter:stream_handle(0xb58809c0)
D/audio_hw_primary(23552): out_standby: enter: stream (0xb58809c0) usecase(0: deep-buffer-playback)
D/audio_hw_primary(23552): out_set_parameters: enter: usecase(1: low-latency-playback) kvpairs: exiting=1
D/audio_hw_primary(23552): adev_close_output_stream: enter:stream_handle(0xb5880b00)
D/audio_hw_primary(23552): out_standby: enter: stream (0xb5880b00) usecase(1: low-latency-playback)
E/qdhwcomposer( 1520): isValidDimension: layer handle is NULL
E/qdhwcomposer( 1520): isValidDimension: layer handle is NULL
E/qdoverlay( 1520): Bad ov dump: mdp_overlay z=0 fg=0 alpha=255 mask=-1 flags=0x220000 id=16
E/qdoverlay( 1520): src msmfb_img w=1152 h=1920 format=13 MDP_RGBA_8888
E/qdoverlay( 1520): src_rect mdp_rect x=0 y=0 w=1080 h=1920
E/qdoverlay( 1520): dst_rect mdp_rect x=0 y=0 w=1080 h=1920
E/qdhwcomposer( 1520): isValidDimension: layer handle is NULL
E/qdhwcomposer( 1520): isValidDimension: layer handle is NULL
E/qdoverlay( 1520): Bad ov dump: mdp_overlay z=0 fg=0 alpha=255 mask=-1 flags=0x220000 id=16
E/qdoverlay( 1520): src msmfb_img w=1152 h=1920 format=13 MDP_RGBA_8888
E/qdoverlay( 1520): src_rect mdp_rect x=0 y=0 w=1080 h=1920
E/qdoverlay( 1520): dst_rect mdp_rect x=0 y=0 w=1080 h=1920
E/qdhwcomposer( 1520): isValidDimension: layer handle is NULL
E/qdhwcomposer( 1520): isValidDimension: layer handle is NULL
E/qdoverlay( 1520): Bad ov dump: mdp_overlay z=0 fg=0 alpha=255 mask=-1 flags=0x220000 id=16
E/qdoverlay( 1520): src msmfb_img w=1152 h=1920 format=13 MDP_RGBA_8888
E/qdoverlay( 1520): src_rect mdp_rect x=0 y=0 w=1080 h=1920
E/qdoverlay( 1520): dst_rect mdp_rect x=0 y=0 w=1080 h=1920
E/qdhwcomposer( 1520): isValidDimension: layer handle is NULL
E/qdhwcomposer( 1520): isValidDimension: layer handle is NULL
E/qdoverlay( 1520): Bad ov dump: mdp_overlay z=0 fg=0 alpha=255 mask=-1 flags=0x220000 id=16
E/qdoverlay( 1520): src msmfb_img w=1152 h=1920 format=13 MDP_RGBA_8888
E/qdoverlay( 1520): src_rect mdp_rect x=0 y=0 w=1080 h=1920
E/qdoverlay( 1520): dst_rect mdp_rect x=0 y=0 w=1080 h=1920
E/qdhwcomposer( 1520): isValidDimension: layer handle is NULL
E/qdhwcomposer( 1520): isValidDimension: layer handle is NULL
E/qdoverlay( 1520): Bad ov dump: mdp_overlay z=0 fg=0 alpha=255 mask=-1 flags=0x220000 id=16
E/qdoverlay( 1520): src msmfb_img w=1152 h=1920 format=13 MDP_RGBA_8888
E/qdoverlay( 1520): src_rect mdp_rect x=0 y=0 w=1080 h=1920
E/qdoverlay( 1520): dst_rect mdp_rect x=0 y=0 w=1080 h=1920
E/qdhwcomposer( 1520): isValidDimension: layer handle is NULL
E/qdhwcomposer( 1520): isValidDimension: layer handle is NULL
E/qdoverlay( 1520): Bad ov dump: mdp_overlay z=0 fg=0 alpha=255 mask=-1 flags=0x220000 id=16
E/qdoverlay( 1520): src msmfb_img w=1152 h=1920 format=13 MDP_RGBA_8888
E/qdoverlay( 1520): src_rect mdp_rect x=0 y=0 w=1080 h=1920
E/qdoverlay( 1520): dst_rect mdp_rect x=0 y=0 w=1080 h=1920
E/qdhwcomposer( 1520): isValidDimension: layer handle is NULL
E/qdhwcomposer( 1520): isValidDimension: layer handle is NULL
E/qdoverlay( 1520): Bad ov dump: mdp_overlay z=0 fg=0 alpha=255 mask=-1 flags=0x220000 id=16
E/qdoverlay( 1520): src msmfb_img w=1152 h=1920 format=13 MDP_RGBA_8888
E/qdoverlay( 1520): src_rect mdp_rect x=0 y=0 w=1080 h=1920
E/qdoverlay( 1520): dst_rect mdp_rect x=0 y=0 w=1080 h=1920
E/qdhwcomposer( 1520): isValidDimension: layer handle is NULL
E/qdhwcomposer( 1520): isValidDimension: layer handle is NULL
E/qdoverlay( 1520): Bad ov dump: mdp_overlay z=0 fg=0 alpha=255 mask=-1 flags=0x220000 id=16
E/qdoverlay( 1520): src msmfb_img w=1152 h=1920 format=13 MDP_RGBA_8888
E/qdoverlay( 1520): src_rect mdp_rect x=0 y=0 w=1080 h=1920
E/qdoverlay( 1520): dst_rect mdp_rect x=0 y=0 w=1080 h=1920
E/qdhwcomposer( 1520): isValidDimension: layer handle is NULL
E/qdhwcomposer( 1520): isValidDimension: layer handle is NULL
E/qdoverlay( 1520): Bad ov dump: mdp_overlay z=0 fg=0 alpha=255 mask=-1 flags=0x220000 id=16
E/qdoverlay( 1520): src msmfb_img w=1152 h=1920 format=13 MDP_RGBA_8888
E/qdoverlay( 1520): src_rect mdp_rect x=0 y=0 w=1080 h=1920
E/qdoverlay( 1520): dst_rect mdp_rect x=0 y=0 w=1080 h=1920
E/qdhwcomposer( 1520): isValidDimension: layer handle is NULL
E/qdhwcomposer( 1520): isValidDimension: layer handle is NULL
E/qdoverlay( 1520): Bad ov dump: mdp_overlay z=0 fg=0 alpha=255 mask=-1 flags=0x220000 id=16
E/qdoverlay( 1520): src msmfb_img w=1152 h=1920 format=13 MDP_RGBA_8888
E/qdoverlay( 1520): src_rect mdp_rect x=0 y=0 w=1080 h=1920
E/qdoverlay( 1520): dst_rect mdp_rect x=0 y=0 w=1080 h=1920
E/qdhwcomposer( 1520): isValidDimension: layer handle is NULL
E/qdhwcomposer( 1520): isValidDimension: layer handle is NULL
E/qdoverlay( 1520): Bad ov dump: mdp_overlay z=0 fg=0 alpha=255 mask=-1 flags=0x220000 id=16
E/qdoverlay( 1520): src msmfb_img w=1152 h=1920 format=13 MDP_RGBA_8888
E/qdoverlay( 1520): src_rect mdp_rect x=0 y=0 w=1080 h=1920
E/qdoverlay( 1520): dst_rect mdp_rect x=0 y=0 w=1080 h=1920
E/qdhwcomposer( 1520): isValidDimension: layer handle is NULL
E/qdhwcomposer( 1520): isValidDimension: layer handle is NULL
E/qdoverlay( 1520): Bad ov dump: mdp_overlay z=0 fg=0 alpha=255 mask=-1 flags=0x220000 id=16
E/qdoverlay( 1520): src msmfb_img w=1152 h=1920 format=13 MDP_RGBA_8888
E/qdoverlay( 1520): src_rect mdp_rect x=0 y=0 w=1080 h=1920
E/qdoverlay( 1520): dst_rect mdp_rect x=0 y=0 w=1080 h=1920
E/qdhwcomposer( 1520): isValidDimension: layer handle is NULL
E/qdhwcomposer( 1520): isValidDimension: layer handle is NULL
E/qdoverlay( 1520): Bad ov dump: mdp_overlay z=0 fg=0 alpha=255 mask=-1 flags=0x220000 id=16
E/qdoverlay( 1520): src msmfb_img w=1152 h=1920 format=13 MDP_RGBA_8888
E/qdoverlay( 1520): src_rect mdp_rect x=0 y=0 w=1080 h=1920
E/qdoverlay( 1520): dst_rect mdp_rect x=0 y=0 w=1080 h=1920
E/qdhwcomposer( 1520): isValidDimension: layer handle is NULL
E/qdhwcomposer( 1520): isValidDimension: layer handle is NULL
E/qdoverlay( 1520): Bad ov dump: mdp_overlay z=0 fg=0 alpha=255 mask=-1 flags=0x220000 id=16
E/qdoverlay( 1520): src msmfb_img w=1152 h=1920 format=13 MDP_RGBA_8888
E/qdoverlay( 1520): src_rect mdp_rect x=0 y=0 w=1080 h=1920
E/qdoverlay( 1520): dst_rect mdp_rect x=0 y=0 w=1080 h=1920
E/qdhwcomposer( 1520): isValidDimension: layer handle is NULL
E/qdhwcomposer( 1520): isValidDimension: layer handle is NULL
E/qdoverlay( 1520): Bad ov dump: mdp_overlay z=0 fg=0 alpha=255 mask=-1 flags=0x220000 id=16
E/qdoverlay( 1520): src msmfb_img w=1152 h=1920 format=13 MDP_RGBA_8888
E/qdoverlay( 1520): src_rect mdp_rect x=0 y=0 w=1080 h=1920
E/qdoverlay( 1520): dst_rect mdp_rect x=0 y=0 w=1080 h=1920
E/NetlinkListener( 741): recvmsg failed (I/O error)
E/NetlinkListener(23553): recvmsg failed (I/O error)
E/qdhwcomposer( 1520): isValidDimension: layer handle is NULL
E/qdhwcomposer( 1520): isValidDimension: layer handle is NULL
E/qdoverlay( 1520): Bad ov dump: mdp_overlay z=0 fg=0 alpha=255 mask=-1 flags=0x220000 id=16
E/qdoverlay( 1520): src msmfb_img w=1152 h=1920 format=13 MDP_RGBA_8888
E/qdoverlay( 1520): src_rect mdp_rect x=0 y=0 w=1080 h=1920
E/qdoverlay( 1520): dst_rect mdp_rect x=0 y=0 w=1080 h=1920
E/qdhwcomposer( 1520): isValidDimension: layer handle is NULL
E/qdhwcomposer( 1520): isValidDimension: layer handle is NULL
E/qdoverlay( 1520): Bad ov dump: mdp_overlay z=0 fg=0 alpha=255 mask=-1 flags=0x220000 id=16
E/qdoverlay( 1520): src msmfb_img w=1152 h=1920 format=13 MDP_RGBA_8888
E/qdoverlay( 1520): src_rect mdp_rect x=0 y=0 w=1080 h=1920
E/qdoverlay( 1520): dst_rect mdp_rect x=0 y=0 w=1080 h=1920
E/qdhwcomposer( 1520): isValidDimension: layer handle is NULL
E/qdhwcomposer( 1520): isValidDimension: layer handle is NULL
E/qdoverlay( 1520): Bad ov dump: mdp_overlay z=0 fg=0 alpha=255 mask=-1 flags=0x220000 id=16
E/qdoverlay( 1520): src msmfb_img w=1152 h=1920 format=13 MDP_RGBA_8888
E/qdoverlay( 1520): src_rect mdp_rect x=0 y=0 w=1080 h=1920
E/qdoverlay( 1520): dst_rect mdp_rect x=0 y=0 w=1080 h=1920
E/qdhwcomposer( 1520): isValidDimension: layer handle is NULL
E/qdhwcomposer( 1520): isValidDimension: layer handle is NULL
E/qdoverlay( 1520): Bad ov dump: mdp_overlay z=0 fg=0 alpha=255 mask=-1 flags=0x220000 id=16
E/qdoverlay( 1520): src msmfb_img w=1152 h=1920 format=13 MDP_RGBA_8888
E/qdoverlay( 1520): src_rect mdp_rect x=0 y=0 w=1080 h=1920
E/qdoverlay( 1520): dst_rect mdp_rect x=0 y=0 w=1080 h=1920
E/qdhwcomposer( 1520): isValidDimension: layer handle is NULL
E/qdhwcomposer( 1520): isValidDimension: layer handle is NULL
E/qdoverlay( 1520): Bad ov dump: mdp_overlay z=0 fg=0 alpha=255 mask=-1 flags=0x220000 id=16
E/qdoverlay( 1520): src msmfb_img w=1152 h=1920 format=13 MDP_RGBA_8888
E/qdoverlay( 1520): src_rect mdp_rect x=0 y=0 w=1080 h=1920
E/qdoverlay( 1520): dst_rect mdp_rect x=0 y=0 w=1080 h=1920
E/qdhwcomposer( 1520): isValidDimension: layer handle is NULL
E/qdhwcomposer( 1520): isValidDimension: layer handle is NULL
E/qdoverlay( 1520): Bad ov dump: mdp_overlay z=0 fg=0 alpha=255 mask=-1 flags=0x220000 id=16
E/qdoverlay( 1520): src msmfb_img w=1152 h=1920 format=13 MDP_RGBA_8888
E/qdoverlay( 1520): src_rect mdp_rect x=0 y=0 w=1080 h=1920
E/qdoverlay( 1520): dst_rect mdp_rect x=0 y=0 w=1080 h=1920
E/qdhwcomposer( 1520): isValidDimension: layer handle is NULL
E/qdhwcomposer( 1520): isValidDimension: layer handle is NULL
E/qdoverlay( 1520): Bad ov dump: mdp_overlay z=0 fg=0 alpha=255 mask=-1 flags=0x220000 id=16
E/qdoverlay( 1520): src msmfb_img w=1152 h=1920 format=13 MDP_RGBA_8888
E/qdoverlay( 1520): src_rect mdp_rect x=0 y=0 w=1080 h=1920
E/qdoverlay( 1520): dst_rect mdp_rect x=0 y=0 w=1080 h=1920
E/qdhwcomposer( 1520): isValidDimension: layer handle is NULL
E/qdhwcomposer( 1520): isValidDimension: layer handle is NULL
E/qdoverlay( 1520): Bad ov dump: mdp_overlay z=0 fg=0 alpha=255 mask=-1 flags=0x220000 id=16
E/qdoverlay( 1520): src msmfb_img w=1152 h=1920 format=13 MDP_RGBA_8888
E/qdoverlay( 1520): src_rect mdp_rect x=0 y=0 w=1080 h=1920
E/qdoverlay( 1520): dst_rect mdp_rect x=0 y=0 w=1080 h=1920
E/qdhwcomposer( 1520): isValidDimension: layer handle is NULL
E/qdhwcomposer( 1520): isValidDimension: layer handle is NULL
E/qdoverlay( 1520): Bad ov dump: mdp_overlay z=0 fg=0 alpha=255 mask=-1 flags=0x220000 id=16
E/qdoverlay( 1520): src msmfb_img w=1152 h=1920 format=13 MDP_RGBA_8888
E/qdoverlay( 1520): src_rect mdp_rect x=0 y=0 w=1080 h=1920
E/qdoverlay( 1520): dst_rect mdp_rect x=0 y=0 w=1080 h=1920
E/qdhwcomposer( 1520): isValidDimension: layer handle is NULL
E/qdhwcomposer( 1520): isValidDimension: layer handle is NULL
E/qdoverlay( 1520): Bad ov dump: mdp_overlay z=0 fg=0 alpha=255 mask=-1 flags=0x220000 id=16
E/qdoverlay( 1520): src msmfb_img w=1152 h=1920 format=13 MDP_RGBA_8888
E/qdoverlay( 1520): src_rect mdp_rect x=0 y=0 w=1080 h=1920
E/qdoverlay( 1520): dst_rect mdp_rect x=0 y=0 w=1080 h=1920
E/qdhwcomposer( 1520): isValidDimension: layer handle is NULL
E/qdhwcomposer( 1520): isValidDimension: layer handle is NULL
E/qdoverlay( 1520): Bad ov dump: mdp_overlay z=0 fg=0 alpha=255 mask=-1 flags=0x220000 id=16
E/qdoverlay( 1520): src msmfb_img w=1152 h=1920 format=13 MDP_RGBA_8888
E/qdoverlay( 1520): src_rect mdp_rect x=0 y=0 w=1080 h=1920
E/qdoverlay( 1520): dst_rect mdp_rect x=0 y=0 w=1080 h=1920
E/qdhwcomposer( 1520): isValidDimension: layer handle is NULL
E/qdhwcomposer( 1520): isValidDimension: layer handle is NULL
E/qdoverlay( 1520): Bad ov dump: mdp_overlay z=0 fg=0 alpha=255 mask=-1 flags=0x220000 id=16
E/qdoverlay( 1520): src msmfb_img w=1152 h=1920 format=13 MDP_RGBA_8888
E/qdoverlay( 1520): src_rect mdp_rect x=0 y=0 w=1080 h=1920
E/qdoverlay( 1520): dst_rect mdp_rect x=0 y=0 w=1080 h=1920
E/qdhwcomposer( 1520): isValidDimension: layer handle is NULL
E/qdhwcomposer( 1520): isValidDimension: layer handle is NULL
E/qdoverlay( 1520): Bad ov dump: mdp_overlay z=0 fg=0 alpha=255 mask=-1 flags=0x220000 id=16
E/qdoverlay( 1520): src msmfb_img w=1152 h=1920 format=13 MDP_RGBA_8888
E/qdoverlay( 1520): src_rect mdp_rect x=0 y=0 w=1080 h=1920
E/qdoverlay( 1520): dst_rect mdp_rect x=0 y=0 w=1080 h=1920
E/qdhwcomposer( 1520): isValidDimension: layer handle is NULL
E/qdhwcomposer( 1520): isValidDimension: layer handle is NULL
E/qdoverlay( 1520): Bad ov dump: mdp_overlay z=0 fg=0 alpha=255 mask=-1 flags=0x220000 id=16
E/qdoverlay( 1520): src msmfb_img w=1152 h=1920 format=13 MDP_RGBA_8888
E/qdoverlay( 1520): src_rect mdp_rect x=0 y=0 w=1080 h=1920
E/qdoverlay( 1520): dst_rect mdp_rect x=0 y=0 w=1080 h=1920
E/qdhwcomposer( 1520): isValidDimension: layer handle is NULL
E/qdhwcomposer( 1520): isValidDimension: layer handle is NULL
E/qdoverlay( 1520): Bad ov dump: mdp_overlay z=0 fg=0 alpha=255 mask=-1 flags=0x220000 id=16
E/qdoverlay( 1520): src msmfb_img w=1152 h=1920 format=13 MDP_RGBA_8888
E/qdoverlay( 1520): src_rect mdp_rect x=0 y=0 w=1080 h=1920
E/qdoverlay( 1520): dst_rect mdp_rect x=0 y=0 w=1080 h=1920
E/qdhwcomposer( 1520): isValidDimension: layer handle is NULL
E/qdhwcomposer( 1520): isValidDimension: layer handle is NULL
E/qdoverlay( 1520): Bad ov dump: mdp_overlay z=0 fg=0 alpha=255 mask=-1 flags=0x220000 id=16
E/qdoverlay( 1520): src msmfb_img w=1152 h=1920 format=13 MDP_RGBA_8888
E/qdoverlay( 1520): src_rect mdp_rect x=0 y=0 w=1080 h=1920
E/qdoverlay( 1520): dst_rect mdp_rect x=0 y=0 w=1080 h=1920
E/qdhwcomposer( 1520): isValidDimension: layer handle is NULL
E/qdhwcomposer( 1520): isValidDimension: layer handle is NULL
E/qdoverlay( 1520): Bad ov dump: mdp_overlay z=0 fg=0 alpha=255 mask=-1 flags=0x220000 id=16
E/qdoverlay( 1520): src msmfb_img w=1152 h=1920 format=13 MDP_RGBA_8888
E/qdoverlay( 1520): src_rect mdp_rect x=0 y=0 w=1080 h=1920
E/qdoverlay( 1520): dst_rect mdp_rect x=0 y=0 w=1080 h=1920
E/qdhwcomposer( 1520): isValidDimension: layer handle is NULL
E/qdhwcomposer( 1520): isValidDimension: layer handle is NULL
E/qdoverlay( 1520): Bad ov dump: mdp_overlay z=0 fg=0 alpha=255 mask=-1 flags=0x220000 id=16
E/qdoverlay( 1520): src msmfb_img w=1152 h=1920 format=13 MDP_RGBA_8888
E/qdoverlay( 1520): src_rect mdp_rect x=0 y=0 w=1080 h=1920
E/qdoverlay( 1520): dst_rect mdp_rect x=0 y=0 w=1080 h=1920
E/qdhwcomposer( 1520): isValidDimension: layer handle is NULL
E/qdhwcomposer( 1520): isValidDimension: layer handle is NULL
E/qdoverlay( 1520): Bad ov dump: mdp_overlay z=0 fg=0 alpha=255 mask=-1 flags=0x220000 id=16
E/qdoverlay( 1520): src msmfb_img w=1152 h=1920 format=13 MDP_RGBA_8888
E/qdoverlay( 1520): src_rect mdp_rect x=0 y=0 w=1080 h=1920
E/qdoverlay( 1520): dst_rect mdp_rect x=0 y=0 w=1080 h=1920
E/qdhwcomposer( 1520): isValidDimension: layer handle is NULL
E/qdhwcomposer( 1520): isValidDimension: layer handle is NULL
E/qdoverlay( 1520): Bad ov dump: mdp_overlay z=0 fg=0 alpha=255 mask=-1 flags=0x220000 id=16
E/qdoverlay( 1520): src msmfb_img w=1152 h=1920 format=13 MDP_RGBA_8888
E/qdoverlay( 1520): src_rect mdp_rect x=0 y=0 w=1080 h=1920
E/qdoverlay( 1520): dst_rect mdp_rect x=0 y=0 w=1080 h=1920
E/qdhwcomposer( 1520): isValidDimension: layer handle is NULL
E/qdhwcomposer( 1520): isValidDimension: layer handle is NULL
E/qdoverlay( 1520): Bad ov dump: mdp_overlay z=0 fg=0 alpha=255 mask=-1 flags=0x220000 id=16
E/qdoverlay( 1520): src msmfb_img w=1152 h=1920 format=13 MDP_RGBA_8888
E/qdoverlay( 1520): src_rect mdp_rect x=0 y=0 w=1080 h=1920
E/qdoverlay( 1520): dst_rect mdp_rect x=0 y=0 w=1080 h=1920
E/qdhwcomposer( 1520): isValidDimension: layer handle is NULL
E/qdhwcomposer( 1520): isValidDimension: layer handle is NULL
E/qdoverlay( 1520): Bad ov dump: mdp_overlay z=0 fg=0 alpha=255 mask=-1 flags=0x220000 id=16
E/qdoverlay( 1520): src msmfb_img w=1152 h=1920 format=13 MDP_RGBA_8888
E/qdoverlay( 1520): src_rect mdp_rect x=0 y=0 w=1080 h=1920
E/qdoverlay( 1520): dst_rect mdp_rect x=0 y=0 w=1080 h=1920
E/qdhwcomposer( 1520): isValidDimension: layer handle is NULL
E/qdhwcomposer( 1520): isValidDimension: layer handle is NULL
E/qdoverlay( 1520): Bad ov dump: mdp_overlay z=0 fg=0 alpha=255 mask=-1 flags=0x220000 id=16
E/qdoverlay( 1520): src msmfb_img w=1152 h=1920 format=13 MDP_RGBA_8888
E/qdoverlay( 1520): src_rect mdp_rect x=0 y=0 w=1080 h=1920
E/qdoverlay( 1520): dst_rect mdp_rect x=0 y=0 w=1080 h=1920
E/qdhwcomposer( 1520): isValidDimension: layer handle is NULL
E/qdhwcomposer( 1520): isValidDimension: layer handle is NULL
E/qdoverlay( 1520): Bad ov dump: mdp_overlay z=0 fg=0 alpha=255 mask=-1 flags=0x220000 id=16
E/qdoverlay( 1520): src msmfb_img w=1152 h=1920 format=13 MDP_RGBA_8888
E/qdoverlay( 1520): src_rect mdp_rect x=0 y=0 w=1080 h=1920
E/qdoverlay( 1520): dst_rect mdp_rect x=0 y=0 w=1080 h=1920
E/qdhwcomposer( 1520): isValidDimension: layer handle is NULL
E/qdhwcomposer( 1520): isValidDimension: layer handle is NULL
E/qdoverlay( 1520): Bad ov dump: mdp_overlay z=0 fg=0 alpha=255 mask=-1 flags=0x220000 id=16
E/qdoverlay( 1520): src msmfb_img w=1152 h=1920 format=13 MDP_RGBA_8888
E/qdoverlay( 1520): src_rect mdp_rect x=0 y=0 w=1080 h=1920
E/qdoverlay( 1520): dst_rect mdp_rect x=0 y=0 w=1080 h=1920
E/qdhwcomposer( 1520): isValidDimension: layer handle is NULL
E/qdhwcomposer( 1520): isValidDimension: layer handle is NULL
E/qdoverlay( 1520): Bad ov dump: mdp_overlay z=0 fg=0 alpha=255 mask=-1 flags=0x220000 id=16
E/qdoverlay( 1520): src msmfb_img w=1152 h=1920 format=13 MDP_RGBA_8888
E/qdoverlay( 1520): src_rect mdp_rect x=0 y=0 w=1080 h=1920
E/qdoverlay( 1520): dst_rect mdp_rect x=0 y=0 w=1080 h=1920
E/qdhwcomposer( 1520): isValidDimension: layer handle is NULL
E/qdhwcomposer( 1520): isValidDimension: layer handle is NULL
E/qdoverlay( 1520): Bad ov dump: mdp_overlay z=0 fg=0 alpha=255 mask=-1 flags=0x220000 id=16
E/qdoverlay( 1520): src msmfb_img w=1152 h=1920 format=13 MDP_RGBA_8888
E/qdoverlay( 1520): src_rect mdp_rect x=0 y=0 w=1080 h=1920
E/qdoverlay( 1520): dst_rect mdp_rect x=0 y=0 w=1080 h=1920
E/qdhwcomposer( 1520): isValidDimension: layer handle is NULL
E/qdhwcomposer( 1520): isValidDimension: layer handle is NULL
E/qdoverlay( 1520): Bad ov dump: mdp_overlay z=0 fg=0 alpha=255 mask=-1 flags=0x220000 id=16
E/qdoverlay( 1520): src msmfb_img w=1152 h=1920 format=13 MDP_RGBA_8888
E/qdoverlay( 1520): src_rect mdp_rect x=0 y=0 w=1080 h=1920
E/qdoverlay( 1520): dst_rect mdp_rect x=0 y=0 w=1080 h=1920
E/qdhwcomposer( 1520): isValidDimension: layer handle is NULL
E/qdhwcomposer( 1520): isValidDimension: layer handle is NULL
E/qdoverlay( 1520): Bad ov dump: mdp_overlay z=0 fg=0 alpha=255 mask=-1 flags=0x220000 id=16
E/qdoverlay( 1520): src msmfb_img w=1152 h=1920 format=13 MDP_RGBA_8888
E/qdoverlay( 1520): src_rect mdp_rect x=0 y=0 w=1080 h=1920
E/qdoverlay( 1520): dst_rect mdp_rect x=0 y=0 w=1080 h=1920
E/qdhwcomposer( 1520): isValidDimension: layer handle is NULL
E/qdhwcomposer( 1520): isValidDimension: layer handle is NULL
E/qdoverlay( 1520): Bad ov dump: mdp_overlay z=0 fg=0 alpha=255 mask=-1 flags=0x220000 id=16
E/qdoverlay( 1520): src msmfb_img w=1152 h=1920 format=13 MDP_RGBA_8888
E/qdoverlay( 1520): src_rect mdp_rect x=0 y=0 w=1080 h=1920
E/qdoverlay( 1520): dst_rect mdp_rect x=0 y=0 w=1080 h=1920
E/qdhwcomposer( 1520): isValidDimension: layer handle is NULL
E/qdhwcomposer( 1520): isValidDimension: layer handle is NULL
E/qdoverlay( 1520): Bad ov dump: mdp_overlay z=0 fg=0 alpha=255 mask=-1 flags=0x220000 id=16
E/qdoverlay( 1520): src msmfb_img w=1152 h=1920 format=13 MDP_RGBA_8888
E/qdoverlay( 1520): src_rect mdp_rect x=0 y=0 w=1080 h=1920
E/qdoverlay( 1520): dst_rect mdp_rect x=0 y=0 w=1080 h=1920
E/qdhwcomposer( 1520): isValidDimension: layer handle is NULL
E/qdhwcomposer( 1520): isValidDimension: layer handle is NULL
E/qdoverlay( 1520): Bad ov dump: mdp_overlay z=0 fg=0 alpha=255 mask=-1 flags=0x220000 id=16
E/qdoverlay( 1520): src msmfb_img w=1152 h=1920 format=13 MDP_RGBA_8888
E/qdoverlay( 1520): src_rect mdp_rect x=0 y=0 w=1080 h=1920
E/qdoverlay( 1520): dst_rect mdp_rect x=0 y=0 w=1080 h=1920
E/qdhwcomposer( 1520): isValidDimension: layer handle is NULL
E/qdhwcomposer( 1520): isValidDimension: layer handle is NULL
E/qdoverlay( 1520): Bad ov dump: mdp_overlay z=0 fg=0 alpha=255 mask=-1 flags=0x220000 id=16
E/qdoverlay( 1520): src msmfb_img w=1152 h=1920 format=13 MDP_RGBA_8888
E/qdoverlay( 1520): src_rect mdp_rect x=0 y=0 w=1080 h=1920
E/qdoverlay( 1520): dst_rect mdp_rect x=0 y=0 w=1080 h=1920
E/qdhwcomposer( 1520): isValidDimension: layer handle is NULL
E/qdhwcomposer( 1520): isValidDimension: layer handle is NULL
E/qdoverlay( 1520): Bad ov dump: mdp_overlay z=0 fg=0 alpha=255 mask=-1 flags=0x220000 id=16
E/qdoverlay( 1520): src msmfb_img w=1152 h=1920 format=13 MDP_RGBA_8888
E/qdoverlay( 1520): src_rect mdp_rect x=0 y=0 w=1080 h=1920
E/qdoverlay( 1520): dst_rect mdp_rect x=0 y=0 w=1080 h=1920
E/qdhwcomposer( 1520): isValidDimension: layer handle is NULL
E/qdhwcomposer( 1520): isValidDimension: layer handle is NULL
E/qdoverlay( 1520): Bad ov dump: mdp_overlay z=0 fg=0 alpha=255 mask=-1 flags=0x220000 id=16
E/qdoverlay( 1520): src msmfb_img w=1152 h=1920 format=13 MDP_RGBA_8888
E/qdoverlay( 1520): src_rect mdp_rect x=0 y=0 w=1080 h=1920
E/qdoverlay( 1520): dst_rect mdp_rect x=0 y=0 w=1080 h=1920
E/qdhwcomposer( 1520): isValidDimension: layer handle is NULL
E/qdhwcomposer( 1520): isValidDimension: layer handle is NULL
E/qdoverlay( 1520): Bad ov dump: mdp_overlay z=0 fg=0 alpha=255 mask=-1 flags=0x220000 id=16
E/qdoverlay( 1520): src msmfb_img w=1152 h=1920 format=13 MDP_RGBA_8888
E/qdoverlay( 1520): src_rect mdp_rect x=0 y=0 w=1080 h=1920
E/qdoverlay( 1520): dst_rect mdp_rect x=0 y=0 w=1080 h=1920
E/qdhwcomposer( 1520): isValidDimension: layer handle is NULL
E/qdhwcomposer( 1520): isValidDimension: layer handle is NULL
E/qdoverlay( 1520): Bad ov dump: mdp_overlay z=0 fg=0 alpha=255 mask=-1 flags=0x220000 id=16
E/qdoverlay( 1520): src msmfb_img w=1152 h=1920 format=13 MDP_RGBA_8888
E/qdoverlay( 1520): src_rect mdp_rect x=0 y=0 w=1080 h=1920
E/qdoverlay( 1520): dst_rect mdp_rect x=0 y=0 w=1080 h=1920
E/qdhwcomposer( 1520): isValidDimension: layer handle is NULL
E/qdhwcomposer( 1520): isValidDimension: layer handle is NULL
E/qdoverlay( 1520): Bad ov dump: mdp_overlay z=0 fg=0 alpha=255 mask=-1 flags=0x220000 id=16
E/qdoverlay( 1520): src msmfb_img w=1152 h=1920 format=13 MDP_RGBA_8888
E/qdoverlay( 1520): src_rect mdp_rect x=0 y=0 w=1080 h=1920
E/qdoverlay( 1520): dst_rect mdp_rect x=0 y=0 w=1080 h=1920
E/qdhwcomposer( 1520): isValidDimension: layer handle is NULL
E/qdhwcomposer( 1520): isValidDimension: layer handle is NULL
E/qdoverlay( 1520): Bad ov dump: mdp_overlay z=0 fg=0 alpha=255 mask=-1 flags=0x220000 id=16
E/qdoverlay( 1520): src msmfb_img w=1152 h=1920 format=13 MDP_RGBA_8888
E/qdoverlay( 1520): src_rect mdp_rect x=0 y=0 w=1080 h=1920
E/qdoverlay( 1520): dst_rect mdp_rect x=0 y=0 w=1080 h=1920
V/WLAN_PSA( 673): NL MSG, len[4091], NL type[0x1C] WNI type[0x5900] len[58127]
V/WLAN_PSA( 673): NL MSG, PID: 673
E/qdhwcomposer( 1520): isValidDimension: layer handle is NULL
E/qdhwcomposer( 1520): isValidDimension: layer handle is NULL
E/qdoverlay( 1520): Bad ov dump: mdp_overlay z=0 fg=0 alpha=255 mask=-1 flags=0x220000 id=16
E/qdoverlay( 1520): src msmfb_img w=1152 h=1920 format=13 MDP_RGBA_8888
E/qdoverlay( 1520): src_rect mdp_rect x=0 y=0 w=1080 h=1920
E/qdoverlay( 1520): dst_rect mdp_rect x=0 y=0 w=1080 h=1920
E/qdhwcomposer( 1520): isValidDimension: layer handle is NULL
E/qdhwcomposer( 1520): isValidDimension: layer handle is NULL
E/qdoverlay( 1520): Bad ov dump: mdp_overlay z=0 fg=0 alpha=255 mask=-1 flags=0x220000 id=16
E/qdoverlay( 1520): src msmfb_img w=1152 h=1920 format=13 MDP_RGBA_8888
E/qdoverlay( 1520): src_rect mdp_rect x=0 y=0 w=1080 h=1920
E/qdoverlay( 1520): dst_rect mdp_rect x=0 y=0 w=1080 h=1920
E/qdhwcomposer( 1520): isValidDimension: layer handle is NULL
E/qdhwcomposer( 1520): isValidDimension: layer handle is NULL
E/qdoverlay( 1520): Bad ov dump: mdp_overlay z=0 fg=0 alpha=255 mask=-1 flags=0x220000 id=16
E/qdoverlay( 1520): src msmfb_img w=1152 h=1920 format=13 MDP_RGBA_8888
E/qdoverlay( 1520): src_rect mdp_rect x=0 y=0 w=1080 h=1920
E/qdoverlay( 1520): dst_rect mdp_rect x=0 y=0 w=1080 h=1920
E/qdhwcomposer( 1520): isValidDimension: layer handle is NULL
E/qdhwcomposer( 1520): isValidDimension: layer handle is NULL
E/qdoverlay( 1520): Bad ov dump: mdp_overlay z=0 fg=0 alpha=255 mask=-1 flags=0x220000 id=16
E/qdoverlay( 1520): src msmfb_img w=1152 h=1920 format=13 MDP_RGBA_8888
E/qdoverlay( 1520): src_rect mdp_rect x=0 y=0 w=1080 h=1920
E/qdoverlay( 1520): dst_rect mdp_rect x=0 y=0 w=1080 h=1920
E/qdhwcomposer( 1520): isValidDimension: layer handle is NULL
E/qdhwcomposer( 1520): isValidDimension: layer handle is NULL
E/qdoverlay( 1520): Bad ov dump: mdp_overlay z=0 fg=0 alpha=255 mask=-1 flags=0x220000 id=16
E/qdoverlay( 1520): src msmfb_img w=1152 h=1920 format=13 MDP_RGBA_8888
E/qdoverlay( 1520): src_rect mdp_rect x=0 y=0 w=1080 h=1920
E/qdoverlay( 1520): dst_rect mdp_rect x=0 y=0 w=1080 h=1920
E/qdhwcomposer( 1520): isValidDimension: layer handle is NULL
E/qdhwcomposer( 1520): isValidDimension: layer handle is NULL
E/qdoverlay( 1520): Bad ov dump: mdp_overlay z=0 fg=0 alpha=255 mask=-1 flags=0x220000 id=16
E/qdoverlay( 1520): src msmfb_img w=1152 h=1920 format=13 MDP_RGBA_8888
E/qdoverlay( 1520): src_rect mdp_rect x=0 y=0 w=1080 h=1920
E/qdoverlay( 1520): dst_rect mdp_rect x=0 y=0 w=1080 h=1920
E/qdhwcomposer( 1520): isValidDimension: layer handle is NULL
E/qdhwcomposer( 1520): isValidDimension: layer handle is NULL
E/qdoverlay( 1520): Bad ov dump: mdp_overlay z=0 fg=0 alpha=255 mask=-1 flags=0x220000 id=16
E/qdoverlay( 1520): src msmfb_img w=1152 h=1920 format=13 MDP_RGBA_8888
E/qdoverlay( 1520): src_rect mdp_rect x=0 y=0 w=1080 h=1920
E/qdoverlay( 1520): dst_rect mdp_rect x=0 y=0 w=1080 h=1920
E/qdhwcomposer( 1520): isValidDimension: layer handle is NULL
E/qdhwcomposer( 1520): isValidDimension: layer handle is NULL
E/qdoverlay( 1520): Bad ov dump: mdp_overlay z=0 fg=0 alpha=255 mask=-1 flags=0x220000 id=16
E/qdoverlay( 1520): src msmfb_img w=1152 h=1920 format=13 MDP_RGBA_8888
E/qdoverlay( 1520): src_rect mdp_rect x=0 y=0 w=1080 h=1920
E/qdoverlay( 1520): dst_rect mdp_rect x=0 y=0 w=1080 h=1920
E/qdhwcomposer( 1520): isValidDimension: layer handle is NULL
E/qdhwcomposer( 1520): isValidDimension: layer handle is NULL
E/qdoverlay( 1520): Bad ov dump: mdp_overlay z=0 fg=0 alpha=255 mask=-1 flags=0x220000 id=16
E/qdoverlay( 1520): src msmfb_img w=1152 h=1920 format=13 MDP_RGBA_8888
E/qdoverlay( 1520): src_rect mdp_rect x=0 y=0 w=1080 h=1920
E/qdoverlay( 1520): dst_rect mdp_rect x=0 y=0 w=1080 h=1920
E/qdhwcomposer( 1520): isValidDimension: layer handle is NULL
E/qdhwcomposer( 1520): isValidDimension: layer handle is NULL
E/qdoverlay( 1520): Bad ov dump: mdp_overlay z=0 fg=0 alpha=255 mask=-1 flags=0x220000 id=16
E/qdoverlay( 1520): src msmfb_img w=1152 h=1920 format=13 MDP_RGBA_8888
E/qdoverlay( 1520): src_rect mdp_rect x=0 y=0 w=1080 h=1920
E/qdoverlay( 1520): dst_rect mdp_rect x=0 y=0 w=1080 h=1920
E/qdhwcomposer( 1520): isValidDimension: layer handle is NULL
E/qdhwcomposer( 1520): isValidDimension: layer handle is NULL
E/qdoverlay( 1520): Bad ov dump: mdp_overlay z=0 fg=0 alpha=255 mask=-1 flags=0x220000 id=16
E/qdoverlay( 1520): src msmfb_img w=1152 h=1920 format=13 MDP_RGBA_8888
E/qdoverlay( 1520): src_rect mdp_rect x=0 y=0 w=1080 h=1920
E/qdoverlay( 1520): dst_rect mdp_rect x=0 y=0 w=1080 h=1920
E/qdhwcomposer( 1520): isValidDimension: layer handle is NULL
E/qdhwcomposer( 1520): isValidDimension: layer handle is NULL
E/qdoverlay( 1520): Bad ov dump: mdp_overlay z=0 fg=0 alpha=255 mask=-1 flags=0x220000 id=16
E/qdoverlay( 1520): src msmfb_img w=1152 h=1920 format=13 MDP_RGBA_8888
E/qdoverlay( 1520): src_rect mdp_rect x=0 y=0 w=1080 h=1920
E/qdoverlay( 1520): dst_rect mdp_rect x=0 y=0 w=1080 h=1920
E/qdhwcomposer( 1520): isValidDimension: layer handle is NULL
E/qdhwcomposer( 1520): isValidDimension: layer handle is NULL
E/qdoverlay( 1520): Bad ov dump: mdp_overlay z=0 fg=0 alpha=255 mask=-1 flags=0x220000 id=16
E/qdoverlay( 1520): src msmfb_img w=1152 h=1920 format=13 MDP_RGBA_8888
E/qdoverlay( 1520): src_rect mdp_rect x=0 y=0 w=1080 h=1920
E/qdoverlay( 1520): dst_rect mdp_rect x=0 y=0 w=1080 h=1920
E/qdhwcomposer( 1520): isValidDimension: layer handle is NULL
E/qdhwcomposer( 1520): isValidDimension: layer handle is NULL
E/qdoverlay( 1520): Bad ov dump: mdp_overlay z=0 fg=0 alpha=255 mask=-1 flags=0x220000 id=16
E/qdoverlay( 1520): src msmfb_img w=1152 h=1920 format=13 MDP_RGBA_8888
E/qdoverlay( 1520): src_rect mdp_rect x=0 y=0 w=1080 h=1920
E/qdoverlay( 1520): dst_rect mdp_rect x=0 y=0 w=1080 h=1920
E/qdhwcomposer( 1520): isValidDimension: layer handle is NULL
E/qdhwcomposer( 1520): isValidDimension: layer handle is NULL
E/qdoverlay( 1520): Bad ov dump: mdp_overlay z=0 fg=0 alpha=255 mask=-1 flags=0x220000 id=16
E/qdoverlay( 1520): src msmfb_img w=1152 h=1920 format=13 MDP_RGBA_8888
E/qdoverlay( 1520): src_rect mdp_rect x=0 y=0 w=1080 h=1920
E/qdoverlay( 1520): dst_rect mdp_rect x=0 y=0 w=1080 h=1920
E/qdhwcomposer( 1520): isValidDimension: layer handle is NULL
E/qdhwcomposer( 1520): isValidDimension: layer handle is NULL
E/qdoverlay( 1520): Bad ov dump: mdp_overlay z=0 fg=0 alpha=255 mask=-1 flags=0x220000 id=16
E/qdoverlay( 1520): src msmfb_img w=1152 h=1920 format=13 MDP_RGBA_8888
E/qdoverlay( 1520): src_rect mdp_rect x=0 y=0 w=1080 h=1920
E/qdoverlay( 1520): dst_rect mdp_rect x=0 y=0 w=1080 h=1920
E/qdhwcomposer( 1520): isValidDimension: layer handle is NULL
E/qdhwcomposer( 1520): isValidDimension: layer handle is NULL
E/qdoverlay( 1520): Bad ov dump: mdp_overlay z=0 fg=0 alpha=255 mask=-1 flags=0x220000 id=16
E/qdoverlay( 1520): src msmfb_img w=1152 h=1920 format=13 MDP_RGBA_8888
E/qdoverlay( 1520): src_rect mdp_rect x=0 y=0 w=1080 h=1920
E/qdoverlay( 1520): dst_rect mdp_rect x=0 y=0 w=1080 h=1920
E/qdhwcomposer( 1520): isValidDimension: layer handle is NULL
E/qdhwcomposer( 1520): isValidDimension: layer handle is NULL
E/qdoverlay( 1520): Bad ov dump: mdp_overlay z=0 fg=0 alpha=255 mask=-1 flags=0x220000 id=16
E/qdoverlay( 1520): src msmfb_img w=1152 h=1920 format=13 MDP_RGBA_8888
E/qdoverlay( 1520): src_rect mdp_rect x=0 y=0 w=1080 h=1920
E/qdoverlay( 1520): dst_rect mdp_rect x=0 y=0 w=1080 h=1920
E/qdhwcomposer( 1520): isValidDimension: layer handle is NULL
E/qdhwcomposer( 1520): isValidDimension: layer handle is NULL
E/qdoverlay( 1520): Bad ov dump: mdp_overlay z=0 fg=0 alpha=255 mask=-1 flags=0x220000 id=16
E/qdoverlay( 1520): src msmfb_img w=1152 h=1920 format=13 MDP_RGBA_8888
E/qdoverlay( 1520): src_rect mdp_rect x=0 y=0 w=1080 h=1920
E/qdoverlay( 1520): dst_rect mdp_rect x=0 y=0 w=1080 h=1920
E/qdhwcomposer( 1520): isValidDimension: layer handle is NULL
E/qdhwcomposer( 1520): isValidDimension: layer handle is NULL
E/qdoverlay( 1520): Bad ov dump: mdp_overlay z=0 fg=0 alpha=255 mask=-1 flags=0x220000 id=16
E/qdoverlay( 1520): src msmfb_img w=1152 h=1920 format=13 MDP_RGBA_8888
E/qdoverlay( 1520): src_rect mdp_rect x=0 y=0 w=1080 h=1920
E/qdoverlay( 1520): dst_rect mdp_rect x=0 y=0 w=1080 h=1920
E/qdhwcomposer( 1520): isValidDimension: layer handle is NULL
E/qdhwcomposer( 1520): isValidDimension: layer handle is NULL
E/qdoverlay( 1520): Bad ov dump: mdp_overlay z=0 fg=0 alpha=255 mask=-1 flags=0x220000 id=16
E/qdoverlay( 1520): src msmfb_img w=1152 h=1920 format=13 MDP_RGBA_8888
E/qdoverlay( 1520): src_rect mdp_rect x=0 y=0 w=1080 h=1920
E/qdoverlay( 1520): dst_rect mdp_rect x=0 y=0 w=1080 h=1920
E/qdhwcomposer( 1520): isValidDimension: layer handle is NULL
E/qdhwcomposer( 1520): isValidDimension: layer handle is NULL
E/qdoverlay( 1520): Bad ov dump: mdp_overlay z=0 fg=0 alpha=255 mask=-1 flags=0x220000 id=16
E/qdoverlay( 1520): src msmfb_img w=1152 h=1920 format=13 MDP_RGBA_8888
E/qdoverlay( 1520): src_rect mdp_rect x=0 y=0 w=1080 h=1920
E/qdoverlay( 1520): dst_rect mdp_rect x=0 y=0 w=1080 h=1920
E/qdhwcomposer( 1520): isValidDimension: layer handle is NULL
E/qdhwcomposer( 1520): isValidDimension: layer handle is NULL
E/qdoverlay( 1520): Bad ov dump: mdp_overlay z=0 fg=0 alpha=255 mask=-1 flags=0x220000 id=16
E/qdoverlay( 1520): src msmfb_img w=1152 h=1920 format=13 MDP_RGBA_8888
E/qdoverlay( 1520): src_rect mdp_rect x=0 y=0 w=1080 h=1920
E/qdoverlay( 1520): dst_rect mdp_rect x=0 y=0 w=1080 h=1920
E/qdhwcomposer( 1520): isValidDimension: layer handle is NULL
