F/SystemServer(17312): at com.android.server.SystemServer.startOtherServices(SystemServer.java:1134)
F/SystemServer(17312): at com.android.server.SystemServer.run(SystemServer.java:265)
F/SystemServer(17312): at com.android.server.SystemServer.main(SystemServer.java:179)
F/SystemServer(17312): at java.lang.reflect.Method.invoke(Native Method)
F/SystemServer(17312): at java.lang.reflect.Method.invoke(Method.java:372)
F/SystemServer(17312): at com.android.internal.os.ZygoteInit$MethodAndArgsCaller.run(ZygoteInit.java:904)
F/SystemServer(17312): at com.android.internal.os.ZygoteInit.main(ZygoteInit.java:699)
I/SystemServiceManager(17312): Starting phase 600
I/BackupManagerService(17312): Backup enabled => false
I/BackupManagerService(17312): Opting out of backup
E/InputMethodManagerService(17312): Ignoring setImeWindowStatus due to an invalid token. uid:1000 token:null
E/libprocessgroup(19248): failed to open /acct/uid_10039/pid_19248/cgroup.procs: No such file or directory
I/ActivityManager(17312): Start proc 19248:com.android.inputmethod.latin/u0a39 for service com.android.inputmethod.latin/.LatinIME
V/InputMethodManagerService(17312): Adding window token: android.os.Binder@1347f983
E/NetlinkListener(17221): recvmsg failed (I/O error)
E/NetlinkListener( 741): recvmsg failed (I/O error)
W/LocationManagerService(17312): no network location provider found
E/LocationManagerService(17312): no fused location provider found
E/LocationManagerService(17312): java.lang.IllegalStateException: Location service needs a fused location provider
E/LocationManagerService(17312): at com.android.server.LocationManagerService.loadProvidersLocked(LocationManagerService.java:504)
E/LocationManagerService(17312): at com.android.server.LocationManagerService.systemRunning(LocationManagerService.java:295)
E/LocationManagerService(17312): at com.android.server.SystemServer$2.run(SystemServer.java:1208)
E/LocationManagerService(17312): at com.android.server.am.ActivityManagerService.systemReady(ActivityManagerService.java:11334)
E/LocationManagerService(17312): at com.android.server.SystemServer.startOtherServices(SystemServer.java:1134)
E/LocationManagerService(17312): at com.android.server.SystemServer.run(SystemServer.java:265)
E/LocationManagerService(17312): at com.android.server.SystemServer.main(SystemServer.java:179)
E/LocationManagerService(17312): at java.lang.reflect.Method.invoke(Native Method)
E/LocationManagerService(17312): at java.lang.reflect.Method.invoke(Method.java:372)
E/LocationManagerService(17312): at com.android.internal.os.ZygoteInit$MethodAndArgsCaller.run(ZygoteInit.java:904)
E/LocationManagerService(17312): at com.android.internal.os.ZygoteInit.main(ZygoteInit.java:699)
E/LocationManagerService(17312): no geocoder provider found
E/LocationManagerService(17312): FLP HAL not supported
E/LocationManagerService(17312): Unable to bind FLP Geofence proxy.
E/LocationManagerService(17312): Unable to bind ActivityRecognitionProxy.
I/MmsServiceBroker(17312): systemRunning
W/VoiceInteractionManagerService(17312): no available voice interaction services found for user 0
W/VoiceInteractionManagerService(17312): no available voice recognition services found for user 0
E/libprocessgroup(19309): failed to open /acct/uid_1000/pid_19309/cgroup.procs: No such file or directory
I/ActivityManager(17312): Start proc 19309:com.android.server.telecom/1000 for added application com.android.server.telecom
E/NetlinkListener(17221): recvmsg failed (I/O error)
E/NetlinkListener( 741): recvmsg failed (I/O error)
E/NetlinkListener( 741): recvmsg failed (I/O error)
E/NetlinkListener(17221): recvmsg failed (I/O error)
E/NetlinkListener(17221): recvmsg failed (I/O error)
E/NetlinkListener( 741): recvmsg failed (I/O error)
E/NetlinkListener(17221): recvmsg failed (I/O error)
E/NetlinkListener( 741): recvmsg failed (I/O error)
E/NetlinkListener(17221): recvmsg failed (I/O error)
E/NetlinkListener( 741): recvmsg failed (I/O error)
E/libprocessgroup(19332): failed to open /acct/uid_1001/pid_19332/cgroup.procs: No such file or directory
E/NetlinkListener(17221): recvmsg failed (I/O error)
E/NetlinkListener( 741): recvmsg failed (I/O error)
E/NetlinkListener(17221): recvmsg failed (I/O error)
E/NetlinkListener( 741): recvmsg failed (I/O error)
I/ActivityManager(17312): Start proc 19332:com.android.phone/1001 for added application com.android.phone
E/NetlinkListener(17221): recvmsg failed (I/O error)
E/NetlinkListener( 741): recvmsg failed (I/O error)
I/ActivityManager(17312): START u0 {act=android.intent.action.MAIN cat=[android.intent.category.HOME] flg=0x10000000 cmp=com.fairphone.setupwizard/.ui.SetupWizardActivity} from uid 0 on display 0
V/WindowManager(17312): addAppToken: AppWindowToken{1c9990a2 token=Token{1de46c6d ActivityRecord{27e37c84 u0 com.fairphone.setupwizard/.ui.SetupWizardActivity t1}}} to stack=0 task=1 at 0
E/libprocessgroup(19352): failed to open /acct/uid_1000/pid_19352/cgroup.procs: No such file or directory
I/ActivityManager(17312): Start proc 19352:com.fairphone.setupwizard/1000 for activity com.fairphone.setupwizard/.ui.SetupWizardActivity
I/SystemServer(17312): Enabled StrictMode for system server main thread.
V/ActivityManager(17312): Display changed displayId=0
V/ActivityManager(17312): Display changed displayId=0
V/ActivityManager(17312): Display changed displayId=0
W/WindowStateAnimator(17312): OutOfResourcesException creating surface
I/WindowManager(17312): Out of memory for surface! Looking for leaks...
W/WindowManager(17312): No leaked surfaces; killing applicatons!
W/WindowManager(17312): Due to memory failure, waiting a bit for next layout
V/FingerprintService(17312): startListening(android.service.fingerprint.IFingerprintServiceReceiver$Stub$Proxy@21dc5a08)
W/AlarmManager(17312): Not setting time since no alarm driver is available.
F/WindowAnimator(17312): Unhandled exception in Window Manager
F/WindowAnimator(17312): java.lang.NullPointerException: Attempt to invoke virtual method 'void android.view.SurfaceControl.setLayer(int)' on a null object reference
F/WindowAnimator(17312): at com.android.server.wm.FocusedStackFrame.setLayer(FocusedStackFrame.java:140)
F/WindowAnimator(17312): at com.android.server.wm.WindowManagerService.setFocusedStackLayer(WindowManagerService.java:3985)
F/WindowAnimator(17312): at com.android.server.wm.WindowAnimator.animateLocked(WindowAnimator.java:708)
F/WindowAnimator(17312): at com.android.server.wm.WindowAnimator.access$000(WindowAnimator.java:54)
F/WindowAnimator(17312): at com.android.server.wm.WindowAnimator$1.run(WindowAnimator.java:126)
F/WindowAnimator(17312): at android.view.Choreographer$CallbackRecord.run(Choreographer.java:767)
F/WindowAnimator(17312): at android.view.Choreographer.doCallbacks(Choreographer.java:580)
F/WindowAnimator(17312): at android.view.Choreographer.doFrame(Choreographer.java:549)
F/WindowAnimator(17312): at android.view.Choreographer$FrameDisplayEventReceiver.run(Choreographer.java:753)
F/WindowAnimator(17312): at android.os.Handler.handleCallback(Handler.java:739)
F/WindowAnimator(17312): at android.os.Handler.dispatchMessage(Handler.java:95)
F/WindowAnimator(17312): at android.os.Looper.loop(Looper.java:135)
F/WindowAnimator(17312): at android.os.HandlerThread.run(HandlerThread.java:61)
F/WindowAnimator(17312): at com.android.server.ServiceThread.run(ServiceThread.java:46)
F/WindowManager(17312): Unhandled exception in Window Manager
F/WindowManager(17312): java.lang.IllegalArgumentException: displayToken must not be null
F/WindowManager(17312): at android.view.SurfaceControl.setDisplayProjection(SurfaceControl.java:573)
F/WindowManager(17312): at com.android.server.display.DisplayDevice.setProjectionInTransactionLocked(DisplayDevice.java:173)
F/WindowManager(17312): at com.android.server.display.LogicalDisplay.configureDisplayInTransactionLocked(LogicalDisplay.java:316)
F/WindowManager(17312): at com.android.server.display.DisplayManagerService.configureDisplayInTransactionLocked(DisplayManagerService.java:884)
F/WindowManager(17312): at com.android.server.display.DisplayManagerService.performTraversalInTransactionLocked(DisplayManagerService.java:806)
F/WindowManager(17312): at com.android.server.display.DisplayManagerService.performTraversalInTransactionFromWindowManagerInternal(DisplayManagerService.java:317)
F/WindowManager(17312): at com.android.server.display.DisplayManagerService.access$4200(DisplayManagerService.java:112)
F/WindowManager(17312): at com.android.server.display.DisplayManagerService$LocalService.performTraversalInTransactionFromWindowManager(DisplayManagerService.java:1539)
F/WindowManager(17312): at com.android.server.wm.WindowManagerService.performLayoutAndPlaceSurfacesLockedInner(WindowManagerService.java:9960)
F/WindowManager(17312): at com.android.server.wm.WindowManagerService.performLayoutAndPlaceSurfacesLockedLoop(WindowManagerService.java:8828)
F/WindowManager(17312): at com.android.server.wm.WindowManagerService.performLayoutAndPlaceSurfacesLocked(WindowManagerService.java:8770)
F/WindowManager(17312): at com.android.server.wm.WindowManagerService.access$400(WindowManagerService.java:163)
F/WindowManager(17312): at com.android.server.wm.WindowManagerService$H.handleMessage(WindowManagerService.java:7736)
F/WindowManager(17312): at android.os.Handler.dispatchMessage(Handler.java:102)
F/WindowManager(17312): at android.os.Looper.loop(Looper.java:135)
F/WindowManager(17312): at android.os.HandlerThread.run(HandlerThread.java:61)
F/WindowManager(17312): at com.android.server.ServiceThread.run(ServiceThread.java:46)
W/InputMethodManagerService(17312): Focus gain on non-focused client android.view.inputmethod.InputMethodManager$1@180808b4 (uid=1000 pid=17312)
V/ActivityManager(17312): Display added displayId=1
D/Telecom (17312): TelecomService: onCreate
I/Telecom (17312): TelecomGlobals: TelecomGlobals initializing
F/WindowAnimator(17312): Unhandled exception in Window Manager
F/WindowAnimator(17312): java.lang.NullPointerException: Attempt to invoke virtual method 'void android.view.SurfaceControl.setLayer(int)' on a null object reference
F/WindowAnimator(17312): at com.android.server.wm.FocusedStackFrame.setLayer(FocusedStackFrame.java:140)
F/WindowAnimator(17312): at com.android.server.wm.WindowManagerService.setFocusedStackLayer(WindowManagerService.java:3985)
F/WindowAnimator(17312): at com.android.server.wm.WindowAnimator.animateLocked(WindowAnimator.java:708)
F/WindowAnimator(17312): at com.android.server.wm.WindowAnimator.access$000(WindowAnimator.java:54)
F/WindowAnimator(17312): at com.android.server.wm.WindowAnimator$1.run(WindowAnimator.java:126)
F/WindowAnimator(17312): at android.view.Choreographer$CallbackRecord.run(Choreographer.java:767)
F/WindowAnimator(17312): at android.view.Choreographer.doCallbacks(Choreographer.java:580)
F/WindowAnimator(17312): at android.view.Choreographer.doFrame(Choreographer.java:549)
F/WindowAnimator(17312): at android.view.Choreographer$FrameDisplayEventReceiver.run(Choreographer.java:753)
F/WindowAnimator(17312): at android.os.Handler.handleCallback(Handler.java:739)
F/WindowAnimator(17312): at android.os.Handler.dispatchMessage(Handler.java:95)
F/WindowAnimator(17312): at android.os.Looper.loop(Looper.java:135)
F/WindowAnimator(17312): at android.os.HandlerThread.run(HandlerThread.java:61)
F/WindowAnimator(17312): at com.android.server.ServiceThread.run(ServiceThread.java:46)
D/Telecom (17312): MissedCallNotifier: updateOnStartup()...
F/WindowAnimator(17312): Unhandled exception in Window Manager
F/WindowAnimator(17312): java.lang.NullPointerException: Attempt to invoke virtual method 'void android.view.SurfaceControl.setLayer(int)' on a null object reference
F/WindowAnimator(17312): at com.android.server.wm.FocusedStackFrame.setLayer(FocusedStackFrame.java:140)
F/WindowAnimator(17312): at com.android.server.wm.WindowManagerService.setFocusedStackLayer(WindowManagerService.java:3985)
F/WindowAnimator(17312): at com.android.server.wm.WindowAnimator.animateLocked(WindowAnimator.java:708)
F/WindowAnimator(17312): at com.android.server.wm.WindowAnimator.access$000(WindowAnimator.java:54)
F/WindowAnimator(17312): at com.android.server.wm.WindowAnimator$1.run(WindowAnimator.java:126)
F/WindowAnimator(17312): at android.view.Choreographer$CallbackRecord.run(Choreographer.java:767)
F/WindowAnimator(17312): at android.view.Choreographer.doCallbacks(Choreographer.java:580)
F/WindowAnimator(17312): at android.view.Choreographer.doFrame(Choreographer.java:549)
F/WindowAnimator(17312): at android.view.Choreographer$FrameDisplayEventReceiver.run(Choreographer.java:753)
F/WindowAnimator(17312): at android.os.Handler.handleCallback(Handler.java:739)
F/WindowAnimator(17312): at android.os.Handler.dispatchMessage(Handler.java:95)
F/WindowAnimator(17312): at android.os.Looper.loop(Looper.java:135)
F/WindowAnimator(17312): at android.os.HandlerThread.run(HandlerThread.java:61)
F/WindowAnimator(17312): at com.android.server.ServiceThread.run(ServiceThread.java:46)
E/libprocessgroup(19452): failed to open /acct/uid_10004/pid_19452/cgroup.procs: No such file or directory
I/ActivityManager(17312): Start proc 19452:android.process.acore/u0a4 for content provider com.android.providers.contacts/.CallLogProvider
D/Telecom (17312): ProximitySensorManager: onCreate: mProximityWakeLock:
I/Telecom (17312): TelecomGlobals: CallsManager initialized
D/Telecom (17312): TelecomService: onBind
D/ZenLog (17312): downtime: Autotrigger skipped: not in downtime
V/WiredAccessoryManager(17312): notifyWiredAccessoryChanged: when=0 bits= mask=54
V/WiredAccessoryManager(17312): newName=h2w newState=0 headsetState=0 prev headsetState=0
V/WiredAccessoryManager(17312): init()
W/ContextImpl(19352): Calling a method in the system process without a qualified user: android.app.ContextImpl.bindService:1759 android.content.ContextWrapper.bindService:539 android.speech.tts.TextToSpeech.connectToEngine:800 android.speech.tts.TextToSpeech.initTts:770 android.speech.tts.TextToSpeech.:723
W/ResourcesManager(17312): Asset path '/system/framework/com.google.android.media.effects.jar' does not exist or contains no resources.
W/AppWidgetServiceImpl(17312): Failed to read state: java.io.FileNotFoundException: /data/system/users/0/appwidgets.xml: open failed: ENOENT (No such file or directory)
V/AppWidgetServiceImpl(17312): Upgrading widget database from 0 to 1
E/AndroidRuntime(17312): *** FATAL EXCEPTION IN SYSTEM PROCESS: main
E/AndroidRuntime(17312): java.lang.RuntimeException: Error receiving broadcast Intent { act=android.intent.action.USER_SWITCHED flg=0x50000010 (has extras) } in com.android.server.accessibility.AccessibilityManagerService$2@186abf53
E/AndroidRuntime(17312): at android.app.LoadedApk$ReceiverDispatcher$Args.run(LoadedApk.java:876)
E/AndroidRuntime(17312): at android.os.Handler.handleCallback(Handler.java:739)
E/AndroidRuntime(17312): at android.os.Handler.dispatchMessage(Handler.java:95)
E/AndroidRuntime(17312): at android.os.Looper.loop(Looper.java:135)
E/AndroidRuntime(17312): at com.android.server.SystemServer.run(SystemServer.java:278)
E/AndroidRuntime(17312): at com.android.server.SystemServer.main(SystemServer.java:179)
E/AndroidRuntime(17312): at java.lang.reflect.Method.invoke(Native Method)
E/AndroidRuntime(17312): at java.lang.reflect.Method.invoke(Method.java:372)
E/AndroidRuntime(17312): at com.android.internal.os.ZygoteInit$MethodAndArgsCaller.run(ZygoteInit.java:904)
E/AndroidRuntime(17312): at com.android.internal.os.ZygoteInit.main(ZygoteInit.java:699)
E/AndroidRuntime(17312): Caused by: java.lang.SecurityException
E/AndroidRuntime(17312): at android.os.BinderProxy.transactNative(Native Method)
E/AndroidRuntime(17312): at android.os.BinderProxy.transact(Binder.java:496)
E/AndroidRuntime(17312): at com.android.server.accessibility.DisplayAdjustmentUtils.setDaltonizerMode(DisplayAdjustmentUtils.java:129)
E/AndroidRuntime(17312): at com.android.server.accessibility.DisplayAdjustmentUtils.applyAdjustments(DisplayAdjustmentUtils.java:101)
E/AndroidRuntime(17312): at com.android.server.accessibility.AccessibilityManagerService.updateDisplayColorAdjustmentSettingsLocked(AccessibilityManagerService.java:1604)
E/AndroidRuntime(17312): at com.android.server.accessibility.AccessibilityManagerService.onUserStateChangedLocked(AccessibilityManagerService.java:1330)
E/AndroidRuntime(17312): at com.android.server.accessibility.AccessibilityManagerService.switchUser(AccessibilityManagerService.java:844)
E/AndroidRuntime(17312): at com.android.server.accessibility.AccessibilityManagerService.access$800(AccessibilityManagerService.java:119)
E/AndroidRuntime(17312): at com.android.server.accessibility.AccessibilityManagerService$2.onReceive(AccessibilityManagerService.java:361)
E/AndroidRuntime(17312): at android.app.LoadedApk$ReceiverDispatcher$Args.run(LoadedApk.java:866)
E/AndroidRuntime(17312): ... 9 more
E/libprocessgroup(19517): failed to open /acct/uid_10049/pid_19517/cgroup.procs: No such file or directory
I/ActivityManager(17312): Start proc 19517:com.svox.pico/u0a49 for service com.svox.pico/.PicoService
F/WindowAnimator(17312): Unhandled exception in Window Manager
F/WindowAnimator(17312): java.lang.NullPointerException: Attempt to invoke virtual method 'void android.view.SurfaceControl.setLayer(int)' on a null object reference
F/WindowAnimator(17312): at com.android.server.wm.FocusedStackFrame.setLayer(FocusedStackFrame.java:140)
F/WindowAnimator(17312): at com.android.server.wm.WindowManagerService.setFocusedStackLayer(WindowManagerService.java:3985)
F/WindowAnimator(17312): at com.android.server.wm.WindowAnimator.animateLocked(WindowAnimator.java:708)
F/WindowAnimator(17312): at com.android.server.wm.WindowAnimator.access$000(WindowAnimator.java:54)
F/WindowAnimator(17312): at com.android.server.wm.WindowAnimator$1.run(WindowAnimator.java:126)
F/WindowAnimator(17312): at android.view.Choreographer$CallbackRecord.run(Choreographer.java:767)
F/WindowAnimator(17312): at android.view.Choreographer.doCallbacks(Choreographer.java:580)
F/WindowAnimator(17312): at android.view.Choreographer.doFrame(Choreographer.java:549)
F/WindowAnimator(17312): at android.view.Choreographer$FrameDisplayEventReceiver.run(Choreographer.java:753)
F/WindowAnimator(17312): at android.os.Handler.handleCallback(Handler.java:739)
F/WindowAnimator(17312): at android.os.Handler.dispatchMessage(Handler.java:95)
F/WindowAnimator(17312): at android.os.Looper.loop(Looper.java:135)
F/WindowAnimator(17312): at android.os.HandlerThread.run(HandlerThread.java:61)
F/WindowAnimator(17312): at com.android.server.ServiceThread.run(ServiceThread.java:46)
E/ActivityThread(19248): Failed to find provider info for com.android.contacts
E/ActivityThread(19248): Failed to find provider info for com.android.contacts
E/ActivityThread(19248): Failed to find provider info for user_dictionary
E/ActivityThread(19248): Failed to find provider info for user_dictionary
W/ActivityThread(19452): Unable to get context for package com.android.providers.userdictionary while loading content provider com.android.providers.userdictionary.UserDictionaryProvider
E/AndroidRuntime(19248): FATAL EXCEPTION: main
E/AndroidRuntime(19248): Process: com.android.inputmethod.latin, PID: 19248
E/AndroidRuntime(19248): java.lang.RuntimeException: Unable to create service com.android.inputmethod.latin.LatinIME: java.lang.RuntimeException: android.os.DeadObjectException
E/AndroidRuntime(19248): at android.app.ActivityThread.handleCreateService(ActivityThread.java:2771)
E/AndroidRuntime(19248): at android.app.ActivityThread.access$1800(ActivityThread.java:151)
E/AndroidRuntime(19248): at android.app.ActivityThread$H.handleMessage(ActivityThread.java:1386)
E/AndroidRuntime(19248): at android.os.Handler.dispatchMessage(Handler.java:102)
E/AndroidRuntime(19248): at android.os.Looper.loop(Looper.java:135)
E/AndroidRuntime(19248): at android.app.ActivityThread.main(ActivityThread.java:5254)
E/AndroidRuntime(19248): at java.lang.reflect.Method.invoke(Native Method)
E/AndroidRuntime(19248): at java.lang.reflect.Method.invoke(Method.java:372)
E/AndroidRuntime(19248): at com.android.internal.os.ZygoteInit$MethodAndArgsCaller.run(ZygoteInit.java:904)
E/AndroidRuntime(19248): at com.android.internal.os.ZygoteInit.main(ZygoteInit.java:699)
E/AndroidRuntime(19248): Caused by: java.lang.RuntimeException: android.os.DeadObjectException
E/AndroidRuntime(19248): at android.view.inputmethod.InputMethodManager.getEnabledInputMethodList(InputMethodManager.java:661)
E/AndroidRuntime(19248): at com.android.inputmethod.latin.SubtypeSwitcher.isSystemLocaleSameAsLocaleOfAllEnabledSubtypesOfEnabledImes(SubtypeSwitcher.java:261)
E/AndroidRuntime(19248): at com.android.inputmethod.latin.LatinIME.refreshPersonalizationDictionarySession(LatinIME.java:598)
E/AndroidRuntime(19248): at com.android.inputmethod.latin.LatinIME.loadSettings(LatinIME.java:592)
E/AndroidRuntime(19248): at com.android.inputmethod.latin.LatinIME.onCreate(LatinIME.java:545)
E/AndroidRuntime(19248): at android.app.ActivityThread.handleCreateService(ActivityThread.java:2761)
E/AndroidRuntime(19248): ... 9 more
E/AndroidRuntime(19248): Caused by: android.os.DeadObjectException
E/AndroidRuntime(19248): at android.os.BinderProxy.transactNative(Native Method)
E/AndroidRuntime(19248): at android.os.BinderProxy.transact(Binder.java:496)
E/AndroidRuntime(19248): at com.android.internal.view.IInputMethodManager$Stub$Proxy.getEnabledInputMethodList(IInputMethodManager.java:503)
E/AndroidRuntime(19248): at android.view.inputmethod.InputMethodManager.getEnabledInputMethodList(InputMethodManager.java:659)
E/AndroidRuntime(19248): ... 14 more
E/AndroidRuntime(19248): Error reporting crash
E/AndroidRuntime(19248): android.os.DeadObjectException
E/AndroidRuntime(19248): at android.os.BinderProxy.transactNative(Native Method)
E/AndroidRuntime(19248): at android.os.BinderProxy.transact(Binder.java:496)
E/AndroidRuntime(19248): at android.app.ActivityManagerProxy.handleApplicationCrash(ActivityManagerNative.java:4207)
E/AndroidRuntime(19248): at com.android.internal.os.RuntimeInit$UncaughtHandler.uncaughtException(RuntimeInit.java:89)
E/AndroidRuntime(19248): at java.lang.ThreadGroup.uncaughtException(ThreadGroup.java:693)
E/AndroidRuntime(19248): at java.lang.ThreadGroup.uncaughtException(ThreadGroup.java:690)
E/AndroidRuntime(19332): FATAL EXCEPTION: main
E/AndroidRuntime(19332): Process: com.android.phone, PID: 19332
E/AndroidRuntime(19332): java.lang.RuntimeException: Unable to create application com.android.phone.PhoneApp: java.lang.NullPointerException: Attempt to invoke interface method 'void android.content.IContentService.registerContentObserver(android.net.Uri, boolean, android.database.IContentObserver, int)' on a null object reference
E/AndroidRuntime(19332): at android.app.ActivityThread.handleBindApplication(ActivityThread.java:4556)
E/AndroidRuntime(19332): at android.app.ActivityThread.access$1500(ActivityThread.java:151)
E/AndroidRuntime(19332): at android.app.ActivityThread$H.handleMessage(ActivityThread.java:1364)
E/AndroidRuntime(19332): at android.os.Handler.dispatchMessage(Handler.java:102)
E/AndroidRuntime(19332): at android.os.Looper.loop(Looper.java:135)
E/AndroidRuntime(19332): at android.app.ActivityThread.main(ActivityThread.java:5254)
E/AndroidRuntime(19332): at java.lang.reflect.Method.invoke(Native Method)
E/AndroidRuntime(19332): at java.lang.reflect.Method.invoke(Method.java:372)
E/AndroidRuntime(19332): at com.android.internal.os.ZygoteInit$MethodAndArgsCaller.run(ZygoteInit.java:904)
E/AndroidRuntime(19332): at com.android.internal.os.ZygoteInit.main(ZygoteInit.java:699)
E/AndroidRuntime(19332): Caused by: java.lang.NullPointerException: Attempt to invoke interface method 'void android.content.IContentService.registerContentObserver(android.net.Uri, boolean, android.database.IContentObserver, int)' on a null object reference
E/AndroidRuntime(19332): at android.content.ContentResolver.registerContentObserver(ContentResolver.java:1571)
E/AndroidRuntime(19332): at android.content.ContentResolver.registerContentObserver(ContentResolver.java:1563)
E/AndroidRuntime(19332): at com.android.internal.telephony.SmsUsageMonitor$SettingsObserverHandler.(SmsUsageMonitor.java:247)
E/AndroidRuntime(19332): at com.android.internal.telephony.SmsUsageMonitor.(SmsUsageMonitor.java:268)
E/AndroidRuntime(19332): at com.android.internal.telephony.PhoneBase.(PhoneBase.java:454)
E/AndroidRuntime(19332): at com.android.internal.telephony.gsm.GSMPhone.(GSMPhone.java:189)
E/AndroidRuntime(19332): at com.android.internal.telephony.gsm.GSMPhone.(GSMPhone.java:183)
E/AndroidRuntime(19332): at com.android.internal.telephony.PhoneFactory.makeDefaultPhone(PhoneFactory.java:183)
E/AndroidRuntime(19332): at com.android.internal.telephony.PhoneFactory.makeDefaultPhones(PhoneFactory.java:80)
E/AndroidRuntime(19332): at com.android.phone.PhoneGlobals.onCreate(PhoneGlobals.java:338)
E/AndroidRuntime(19332): at com.android.phone.PhoneApp.onCreate(PhoneApp.java:41)
E/AndroidRuntime(19332): at android.app.Instrumentation.callApplicationOnCreate(Instrumentation.java:1012)
E/AndroidRuntime(19332): at android.app.ActivityThread.handleBindApplication(ActivityThread.java:4553)
E/AndroidRuntime(19332): ... 9 more
E/AndroidRuntime(19332): Error reporting crash
E/AndroidRuntime(19332): android.os.DeadObjectException
E/AndroidRuntime(19332): at android.os.BinderProxy.transactNative(Native Method)
E/AndroidRuntime(19332): at android.os.BinderProxy.transact(Binder.java:496)
E/AndroidRuntime(19332): at android.app.ActivityManagerProxy.handleApplicationCrash(ActivityManagerNative.java:4207)
E/AndroidRuntime(19332): at com.android.internal.os.RuntimeInit$UncaughtHandler.uncaughtException(RuntimeInit.java:89)
E/AndroidRuntime(19332): at java.lang.ThreadGroup.uncaughtException(ThreadGroup.java:693)
E/AndroidRuntime(19332): at java.lang.ThreadGroup.uncaughtException(ThreadGroup.java:690)
E/AndroidRuntime(19226): FATAL EXCEPTION: main
E/AndroidRuntime(19226): Process: com.android.systemui, PID: 19226
E/AndroidRuntime(19226): java.lang.RuntimeException: Unable to create service com.android.systemui.SystemUIService: java.lang.NullPointerException: Attempt to read from field 'float android.view.DisplayInfo.refreshRate' on a null object reference
E/AndroidRuntime(19226): at android.app.ActivityThread.handleCreateService(ActivityThread.java:2771)
E/AndroidRuntime(19226): at android.app.ActivityThread.access$1800(ActivityThread.java:151)
E/AndroidRuntime(19226): at android.app.ActivityThread$H.handleMessage(ActivityThread.java:1386)
E/AndroidRuntime(19226): at android.os.Handler.dispatchMessage(Handler.java:102)
E/AndroidRuntime(19226): at android.os.Looper.loop(Looper.java:135)
E/AndroidRuntime(19226): at android.app.ActivityThread.main(ActivityThread.java:5254)
E/AndroidRuntime(19226): at java.lang.reflect.Method.invoke(Native Method)
E/AndroidRuntime(19226): at java.lang.reflect.Method.invoke(Method.java:372)
E/AndroidRuntime(19226): at com.android.internal.os.ZygoteInit$MethodAndArgsCaller.run(ZygoteInit.java:904)
E/AndroidRuntime(19226): at com.android.internal.os.ZygoteInit.main(ZygoteInit.java:699)
E/AndroidRuntime(19226): Caused by: java.lang.NullPointerException: Attempt to read from field 'float android.view.DisplayInfo.refreshRate' on a null object reference
E/AndroidRuntime(19226): at android.view.Choreographer.getRefreshRate(Choreographer.java:181)
E/AndroidRuntime(19226): at android.view.Choreographer.(Choreographer.java:170)
E/AndroidRuntime(19226): at android.view.Choreographer.(Choreographer.java:72)
E/AndroidRuntime(19226): at android.view.Choreographer$1.initialValue(Choreographer.java:98)
E/AndroidRuntime(19226): at android.view.Choreographer$1.initialValue(Choreographer.java:91)
E/AndroidRuntime(19226): at java.lang.ThreadLocal$Values.getAfterMiss(ThreadLocal.java:430)
E/AndroidRuntime(19226): at java.lang.ThreadLocal.get(ThreadLocal.java:65)
E/AndroidRuntime(19226): at android.view.Choreographer.getInstance(Choreographer.java:192)
E/AndroidRuntime(19226): at android.animation.ValueAnimator$AnimationHandler.(ValueAnimator.java:656)
E/AndroidRuntime(19226): at android.animation.ValueAnimator$AnimationHandler.(ValueAnimator.java:631)
E/AndroidRuntime(19226): at android.animation.ValueAnimator.getOrCreateAnimationHandler(ValueAnimator.java:1453)
E/AndroidRuntime(19226): at android.animation.ValueAnimator.start(ValueAnimator.java:1034)
E/AndroidRuntime(19226): at android.animation.ValueAnimator.start(ValueAnimator.java:1050)
E/AndroidRuntime(19226): at android.animation.ObjectAnimator.start(ObjectAnimator.java:829)
E/AndroidRuntime(19226): at android.animation.AnimatorSet.start(AnimatorSet.java:585)
E/AndroidRuntime(19226): at android.animation.StateListAnimator.start(StateListAnimator.java:187)
E/AndroidRuntime(19226): at android.animation.StateListAnimator.setState(StateListAnimator.java:180)
E/AndroidRuntime(19226): at android.view.View.drawableStateChanged(View.java:15996)
E/AndroidRuntime(19226): at android.widget.TextView.drawableStateChanged(TextView.java:3662)
E/AndroidRuntime(19226): at android.view.View.refreshDrawableState(View.java:16040)
E/AndroidRuntime(19226): at android.view.View.setSelected(View.java:16734)
E/AndroidRuntime(19226): at android.widget.TextView.setSelected(TextView.java:7951)
E/AndroidRuntime(19226): at com.android.systemui.volume.SegmentedButtons.setSelectedValue(SegmentedButtons.java:62)
E/AndroidRuntime(19226): at com.android.systemui.volume.ZenModePanel.handleUpdateZen(ZenModePanel.java:369)
E/AndroidRuntime(19226): at com.android.systemui.volume.ZenModePanel.init(ZenModePanel.java:312)
E/AndroidRuntime(19226): at com.android.systemui.volume.VolumePanel.initZenModePanel(VolumePanel.java:576)
E/AndroidRuntime(19226): at com.android.systemui.volume.VolumePanel.(VolumePanel.java:450)
E/AndroidRuntime(19226): at com.android.systemui.volume.VolumePanel.(VolumePanel.java:507)
E/AndroidRuntime(19226): at com.android.systemui.volume.VolumeUI.initPanel(VolumeUI.java:108)
E/AndroidRuntime(19226): at com.android.systemui.volume.VolumeUI.start(VolumeUI.java:70)
E/AndroidRuntime(19226): at com.android.systemui.SystemUIApplication.startServicesIfNeeded(SystemUIApplication.java:124)
E/AndroidRuntime(19226): at com.android.systemui.SystemUIService.onCreate(SystemUIService.java:31)
E/AndroidRuntime(19226): at android.app.ActivityThread.handleCreateService(ActivityThread.java:2761)
E/AndroidRuntime(19226): ... 9 more
E/AndroidRuntime(19226): Error reporting crash
E/AndroidRuntime(19226): android.os.DeadObjectException
E/AndroidRuntime(19226): at android.os.BinderProxy.transactNative(Native Method)
E/AndroidRuntime(19226): at android.os.BinderProxy.transact(Binder.java:496)
E/AndroidRuntime(19226): at android.app.ActivityManagerProxy.handleApplicationCrash(ActivityManagerNative.java:4207)
E/AndroidRuntime(19226): at com.android.internal.os.RuntimeInit$UncaughtHandler.uncaughtException(RuntimeInit.java:89)
E/AndroidRuntime(19226): at java.lang.ThreadGroup.uncaughtException(ThreadGroup.java:693)
E/AndroidRuntime(19226): at java.lang.ThreadGroup.uncaughtException(ThreadGroup.java:690)
E/AndroidRuntime(19352): FATAL EXCEPTION: main
E/AndroidRuntime(19352): Process: com.fairphone.setupwizard, PID: 19352
E/AndroidRuntime(19352): java.lang.RuntimeException: Unable to resume activity {com.fairphone.setupwizard/com.fairphone.setupwizard.ui.SetupWizardActivity}: java.lang.RuntimeException: Package manager has died
E/AndroidRuntime(19352): at android.app.ActivityThread.performResumeActivity(ActivityThread.java:2986)
E/AndroidRuntime(19352): at android.app.ActivityThread.handleResumeActivity(ActivityThread.java:3017)
E/AndroidRuntime(19352): at android.app.ActivityThread.handleLaunchActivity(ActivityThread.java:2392)
E/AndroidRuntime(19352): at android.app.ActivityThread.access$800(ActivityThread.java:151)
E/AndroidRuntime(19352): at android.app.ActivityThread$H.handleMessage(ActivityThread.java:1303)
E/AndroidRuntime(19352): at android.os.Handler.dispatchMessage(Handler.java:102)
E/AndroidRuntime(19352): at android.os.Looper.loop(Looper.java:135)
E/AndroidRuntime(19352): at android.app.ActivityThread.main(ActivityThread.java:5254)
E/AndroidRuntime(19352): at java.lang.reflect.Method.invoke(Native Method)
E/AndroidRuntime(19352): at java.lang.reflect.Method.invoke(Method.java:372)
E/AndroidRuntime(19352): at com.android.internal.os.ZygoteInit$MethodAndArgsCaller.run(ZygoteInit.java:904)
E/AndroidRuntime(19352): at com.android.internal.os.ZygoteInit.main(ZygoteInit.java:699)
E/AndroidRuntime(19352): Caused by: java.lang.RuntimeException: Package manager has died
E/AndroidRuntime(19352): at android.app.ApplicationPackageManager.hasSystemFeature(ApplicationPackageManager.java:385)
E/AndroidRuntime(19352): at com.fairphone.setupwizard.util.SetupWizardUtils.hasTelephony(SetupWizardUtils.java:99)
E/AndroidRuntime(19352): at com.fairphone.setupwizard.ui.SetupWizardActivity.updateButtonBar(SetupWizardActivity.java:255)
E/AndroidRuntime(19352): at com.fairphone.setupwizard.ui.SetupWizardActivity.onPageTreeChanged(SetupWizardActivity.java:237)
E/AndroidRuntime(19352): at com.fairphone.setupwizard.ui.SetupWizardActivity.onResume(SetupWizardActivity.java:172)
E/AndroidRuntime(19352): at android.app.Instrumentation.callActivityOnResume(Instrumentation.java:1257)
E/AndroidRuntime(19352): at android.app.Activity.performResume(Activity.java:6077)
E/AndroidRuntime(19352): at android.app.ActivityThread.performResumeActivity(ActivityThread.java:2975)
E/AndroidRuntime(19352): ... 11 more
E/AndroidRuntime(19352): Caused by: android.os.DeadObjectException
E/AndroidRuntime(19352): at android.os.BinderProxy.transactNative(Native Method)
E/AndroidRuntime(19352): at android.os.BinderProxy.transact(Binder.java:496)
E/AndroidRuntime(19352): at android.content.pm.IPackageManager$Stub$Proxy.hasSystemFeature(IPackageManager.java:3693)
E/AndroidRuntime(19352): at android.app.ApplicationPackageManager.hasSystemFeature(ApplicationPackageManager.java:383)
E/AndroidRuntime(19352): ... 18 more
E/AndroidRuntime(19352): Error reporting crash
E/AndroidRuntime(19352): android.os.DeadObjectException
E/AndroidRuntime(19352): at android.os.BinderProxy.transactNative(Native Method)
E/AndroidRuntime(19352): at android.os.BinderProxy.transact(Binder.java:496)
E/AndroidRuntime(19352): at android.app.ActivityManagerProxy.handleApplicationCrash(ActivityManagerNative.java:4207)
E/AndroidRuntime(19352): at com.android.internal.os.RuntimeInit$UncaughtHandler.uncaughtException(RuntimeInit.java:89)
E/AndroidRuntime(19352): at java.lang.ThreadGroup.uncaughtException(ThreadGroup.java:693)
E/AndroidRuntime(19352): at java.lang.ThreadGroup.uncaughtException(ThreadGroup.java:690)
E/AndroidRuntime(19452): FATAL EXCEPTION: ContactsProviderWorker
E/AndroidRuntime(19452): Process: android.process.acore, PID: 19452
E/AndroidRuntime(19452): java.lang.NullPointerException: Attempt to invoke interface method 'android.accounts.Account[] android.accounts.IAccountManager.getAccounts(java.lang.String)' on a null object reference
E/AndroidRuntime(19452): at android.accounts.AccountManager.getAccounts(AccountManager.java:407)
E/AndroidRuntime(19452): at com.android.providers.contacts.ContactsProvider2.performBackgroundTask(ContactsProvider2.java:1667)
E/AndroidRuntime(19452): at com.android.providers.contacts.ContactsProvider2$1.handleMessage(ContactsProvider2.java:1496)
E/AndroidRuntime(19452): at android.os.Handler.dispatchMessage(Handler.java:102)
E/AndroidRuntime(19452): at android.os.Looper.loop(Looper.java:135)
E/AndroidRuntime(19452): at android.os.HandlerThread.run(HandlerThread.java:61)
E/AndroidRuntime(19452): Error reporting crash
E/AndroidRuntime(19452): android.os.DeadObjectException
E/AndroidRuntime(19452): at android.os.BinderProxy.transactNative(Native Method)
E/AndroidRuntime(19452): at android.os.BinderProxy.transact(Binder.java:496)
E/AndroidRuntime(19452): at android.app.ActivityManagerProxy.handleApplicationCrash(ActivityManagerNative.java:4207)
E/AndroidRuntime(19452): at com.android.internal.os.RuntimeInit$UncaughtHandler.uncaughtException(RuntimeInit.java:89)
E/AndroidRuntime(19452): at java.lang.ThreadGroup.uncaughtException(ThreadGroup.java:693)
E/AndroidRuntime(19452): at java.lang.ThreadGroup.uncaughtException(ThreadGroup.java:690)
E/NetlinkListener( 741): recvmsg failed (I/O error)
E/NetlinkListener(19558): recvmsg failed (I/O error)
E/NetlinkListener(19558): recvmsg failed (I/O error)
E/NetlinkListener( 741): recvmsg failed (I/O error)
E/NetlinkListener( 741): recvmsg failed (I/O error)
E/NetlinkListener(19558): recvmsg failed (I/O error)
E/NetlinkListener( 741): recvmsg failed (I/O error)
E/NetlinkListener(19558): recvmsg failed (I/O error)
E/NetlinkListener(19558): recvmsg failed (I/O error)
E/NetlinkListener( 741): recvmsg failed (I/O error)
E/NetlinkListener(19558): recvmsg failed (I/O error)
E/NetlinkListener( 741): recvmsg failed (I/O error)
E/NetlinkListener(19558): recvmsg failed (I/O error)
E/NetlinkListener( 741): recvmsg failed (I/O error)
E/NetlinkListener(19558): recvmsg failed (I/O error)
E/NetlinkListener( 741): recvmsg failed (I/O error)
E/NetlinkListener( 741): recvmsg failed (I/O error)
E/NetlinkListener(19558): recvmsg failed (I/O error)
E/NetlinkListener(19558): recvmsg failed (I/O error)
E/NetlinkListener( 741): recvmsg failed (I/O error)
E/NetlinkListener(19558): recvmsg failed (I/O error)
E/NetlinkListener( 741): recvmsg failed (I/O error)
E/NetlinkListener(19558): recvmsg failed (I/O error)
E/NetlinkListener( 741): recvmsg failed (I/O error)
E/NetlinkListener(19558): recvmsg failed (I/O error)
E/NetlinkListener( 741): recvmsg failed (I/O error)
E/NetlinkListener(19558): recvmsg failed (I/O error)
E/NetlinkListener( 741): recvmsg failed (I/O error)
E/NetlinkListener( 741): recvmsg failed (I/O error)
E/NetlinkListener( 741): recvmsg failed (I/O error)
F/libc (19694): Fatal signal 11 (SIGSEGV), code 1, fault addr 0xc in tid 19699 (BootAnimation)
I/DEBUG ( 666): *** *** *** *** *** *** *** *** *** *** *** *** *** *** *** ***
I/DEBUG ( 666): Build fingerprint: 'Fairphone/FP2/FP2:5.1/FP2/fp2-sibon-16.11.0:userdebug/release-keys'
I/DEBUG ( 666): Revision: '0'
I/DEBUG ( 666): ABI: 'arm'
I/DEBUG ( 666): pid: 19694, tid: 19699, name: BootAnimation >>> /system/bin/bootanimation <<<
I/DEBUG ( 666): signal 11 (SIGSEGV), code 1 (SEGV_MAPERR), fault addr 0xc
I/DEBUG ( 666): r0 00000000 r1 40000000 r2 00000001 r3 00000000
I/DEBUG ( 666): r4 00000000 r5 40000000 r6 b5901bf0 r7 b5901bf8
I/DEBUG ( 666): r8 b5901c08 r9 00000000 sl b5c37130 fp b5901c1c
I/DEBUG ( 666): ip b6fb5f20 sp b5901bb8 lr b6e38afb pc b6e38aa2 cpsr 60070030
I/DEBUG ( 666):
I/DEBUG ( 666): backtrace:
I/DEBUG ( 666): #00 pc 00037aa2 /system/lib/libgui.so (_ZNK7android14SurfaceControl8validateEv+1)
I/DEBUG ( 666): #01 pc 00037af7 /system/lib/libgui.so (_ZN7android14SurfaceControl8setLayerEi+6)
I/DEBUG ( 666): #02 pc 0000501d /system/bin/bootanimation
I/DEBUG ( 666): #03 pc 0000ef41 /system/lib/libutils.so (_ZN7android6Thread11_threadLoopEPv+84)
I/DEBUG ( 666): #04 pc 0000eacd /system/lib/libutils.so
I/DEBUG ( 666): #05 pc 00013fc3 /system/lib/libc.so (_ZL15__pthread_startPv+30)
I/DEBUG ( 666): #06 pc 00011f0b /system/lib/libc.so (__start_thread+6)
E/NetlinkListener( 741): recvmsg failed (I/O error)
E/NetlinkListener(19660): recvmsg failed (I/O error)
E/NetlinkListener( 741): recvmsg failed (I/O error)
E/NetlinkListener(19660): recvmsg failed (I/O error)
E/NetlinkListener( 741): recvmsg failed (I/O error)
E/NetlinkListener(19660): recvmsg failed (I/O error)
E/NetlinkListener(19660): recvmsg failed (I/O error)
E/NetlinkListener( 741): recvmsg failed (I/O error)
E/NetlinkListener(19660): recvmsg failed (I/O error)
E/NetlinkListener( 741): recvmsg failed (I/O error)
E/NetlinkListener(19660): recvmsg failed (I/O error)
E/NetlinkListener( 741): recvmsg failed (I/O error)
E/NetlinkListener(19660): recvmsg failed (I/O error)
E/NetlinkListener( 741): recvmsg failed (I/O error)
E/NetlinkListener(19660): recvmsg failed (I/O error)
E/NetlinkListener( 741): recvmsg failed (I/O error)
E/NetlinkListener(19660): recvmsg failed (I/O error)
E/NetlinkListener( 741): recvmsg failed (I/O error)
E/NetlinkListener(19660): recvmsg failed (I/O error)
E/NetlinkListener( 741): recvmsg failed (I/O error)
E/NetlinkListener(19660): recvmsg failed (I/O error)
E/NetlinkListener( 741): recvmsg failed (I/O error)
E/NetlinkListener(19660): recvmsg failed (I/O error)
E/NetlinkListener( 741): recvmsg failed (I/O error)
E/NetlinkListener(19660): recvmsg failed (I/O error)
E/NetlinkListener( 741): recvmsg failed (I/O error)
E/NetlinkListener(19660): recvmsg failed (I/O error)
E/NetlinkListener( 741): recvmsg failed (I/O error)
E/NetlinkListener(19660): recvmsg failed (I/O error)
E/NetlinkListener( 741): recvmsg failed (I/O error)
E/NetlinkListener(19660): recvmsg failed (I/O error)
E/NetlinkListener( 741): recvmsg failed (I/O error)
E/NetlinkListener(19660): recvmsg failed (I/O error)
E/NetlinkListener( 741): recvmsg failed (I/O error)
E/NetlinkListener(19660): recvmsg failed (I/O error)
E/NetlinkListener( 741): recvmsg failed (I/O error)
E/NetlinkListener(19660): recvmsg failed (I/O error)
E/NetlinkListener( 741): recvmsg failed (I/O error)
E/NetlinkListener(19660): recvmsg failed (I/O error)
E/NetlinkListener( 741): recvmsg failed (I/O error)
E/NetlinkListener( 741): recvmsg failed (I/O error)
E/NetlinkListener(19660): recvmsg failed (I/O error)
E/NetlinkListener( 741): recvmsg failed (I/O error)
E/NetlinkListener(19660): recvmsg failed (I/O error)
E/NetlinkListener(19660): recvmsg failed (I/O error)
E/NetlinkListener( 741): recvmsg failed (I/O error)
E/NetlinkListener(19660): recvmsg failed (I/O error)
E/NetlinkListener( 741): recvmsg failed (I/O error)
E/NetlinkListener( 741): recvmsg failed (I/O error)
E/NetlinkListener(19660): recvmsg failed (I/O error)
E/NetlinkListener(19660): recvmsg failed (I/O error)
E/NetlinkListener( 741): recvmsg failed (I/O error)
E/NetlinkListener( 741): recvmsg failed (I/O error)
E/NetlinkListener(19660): recvmsg failed (I/O error)
E/NetlinkListener(19660): recvmsg failed (I/O error)
E/NetlinkListener( 741): recvmsg failed (I/O error)
I/InstallerConnection(19919): connecting...
E/NetlinkListener(19660): recvmsg failed (I/O error)
E/NetlinkListener( 741): recvmsg failed (I/O error)
E/NetlinkListener(19660): recvmsg failed (I/O error)
E/NetlinkListener( 741): recvmsg failed (I/O error)
E/NetlinkListener( 741): recvmsg failed (I/O error)
E/NetlinkListener(19660): recvmsg failed (I/O error)
E/NetlinkListener(19660): recvmsg failed (I/O error)
E/NetlinkListener( 741): recvmsg failed (I/O error)
E/NetlinkListener(19660): recvmsg failed (I/O error)
E/NetlinkListener( 741): recvmsg failed (I/O error)
E/NetlinkListener( 741): recvmsg failed (I/O error)
E/NetlinkListener(19660): recvmsg failed (I/O error)
E/NetlinkListener(19660): recvmsg failed (I/O error)
E/NetlinkListener( 741): recvmsg failed (I/O error)
E/NetlinkListener( 741): recvmsg failed (I/O error)
E/NetlinkListener(19660): recvmsg failed (I/O error)
I/InstallerConnection(19919): disconnecting...
I/SystemServer(19919): Entered the Android system server!
E/NetlinkListener(19660): recvmsg failed (I/O error)
E/NetlinkListener( 741): recvmsg failed (I/O error)
I/SystemServiceManager(19919): Starting com.android.server.pm.Installer
I/Installer(19919): Waiting for installd to be ready.
I/InstallerConnection(19919): connecting...
I/SystemServiceManager(19919): Starting com.android.server.am.ActivityManagerService$Lifecycle
E/NetlinkListener( 741): recvmsg failed (I/O error)
E/NetlinkListener(19660): recvmsg failed (I/O error)
I/XXXXXX (19919): choosing minFree values for 32 Bit
I/XXXXXX (19919): choosing minFree values for 32 Bit
I/XXXXXX (19919): choosing minFree values for 32 Bit
I/XXXXXX (19919): choosing minFree values for 32 Bit
I/XXXXXX (19919): choosing minFree values for 32 Bit
I/XXXXXX (19919): choosing minFree values for 32 Bit
I/ActivityManager(19919): Memory class: 128
I/ServiceThread(19919): Enabled StrictMode logging for ActivityManager looper.
I/AppOps (19919): No existing app ops /data/system/appops.xml; starting empty
I/IntentFirewall(19919): Read new rules (A:0 B:0 S:0)
I/ServiceThread(19919): Enabled StrictMode logging for android.ui looper.
I/ServiceThread(19919): Enabled StrictMode logging for android.display looper.
D/AppOps (19919): AppOpsService published
I/SystemServiceManager(19919): Starting com.android.server.power.PowerManagerService
I/ServiceThread(19919): Enabled StrictMode logging for PowerManagerService looper.
I/SystemServiceManager(19919): Starting com.android.server.display.DisplayManagerService
I/DisplayManagerService(19919): Display device added: DisplayDeviceInfo{"Built-in Screen": uniqueId="local:0", 1080 x 1920, 0.466 fps, supportedRefreshRates [0.466], density 480, 160.42105 x 159.89508 dpi, appVsyncOff 0, presDeadline 2146922789, touch INTERNAL, rotation 0, type BUILT_IN, state UNKNOWN, FLAG_DEFAULT_DISPLAY, FLAG_ROTATES_WITH_CONTENT, FLAG_SECURE, FLAG_SUPPORTS_PROTECTED_BUFFERS}
I/SystemServiceManager(19919): Starting phase 100
I/SystemServer(19919): Package Manager
E/SELinuxMMAC(19919): Error with hashing seapp_contexts.
E/SELinuxMMAC(19919): java.io.FileNotFoundException: /seapp_contexts: open failed: ENOENT (No such file or directory)
E/SELinuxMMAC(19919): at libcore.io.IoBridge.open(IoBridge.java:456)
E/SELinuxMMAC(19919): at libcore.io.IoUtils$FileReader.(IoUtils.java:209)
E/SELinuxMMAC(19919): at libcore.io.IoUtils.readFileAsByteArray(IoUtils.java:109)
E/SELinuxMMAC(19919): at com.android.server.pm.SELinuxMMAC.returnHash(SELinuxMMAC.java:456)
E/SELinuxMMAC(19919): at com.android.server.pm.SELinuxMMAC.shouldRestorecon(SELinuxMMAC.java:389)
E/SELinuxMMAC(19919): at com.android.server.pm.PackageManagerService.(PackageManagerService.java:419)
E/SELinuxMMAC(19919): at com.android.server.pm.PackageManagerService.main(PackageManagerService.java:1261)
E/SELinuxMMAC(19919): at com.android.server.SystemServer.startBootstrapServices(SystemServer.java:358)
E/SELinuxMMAC(19919): at com.android.server.SystemServer.run(SystemServer.java:263)
E/SELinuxMMAC(19919): at com.android.server.SystemServer.main(SystemServer.java:179)
E/SELinuxMMAC(19919): at java.lang.reflect.Method.invoke(Native Method)
E/SELinuxMMAC(19919): at java.lang.reflect.Method.invoke(Method.java:372)
E/SELinuxMMAC(19919): at com.android.internal.os.ZygoteInit$MethodAndArgsCaller.run(ZygoteInit.java:904)
E/SELinuxMMAC(19919): at com.android.internal.os.ZygoteInit.main(ZygoteInit.java:699)
E/SELinuxMMAC(19919): Caused by: android.system.ErrnoException: open failed: ENOENT (No such file or directory)
E/SELinuxMMAC(19919): at libcore.io.Posix.open(Native Method)
E/SELinuxMMAC(19919): at libcore.io.BlockGuardOs.open(BlockGuardOs.java:186)
E/SELinuxMMAC(19919): at libcore.io.IoBridge.open(IoBridge.java:442)
E/SELinuxMMAC(19919): ... 13 more
W/SystemConfig(19919): No directory /system/etc/sysconfig, skipping
D/SELinuxMMAC(19919): Using policy file /system/etc/security/mac_permissions.xml
E/NetlinkListener(19660): recvmsg failed (I/O error)
E/NetlinkListener( 741): recvmsg failed (I/O error)
W/PackageManager(19919): Library not found: /system/framework/com.google.widevine.software.drm.jar
W/PackageManager(19919): Library not found: /system/framework/com.google.android.media.effects.jar
E/NetlinkListener( 741): recvmsg failed (I/O error)
E/NetlinkListener(19660): recvmsg failed (I/O error)
E/NetlinkListener(19660): recvmsg failed (I/O error)
E/NetlinkListener( 741): recvmsg failed (I/O error)
E/NetlinkListener(19660): recvmsg failed (I/O error)
E/NetlinkListener( 741): recvmsg failed (I/O error)
W/PackageManager(19919): Library not found: /system/framework/com.google.android.maps.jar
W/PackageManager(19919): Library not found: /system/framework/com.fairphone.hiccup.jar
E/NetlinkListener( 741): recvmsg failed (I/O error)
E/NetlinkListener(19660): recvmsg failed (I/O error)
E/NetlinkListener(19660): recvmsg failed (I/O error)
E/NetlinkListener( 741): recvmsg failed (I/O error)
E/NetlinkListener(19660): recvmsg failed (I/O error)
E/NetlinkListener( 741): recvmsg failed (I/O error)
E/NetlinkListener(19660): recvmsg failed (I/O error)
E/NetlinkListener( 741): recvmsg failed (I/O error)
E/NetlinkListener(19660): recvmsg failed (I/O error)
E/NetlinkListener( 741): recvmsg failed (I/O error)
E/NetlinkListener(19660): recvmsg failed (I/O error)
E/NetlinkListener( 741): recvmsg failed (I/O error)
E/NetlinkListener(19660): recvmsg failed (I/O error)
E/NetlinkListener( 741): recvmsg failed (I/O error)
E/NetlinkListener(19660): recvmsg failed (I/O error)
E/NetlinkListener( 741): recvmsg failed (I/O error)
E/NetlinkListener(19660): recvmsg failed (I/O error)
E/NetlinkListener( 741): recvmsg failed (I/O error)
E/NetlinkListener(19660): recvmsg failed (I/O error)
E/NetlinkListener( 741): recvmsg failed (I/O error)
E/NetlinkListener(19660): recvmsg failed (I/O error)
E/NetlinkListener( 741): recvmsg failed (I/O error)
E/NetlinkListener(19660): recvmsg failed (I/O error)
E/NetlinkListener( 741): recvmsg failed (I/O error)
E/NetlinkListener( 741): recvmsg failed (I/O error)
E/NetlinkListener(19660): recvmsg failed (I/O error)
E/NetlinkListener( 741): recvmsg failed (I/O error)
E/NetlinkListener(19660): recvmsg failed (I/O error)
E/NetlinkListener(19660): recvmsg failed (I/O error)
E/NetlinkListener( 741): recvmsg failed (I/O error)
E/NetlinkListener( 741): recvmsg failed (I/O error)
E/NetlinkListener(19660): recvmsg failed (I/O error)
E/NetlinkListener(19660): recvmsg failed (I/O error)
E/NetlinkListener( 741): recvmsg failed (I/O error)
E/NetlinkListener(19660): recvmsg failed (I/O error)
E/NetlinkListener( 741): recvmsg failed (I/O error)
E/NetlinkListener(19660): recvmsg failed (I/O error)
E/NetlinkListener( 741): recvmsg failed (I/O error)
