W/PackageManager(22612): Not granting permission android.permission.DEVICE_POWER to package com.android.deskclock (protectionLevel=2 flags=0x48be45)
W/PackageManager(22612): Unknown permission com.google.android.gallery3d.permission.GALLERY_PROVIDER in package com.android.bluetooth
I/SystemServer(22612): User Service
I/SystemServiceManager(22612): Starting com.android.server.lights.LightsService
I/SystemServiceManager(22612): Starting com.android.server.BatteryService
I/SystemServiceManager(22612): Starting com.android.server.usage.UsageStatsService
E/NetlinkListener(22526): recvmsg failed (I/O error)
E/NetlinkListener( 741): recvmsg failed (I/O error)
I/UsageStatsService(22612): User[0] Rollover scheduled @ 2016-12-11 00:00:00(1481414400000)
I/SystemServiceManager(22612): Starting com.android.server.webkit.WebViewUpdateService
I/SystemServer(22612): Reading configuration...
I/SystemServer(22612): Scheduling Policy
I/SystemServiceManager(22612): Starting com.android.server.telecom.TelecomLoaderService
I/SystemServer(22612): Telephony Registry
I/SystemServer(22612): Entropy Mixer
I/EntropyMixer(22612): Writing entropy...
I/SystemServer(22612): Account Manager
I/SystemServer(22612): Content Manager
I/SystemServer(22612): System Content Providers
I/SystemServer(22612): Vibrator Service
I/SystemServer(22612): Consumer IR Service
I/SystemServiceManager(22612): Starting com.android.server.AlarmManagerService
W/AlarmManager(22612): Failed to open alarm driver. Falling back to a handler.
I/SystemServer(22612): Init Watchdog
I/SystemServer(22612): Input Manager
I/InputManager(22612): Initializing input manager, mUseDevInputEventForAudioJack=true
I/SystemServer(22612): Window Manager
I/WindowManager(22612): No existing display settings /data/system/display_settings.xml; starting empty
E/WindowManager(22612): Exception creating Dim surface
E/WindowManager(22612): android.view.Surface$OutOfResourcesException
E/WindowManager(22612): at android.view.SurfaceControl.nativeCreate(Native Method)
E/WindowManager(22612): at android.view.SurfaceControl.(SurfaceControl.java:292)
E/WindowManager(22612): at com.android.server.wm.DimLayer.(DimLayer.java:81)
E/WindowManager(22612): at com.android.server.wm.TaskStack.attachDisplayContent(TaskStack.java:233)
E/WindowManager(22612): at com.android.server.wm.WindowManagerService.attachStack(WindowManagerService.java:5158)
E/WindowManager(22612): at com.android.server.am.ActivityStackSupervisor$ActivityContainer.attachToDisplayLocked(ActivityStackSupervisor.java:3766)
E/WindowManager(22612): at com.android.server.am.ActivityStackSupervisor.createStackOnDisplay(ActivityStackSupervisor.java:2649)
E/WindowManager(22612): at com.android.server.am.ActivityStackSupervisor.setWindowManager(ActivityStackSupervisor.java:394)
E/WindowManager(22612): at com.android.server.am.ActivityManagerService.setWindowManager(ActivityManagerService.java:1943)
E/WindowManager(22612): at com.android.server.SystemServer.startOtherServices(SystemServer.java:498)
E/WindowManager(22612): at com.android.server.SystemServer.run(SystemServer.java:265)
E/WindowManager(22612): at com.android.server.SystemServer.main(SystemServer.java:179)
E/WindowManager(22612): at java.lang.reflect.Method.invoke(Native Method)
E/WindowManager(22612): at java.lang.reflect.Method.invoke(Method.java:372)
E/WindowManager(22612): at com.android.internal.os.ZygoteInit$MethodAndArgsCaller.run(ZygoteInit.java:904)
E/WindowManager(22612): at com.android.internal.os.ZygoteInit.main(ZygoteInit.java:699)
E/WindowManager(22612): Exception creating Dim surface
E/WindowManager(22612): android.view.Surface$OutOfResourcesException
E/WindowManager(22612): at android.view.SurfaceControl.nativeCreate(Native Method)
E/WindowManager(22612): at android.view.SurfaceControl.(SurfaceControl.java:292)
E/WindowManager(22612): at com.android.server.wm.DimLayer.(DimLayer.java:81)
E/WindowManager(22612): at com.android.server.wm.TaskStack.attachDisplayContent(TaskStack.java:234)
E/WindowManager(22612): at com.android.server.wm.WindowManagerService.attachStack(WindowManagerService.java:5158)
E/WindowManager(22612): at com.android.server.am.ActivityStackSupervisor$ActivityContainer.attachToDisplayLocked(ActivityStackSupervisor.java:3766)
E/WindowManager(22612): at com.android.server.am.ActivityStackSupervisor.createStackOnDisplay(ActivityStackSupervisor.java:2649)
E/WindowManager(22612): at com.android.server.am.ActivityStackSupervisor.setWindowManager(ActivityStackSupervisor.java:394)
E/WindowManager(22612): at com.android.server.am.ActivityManagerService.setWindowManager(ActivityManagerService.java:1943)
E/WindowManager(22612): at com.android.server.SystemServer.startOtherServices(SystemServer.java:498)
E/WindowManager(22612): at com.android.server.SystemServer.run(SystemServer.java:265)
E/WindowManager(22612): at com.android.server.SystemServer.main(SystemServer.java:179)
E/WindowManager(22612): at java.lang.reflect.Method.invoke(Native Method)
E/WindowManager(22612): at java.lang.reflect.Method.invoke(Method.java:372)
E/WindowManager(22612): at com.android.internal.os.ZygoteInit$MethodAndArgsCaller.run(ZygoteInit.java:904)
E/WindowManager(22612): at com.android.internal.os.ZygoteInit.main(ZygoteInit.java:699)
I/InputManager(22612): Starting input manager
I/SystemServer(22612): sfdroid: Bluetooth Service disabled
I/SystemServer(22612): Input Method Service
W/InputMethodManagerService(22612): Couldn't create dir.: /data/system/inputmethod
I/SystemServer(22612): Accessibility Manager
I/XXXXXX (22612): choosing minFree values for 32 Bit
I/XXXXXX (22612): choosing minFree values for 32 Bit
I/XXXXXX (22612): choosing minFree values for 32 Bit
I/XXXXXX (22612): choosing minFree values for 32 Bit
I/XXXXXX (22612): choosing minFree values for 32 Bit
I/XXXXXX (22612): choosing minFree values for 32 Bit
I/ActivityManager(22612): Config changes=1df8 {1.0 ?mcc?mnc en_US ?layoutDir sw360dp w360dp h640dp 480dpi nrml long port ?uimode ?night -touch -keyb/v/h -nav/h s.2}
I/ActivityManager(22612): Config changes=500 {1.0 ?mcc?mnc en_US ?layoutDir sw360dp w360dp h567dp 480dpi nrml port ?uimode ?night -touch -keyb/v/h -nav/h s.3}
I/SystemServer(22612): Mount Service
D/MountService(22612): got storage path: /storage/sdcard0 description: Internal storage primary: true removable: false emulated: true mtpReserve: 100 allowMassStorage: false maxFileSize: 0 allowMtp: true
D/MountService(22612): addVolumeLocked() StorageVolume:
D/MountService(22612): mStorageId=65537 mPath=/storage/emulated/0 mDescriptionId=17040829
D/MountService(22612): mPrimary=true mRemovable=false mEmulated=true mMtpReserveSpace=100
D/MountService(22612): mAllowMassStorage=false mMaxFileSize=0 mOwner=UserHandle{0} mUuid=null
D/MountService(22612): mUserLabel=null mState=null mAllowMtp=true
D/MountService(22612): got storage path: /storage/sdcard1 description: SD card primary: false removable: true emulated: false mtpReserve: 0 allowMassStorage: true maxFileSize: 0 allowMtp: true
D/MountService(22612): addVolumeLocked() StorageVolume:
D/MountService(22612): mStorageId=0 mPath=/storage/sdcard1 mDescriptionId=17040830 mPrimary=false
D/MountService(22612): mRemovable=true mEmulated=false mMtpReserveSpace=0 mAllowMassStorage=true
D/MountService(22612): mMaxFileSize=0 mOwner=null mUuid=null mUserLabel=null mState=null
D/MountService(22612): mAllowMtp=true
D/MountService(22612): got storage path: /storage/usbotg description: USB storage primary: false removable: true emulated: false mtpReserve: 0 allowMassStorage: false maxFileSize: 0 allowMtp: true
D/MountService(22612): addVolumeLocked() StorageVolume:
D/MountService(22612): mStorageId=0 mPath=/storage/usbotg mDescriptionId=17040831 mPrimary=false
D/MountService(22612): mRemovable=true mEmulated=false mMtpReserveSpace=0 mAllowMassStorage=false
D/MountService(22612): mMaxFileSize=0 mOwner=null mUuid=null mUserLabel=null mState=null
D/MountService(22612): mAllowMtp=true
F/WindowAnimator(22612): Unhandled exception in Window Manager
F/WindowAnimator(22612): java.lang.NullPointerException: Attempt to invoke virtual method 'void android.view.SurfaceControl.setLayer(int)' on a null object reference
F/WindowAnimator(22612): at com.android.server.wm.FocusedStackFrame.setLayer(FocusedStackFrame.java:140)
F/WindowAnimator(22612): at com.android.server.wm.WindowManagerService.setFocusedStackLayer(WindowManagerService.java:3985)
F/WindowAnimator(22612): at com.android.server.wm.WindowAnimator.animateLocked(WindowAnimator.java:708)
F/WindowAnimator(22612): at com.android.server.wm.WindowAnimator.access$000(WindowAnimator.java:54)
F/WindowAnimator(22612): at com.android.server.wm.WindowAnimator$1.run(WindowAnimator.java:126)
F/WindowAnimator(22612): at android.view.Choreographer$CallbackRecord.run(Choreographer.java:767)
F/WindowAnimator(22612): at android.view.Choreographer.doCallbacks(Choreographer.java:580)
F/WindowAnimator(22612): at android.view.Choreographer.doFrame(Choreographer.java:549)
F/WindowAnimator(22612): at android.view.Choreographer$FrameDisplayEventReceiver.run(Choreographer.java:753)
F/WindowAnimator(22612): at android.os.Handler.handleCallback(Handler.java:739)
F/WindowAnimator(22612): at android.os.Handler.dispatchMessage(Handler.java:95)
F/WindowAnimator(22612): at android.os.Looper.loop(Looper.java:135)
F/WindowAnimator(22612): at android.os.HandlerThread.run(HandlerThread.java:61)
F/WindowAnimator(22612): at com.android.server.ServiceThread.run(ServiceThread.java:46)
W/PackageManager(22612): Unknown permission com.google.android.googleapps.permission.GOOGLE_AUTH in package com.android.providers.calendar
W/PackageManager(22612): Unknown permission com.google.android.googleapps.permission.GOOGLE_AUTH.cl in package com.android.providers.calendar
W/PackageManager(22612): Unknown permission com.qualcomm.permission.USE_QCRIL_MSG_TUNNEL in package com.qualcomm.shutdownlistner
W/PackageManager(22612): Unknown permission android.permission.PREVENT_POWER_KEY in package com.fairphone.checkup
W/PackageManager(22612): Not granting permission android.permission.GLOBAL_SEARCH to package com.android.quicksearchbox (protectionLevel=18 flags=0x48be45)
W/PackageManager(22612): Not granting permission android.permission.ACCESS_DOWNLOAD_MANAGER to package com.android.browser (protectionLevel=18 flags=0x9be45)
W/PackageManager(22612): Not granting permission android.permission.SEND_DOWNLOAD_COMPLETED_INTENTS to package com.android.browser (protectionLevel=2 flags=0x9be45)
W/PackageManager(22612): Unknown permission android.permission.MMS_PUSH in package org.codeaurora.bluetooth
W/PackageManager(22612): Not granting permission android.permission.BIND_WALLPAPER to package com.android.camera2 (protectionLevel=18 flags=0x58bc45)
W/PackageManager(22612): Unknown permission android.permission.INSTALL_DRM in package com.android.mms
W/PackageManager(22612): Unknown permission com.google.android.googleapps.permission.GOOGLE_AUTH.mail in package com.android.calendar
W/PackageManager(22612): Unknown permission com.android.launcher.permission.READ_SETTINGS in package com.android.onetimeinitializer
W/PackageManager(22612): Unknown permission com.android.launcher.permission.WRITE_SETTINGS in package com.android.onetimeinitializer
W/PackageManager(22612): Not granting permission android.permission.DELETE_PACKAGES to package com.svox.pico (protectionLevel=18 flags=0x8be45)
W/PackageManager(22612): Unknown permission android.permission.ACCESS_THEME_MANAGER in package com.fairphone.setupwizard
W/PackageManager(22612): Unknown permission com.google.android.gallery3d.permission.PICASA_STORE in package com.android.dreams.phototable
W/PackageManager(22612): Unknown permission android.permission.ACCESS_SUPERUSER in package com.amaze.filemanager
W/PackageManager(22612): Unknown permission com.google.android.googleapps.permission.GOOGLE_AUTH in package com.android.settings
W/PackageManager(22612): Unknown permission com.android.launcher.permission.READ_SETTINGS in package com.android.settings
W/PackageManager(22612): Unknown permission com.android.launcher.permission.WRITE_SETTINGS in package com.android.settings
W/PackageManager(22612): Unknown permission com.android.launcher.permission.READ_SETTINGS in package com.fairphone.fplauncher3
W/PackageManager(22612): Unknown permission com.android.launcher.permission.WRITE_SETTINGS in package com.fairphone.fplauncher3
W/PackageManager(22612): Unknown permission android.permission.ACCESS_SUPERUSER in package com.fairphone.updater
W/PackageManager(22612): Not granting permission android.permission.DEVICE_POWER to package com.android.deskclock (protectionLevel=2 flags=0x48be45)
W/PackageManager(22612): Unknown permission com.google.android.gallery3d.permission.GALLERY_PROVIDER in package com.android.bluetooth
W/WindowStateAnimator(22612): OutOfResourcesException creating surface
I/WindowManager(22612): Out of memory for surface! Looking for leaks...
W/WindowManager(22612): No leaked surfaces; killing applicatons!
W/WindowManager(22612): Due to memory failure, waiting a bit for next layout
F/WindowAnimator(22612): Unhandled exception in Window Manager
F/WindowAnimator(22612): java.lang.NullPointerException: Attempt to invoke virtual method 'void android.view.SurfaceControl.setLayer(int)' on a null object reference
F/WindowAnimator(22612): at com.android.server.wm.FocusedStackFrame.setLayer(FocusedStackFrame.java:140)
F/WindowAnimator(22612): at com.android.server.wm.WindowManagerService.setFocusedStackLayer(WindowManagerService.java:3985)
F/WindowAnimator(22612): at com.android.server.wm.WindowAnimator.animateLocked(WindowAnimator.java:708)
F/WindowAnimator(22612): at com.android.server.wm.WindowAnimator.access$000(WindowAnimator.java:54)
F/WindowAnimator(22612): at com.android.server.wm.WindowAnimator$1.run(WindowAnimator.java:126)
F/WindowAnimator(22612): at android.view.Choreographer$CallbackRecord.run(Choreographer.java:767)
F/WindowAnimator(22612): at android.view.Choreographer.doCallbacks(Choreographer.java:580)
F/WindowAnimator(22612): at android.view.Choreographer.doFrame(Choreographer.java:549)
F/WindowAnimator(22612): at android.view.Choreographer$FrameDisplayEventReceiver.run(Choreographer.java:753)
F/WindowAnimator(22612): at android.os.Handler.handleCallback(Handler.java:739)
F/WindowAnimator(22612): at android.os.Handler.dispatchMessage(Handler.java:95)
F/WindowAnimator(22612): at android.os.Looper.loop(Looper.java:135)
F/WindowAnimator(22612): at android.os.HandlerThread.run(HandlerThread.java:61)
F/WindowAnimator(22612): at com.android.server.ServiceThread.run(ServiceThread.java:46)
E/NetlinkListener( 741): recvmsg failed (I/O error)
E/NetlinkListener(22526): recvmsg failed (I/O error)
F/WindowAnimator(22612): Unhandled exception in Window Manager
F/WindowAnimator(22612): java.lang.NullPointerException: Attempt to invoke virtual method 'void android.view.SurfaceControl.setLayer(int)' on a null object reference
F/WindowAnimator(22612): at com.android.server.wm.FocusedStackFrame.setLayer(FocusedStackFrame.java:140)
F/WindowAnimator(22612): at com.android.server.wm.WindowManagerService.setFocusedStackLayer(WindowManagerService.java:3985)
F/WindowAnimator(22612): at com.android.server.wm.WindowAnimator.animateLocked(WindowAnimator.java:708)
F/WindowAnimator(22612): at com.android.server.wm.WindowAnimator.access$000(WindowAnimator.java:54)
F/WindowAnimator(22612): at com.android.server.wm.WindowAnimator$1.run(WindowAnimator.java:126)
F/WindowAnimator(22612): at android.view.Choreographer$CallbackRecord.run(Choreographer.java:767)
F/WindowAnimator(22612): at android.view.Choreographer.doCallbacks(Choreographer.java:580)
F/WindowAnimator(22612): at android.view.Choreographer.doFrame(Choreographer.java:549)
F/WindowAnimator(22612): at android.view.Choreographer$FrameDisplayEventReceiver.run(Choreographer.java:753)
F/WindowAnimator(22612): at android.os.Handler.handleCallback(Handler.java:739)
F/WindowAnimator(22612): at android.os.Handler.dispatchMessage(Handler.java:95)
F/WindowAnimator(22612): at android.os.Looper.loop(Looper.java:135)
F/WindowAnimator(22612): at android.os.HandlerThread.run(HandlerThread.java:61)
F/WindowAnimator(22612): at com.android.server.ServiceThread.run(ServiceThread.java:46)
E/NetlinkListener(22526): recvmsg failed (I/O error)
E/NetlinkListener( 741): recvmsg failed (I/O error)
E/NetlinkListener(22526): recvmsg failed (I/O error)
E/NetlinkListener( 741): recvmsg failed (I/O error)
E/NetlinkListener(22526): recvmsg failed (I/O error)
E/NetlinkListener( 741): recvmsg failed (I/O error)
E/NetlinkListener( 741): recvmsg failed (I/O error)
E/NetlinkListener(22526): recvmsg failed (I/O error)
E/NetlinkListener(22526): recvmsg failed (I/O error)
E/NetlinkListener( 741): recvmsg failed (I/O error)
E/NetlinkListener(22526): recvmsg failed (I/O error)
E/NetlinkListener( 741): recvmsg failed (I/O error)
E/NetlinkListener(22526): recvmsg failed (I/O error)
E/NetlinkListener( 741): recvmsg failed (I/O error)
E/NetlinkListener( 741): recvmsg failed (I/O error)
E/NetlinkListener(22526): recvmsg failed (I/O error)
E/NetlinkListener(22526): recvmsg failed (I/O error)
E/NetlinkListener( 741): recvmsg failed (I/O error)
E/NetlinkListener(22526): recvmsg failed (I/O error)
E/NetlinkListener( 741): recvmsg failed (I/O error)
E/NetlinkListener(22526): recvmsg failed (I/O error)
E/NetlinkListener( 741): recvmsg failed (I/O error)
E/NetlinkListener(22526): recvmsg failed (I/O error)
E/NetlinkListener( 741): recvmsg failed (I/O error)
E/NetlinkListener(22526): recvmsg failed (I/O error)
E/NetlinkListener( 741): recvmsg failed (I/O error)
E/NetlinkListener(22526): recvmsg failed (I/O error)
E/NetlinkListener( 741): recvmsg failed (I/O error)
E/NetlinkListener(22526): recvmsg failed (I/O error)
E/NetlinkListener( 741): recvmsg failed (I/O error)
E/NetlinkListener( 741): recvmsg failed (I/O error)
E/NetlinkListener(22526): recvmsg failed (I/O error)
E/NetlinkListener( 741): recvmsg failed (I/O error)
E/NetlinkListener(22526): recvmsg failed (I/O error)
E/NetlinkListener( 741): recvmsg failed (I/O error)
E/NetlinkListener(22526): recvmsg failed (I/O error)
E/NetlinkListener(22526): recvmsg failed (I/O error)
E/NetlinkListener( 741): recvmsg failed (I/O error)
E/NetlinkListener(22526): recvmsg failed (I/O error)
E/NetlinkListener( 741): recvmsg failed (I/O error)
E/NetlinkListener( 741): recvmsg failed (I/O error)
E/NetlinkListener(22526): recvmsg failed (I/O error)
E/NetlinkListener(22526): recvmsg failed (I/O error)
E/NetlinkListener( 741): recvmsg failed (I/O error)
E/NetlinkListener( 741): recvmsg failed (I/O error)
E/NetlinkListener(22526): recvmsg failed (I/O error)
E/NetlinkListener(22526): recvmsg failed (I/O error)
E/NetlinkListener( 741): recvmsg failed (I/O error)
E/NetlinkListener( 741): recvmsg failed (I/O error)
E/NetlinkListener(22526): recvmsg failed (I/O error)
F/libc (12608): Fatal signal 13 (SIGPIPE), code 0 in tid 12608 (installd)
F/libc (23572): Fatal signal 11 (SIGSEGV), code 1, fault addr 0xc in tid 23580 (BootAnimation)
I/DEBUG ( 666): *** *** *** *** *** *** *** *** *** *** *** *** *** *** *** ***
I/DEBUG ( 666): Build fingerprint: 'Fairphone/FP2/FP2:5.1/FP2/fp2-sibon-16.11.0:userdebug/release-keys'
I/DEBUG ( 666): Revision: '0'
I/DEBUG ( 666): ABI: 'arm'
I/DEBUG ( 666): pid: 23572, tid: 23580, name: BootAnimation >>> /system/bin/bootanimation <<<
I/DEBUG ( 666): signal 11 (SIGSEGV), code 1 (SEGV_MAPERR), fault addr 0xc
I/DEBUG ( 666): r0 00000000 r1 40000000 r2 00000001 r3 00000000
I/DEBUG ( 666): r4 00000000 r5 40000000 r6 b53ffbf0 r7 b53ffbf8
I/DEBUG ( 666): r8 b53ffc08 r9 00000000 sl b5c37130 fp b53ffc1c
I/DEBUG ( 666): ip b6fcef20 sp b53ffbb8 lr b6e51afb pc b6e51aa2 cpsr 60070030
I/DEBUG ( 666):
I/DEBUG ( 666): backtrace:
I/DEBUG ( 666): #00 pc 00037aa2 /system/lib/libgui.so (_ZNK7android14SurfaceControl8validateEv+1)
I/DEBUG ( 666): #01 pc 00037af7 /system/lib/libgui.so (_ZN7android14SurfaceControl8setLayerEi+6)
I/DEBUG ( 666): #02 pc 0000501d /system/bin/bootanimation
I/DEBUG ( 666): #03 pc 0000ef41 /system/lib/libutils.so (_ZN7android6Thread11_threadLoopEPv+84)
I/DEBUG ( 666): #04 pc 0000eacd /system/lib/libutils.so
I/DEBUG ( 666): #05 pc 00013fc3 /system/lib/libc.so (_ZL15__pthread_startPv+30)
I/DEBUG ( 666): #06 pc 00011f0b /system/lib/libc.so (__start_thread+6) --------- beginning of main
E/audio_route(23552): Control 'RX4 DSM MUX' doesn't exist - skipping
E/audio_route(23552): Control 'RX6 DSM MUX' doesn't exist - skipping
E/audio_route(23552): Control 'RX4 DSM MUX' doesn't exist - skipping
E/audio_route(23552): Control 'RX6 DSM MUX' doesn't exist - skipping
D/msm8974_platform(23552): platform_init: Opened sound card:0
D/ACDB-LOADER(23552): ACDB -> Load file: /etc/acdbdata/MTP/MTP_Bluetooth_cal.acdb
D/ACDB-LOADER(23552): ACDB -> Load file: /etc/acdbdata/MTP/MTP_General_cal.acdb
D/ACDB-LOADER(23552): ACDB -> Load file: /etc/acdbdata/MTP/MTP_Global_cal.acdb
D/ACDB-LOADER(23552): ACDB -> Load file: /etc/acdbdata/MTP/MTP_Handset_cal.acdb
D/ACDB-LOADER(23552): ACDB -> Load file: /etc/acdbdata/MTP/MTP_Hdmi_cal.acdb
D/ACDB-LOADER(23552): ACDB -> Load file: /etc/acdbdata/MTP/MTP_Headset_cal.acdb
D/ACDB-LOADER(23552): ACDB -> Load file: /etc/acdbdata/MTP/MTP_Speaker_cal.acdb
D/ACDB-LOADER(23552): ACDB -> ACDB_CMD_INITIALIZE_V2
D/ (23552): [ACDB Command]->SW Minor/Major/Revision version mismatch warning /etc/acdbdata/MTP/MTP_Bluetooth_cal.acdb
D/ (23552): [ACDB Command]->ACDB Sw Major = 3, ACDB Sw Minor = 0, ACDB Sw Revision = 0
D/ (23552): [ACDB Command]->ACDB File Major = 3, ACDB File Minor = 0, ACDB File Revision = 2
D/ (23552): [ACDB Command]->SW Minor/Major/Revision version mismatch warning /etc/acdbdata/MTP/MTP_General_cal.acdb
D/ (23552): [ACDB Command]->ACDB Sw Major = 3, ACDB Sw Minor = 0, ACDB Sw Revision = 0
D/ (23552): [ACDB Command]->ACDB File Major = 3, ACDB File Minor = 0, ACDB File Revision = 2
D/ (23552): [ACDB Command]->SW Minor/Major/Revision version mismatch warning /etc/acdbdata/MTP/MTP_Global_cal.acdb
D/ (23552): [ACDB Command]->ACDB Sw Major = 3, ACDB Sw Minor = 0, ACDB Sw Revision = 0
D/ (23552): [ACDB Command]->ACDB File Major = 3, ACDB File Minor = 0, ACDB File Revision = 2
D/ (23552): [ACDB Command]->SW Minor/Major/Revision version mismatch warning /etc/acdbdata/MTP/MTP_Handset_cal.acdb
D/ (23552): [ACDB Command]->ACDB Sw Major = 3, ACDB Sw Minor = 0, ACDB Sw Revision = 0
D/ (23552): [ACDB Command]->ACDB File Major = 3, ACDB File Minor = 0, ACDB File Revision = 2
D/ (23552): [ACDB Command]->SW Minor/Major/Revision version mismatch warning /etc/acdbdata/MTP/MTP_Hdmi_cal.acdb
D/ (23552): [ACDB Command]->ACDB Sw Major = 3, ACDB Sw Minor = 0, ACDB Sw Revision = 0
D/ (23552): [ACDB Command]->ACDB File Major = 3, ACDB File Minor = 0, ACDB File Revision = 2
D/ (23552): [ACDB Command]->SW Minor/Major/Revision version mismatch warning /etc/acdbdata/MTP/MTP_Headset_cal.acdb
D/ (23552): [ACDB Command]->ACDB Sw Major = 3, ACDB Sw Minor = 0, ACDB Sw Revision = 0
D/ (23552): [ACDB Command]->ACDB File Major = 3, ACDB File Minor = 0, ACDB File Revision = 2
D/ (23552): [ACDB Command]->SW Minor/Major/Revision version mismatch warning /etc/acdbdata/MTP/MTP_Speaker_cal.acdb
D/ (23552): [ACDB Command]->ACDB Sw Major = 3, ACDB Sw Minor = 0, ACDB Sw Revision = 0
D/ (23552): [ACDB Command]->ACDB File Major = 3, ACDB File Minor = 0, ACDB File Revision = 2
D/ACDB-LOADER(23552): ACDB -> ACPH INIT
D/ (23552): [ACPH]->Online service registered with ACPH
D/ (23552): [ACPH]->ACPH init success
D/ACDB-LOADER(23552): ACDB -> RTAC INIT
D/ (23552): [ACPH]->DSP RTC service registered with ACPH
D/ACDB-LOADER(23552): ACDB -> ADIE RTAC INIT
D/ (23552): [ACPH]->ADIE RTC service registered with ACPH
D/ACDB-LOADER(23552): No existing ION info in ACDB driver
D/ACDB-LOADER(23552): ACDB -> ION_IOC_ALLOC
D/ACDB-LOADER(23552): ACDB -> ION_IOC_SHARE
D/ACDB-LOADER(23552): ACDB -> MMAP ADDR
D/ACDB-LOADER(23552): ACDB -> register MEM to ACDB driver: 0xb539c000
D/ACDB-LOADER(23552): ACDB -> send_asm_topology
D/ACDB-LOADER(23552): ACDB -> ACDB_CMD_GET_AUDPROC_STREAM_TOPOLOGY_ID
D/ACDB-LOADER(23552): ACDB -> send_adm_custom_topology
D/ACDB-LOADER(23552): ACDB -> ACDB_CMD_GET_AUDIO_COPP_TOPOLOGIES
D/ (23552): ACDBFILE_MGR: Property for the pid 00012E47 not found
D/ (23552): ACDB_COMMAND: Failed to fetch the property info for pid 00012E47
E/ACDB-LOADER(23552): Error: ACDB get adm topologies returned = -18
D/ACDB-LOADER(23552): ACDB -> AUDIO_SET_ADM_CUSTOM_TOPOLOGY
D/ACDB-LOADER(23552): ACDB -> send_asm_custom_topology
D/ACDB-LOADER(23552): ACDB -> ACDB_CMD_GET_AUDIO_POPP_TOPOLOGIES
D/ACDB-LOADER(23552): ACDB -> AUDIO_SET_ASM_CUSTOM_TOPOLOGY
D/ACDB-LOADER(23552): ACDB -> init done!
D/platform_parser(23552): platform_info_init: Failed to open /system/etc/platform_info.xml, using defaults.
D/audio_hw_spkr_prot(23552): audio_extn_spkr_prot_init: Initialize speaker protection module
D/audio_hw_spkr_prot(23552): audio_extn_spkr_prot_init: Speaker protection disabled
E/msm8974_platform(23552): hw_util_open Opening device /dev/snd/hwC0D1000
E/msm8974_platform(23552): hw_util_open success
D/ACDB-LOADER(23552): ACDB -> ACDB_CMD_GET_ANC_SETTING
D/ACDB-LOADER(23552): ACDB -> ACDB_CMD_GET_ANC_SETTING
D/ACDB-LOADER(23552): ACDB -> ACDB_CMD_GET_ANC_SETTING
D/ACDB-LOADER(23552): ACDB -> ACDB_CMD_GET_ANC_SETTING
D/ACDB-LOADER(23552): ACDB -> ACDB_CMD_GET_ANC_SETTING
D/ACDB-LOADER(23552): ACDB -> ACDB_CMD_GET_ANC_SETTING
D/ACDB-LOADER(23552): ACDB -> ACDB_CMD_GET_ANC_SETTING
E/msm8974_platform(23552): send_codec_cal cal sent for anc_cal
E/ACDB-LOADER(23552): ACDB -> send_codec_cal
D/ACDB-LOADER(23552): ACDB -> ACDB_CMD_GET_CODEC_CAL_DATA
E/msm8974_platform(23552): send_codec_cal cal sent for mad_cal
D/ACDB-LOADER(23552): send mbhc data
D/ACDB-LOADER(23552): ACDB -> MBHC ACDB_PID_GENERAL_CONFIG
D/ACDB-LOADER(23552): ACDB -> MBHC ACDB_PID_PLUG_REMOVAL_DETECTION
D/ACDB-LOADER(23552): ACDB -> MBHC ACDB_PID_PLUG_TYPE_DETECTION
D/ACDB-LOADER(23552): ACDB -> MBHC ACDB_PID_BUTTON_PRESS_DETECTION
D/ACDB-LOADER(23552): ACDB -> MBHC ACDB_PID_IMPEDANCE_DETECTION
E/msm8974_platform(23552): send_codec_cal cal sent for mbhc_cal
I/AudioFlinger(23552): loadHwModule() Loaded primary audio interface from QCOM Audio HAL (audio) handle 1
D/audio_hw_primary(23552): adev_open_output_stream: enter: sample_rate(48000) channel_mask(0x3) devices(0x2) flags(0x2) stream_handle(0xb58809c0)
D/audio_hw_primary(23552): adev_open_output_stream: Stream (0xb58809c0) picks up usecase (deep-buffer-playback)
I/AudioFlinger(23552): HAL output buffer size 960 frames, normal sink buffer size 960 frames
I/AudioMixer(23552): found effect "Multichannel Downmix To Stereo" from The Android Open Source Project
I/AudioFlinger(23552): Using module 1 has the primary audio interface
E/AudioPolicyManager(23552): unknown stream type 13
E/AudioPolicyManager(23552): unknown stream type 13
E/AudioPolicyManager(23552): unknown stream type 13
I/AudioFlinger(23552): AudioFlinger's thread 0xb59e5000 ready to run
W/AudioFlinger(23552): Thread AudioOut_2 cannot connect to the power manager service
D/audio_hw_primary(23552): out_set_parameters: enter: usecase(0: deep-buffer-playback) kvpairs: routing=2
D/audio_hw_extn(23552): audio_extn_set_anc_parameters: anc_enabled:0
D/audio_hw_primary(23552): out_standby: enter: stream (0xb58809c0) usecase(0: deep-buffer-playback)
W/AudioFlinger(23552): Thread AudioOut_2 cannot connect to the power manager service
W/AudioFlinger(23552): Thread AudioOut_2 cannot connect to the power manager service
E/AudioFlinger(23552): no wake lock to update!
D/audio_hw_primary(23552): out_set_parameters: enter: usecase(0: deep-buffer-playback) kvpairs: fm_volume=0.0000000000
D/audio_hw_extn(23552): audio_extn_set_anc_parameters: anc_enabled:0
D/audio_hw_fm(23552): audio_extn_fm_set_parameters: set_fm_volume usecase
D/audio_hw_fm(23552): fm_set_volume: (0.000000)
E/AudioPolicyManager(23552): unknown stream type 13
D/audio_hw_primary(23552): adev_open_output_stream: enter: sample_rate(48000) channel_mask(0x3) devices(0x2) flags(0x4) stream_handle(0xb5880b00)
D/audio_hw_primary(23552): adev_open_output_stream: Stream (0xb5880b00) picks up usecase (low-latency-playback)
I/AudioFlinger(23552): HAL output buffer size 240 frames, normal sink buffer size 960 frames
E/MonoPipe(23552): Failed to fetch local time frequency when constructing a MonoPipe (res = -32). getNextWriteTimestamp calls will be non-functional
I/DEBUG ( 666):
I/DEBUG ( 666): Tombstone written to: /data/tombstones/tombstone_01
I/SamplingProfilerIntegration(23551): Profiling disabled.
D/Zygote (23551): begin preload
I/Zygote (23551): Preloading classes...
I/art (23551): Explicit concurrent mark sweep GC freed 824(38KB) AllocSpace objects, 0(0B) LOS objects, 98% free, 52KB/4MB, paused 114us total 3.597ms
I/art (23551): Counter: 1
I/art (23551): Explicit concurrent mark sweep GC freed 96(4KB) AllocSpace objects, 0(0B) LOS objects, 98% free, 72KB/4MB, paused 109us total 2.831ms
I/art (23551): Explicit concurrent mark sweep GC freed 457(29KB) AllocSpace objects, 0(0B) LOS objects, 98% free, 72KB/4MB, paused 115us total 1.839ms
I/art (23551): Explicit concurrent mark sweep GC freed 5(160B) AllocSpace objects, 0(0B) LOS objects, 98% free, 72KB/4MB, paused 109us total 1.841ms
W/Zygote (23551): Class not found for preloading: android.app.ContextImpl$62
I/art (23551): Explicit concurrent mark sweep GC freed 633(41KB) AllocSpace objects, 0(0B) LOS objects, 98% free, 80KB/4MB, paused 100us total 3.606ms
I/art (23551): Explicit concurrent mark sweep GC freed 5(160B) AllocSpace objects, 0(0B) LOS objects, 98% free, 80KB/4MB, paused 99us total 1.698ms
I/art (23551): Explicit concurrent mark sweep GC freed 443(26KB) AllocSpace objects, 0(0B) LOS objects, 97% free, 110KB/4MB, paused 108us total 2.481ms
I/art (23551): Explicit concurrent mark sweep GC freed 25(1056B) AllocSpace objects, 0(0B) LOS objects, 97% free, 109KB/4MB, paused 228us total 4.075ms
E/Minikin (23551): addFont failed to create font /system/fonts/NanumGothic.ttf
E/Minikin (23551): addFont failed to create font /system/fonts/DroidSansFallback.ttf
I/art (23551): Explicit concurrent mark sweep GC freed 1773(128KB) AllocSpace objects, 0(0B) LOS objects, 97% free, 121KB/4MB, paused 147us total 5.178ms
I/art (23551): Explicit concurrent mark sweep GC freed 26(880B) AllocSpace objects, 0(0B) LOS objects, 97% free, 121KB/4MB, paused 113us total 2.111ms
E/NetlinkListener( 741): recvmsg failed (I/O error)
E/NetlinkListener(23553): recvmsg failed (I/O error)
I/art (23551): Explicit concurrent mark sweep GC freed 1910(91KB) AllocSpace objects, 0(0B) LOS objects, 96% free, 162KB/4MB, paused 172us total 6.383ms
I/art (23551): Explicit concurrent mark sweep GC freed 5(160B) AllocSpace objects, 0(0B) LOS objects, 96% free, 162KB/4MB, paused 175us total 3.217ms
I/art (23551): Explicit concurrent mark sweep GC freed 1975(87KB) AllocSpace objects, 0(0B) LOS objects, 95% free, 197KB/4MB, paused 144us total 5.359ms
I/art (23551): Explicit concurrent mark sweep GC freed 5(160B) AllocSpace objects, 0(0B) LOS objects, 95% free, 197KB/4MB, paused 147us total 2.978ms
I/art (23551): Explicit concurrent mark sweep GC freed 369(19KB) AllocSpace objects, 0(0B) LOS objects, 94% free, 230KB/4MB, paused 158us total 4.483ms
I/art (23551): Explicit concurrent mark sweep GC freed 5(160B) AllocSpace objects, 0(0B) LOS objects, 94% free, 230KB/4MB, paused 143us total 2.973ms
I/art (23551): Thread[1,tid=23551,WaitingForJniOnLoad,Thread*=0xb4827800,peer=0x12c411c0,"main"] recursive attempt to load library "/system/lib/libmedia_jni.so"
D/MtpDeviceJNI(23551): register_android_mtp_MtpDevice
I/art (23551): Thread[1,tid=23551,WaitingForJniOnLoad,Thread*=0xb4827800,peer=0x12c411c0,"main"] recursive attempt to load library "/system/lib/libmedia_jni.so"
I/art (23551): Thread[1,tid=23551,WaitingForJniOnLoad,Thread*=0xb4827800,peer=0x12c411c0,"main"] recursive attempt to load library "/system/lib/libmedia_jni.so"
I/art (23551): Explicit concurrent mark sweep GC freed 748(43KB) AllocSpace objects, 0(0B) LOS objects, 94% free, 239KB/4MB, paused 106us total 3.106ms
I/art (23551): Explicit concurrent mark sweep GC freed 7(288B) AllocSpace objects, 0(0B) LOS objects, 94% free, 239KB/4MB, paused 104us total 2.128ms
I/art (23551): Explicit concurrent mark sweep GC freed 541(27KB) AllocSpace objects, 0(0B) LOS objects, 94% free, 260KB/4MB, paused 102us total 3.139ms
I/art (23551): Explicit concurrent mark sweep GC freed 5(160B) AllocSpace objects, 0(0B) LOS objects, 94% free, 260KB/4MB, paused 245us total 2.922ms
I/art (23551): Explicit concurrent mark sweep GC freed 641(35KB) AllocSpace objects, 0(0B) LOS objects, 93% free, 274KB/4MB, paused 155us total 3.775ms
I/art (23551): Explicit concurrent mark sweep GC freed 5(160B) AllocSpace objects, 0(0B) LOS objects, 93% free, 274KB/4MB, paused 111us total 2.508ms
I/art (23551): Explicit concurrent mark sweep GC freed 222(13KB) AllocSpace objects, 0(0B) LOS objects, 92% free, 312KB/4MB, paused 112us total 3.239ms
I/art (23551): Explicit concurrent mark sweep GC freed 5(160B) AllocSpace objects, 0(0B) LOS objects, 92% free, 312KB/4MB, paused 117us total 2.579ms
I/art (23551): Explicit concurrent mark sweep GC freed 1815(105KB) AllocSpace objects, 0(0B) LOS objects, 89% free, 462KB/4MB, paused 122us total 4.371ms
I/art (23551): Explicit concurrent mark sweep GC freed 5(160B) AllocSpace objects, 0(0B) LOS objects, 89% free, 462KB/4MB, paused 134us total 3.410ms
E/EmojiFactory_jni(23551): Failed to load libemoji.so: dlopen failed: library "libemoji.so" not found
I/art (23551): Explicit concurrent mark sweep GC freed 356(45KB) AllocSpace objects, 0(0B) LOS objects, 84% free, 760KB/4MB, paused 138us total 6.096ms
I/art (23551): Explicit concurrent mark sweep GC freed 9(272B) AllocSpace objects, 0(0B) LOS objects, 84% free, 760KB/4MB, paused 126us total 4.255ms
I/art (23551): Explicit concurrent mark sweep GC freed 432(30KB) AllocSpace objects, 0(0B) LOS objects, 84% free, 778KB/4MB, paused 129us total 5.200ms
I/art (23551): Explicit concurrent mark sweep GC freed 5(160B) AllocSpace objects, 0(0B) LOS objects, 84% free, 778KB/4MB, paused 137us total 4.881ms
I/art (23551): Explicit concurrent mark sweep GC freed 787(49KB) AllocSpace objects, 0(0B) LOS objects, 84% free, 780KB/4MB, paused 144us total 5.022ms
I/art (23551): Explicit concurrent mark sweep GC freed 5(160B) AllocSpace objects, 0(0B) LOS objects, 84% free, 780KB/4MB, paused 143us total 5.108ms
I/art (23551): Explicit concurrent mark sweep GC freed 957(105KB) AllocSpace objects, 0(0B) LOS objects, 83% free, 822KB/4MB, paused 145us total 6.628ms
I/art (23551): Explicit concurrent mark sweep GC freed 37(1744B) AllocSpace objects, 0(0B) LOS objects, 83% free, 821KB/4MB, paused 141us total 4.851ms
I/art (23551): Explicit concurrent mark sweep GC freed 528(39KB) AllocSpace objects, 0(0B) LOS objects, 83% free, 830KB/4MB, paused 146us total 5.256ms
I/art (23551): Explicit concurrent mark sweep GC freed 5(160B) AllocSpace objects, 0(0B) LOS objects, 83% free, 830KB/4MB, paused 143us total 5.052ms
I/art (23551): Explicit concurrent mark sweep GC freed 360(25KB) AllocSpace objects, 0(0B) LOS objects, 82% free, 859KB/4MB, paused 148us total 5.288ms
I/art (23551): Explicit concurrent mark sweep GC freed 5(160B) AllocSpace objects, 0(0B) LOS objects, 82% free, 859KB/4MB, paused 144us total 5.047ms
I/art (23551): Explicit concurrent mark sweep GC freed 10831(530KB) AllocSpace objects, 0(0B) LOS objects, 76% free, 1238KB/5MB, paused 140us total 9.496ms
E/NetlinkListener( 741): recvmsg failed (I/O error)
E/NetlinkListener(23553): recvmsg failed (I/O error)
I/art (23551): Explicit concurrent mark sweep GC freed 11(432B) AllocSpace objects, 0(0B) LOS objects, 76% free, 1238KB/5MB, paused 143us total 5.693ms
I/art (23551): Explicit concurrent mark sweep GC freed 570(33KB) AllocSpace objects, 0(0B) LOS objects, 76% free, 1254KB/5MB, paused 148us total 6.542ms
I/art (23551): Explicit concurrent mark sweep GC freed 5(160B) AllocSpace objects, 0(0B) LOS objects, 76% free, 1254KB/5MB, paused 143us total 5.858ms
I/art (23551): Explicit concurrent mark sweep GC freed 739(45KB) AllocSpace objects, 0(0B) LOS objects, 76% free, 1257KB/5MB, paused 140us total 5.948ms
I/ServiceManager(23550): Waiting for service batterystats...
I/art (23551): Explicit concurrent mark sweep GC freed 5(160B) AllocSpace objects, 0(0B) LOS objects, 76% free, 1257KB/5MB, paused 146us total 5.981ms
I/System (23551): Loaded time zone names for "" in 57ms (53ms in ICU)
I/System (23551): Loaded time zone names for "en_US" in 36ms (32ms in ICU)
I/art (23551): Explicit concurrent mark sweep GC freed 2343(178KB) AllocSpace objects, 0(0B) LOS objects, 74% free, 1416KB/5MB, paused 146us total 10.688ms
I/art (23551): Explicit concurrent mark sweep GC freed 5(160B) AllocSpace objects, 0(0B) LOS objects, 74% free, 1416KB/5MB, paused 133us total 8.851ms
I/art (23551): Explicit concurrent mark sweep GC freed 136(12KB) AllocSpace objects, 0(0B) LOS objects, 73% free, 1481KB/5MB, paused 128us total 5.942ms
I/art (23551): Explicit concurrent mark sweep GC freed 5(160B) AllocSpace objects, 0(0B) LOS objects, 73% free, 1481KB/5MB, paused 128us total 5.723ms
I/art (23551): Explicit concurrent mark sweep GC freed 286(24KB) AllocSpace objects, 0(0B) LOS objects, 72% free, 1526KB/5MB, paused 125us total 6.335ms
I/art (23551): Explicit concurrent mark sweep GC freed 13(416B) AllocSpace objects, 0(0B) LOS objects, 72% free, 1526KB/5MB, paused 121us total 5.727ms
I/art (23551): Explicit concurrent mark sweep GC freed 667(47KB) AllocSpace objects, 0(0B) LOS objects, 72% free, 1528KB/5MB, paused 131us total 6.047ms
I/art (23551): Explicit concurrent mark sweep GC freed 25(800B) AllocSpace objects, 0(0B) LOS objects, 72% free, 1527KB/5MB, paused 126us total 6.372ms
I/Zygote (23551): ...preloaded 3004 classes in 906ms.
I/art (23551): VMRuntime.preloadDexCaches starting
I/art (23551): VMRuntime.preloadDexCaches strings total=223573 before=41006 after=41006
I/art (23551): VMRuntime.preloadDexCaches types total=19030 before=6653 after=6697
I/art (23551): VMRuntime.preloadDexCaches fields total=88636 before=32658 after=33035
I/art (23551): VMRuntime.preloadDexCaches methods total=156114 before=67685 after=68621
I/art (23551): VMRuntime.preloadDexCaches finished
I/art (23551): Counter: 0
I/art (23551): Counter: 1
I/art (23551): Explicit concurrent mark sweep GC freed 41(15KB) AllocSpace objects, 0(0B) LOS objects, 73% free, 1514KB/5MB, paused 131us total 7.637ms
D/idmap (23637): error: no read access to /vendor/overlay: No such file or directory
I/Zygote (23551): Preloading resources...
W/Resources(23551): Preloaded drawable resource #0x1080096 (android:drawable/toast_frame) that varies with configuration!!
W/Resources(23551): Preloaded drawable resource #0x108010d (android:drawable/btn_check_on_pressed_holo_light) that varies with configuration!!
W/Resources(23551): Preloaded drawable resource #0x108010c (android:drawable/btn_check_on_pressed_holo_dark) that varies with configuration!!
W/Resources(23551): Preloaded drawable resource #0x108010a (android:drawable/btn_check_on_holo_light) that varies with configuration!!
W/Resources(23551): Preloaded drawable resource #0x1080109 (android:drawable/btn_check_on_holo_dark) that varies with configuration!!
W/Resources(23551): Preloaded drawable resource #0x1080107 (android:drawable/btn_check_on_focused_holo_light) that varies with configuration!!
W/Resources(23551): Preloaded drawable resource #0x1080106 (android:drawable/btn_check_on_focused_holo_dark) that varies with configuration!!
W/Resources(23551): Preloaded drawable resource #0x1080105 (android:drawable/btn_check_on_disabled_holo_light) that varies with configuration!!
W/Resources(23551): Preloaded drawable resource #0x1080104 (android:drawable/btn_check_on_disabled_holo_dark) that varies with configuration!!
W/Resources(23551): Preloaded drawable resource #0x1080103 (android:drawable/btn_check_on_disabled_focused_holo_light) that varies with configuration!!
W/Resources(23551): Preloaded drawable resource #0x1080102 (android:drawable/btn_check_on_disabled_focused_holo_dark) that varies with configuration!!
W/Resources(23551): Preloaded drawable resource #0x10800fa (android:drawable/btn_check_off_pressed_holo_light) that varies with configuration!!
W/Resources(23551): Preloaded drawable resource #0x10800f9 (android:drawable/btn_check_off_pressed_holo_dark) that varies with configuration!!
W/Resources(23551): Preloaded drawable resource #0x10800f5 (android:drawable/btn_check_off_holo_light) that varies with configuration!!
W/Resources(23551): Preloaded drawable resource #0x10800f4 (android:drawable/btn_check_off_holo_dark) that varies with configuration!!
W/Resources(23551): Preloaded drawable resource #0x10800f2 (android:drawable/btn_check_off_focused_holo_light) that varies with configuration!!
W/Resources(23551): Preloaded drawable resource #0x10800f1 (android:drawable/btn_check_off_focused_holo_dark) that varies with configuration!!
W/Resources(23551): Preloaded drawable resource #0x10800f0 (android:drawable/btn_check_off_disabled_holo_light) that varies with configuration!!
W/Resources(23551): Preloaded drawable resource #0x10800ef (android:drawable/btn_check_off_disabled_holo_dark) that varies with configuration!!
W/Resources(23551): Preloaded drawable resource #0x10800ee (android:drawable/btn_check_off_disabled_focused_holo_light) that varies with configuration!!
W/Resources(23551): Preloaded drawable resource #0x10800ed (android:drawable/btn_check_off_disabled_focused_holo_dark) that varies with configuration!!
W/Resources(23551): Preloaded drawable resource #0x108010a (android:drawable/btn_check_on_holo_light) that varies with configuration!!
W/Resources(23551): Preloaded drawable resource #0x10800f5 (android:drawable/btn_check_off_holo_light) that varies with configuration!!
W/Resources(23551): Preloaded drawable resource #0x108010d (android:drawable/btn_check_on_pressed_holo_light) that varies with configuration!!
W/Resources(23551): Preloaded drawable resource #0x10800fa (android:drawable/btn_check_off_pressed_holo_light) that varies with configuration!!
W/Resources(23551): Preloaded drawable resource #0x1080107 (android:drawable/btn_check_on_focused_holo_light) that varies with configuration!!
W/Resources(23551): Preloaded drawable resource #0x10800f2 (android:drawable/btn_check_off_focused_holo_light) that varies with configuration!!
W/Resources(23551): Preloaded drawable resource #0x10800f5 (android:drawable/btn_check_off_holo_light) that varies with configuration!!
W/Resources(23551): Preloaded drawable resource #0x108010a (android:drawable/btn_check_on_holo_light) that varies with configuration!!
W/Resources(23551): Preloaded drawable resource #0x1080105 (android:drawable/btn_check_on_disabled_holo_light) that varies with configuration!!
W/Resources(23551): Preloaded drawable resource #0x10800f0 (android:drawable/btn_check_off_disabled_holo_light) that varies with configuration!!
W/Resources(23551): Preloaded drawable resource #0x1080103 (android:drawable/btn_check_on_disabled_focused_holo_light) that varies with configuration!!
W/Resources(23551): Preloaded drawable resource #0x10800ee (android:drawable/btn_check_off_disabled_focused_holo_light) that varies with configuration!!
W/Resources(23551): Preloaded drawable resource #0x10800f0 (android:drawable/btn_check_off_disabled_holo_light) that varies with configuration!!
W/Resources(23551): Preloaded drawable resource #0x1080105 (android:drawable/btn_check_on_disabled_holo_light) that varies with configuration!!
W/Resources(23551): Preloaded drawable resource #0x10800e3 (android:drawable/btn_check_holo_light) that varies with configuration!!
W/Resources(23551): Preloaded drawable resource #0x1080109 (android:drawable/btn_check_on_holo_dark) that varies with configuration!!
W/Resources(23551): Preloaded drawable resource #0x10800f4 (android:drawable/btn_check_off_holo_dark) that varies with configuration!!
W/Resources(23551): Preloaded drawable resource #0x108010c (android:drawable/btn_check_on_pressed_holo_dark) that varies with configuration!!
W/Resources(23551): Preloaded drawable resource #0x10800f9 (android:drawable/btn_check_off_pressed_holo_dark) that varies with configuration!!
W/Resources(23551): Preloaded drawable resource #0x1080106 (android:drawable/btn_check_on_focused_holo_dark) that varies with configuration!!
W/Resources(23551): Preloaded drawable resource #0x10800f1 (android:drawable/btn_check_off_focused_holo_dark) that varies with configuration!!
W/Resources(23551): Preloaded drawable resource #0x10800f4 (android:drawable/btn_check_off_holo_dark) that varies with configuration!!
W/Resources(23551): Preloaded drawable resource #0x1080109 (android:drawable/btn_check_on_holo_dark) that varies with configuration!!
W/Resources(23551): Preloaded drawable resource #0x1080104 (android:drawable/btn_check_on_disabled_holo_dark) that varies with configuration!!
W/Resources(23551): Preloaded drawable resource #0x10800ef (android:drawable/btn_check_off_disabled_holo_dark) that varies with configuration!!
W/Resources(23551): Preloaded drawable resource #0x1080102 (android:drawable/btn_check_on_disabled_focused_holo_dark) that varies with configuration!!
W/Resources(23551): Preloaded drawable resource #0x10800ed (android:drawable/btn_check_off_disabled_focused_holo_dark) that varies with configuration!!
W/Resources(23551): Preloaded drawable resource #0x10800ef (android:drawable/btn_check_off_disabled_holo_dark) that varies with configuration!!
W/Resources(23551): Preloaded drawable resource #0x1080104 (android:drawable/btn_check_on_disabled_holo_dark) that varies with configuration!!
W/Resources(23551): Preloaded drawable resource #0x10800e2 (android:drawable/btn_check_holo_dark) that varies with configuration!!
W/Resources(23551): Preloaded drawable resource #0x10801bd (android:drawable/btn_radio_on_pressed_holo_light) that varies with configuration!!
W/Resources(23551): Preloaded drawable resource #0x10801bc (android:drawable/btn_radio_on_pressed_holo_dark) that varies with configuration!!
W/Resources(23551): Preloaded drawable resource #0x10801b9 (android:drawable/btn_radio_on_holo_light) that varies with configuration!!
W/Resources(23551): Preloaded drawable resource #0x10801b8 (android:drawable/btn_radio_on_holo_dark) that varies with configuration!!
W/Resources(23551): Preloaded drawable resource #0x10801b6 (android:drawable/btn_radio_on_focused_holo_light) that varies with configuration!!
W/Resources(23551): Preloaded drawable resource #0x10801b5 (android:drawable/btn_radio_on_focused_holo_dark) that varies with configuration!!
W/Resources(23551): Preloaded drawable resource #0x10801b4 (android:drawable/btn_radio_on_disabled_holo_light) that varies with configuration!!
W/Resources(23551): Preloaded drawable resource #0x10801b3 (android:drawable/btn_radio_on_disabled_holo_dark) that varies with configuration!!
W/Resources(23551): Preloaded drawable resource #0x10801b2 (android:drawable/btn_radio_on_disabled_focused_holo_light) that varies with configuration!!
W/Resources(23551): Preloaded drawable resource #0x10801b1 (android:drawable/btn_radio_on_disabled_focused_holo_dark) that varies with configuration!!
W/Resources(23551): Preloaded drawable resource #0x10801ae (android:drawable/btn_radio_off_pressed_holo_light) that varies with configuration!!
W/Resources(23551): Preloaded drawable resource #0x10801ad (android:drawable/btn_radio_off_pressed_holo_dark) that varies with configuration!!
W/Resources(23551): Preloaded drawable resource #0x10801ab (android:drawable/btn_radio_off_holo_light) that varies with configuration!!
W/Resources(23551): Preloaded drawable resource #0x10801aa (android:drawable/btn_radio_off_holo_dark) that varies with configuration!!
W/Resources(23551): Preloaded drawable resource #0x10801a8 (android:drawable/btn_radio_off_focused_holo_light) that varies with configuration!!
W/Resources(23551): Preloaded drawable resource #0x10801a7 (android:drawable/btn_radio_off_focused_holo_dark) that varies with configuration!!
W/Resources(23551): Preloaded drawable resource #0x10801a6 (android:drawable/btn_radio_off_disabled_holo_light) that varies with configuration!!
W/Resources(23551): Preloaded drawable resource #0x10801a5 (android:drawable/btn_radio_off_disabled_holo_dark) that varies with configuration!!
W/Resources(23551): Preloaded drawable resource #0x10801a4 (android:drawable/btn_radio_off_disabled_focused_holo_light) that varies with configuration!!
W/Resources(23551): Preloaded drawable resource #0x10801a3 (android:drawable/btn_radio_off_disabled_focused_holo_dark) that varies with configuration!!
W/Resources(23551): Preloaded drawable resource #0x108014e (android:drawable/btn_default_pressed_holo_light) that varies with configuration!!
W/Resources(23551): Preloaded drawable resource #0x108014d (android:drawable/btn_default_pressed_holo_dark) that varies with configuration!!
W/Resources(23551): Preloaded drawable resource #0x108014a (android:drawable/btn_default_normal_holo_light) that varies with configuration!!
W/Resources(23551): Preloaded drawable resource #0x1080149 (android:drawable/btn_default_normal_holo_dark) that varies with configuration!!
W/Resources(23551): Preloaded drawable resource #0x1080140 (android:drawable/btn_default_focused_holo_light) that varies with configuration!!
W/Resources(23551): Preloaded drawable resource #0x108013f (android:drawable/btn_default_focused_holo_dark) that varies with configuration!!
W/Resources(23551): Preloaded drawable resource #0x108013d (android:drawable/btn_default_disabled_holo_light) that varies with configuration!!
W/Resources(23551): Preloaded drawable resource #0x108013c (android:drawable/btn_default_disabled_holo_dark) that varies with configuration!!
