E/AndroidRuntime(21716): at android.content.ContentResolver.query(ContentResolver.java:422)
E/AndroidRuntime(21716): at com.android.inputmethod.latin.ContactsBinaryDictionary.loadDictionaryForUriLocked(ContactsBinaryDictionary.java:148)
E/AndroidRuntime(21716): at com.android.inputmethod.latin.ContactsBinaryDictionary.loadInitialContentsLocked(ContactsBinaryDictionary.java:123)
E/AndroidRuntime(21716): at com.android.inputmethod.latin.ExpandableBinaryDictionary.createNewDictionaryLocked(ExpandableBinaryDictionary.java:562)
E/AndroidRuntime(21716): at com.android.inputmethod.latin.ExpandableBinaryDictionary.access$700(ExpandableBinaryDictionary.java:53)
E/AndroidRuntime(21716): at com.android.inputmethod.latin.ExpandableBinaryDictionary$12.run(ExpandableBinaryDictionary.java:605)
E/AndroidRuntime(21716): at com.android.inputmethod.latin.ExpandableBinaryDictionary$1.run(ExpandableBinaryDictionary.java:194)
E/AndroidRuntime(21716): at java.util.concurrent.ThreadPoolExecutor.runWorker(ThreadPoolExecutor.java:1112)
E/AndroidRuntime(21716): at java.util.concurrent.ThreadPoolExecutor$Worker.run(ThreadPoolExecutor.java:587)
E/AndroidRuntime(21716): at java.lang.Thread.run(Thread.java:818)
E/AndroidRuntime(21716): Error reporting crash
E/AndroidRuntime(21716): android.os.DeadObjectException
E/AndroidRuntime(21716): at android.os.BinderProxy.transactNative(Native Method)
E/AndroidRuntime(21716): at android.os.BinderProxy.transact(Binder.java:496)
E/AndroidRuntime(21716): at android.app.ActivityManagerProxy.handleApplicationCrash(ActivityManagerNative.java:4207)
E/AndroidRuntime(21716): at com.android.internal.os.RuntimeInit$UncaughtHandler.uncaughtException(RuntimeInit.java:89)
E/AndroidRuntime(21716): at java.lang.ThreadGroup.uncaughtException(ThreadGroup.java:693)
E/AndroidRuntime(21716): at java.lang.ThreadGroup.uncaughtException(ThreadGroup.java:690)
E/NetlinkListener( 741): recvmsg failed (I/O error)
E/NetlinkListener(22065): recvmsg failed (I/O error)
E/NetlinkListener( 741): recvmsg failed (I/O error)
E/NetlinkListener(22065): recvmsg failed (I/O error)
E/NetlinkListener(22065): recvmsg failed (I/O error)
E/NetlinkListener( 741): recvmsg failed (I/O error)
E/NetlinkListener(22065): recvmsg failed (I/O error)
E/NetlinkListener( 741): recvmsg failed (I/O error)
I/InstallerConnection(22102): disconnecting...
I/SystemServer(22102): Entered the Android system server!
I/SystemServiceManager(22102): Starting com.android.server.pm.Installer
I/Installer(22102): Waiting for installd to be ready.
I/InstallerConnection(22102): connecting...
I/SystemServiceManager(22102): Starting com.android.server.am.ActivityManagerService$Lifecycle
I/XXXXXX (22102): choosing minFree values for 32 Bit
I/XXXXXX (22102): choosing minFree values for 32 Bit
I/XXXXXX (22102): choosing minFree values for 32 Bit
I/XXXXXX (22102): choosing minFree values for 32 Bit
I/XXXXXX (22102): choosing minFree values for 32 Bit
I/XXXXXX (22102): choosing minFree values for 32 Bit
I/ActivityManager(22102): Memory class: 128
I/ServiceThread(22102): Enabled StrictMode logging for ActivityManager looper.
I/AppOps (22102): No existing app ops /data/system/appops.xml; starting empty
E/NetlinkListener(22065): recvmsg failed (I/O error)
E/NetlinkListener( 741): recvmsg failed (I/O error)
E/NetlinkListener(22065): recvmsg failed (I/O error)
E/NetlinkListener( 741): recvmsg failed (I/O error)
I/IntentFirewall(22102): Read new rules (A:0 B:0 S:0)
I/ServiceThread(22102): Enabled StrictMode logging for android.ui looper.
I/ServiceThread(22102): Enabled StrictMode logging for android.display looper.
D/AppOps (22102): AppOpsService published
I/SystemServiceManager(22102): Starting com.android.server.power.PowerManagerService
I/ServiceThread(22102): Enabled StrictMode logging for PowerManagerService looper.
I/SystemServiceManager(22102): Starting com.android.server.display.DisplayManagerService
I/SystemServiceManager(22102): Starting phase 100
I/DisplayManagerService(22102): Display device added: DisplayDeviceInfo{"Built-in Screen": uniqueId="local:0", 1080 x 1920, 0.466 fps, supportedRefreshRates [0.466], density 480, 160.42105 x 159.89508 dpi, appVsyncOff 0, presDeadline 2146922789, touch INTERNAL, rotation 0, type BUILT_IN, state UNKNOWN, FLAG_DEFAULT_DISPLAY, FLAG_ROTATES_WITH_CONTENT, FLAG_SECURE, FLAG_SUPPORTS_PROTECTED_BUFFERS}
I/SystemServer(22102): Package Manager
E/SELinuxMMAC(22102): Error with hashing seapp_contexts.
E/SELinuxMMAC(22102): java.io.FileNotFoundException: /seapp_contexts: open failed: ENOENT (No such file or directory)
E/SELinuxMMAC(22102): at libcore.io.IoBridge.open(IoBridge.java:456)
E/SELinuxMMAC(22102): at libcore.io.IoUtils$FileReader.(IoUtils.java:209)
E/SELinuxMMAC(22102): at libcore.io.IoUtils.readFileAsByteArray(IoUtils.java:109)
E/SELinuxMMAC(22102): at com.android.server.pm.SELinuxMMAC.returnHash(SELinuxMMAC.java:456)
E/SELinuxMMAC(22102): at com.android.server.pm.SELinuxMMAC.shouldRestorecon(SELinuxMMAC.java:389)
E/SELinuxMMAC(22102): at com.android.server.pm.PackageManagerService.(PackageManagerService.java:419)
E/SELinuxMMAC(22102): at com.android.server.pm.PackageManagerService.main(PackageManagerService.java:1261)
E/SELinuxMMAC(22102): at com.android.server.SystemServer.startBootstrapServices(SystemServer.java:358)
E/SELinuxMMAC(22102): at com.android.server.SystemServer.run(SystemServer.java:263)
E/SELinuxMMAC(22102): at com.android.server.SystemServer.main(SystemServer.java:179)
E/SELinuxMMAC(22102): at java.lang.reflect.Method.invoke(Native Method)
E/SELinuxMMAC(22102): at java.lang.reflect.Method.invoke(Method.java:372)
E/SELinuxMMAC(22102): at com.android.internal.os.ZygoteInit$MethodAndArgsCaller.run(ZygoteInit.java:904)
E/SELinuxMMAC(22102): at com.android.internal.os.ZygoteInit.main(ZygoteInit.java:699)
E/SELinuxMMAC(22102): Caused by: android.system.ErrnoException: open failed: ENOENT (No such file or directory)
E/SELinuxMMAC(22102): at libcore.io.Posix.open(Native Method)
E/SELinuxMMAC(22102): at libcore.io.BlockGuardOs.open(BlockGuardOs.java:186)
E/SELinuxMMAC(22102): at libcore.io.IoBridge.open(IoBridge.java:442)
E/SELinuxMMAC(22102): ... 13 more
W/SystemConfig(22102): No directory /system/etc/sysconfig, skipping
D/SELinuxMMAC(22102): Using policy file /system/etc/security/mac_permissions.xml
W/PackageManager(22102): Library not found: /system/framework/com.google.widevine.software.drm.jar
W/PackageManager(22102): Library not found: /system/framework/com.google.android.media.effects.jar
W/PackageManager(22102): Library not found: /system/framework/com.google.android.maps.jar
W/PackageManager(22102): Library not found: /system/framework/com.fairphone.hiccup.jar
E/NetlinkListener( 741): recvmsg failed (I/O error)
E/NetlinkListener(22065): recvmsg failed (I/O error)
E/NetlinkListener(22065): recvmsg failed (I/O error)
E/NetlinkListener( 741): recvmsg failed (I/O error)
W/PackageManager(22102): Trying to update system app code path from /system/priv-app/Settings to /usr/libexec/sfdroid/system/priv-app/Settings
W/PackageManager(22102): Failed to parse /usr/libexec/sfdroid/system/priv-app/Settings: Signature mismatch for shared user : SharedUserSetting{64463f0 android.uid.system/1000}
W/PackageManager(22102): Failed to parse /system/priv-app/CNEService: Signature mismatch for shared user : SharedUserSetting{64463f0 android.uid.system/1000}
W/PackageParser(22102): No actions in intent filter at /system/priv-app/Contacts/Contacts.apk Binary XML file line #364
W/PackageParser(22102): No actions in intent filter at /system/priv-app/Dialer/Dialer.apk Binary XML file line #168
W/PackageParser(22102): No actions in intent filter at /system/priv-app/ProximitySensorTools/ProximitySensorTools.apk Binary XML file line #54
W/PackageManager(22102): Failed to parse /system/priv-app/Settings: Signature mismatch for shared user : SharedUserSetting{64463f0 android.uid.system/1000}
W/PackageParser(22102): Unknown element under : android at /system/priv-app/Telecom/Telecom.apk Binary XML file line #233
W/PackageManager(22102): Failed to parse /system/priv-app/com.qualcomm.location: Signature mismatch for shared user : SharedUserSetting{64463f0 android.uid.system/1000}
W/PackageManager(22102): Failed to parse /system/priv-app/com.qualcomm.msapm: Signature mismatch for shared user : SharedUserSetting{64463f0 android.uid.system/1000}
W/PackageParser(22102): No actions in intent filter at /system/app/Bluetooth/Bluetooth.apk Binary XML file line #229
W/PackageParser(22102): Unknown element under : uses-feature at /system/app/BluetoothExt/BluetoothExt.apk Binary XML file line #57
W/PackageParser(22102): No actions in intent filter at /system/app/BluetoothExt/BluetoothExt.apk Binary XML file line #110
W/PackageParser(22102): No actions in intent filter at /system/app/BluetoothExt/BluetoothExt.apk Binary XML file line #134
W/PackageParser(22102): No actions in intent filter at /system/app/BluetoothExt/BluetoothExt.apk Binary XML file line #161
W/PackageManager(22102): Failed to parse /system/app/CABLService: Signature mismatch for shared user : SharedUserSetting{64463f0 android.uid.system/1000}
W/PackageParser(22102): Unknown element under : permission at /system/app/Gallery2/Gallery2.apk Binary XML file line #254
W/PackageParser(22102): Unknown element under : permission at /system/app/Gallery2/Gallery2.apk Binary XML file line #257
W/PackageManager(22102): Failed to parse /system/app/GsmTuneAway: Signature mismatch for shared user : SharedUserSetting{1a13acb7 android.uid.phone/1001}
I/PackageParser(22102): com.qualcomm.interfacepermissions: compat added android.permission.WRITE_EXTERNAL_STORAGE android.permission.READ_PHONE_STATE
W/PackageManager(22102): Failed to parse /system/app/NetworkSetting: Signature mismatch for shared user : SharedUserSetting{1a13acb7 android.uid.phone/1001}
I/PackageParser(22102): com.qualcomm.qcom_qmi: compat added android.permission.WRITE_EXTERNAL_STORAGE android.permission.READ_PHONE_STATE
W/PackageManager(22102): Failed to parse /system/app/SVIService: Signature mismatch for shared user : SharedUserSetting{64463f0 android.uid.system/1000}
W/PackageManager(22102): Failed to parse /system/app/TimeService: Signature mismatch for shared user : SharedUserSetting{64463f0 android.uid.system/1000}
W/PackageManager(22102): Failed to parse /system/app/WfdService: Signature mismatch for shared user : SharedUserSetting{64463f0 android.uid.system/1000}
W/PackageManager(22102): Failed to parse /system/app/btmultisim: Signature mismatch for shared user : SharedUserSetting{1a13acb7 android.uid.phone/1001}
W/PackageManager(22102): Failed to parse /system/app/com.qualcomm.qti.services.secureui: Signature mismatch for shared user : SharedUserSetting{64463f0 android.uid.system/1000}
W/PackageManager(22102): Failed to parse /system/app/fastdormancy: Signature mismatch for shared user : SharedUserSetting{64463f0 android.uid.system/1000}
W/PackageManager(22102): Failed to parse /system/app/qcrilmsgtunnel: Signature mismatch for shared user : SharedUserSetting{1a13acb7 android.uid.phone/1001}
W/PackageManager(22102): Failed to parse /system/vendor/app/ims: Signature mismatch for shared user : SharedUserSetting{1a13acb7 android.uid.phone/1001}
W/PackageManager(22102): System package com.android.settings no longer exists; wiping its data
W/PackageManager(22102): Package org.codeaurora.bluetooth desires unavailable shared library com.quicinc.wbc; ignoring!
W/PackageManager(22102): Package com.android.email desires unavailable shared library org.apache.http.legacy; ignoring!
I/PackageManager(22102): Adjusting ABI for : com.codeaurora.fmrecording to armeabi-v7a
I/PackageManager(22102): Adjusting ABI for : com.fairphone.privacyimpact to armeabi-v7a
I/PackageManager(22102): Adjusting ABI for : com.android.server.telecom to armeabi-v7a
I/PackageManager(22102): Adjusting ABI for : com.fairphone.psensor to armeabi-v7a
I/PackageManager(22102): Adjusting ABI for : com.android.providers.settings to armeabi-v7a
I/PackageManager(22102): Adjusting ABI for : com.android.keychain to armeabi-v7a
I/PackageManager(22102): Adjusting ABI for : com.android.location.fused to armeabi-v7a
I/PackageManager(22102): Adjusting ABI for : com.fairphone.setupwizard to armeabi-v7a
I/PackageManager(22102): Adjusting ABI for : com.dsi.ant.server to armeabi-v7a
I/PackageManager(22102): Adjusting ABI for : com.android.dialer to armeabi-v7a
I/PackageManager(22102): Adjusting ABI for : com.android.inputdevices to armeabi-v7a
I/PackageManager(22102): Adjusting ABI for : com.android.soundrecorder to armeabi-v7a
I/PackageManager(22102): Time to scan packages: 1.206 seconds
W/PackageManager(22102): Unknown permission com.google.android.googleapps.permission.GOOGLE_AUTH in package com.android.providers.calendar
W/PackageManager(22102): Unknown permission com.google.android.googleapps.permission.GOOGLE_AUTH.cl in package com.android.providers.calendar
W/PackageManager(22102): Unknown permission com.qualcomm.permission.USE_QCRIL_MSG_TUNNEL in package com.qualcomm.shutdownlistner
W/PackageManager(22102): Unknown permission android.permission.PREVENT_POWER_KEY in package com.fairphone.checkup
W/PackageManager(22102): Not granting permission android.permission.GLOBAL_SEARCH to package com.android.quicksearchbox (protectionLevel=18 flags=0x48be45)
W/PackageManager(22102): Not granting permission android.permission.ACCESS_DOWNLOAD_MANAGER to package com.android.browser (protectionLevel=18 flags=0x9be45)
W/PackageManager(22102): Not granting permission android.permission.SEND_DOWNLOAD_COMPLETED_INTENTS to package com.android.browser (protectionLevel=2 flags=0x9be45)
W/PackageManager(22102): Unknown permission android.permission.MMS_PUSH in package org.codeaurora.bluetooth
W/PackageManager(22102): Not granting permission android.permission.BIND_WALLPAPER to package com.android.camera2 (protectionLevel=18 flags=0x58bc45)
W/PackageManager(22102): Unknown permission android.permission.INSTALL_DRM in package com.android.mms
W/PackageManager(22102): Unknown permission com.google.android.googleapps.permission.GOOGLE_AUTH.mail in package com.android.calendar
W/PackageManager(22102): Unknown permission com.android.launcher.permission.READ_SETTINGS in package com.android.onetimeinitializer
W/PackageManager(22102): Unknown permission com.android.launcher.permission.WRITE_SETTINGS in package com.android.onetimeinitializer
W/PackageManager(22102): Not granting permission android.permission.DELETE_PACKAGES to package com.svox.pico (protectionLevel=18 flags=0x8be45)
W/PackageManager(22102): Unknown permission android.permission.ACCESS_THEME_MANAGER in package com.fairphone.setupwizard
W/PackageManager(22102): Unknown permission com.google.android.gallery3d.permission.PICASA_STORE in package com.android.dreams.phototable
W/PackageManager(22102): Unknown permission android.permission.ACCESS_SUPERUSER in package com.amaze.filemanager
W/PackageManager(22102): Unknown permission com.android.launcher.permission.READ_SETTINGS in package com.fairphone.fplauncher3
W/PackageManager(22102): Unknown permission com.android.launcher.permission.WRITE_SETTINGS in package com.fairphone.fplauncher3
W/PackageManager(22102): Unknown permission android.permission.ACCESS_SUPERUSER in package com.fairphone.updater
W/PackageManager(22102): Not granting permission android.permission.DEVICE_POWER to package com.android.deskclock (protectionLevel=2 flags=0x48be45)
W/PackageManager(22102): Unknown permission com.google.android.gallery3d.permission.GALLERY_PROVIDER in package com.android.bluetooth
I/SystemServer(22102): User Service
I/SystemServiceManager(22102): Starting com.android.server.lights.LightsService
I/SystemServiceManager(22102): Starting com.android.server.BatteryService
I/SystemServiceManager(22102): Starting com.android.server.usage.UsageStatsService
I/UsageStatsService(22102): User[0] Rollover scheduled @ 2016-12-11 00:00:00(1481414400000)
I/SystemServiceManager(22102): Starting com.android.server.webkit.WebViewUpdateService
I/SystemServer(22102): Reading configuration...
I/SystemServer(22102): Scheduling Policy
I/SystemServiceManager(22102): Starting com.android.server.telecom.TelecomLoaderService
I/SystemServer(22102): Telephony Registry
I/SystemServer(22102): Entropy Mixer
I/EntropyMixer(22102): Writing entropy...
I/SystemServer(22102): Account Manager
I/SystemServer(22102): Content Manager
I/SystemServer(22102): System Content Providers
I/SystemServer(22102): Vibrator Service
I/SystemServer(22102): Consumer IR Service
I/SystemServiceManager(22102): Starting com.android.server.AlarmManagerService
W/AlarmManager(22102): Failed to open alarm driver. Falling back to a handler.
I/SystemServer(22102): Init Watchdog
I/SystemServer(22102): Input Manager
I/InputManager(22102): Initializing input manager, mUseDevInputEventForAudioJack=true
I/SystemServer(22102): Window Manager
I/WindowManager(22102): No existing display settings /data/system/display_settings.xml; starting empty
E/WindowManager(22102): Exception creating Dim surface
E/WindowManager(22102): android.view.Surface$OutOfResourcesException
E/WindowManager(22102): at android.view.SurfaceControl.nativeCreate(Native Method)
E/WindowManager(22102): at android.view.SurfaceControl.(SurfaceControl.java:292)
E/WindowManager(22102): at com.android.server.wm.DimLayer.(DimLayer.java:81)
E/WindowManager(22102): at com.android.server.wm.TaskStack.attachDisplayContent(TaskStack.java:233)
E/WindowManager(22102): at com.android.server.wm.WindowManagerService.attachStack(WindowManagerService.java:5158)
E/WindowManager(22102): at com.android.server.am.ActivityStackSupervisor$ActivityContainer.attachToDisplayLocked(ActivityStackSupervisor.java:3766)
E/WindowManager(22102): at com.android.server.am.ActivityStackSupervisor.createStackOnDisplay(ActivityStackSupervisor.java:2649)
E/WindowManager(22102): at com.android.server.am.ActivityStackSupervisor.setWindowManager(ActivityStackSupervisor.java:394)
E/WindowManager(22102): at com.android.server.am.ActivityManagerService.setWindowManager(ActivityManagerService.java:1943)
E/WindowManager(22102): at com.android.server.SystemServer.startOtherServices(SystemServer.java:498)
E/WindowManager(22102): at com.android.server.SystemServer.run(SystemServer.java:265)
E/WindowManager(22102): at com.android.server.SystemServer.main(SystemServer.java:179)
E/WindowManager(22102): at java.lang.reflect.Method.invoke(Native Method)
E/WindowManager(22102): at java.lang.reflect.Method.invoke(Method.java:372)
E/WindowManager(22102): at com.android.internal.os.ZygoteInit$MethodAndArgsCaller.run(ZygoteInit.java:904)
E/WindowManager(22102): at com.android.internal.os.ZygoteInit.main(ZygoteInit.java:699)
E/WindowManager(22102): Exception creating Dim surface
E/WindowManager(22102): android.view.Surface$OutOfResourcesException
E/WindowManager(22102): at android.view.SurfaceControl.nativeCreate(Native Method)
E/WindowManager(22102): at android.view.SurfaceControl.(SurfaceControl.java:292)
E/WindowManager(22102): at com.android.server.wm.DimLayer.(DimLayer.java:81)
E/WindowManager(22102): at com.android.server.wm.TaskStack.attachDisplayContent(TaskStack.java:234)
E/WindowManager(22102): at com.android.server.wm.WindowManagerService.attachStack(WindowManagerService.java:5158)
E/WindowManager(22102): at com.android.server.am.ActivityStackSupervisor$ActivityContainer.attachToDisplayLocked(ActivityStackSupervisor.java:3766)
E/WindowManager(22102): at com.android.server.am.ActivityStackSupervisor.createStackOnDisplay(ActivityStackSupervisor.java:2649)
E/WindowManager(22102): at com.android.server.am.ActivityStackSupervisor.setWindowManager(ActivityStackSupervisor.java:394)
E/WindowManager(22102): at com.android.server.am.ActivityManagerService.setWindowManager(ActivityManagerService.java:1943)
E/WindowManager(22102): at com.android.server.SystemServer.startOtherServices(SystemServer.java:498)
E/WindowManager(22102): at com.android.server.SystemServer.run(SystemServer.java:265)
E/WindowManager(22102): at com.android.server.SystemServer.main(SystemServer.java:179)
E/WindowManager(22102): at java.lang.reflect.Method.invoke(Native Method)
E/WindowManager(22102): at java.lang.reflect.Method.invoke(Method.java:372)
E/WindowManager(22102): at com.android.internal.os.ZygoteInit$MethodAndArgsCaller.run(ZygoteInit.java:904)
E/WindowManager(22102): at com.android.internal.os.ZygoteInit.main(ZygoteInit.java:699)
I/InputManager(22102): Starting input manager
I/SystemServer(22102): sfdroid: Bluetooth Service disabled
I/SystemServer(22102): Input Method Service
W/InputMethodManagerService(22102): Couldn't create dir.: /data/system/inputmethod
I/SystemServer(22102): Accessibility Manager
I/XXXXXX (22102): choosing minFree values for 32 Bit
I/XXXXXX (22102): choosing minFree values for 32 Bit
I/XXXXXX (22102): choosing minFree values for 32 Bit
I/XXXXXX (22102): choosing minFree values for 32 Bit
I/XXXXXX (22102): choosing minFree values for 32 Bit
I/XXXXXX (22102): choosing minFree values for 32 Bit
I/ActivityManager(22102): Config changes=1df8 {1.0 ?mcc?mnc en_US ?layoutDir sw360dp w360dp h640dp 480dpi nrml long port ?uimode ?night -touch -keyb/v/h -nav/h s.2}
I/ActivityManager(22102): Config changes=500 {1.0 ?mcc?mnc en_US ?layoutDir sw360dp w360dp h567dp 480dpi nrml port ?uimode ?night -touch -keyb/v/h -nav/h s.3}
I/SystemServer(22102): Mount Service
D/MountService(22102): got storage path: /storage/sdcard0 description: Internal storage primary: true removable: false emulated: true mtpReserve: 100 allowMassStorage: false maxFileSize: 0 allowMtp: true
D/MountService(22102): addVolumeLocked() StorageVolume:
D/MountService(22102): mStorageId=65537 mPath=/storage/emulated/0 mDescriptionId=17040829
D/MountService(22102): mPrimary=true mRemovable=false mEmulated=true mMtpReserveSpace=100
D/MountService(22102): mAllowMassStorage=false mMaxFileSize=0 mOwner=UserHandle{0} mUuid=null
D/MountService(22102): mUserLabel=null mState=null mAllowMtp=true
D/MountService(22102): got storage path: /storage/sdcard1 description: SD card primary: false removable: true emulated: false mtpReserve: 0 allowMassStorage: true maxFileSize: 0 allowMtp: true
D/MountService(22102): addVolumeLocked() StorageVolume:
D/MountService(22102): mStorageId=0 mPath=/storage/sdcard1 mDescriptionId=17040830 mPrimary=false
D/MountService(22102): mRemovable=true mEmulated=false mMtpReserveSpace=0 mAllowMassStorage=true
D/MountService(22102): mMaxFileSize=0 mOwner=null mUuid=null mUserLabel=null mState=null
D/MountService(22102): mAllowMtp=true
D/MountService(22102): got storage path: /storage/usbotg description: USB storage primary: false removable: true emulated: false mtpReserve: 0 allowMassStorage: false maxFileSize: 0 allowMtp: true
D/MountService(22102): addVolumeLocked() StorageVolume:
D/MountService(22102): mStorageId=0 mPath=/storage/usbotg mDescriptionId=17040831 mPrimary=false
D/MountService(22102): mRemovable=true mEmulated=false mMtpReserveSpace=0 mAllowMassStorage=false
D/MountService(22102): mMaxFileSize=0 mOwner=null mUuid=null mUserLabel=null mState=null
D/MountService(22102): mAllowMtp=true
I/SystemServer(22102): LockSettingsService
F/WindowAnimator(22102): Unhandled exception in Window Manager
F/WindowAnimator(22102): java.lang.NullPointerException: Attempt to invoke virtual method 'void android.view.SurfaceControl.setLayer(int)' on a null object reference
F/WindowAnimator(22102): at com.android.server.wm.FocusedStackFrame.setLayer(FocusedStackFrame.java:140)
F/WindowAnimator(22102): at com.android.server.wm.WindowManagerService.setFocusedStackLayer(WindowManagerService.java:3985)
F/WindowAnimator(22102): at com.android.server.wm.WindowAnimator.animateLocked(WindowAnimator.java:708)
F/WindowAnimator(22102): at com.android.server.wm.WindowAnimator.access$000(WindowAnimator.java:54)
F/WindowAnimator(22102): at com.android.server.wm.WindowAnimator$1.run(WindowAnimator.java:126)
F/WindowAnimator(22102): at android.view.Choreographer$CallbackRecord.run(Choreographer.java:767)
F/WindowAnimator(22102): at android.view.Choreographer.doCallbacks(Choreographer.java:580)
F/WindowAnimator(22102): at android.view.Choreographer.doFrame(Choreographer.java:549)
F/WindowAnimator(22102): at android.view.Choreographer$FrameDisplayEventReceiver.run(Choreographer.java:753)
F/WindowAnimator(22102): at android.os.Handler.handleCallback(Handler.java:739)
F/WindowAnimator(22102): at android.os.Handler.dispatchMessage(Handler.java:95)
F/WindowAnimator(22102): at android.os.Looper.loop(Looper.java:135)
F/WindowAnimator(22102): at android.os.HandlerThread.run(HandlerThread.java:61)
F/WindowAnimator(22102): at com.android.server.ServiceThread.run(ServiceThread.java:46)
I/SystemServiceManager(22102): Starting com.android.server.devicepolicy.DevicePolicyManagerService$Lifecycle
W/PackageManager(22102): Unknown permission com.google.android.googleapps.permission.GOOGLE_AUTH in package com.android.providers.calendar
W/PackageManager(22102): Unknown permission com.google.android.googleapps.permission.GOOGLE_AUTH.cl in package com.android.providers.calendar
W/PackageManager(22102): Unknown permission com.qualcomm.permission.USE_QCRIL_MSG_TUNNEL in package com.qualcomm.shutdownlistner
W/PackageManager(22102): Unknown permission android.permission.PREVENT_POWER_KEY in package com.fairphone.checkup
W/PackageManager(22102): Not granting permission android.permission.GLOBAL_SEARCH to package com.android.quicksearchbox (protectionLevel=18 flags=0x48be45)
W/PackageManager(22102): Not granting permission android.permission.ACCESS_DOWNLOAD_MANAGER to package com.android.browser (protectionLevel=18 flags=0x9be45)
W/PackageManager(22102): Not granting permission android.permission.SEND_DOWNLOAD_COMPLETED_INTENTS to package com.android.browser (protectionLevel=2 flags=0x9be45)
W/PackageManager(22102): Unknown permission android.permission.MMS_PUSH in package org.codeaurora.bluetooth
W/PackageManager(22102): Not granting permission android.permission.BIND_WALLPAPER to package com.android.camera2 (protectionLevel=18 flags=0x58bc45)
W/PackageManager(22102): Unknown permission android.permission.INSTALL_DRM in package com.android.mms
W/PackageManager(22102): Unknown permission com.google.android.googleapps.permission.GOOGLE_AUTH.mail in package com.android.calendar
W/PackageManager(22102): Unknown permission com.android.launcher.permission.READ_SETTINGS in package com.android.onetimeinitializer
W/PackageManager(22102): Unknown permission com.android.launcher.permission.WRITE_SETTINGS in package com.android.onetimeinitializer
W/PackageManager(22102): Not granting permission android.permission.DELETE_PACKAGES to package com.svox.pico (protectionLevel=18 flags=0x8be45)
W/PackageManager(22102): Unknown permission android.permission.ACCESS_THEME_MANAGER in package com.fairphone.setupwizard
W/PackageManager(22102): Unknown permission com.google.android.gallery3d.permission.PICASA_STORE in package com.android.dreams.phototable
W/PackageManager(22102): Unknown permission android.permission.ACCESS_SUPERUSER in package com.amaze.filemanager
W/PackageManager(22102): Unknown permission com.android.launcher.permission.READ_SETTINGS in package com.fairphone.fplauncher3
W/PackageManager(22102): Unknown permission com.android.launcher.permission.WRITE_SETTINGS in package com.fairphone.fplauncher3
W/PackageManager(22102): Unknown permission android.permission.ACCESS_SUPERUSER in package com.fairphone.updater
W/PackageManager(22102): Not granting permission android.permission.DEVICE_POWER to package com.android.deskclock (protectionLevel=2 flags=0x48be45)
W/PackageManager(22102): Unknown permission com.google.android.gallery3d.permission.GALLERY_PROVIDER in package com.android.bluetooth
I/SystemServer(22102): Status Bar
I/SystemServer(22102): Clipboard Service
I/SystemServer(22102): Text Service Manager Service
I/SystemServer(22102): Network Score Service
I/SystemServer(22102): NetworkStats Service
I/SystemServer(22102): NetworkPolicy Service
I/SystemServiceManager(22102): Starting com.android.server.wifi.p2p.WifiP2pService
I/SystemServiceManager(22102): Starting com.android.server.wifi.WifiService
I/SystemServiceManager(22102): Starting com.android.server.wifi.WifiScanningService
I/SystemServiceManager(22102): Starting com.android.server.wifi.RttService
I/SystemServer(22102): Connectivity Service
D/ConnectivityService(22102): ConnectivityService starting up
D/ConnectivityService(22102): wifiOnly=true
D/ConnectivityService(22102): networkAttributes - ignoring mobile as this dev is wifiOnly 0
D/ConnectivityService(22102): networkAttributes - ignoring mobile as this dev is wifiOnly 2
D/ConnectivityService(22102): networkAttributes - ignoring mobile as this dev is wifiOnly 3
D/ConnectivityService(22102): networkAttributes - ignoring mobile as this dev is wifiOnly 4
D/ConnectivityService(22102): networkAttributes - ignoring mobile as this dev is wifiOnly 5
D/ConnectivityService(22102): networkAttributes - ignoring mobile as this dev is wifiOnly 10
D/ConnectivityService(22102): networkAttributes - ignoring mobile as this dev is wifiOnly 11
D/ConnectivityService(22102): networkAttributes - ignoring mobile as this dev is wifiOnly 12
E/ConnectivityService(22102): Ignoring protectedNetwork 10
E/ConnectivityService(22102): Ignoring protectedNetwork 11
E/ConnectivityService(22102): Ignoring protectedNetwork 12
E/ConnectivityService(22102): Ignoring protectedNetwork 14
E/ConnectivityService(22102): Ignoring protectedNetwork 15
I/SystemServer(22102): Network Service Discovery Service
D/NsdService(22102): Network service discovery enabled true
I/SystemServer(22102): DPM Service
I/SystemServer(22102): DPM configuration set to 0
I/SystemServer(22102): UpdateLock Service
I/SystemServiceManager(22102): Starting com.android.server.notification.NotificationManagerService
D/ZenLog (22102): set_zen_mode: off,setting
I/SystemServiceManager(22102): Starting com.android.server.storage.DeviceStorageMonitorService
I/SystemServer(22102): Location Manager
I/SystemServer(22102): Country Detector
I/SystemServer(22102): Search Service
I/SystemServer(22102): DropBox Service
I/SystemServer(22102): Wallpaper Service
I/SystemServer(22102): Audio Service
I/SystemServiceManager(22102): Starting com.android.server.DockObserver
W/DockObserver(22102): This kernel does not have dock station support
I/SystemServer(22102): Wired Accessory Manager
W/WiredAccessoryManager(22102): This kernel does not have usb audio support
W/WiredAccessoryManager(22102): This kernel does not have HDMI audio support
I/SystemServer(22102): Serial Service
I/SystemServiceManager(22102): Starting com.android.server.twilight.TwilightService
I/SystemServiceManager(22102): Starting com.android.server.UiModeManagerService
I/SystemServiceManager(22102): Starting com.android.server.job.JobSchedulerService
D/WifiService(22102): New client listening to asynchronous messages
D/ConnectivityService(22102): registerNetworkAgent NetworkAgentInfo{ ni{[type: WIFI[], state: UNKNOWN/IDLE, reason: (unspecified), extra: (none), roaming: false, failover: false, isAvailable: true, isConnectedToProvisioningNetwork: false]} network{null} lp{{InterfaceName: wlan0 LinkAddresses: [192.168.1.59/24,] Routes: [0.0.0.0/0 -> 192.168.1.1 wlan0,] DnsAddresses: [195.197.54.100,192.168.1.1,] Domains: null MTU: 1500}} nc{[ Transports: WIFI Capabilities: INTERNET&NOT_RESTRICTED&TRUSTED&NOT_VPN LinkUpBandwidth>=1048576Kbps LinkDnBandwidth>=1048576Kbps]} Score{20} everValidated{false} lastValidated{false} created{false} explicitlySelected{false} }
D/ConnectivityService(22102): NetworkAgentInfo [WIFI () - 100] EVENT_NETWORK_INFO_CHANGED, going from null to UNKNOWN
D/ConnectivityService(22102): NetworkAgentInfo [WIFI () - 100] EVENT_NETWORK_INFO_CHANGED, going from UNKNOWN to CONNECTED
D/ConnectivityService(22102): notifyType IP_CHANGED for NetworkAgentInfo [WIFI () - 100]
D/ConnectivityService(22102): notifyType PRECHECK for NetworkAgentInfo [WIFI () - 100]
D/ConnectivityService(22102): rematching NetworkAgentInfo [WIFI () - 100]
D/ConnectivityService(22102): accepting network in place of null
D/ConnectivityService(22102): Switching to new default network: NetworkAgentInfo{ ni{[type: WIFI[], state: CONNECTED/CONNECTED, reason: (unspecified), extra: "marsu", roaming: false, failover: false, isAvailable: true, isConnectedToProvisioningNetwork: false]} network{100} lp{{InterfaceName: wlan0 LinkAddresses: [192.168.1.59/24,] Routes: [0.0.0.0/0 -> 192.168.1.1 wlan0,] DnsAddresses: [195.197.54.100,192.168.1.1,] Domains: null MTU: 1500}} nc{[ Transports: WIFI Capabilities: INTERNET&NOT_RESTRICTED&TRUSTED&NOT_VPN LinkUpBandwidth>=1048576Kbps LinkDnBandwidth>=1048576Kbps]} Score{100} everValidated{false} lastValidated{false} created{true} explicitlySelected{true} }
D/ConnectivityService(22102): Invalid tcpBufferSizes string: null, using defaults
D/ConnectivityService(22102): Setting tx/rx TCP buffers to 4096,87380,110208,4096,16384,110208
D/ConnectivityService(22102): notifyType AVAILABLE for NetworkAgentInfo [WIFI () - 100]
D/CSLegacyTypeTracker(22102): Sending connected broadcast for type 1 NetworkAgentInfo [WIFI () - 100] isDefaultNetwork=true
D/ConnectivityService(22102): sendStickyBroadcast: action=android.net.conn.CONNECTIVITY_CHANGE_IMMEDIATE
D/ConnectivityService(22102): sendStickyBroadcast: action=android.net.conn.CONNECTIVITY_CHANGE
I/SystemServiceManager(22102): Starting com.android.server.backup.BackupManagerService$Lifecycle
D/ConnectivityService(22102): setProvNotificationVisibleIntent: E visible=false networkType=0 extraInfo=null
D/ConnectivityService(22102): Validated NetworkAgentInfo [WIFI () - 100]
D/ConnectivityService(22102): rematching NetworkAgentInfo [WIFI () - 100]
D/ConnectivityService(22102): Network NetworkAgentInfo [WIFI () - 100] was already satisfying request 1. No change.
D/ConnectivityService(22102): notifyType AVAILABLE for NetworkAgentInfo [WIFI () - 100]
D/ConnectivityService(22102): sendStickyBroadcast: action=android.net.conn.INET_CONDITION_ACTION
I/SystemServiceManager(22102): Starting com.android.server.appwidget.AppWidgetService
I/SystemServiceManager(22102): Starting com.android.server.voiceinteraction.VoiceInteractionManagerService
W/SoundTriggerHelper(22102): listModules status=0, # of modules=0
I/SystemServer(22102): DiskStats Service
I/SystemServer(22102): SamplingProfiler Service
I/SystemServer(22102): NetworkTimeUpdateService
I/SystemServer(22102): CommonTimeManagementService
I/SystemServer(22102): CertBlacklister
I/SystemServiceManager(22102): Starting com.android.server.dreams.DreamManagerService
I/SystemServer(22102): Assets Atlas Service
I/SystemServiceManager(22102): Starting com.android.server.print.PrintManagerService
I/SystemServiceManager(22102): Starting com.android.server.restrictions.RestrictionsManagerService
I/SystemServiceManager(22102): Starting com.android.server.media.MediaSessionService
I/SystemServer(22102): Media Router Service
I/SystemServiceManager(22102): Starting com.android.server.trust.TrustManagerService
I/SystemServiceManager(22102): Starting com.android.server.fingerprint.FingerprintService
I/SystemServer(22102): BackgroundDexOptService
I/SystemServiceManager(22102): Starting com.android.server.pm.LauncherAppsService
D/SystemServer(22102): Wipower not supported
I/SystemServer(22102): Digital Pen Service
I/SystemServer(22102): Successfully loaded DigitalPenService class
I/SystemServiceManager(22102): Starting com.android.server.media.projection.MediaProjectionManagerService
I/SystemServer(22102): PrivacyImpactService
I/SystemServiceManager(22102): Starting com.android.server.MmsServiceBroker
E/LockSettingsStorage(22102): Cannot read file java.io.FileNotFoundException: /data/system/password.key: open failed: ENOENT (No such file or directory)
E/LockSettingsStorage(22102): Cannot read file java.io.FileNotFoundException: /data/system/gesture.key: open failed: ENOENT (No such file or directory)
I/SystemServiceManager(22102): Starting phase 480
I/SystemServiceManager(22102): Starting phase 500
I/WifiService(22102): WifiService starting up with Wi-Fi enabled
D/WifiService(22102): setWifiEnabled: true pid=22102, uid=1000
E/WifiService(22102): Invoking mWifiStateMachine.setWifiEnabled
D/WifiScanningService(22102): New client, channel: null messenger: null
I/ActivityManager(22102): Config changes=200 {1.0 ?mcc?mnc en_US ?layoutDir sw360dp w360dp h567dp 480dpi nrml port -touch -keyb/v/h -nav/h s.4}
V/BackupManagerService(22102): No ancestral data
D/BackupManagerService(22102): Now staging backup of com.android.browser
E/NetlinkListener( 741): recvmsg failed (I/O error)
E/NetlinkListener(22065): recvmsg failed (I/O error)
F/WindowAnimator(22102): Unhandled exception in Window Manager
F/WindowAnimator(22102): java.lang.NullPointerException: Attempt to invoke virtual method 'void android.view.SurfaceControl.setLayer(int)' on a null object reference
F/WindowAnimator(22102): at com.android.server.wm.FocusedStackFrame.setLayer(FocusedStackFrame.java:140)
F/WindowAnimator(22102): at com.android.server.wm.WindowManagerService.setFocusedStackLayer(WindowManagerService.java:3985)
F/WindowAnimator(22102): at com.android.server.wm.WindowAnimator.animateLocked(WindowAnimator.java:708)
F/WindowAnimator(22102): at com.android.server.wm.WindowAnimator.access$000(WindowAnimator.java:54)
F/WindowAnimator(22102): at com.android.server.wm.WindowAnimator$1.run(WindowAnimator.java:126)
F/WindowAnimator(22102): at android.view.Choreographer$CallbackRecord.run(Choreographer.java:767)
F/WindowAnimator(22102): at android.view.Choreographer.doCallbacks(Choreographer.java:580)
F/WindowAnimator(22102): at android.view.Choreographer.doFrame(Choreographer.java:549)
F/WindowAnimator(22102): at android.view.Choreographer$FrameDisplayEventReceiver.run(Choreographer.java:753)
F/WindowAnimator(22102): at android.os.Handler.handleCallback(Handler.java:739)
F/WindowAnimator(22102): at android.os.Handler.dispatchMessage(Handler.java:95)
F/WindowAnimator(22102): at android.os.Looper.loop(Looper.java:135)
F/WindowAnimator(22102): at android.os.HandlerThread.run(HandlerThread.java:61)
F/WindowAnimator(22102): at com.android.server.ServiceThread.run(ServiceThread.java:46)
I/DropBoxManagerService(22102): Cleaning temp file: /data/system/dropbox/drop18.tmp
E/NetlinkListener(22065): recvmsg failed (I/O error)
E/NetlinkListener( 741): recvmsg failed (I/O error)
D/BackupManagerService(22102): Now staging backup of android
D/BackupManagerService(22102): Now staging backup of com.android.mms
D/BackupManagerService(22102): Now staging backup of com.android.calendar
D/BackupManagerService(22102): Now staging backup of com.android.providers.settings
D/BackupManagerService(22102): Now staging backup of com.android.sharedstoragebackup
D/BackupManagerService(22102): Now staging backup of com.android.dialer
D/BackupManagerService(22102): Now staging backup of com.qti.backupagent
D/BackupManagerService(22102): Now staging backup of com.android.providers.userdictionary
V/BackupManagerService(22102): Starting with transport android/com.android.internal.backup.LocalTransport
V/BackupManagerService(22102): Found transports: 1
I/BackupManagerService(22102): Binding to transport host ComponentInfo{android/com.android.internal.backup.LocalTransportService}
I/BackupManagerService(22102): Found stale backup journal, scheduling
W/DisplayPowerController(22102): config_screenBrightnessDark (10) should be less than or equal to the first value of config_autoBrightnessLcdBacklightValues (3).
I/ActivityManager(22102): System now ready
I/SystemServer(22102): Making services ready
I/SystemServiceManager(22102): Starting phase 550
I/DigitalPenOffScreenDisplayAdapter(22102): mInfo is null, getting a new one
I/DisplayManagerService(22102): Display device added: DisplayDeviceInfo{"Digital Pen off-screen display": uniqueId="null", 480 x 640, 60.0 fps, supportedRefreshRates [], density 160, 160.0 x 160.0 dpi, appVsyncOff 0, presDeadline 0, touch EXTERNAL, rotation 0, type BUILT_IN, state ON, FLAG_ROTATES_WITH_CONTENT}
I/SystemServer(22102): WebViewFactory preparation
F/WindowAnimator(22102): Unhandled exception in Window Manager
F/WindowAnimator(22102): java.lang.NullPointerException: Attempt to invoke virtual method 'void android.view.SurfaceControl.setLayer(int)' on a null object reference
F/WindowAnimator(22102): at com.android.server.wm.FocusedStackFrame.setLayer(FocusedStackFrame.java:140)
F/WindowAnimator(22102): at com.android.server.wm.WindowManagerService.setFocusedStackLayer(WindowManagerService.java:3985)
F/WindowAnimator(22102): at com.android.server.wm.WindowAnimator.animateLocked(WindowAnimator.java:708)
F/WindowAnimator(22102): at com.android.server.wm.WindowAnimator.access$000(WindowAnimator.java:54)
F/WindowAnimator(22102): at com.android.server.wm.WindowAnimator$1.run(WindowAnimator.java:126)
F/WindowAnimator(22102): at android.view.Choreographer$CallbackRecord.run(Choreographer.java:767)
F/WindowAnimator(22102): at android.view.Choreographer.doCallbacks(Choreographer.java:580)
F/WindowAnimator(22102): at android.view.Choreographer.doFrame(Choreographer.java:549)
F/WindowAnimator(22102): at android.view.Choreographer$FrameDisplayEventReceiver.run(Choreographer.java:753)
F/WindowAnimator(22102): at android.os.Handler.handleCallback(Handler.java:739)
F/WindowAnimator(22102): at android.os.Handler.dispatchMessage(Handler.java:95)
F/WindowAnimator(22102): at android.os.Looper.loop(Looper.java:135)
F/WindowAnimator(22102): at android.os.HandlerThread.run(HandlerThread.java:61)
F/WindowAnimator(22102): at com.android.server.ServiceThread.run(ServiceThread.java:46)
E/libprocessgroup(22264): failed to open /acct/uid_1037/pid_22264/cgroup.procs: No such file or directory
I/ActivityManager(22102): Start proc 22264:WebViewLoader-armeabi-v7a/1037 [android.webkit.WebViewFactory$RelroFileCreator] for
E/libprocessgroup(22279): failed to open /acct/uid_10018/pid_22279/cgroup.procs: No such file or directory
I/ActivityManager(22102): Start proc 22279:com.android.systemui/u0a18 for service com.android.systemui/.SystemUIService
W/NetworkStats(22102): bandwidth controls disabled, unable to track stats
W/NetworkPolicy(22102): bandwidth controls disabled, unable to enforce policy
F/WindowManager(22102): Unhandled exception in Window Manager
F/WindowManager(22102): java.lang.IllegalArgumentException: displayToken must not be null
F/WindowManager(22102): at android.view.SurfaceControl.setDisplayLayerStack(SurfaceControl.java:588)
F/WindowManager(22102): at com.android.server.display.DisplayDevice.setLayerStackInTransactionLocked(DisplayDevice.java:140)
F/WindowManager(22102): at com.android.server.display.LogicalDisplay.configureDisplayInTransactionLocked(LogicalDisplay.java:262)
F/WindowManager(22102): at com.android.server.display.DisplayManagerService.configureDisplayInTransactionLocked(DisplayManagerService.java:884)
F/WindowManager(22102): at com.android.server.display.DisplayManagerService.performTraversalInTransactionLocked(DisplayManagerService.java:806)
F/WindowManager(22102): at com.android.server.display.DisplayManagerService.performTraversalInTransactionFromWindowManagerInternal(DisplayManagerService.java:317)
F/WindowManager(22102): at com.android.server.display.DisplayManagerService.access$4200(DisplayManagerService.java:112)
F/WindowManager(22102): at com.android.server.display.DisplayManagerService$LocalService.performTraversalInTransactionFromWindowManager(DisplayManagerService.java:1539)
F/WindowManager(22102): at com.android.server.wm.WindowManagerService.performLayoutAndPlaceSurfacesLockedInner(WindowManagerService.java:9960)
F/WindowManager(22102): at com.android.server.wm.WindowManagerService.performLayoutAndPlaceSurfacesLockedLoop(WindowManagerService.java:8828)
F/WindowManager(22102): at com.android.server.wm.WindowManagerService.performLayoutAndPlaceSurfacesLocked(WindowManagerService.java:8770)
F/WindowManager(22102): at com.android.server.wm.WindowManagerService.access$400(WindowManagerService.java:163)
F/WindowManager(22102): at com.android.server.wm.WindowManagerService$H.handleMessage(WindowManagerService.java:7736)
F/WindowManager(22102): at android.os.Handler.dispatchMessage(Handler.java:102)
F/WindowManager(22102): at android.os.Looper.loop(Looper.java:135)
F/WindowManager(22102): at android.os.HandlerThread.run(HandlerThread.java:61)
F/WindowManager(22102): at com.android.server.ServiceThread.run(ServiceThread.java:46)
E/MountService(22102): Boot-time mount failed (-1)
E/MountService(22102): Boot-time mount failed (-1)
W/MountService(22102): Duplicate state transition (mounted -> mounted) for /storage/emulated/0
W/SystemServer(22102): ***********************************************
F/SystemServer(22102): BOOT FAILURE making Connectivity Service ready
F/SystemServer(22102): java.lang.NullPointerException: Attempt to invoke interface method 'int android.security.IKeystoreService.exist(java.lang.String, int)' on a null object reference
F/SystemServer(22102): at android.security.KeyStore.contains(KeyStore.java:137)
F/SystemServer(22102): at android.security.KeyStore.contains(KeyStore.java:145)
F/SystemServer(22102): at com.android.server.net.LockdownVpnTracker.isEnabled(LockdownVpnTracker.java:88)
F/SystemServer(22102): at com.android.server.ConnectivityService.updateLockdownVpn(ConnectivityService.java:3129)
F/SystemServer(22102): at com.android.server.ConnectivityService.systemReady(ConnectivityService.java:1629)
F/SystemServer(22102): at com.android.server.SystemServer$2.run(SystemServer.java:1181)
F/SystemServer(22102): at com.android.server.am.ActivityManagerService.systemReady(ActivityManagerService.java:11334)
F/SystemServer(22102): at com.android.server.SystemServer.startOtherServices(SystemServer.java:1134)
F/SystemServer(22102): at com.android.server.SystemServer.run(SystemServer.java:265)
F/SystemServer(22102): at com.android.server.SystemServer.main(SystemServer.java:179)
F/SystemServer(22102): at java.lang.reflect.Method.invoke(Native Method)
F/SystemServer(22102): at java.lang.reflect.Method.invoke(Method.java:372)
F/SystemServer(22102): at com.android.internal.os.ZygoteInit$MethodAndArgsCaller.run(ZygoteInit.java:904)
F/SystemServer(22102): at com.android.internal.os.ZygoteInit.main(ZygoteInit.java:699)
I/SystemServiceManager(22102): Starting phase 600
F/WindowAnimator(22102): Unhandled exception in Window Manager
F/WindowAnimator(22102): java.lang.NullPointerException: Attempt to invoke virtual method 'void android.view.SurfaceControl.setLayer(int)' on a null object reference
F/WindowAnimator(22102): at com.android.server.wm.FocusedStackFrame.setLayer(FocusedStackFrame.java:140)
F/WindowAnimator(22102): at com.android.server.wm.WindowManagerService.setFocusedStackLayer(WindowManagerService.java:3985)
F/WindowAnimator(22102): at com.android.server.wm.WindowAnimator.animateLocked(WindowAnimator.java:708)
F/WindowAnimator(22102): at com.android.server.wm.WindowAnimator.access$000(WindowAnimator.java:54)
F/WindowAnimator(22102): at com.android.server.wm.WindowAnimator$1.run(WindowAnimator.java:126)
F/WindowAnimator(22102): at android.view.Choreographer$CallbackRecord.run(Choreographer.java:767)
F/WindowAnimator(22102): at android.view.Choreographer.doCallbacks(Choreographer.java:580)
F/WindowAnimator(22102): at android.view.Choreographer.doFrame(Choreographer.java:549)
F/WindowAnimator(22102): at android.view.Choreographer$FrameDisplayEventReceiver.run(Choreographer.java:753)
F/WindowAnimator(22102): at android.os.Handler.handleCallback(Handler.java:739)
F/WindowAnimator(22102): at android.os.Handler.dispatchMessage(Handler.java:95)
F/WindowAnimator(22102): at android.os.Looper.loop(Looper.java:135)
F/WindowAnimator(22102): at android.os.HandlerThread.run(HandlerThread.java:61)
F/WindowAnimator(22102): at com.android.server.ServiceThread.run(ServiceThread.java:46)
I/BackupManagerService(22102): Backup enabled => false
I/BackupManagerService(22102): Opting out of backup
E/InputMethodManagerService(22102): Ignoring setImeWindowStatus due to an invalid token. uid:1000 token:null
E/NetlinkListener( 741): recvmsg failed (I/O error)
E/NetlinkListener(22065): recvmsg failed (I/O error)
E/NetlinkListener( 741): recvmsg failed (I/O error)
E/NetlinkListener(22065): recvmsg failed (I/O error)
E/libprocessgroup(22317): failed to open /acct/uid_10039/pid_22317/cgroup.procs: No such file or directory
I/ActivityManager(22102): Start proc 22317:com.android.inputmethod.latin/u0a39 for service com.android.inputmethod.latin/.LatinIME
V/InputMethodManagerService(22102): Adding window token: android.os.Binder@27fee1a2
W/LocationManagerService(22102): no network location provider found
E/LocationManagerService(22102): no fused location provider found
E/LocationManagerService(22102): java.lang.IllegalStateException: Location service needs a fused location provider
E/LocationManagerService(22102): at com.android.server.LocationManagerService.loadProvidersLocked(LocationManagerService.java:504)
E/LocationManagerService(22102): at com.android.server.LocationManagerService.systemRunning(LocationManagerService.java:295)
E/LocationManagerService(22102): at com.android.server.SystemServer$2.run(SystemServer.java:1208)
E/LocationManagerService(22102): at com.android.server.am.ActivityManagerService.systemReady(ActivityManagerService.java:11334)
E/LocationManagerService(22102): at com.android.server.SystemServer.startOtherServices(SystemServer.java:1134)
E/LocationManagerService(22102): at com.android.server.SystemServer.run(SystemServer.java:265)
E/LocationManagerService(22102): at com.android.server.SystemServer.main(SystemServer.java:179)
E/LocationManagerService(22102): at java.lang.reflect.Method.invoke(Native Method)
E/LocationManagerService(22102): at java.lang.reflect.Method.invoke(Method.java:372)
E/LocationManagerService(22102): at com.android.internal.os.ZygoteInit$MethodAndArgsCaller.run(ZygoteInit.java:904)
