I/PackageManager(25895): Running dexopt on: /system/app/QtiBackupAgent/QtiBackupAgent.apk pkg=com.qti.backupagent isa=arm vmSafeMode=false
E/NetlinkListener(25802): recvmsg failed (I/O error)
E/NetlinkListener( 741): recvmsg failed (I/O error)
I/dex2oat (26033): /system/bin/dex2oat --zip-fd=5 --zip-location=/system/app/QtiBackupAgent/QtiBackupAgent.apk --oat-fd=6 --oat-location=/data/dalvik-cache/arm/system@app@QtiBackupAgent@QtiBackupAgent.apk@classes.dex --instruction-set=arm --instruction-set-features=div --runtime-arg -Xms64m --runtime-arg -Xmx512m --swap-fd=10
I/dex2oat (26033): Decided to run without swap.
I/dex2oat (26033): dex2oat took 103.306ms (threads: 4) arena alloc=377KB java alloc=64KB native alloc=1439KB free=6MB
I/PackageManager(25895): Running dexopt on: /system/priv-app/FairphoneLauncher3/FairphoneLauncher3.apk pkg=com.fairphone.fplauncher3 isa=arm vmSafeMode=false
I/dex2oat (26041): /system/bin/dex2oat --zip-fd=5 --zip-location=/system/priv-app/FairphoneLauncher3/FairphoneLauncher3.apk --oat-fd=6 --oat-location=/data/dalvik-cache/arm/system@priv-app@FairphoneLauncher3@FairphoneLauncher3.apk@classes.dex --instruction-set=arm --instruction-set-features=div --runtime-arg -Xms64m --runtime-arg -Xmx512m --swap-fd=10
I/dex2oat (26041): Decided to run without swap.
V/WLAN_PSA( 673): NL MSG, len[4094], NL type[0x1C] WNI type[0x5900] len[58895]
V/WLAN_PSA( 673): NL MSG, PID: 673
E/LocSvc_ApiV02(24797): I/<--- void globalEventCb(locClientHandleType, uint32_t, locClientEventIndUnionType, void*) line 81 QMI_LOC_EVENT_POSITION_REPORT_IND_V02
E/NetlinkListener(25802): recvmsg failed (I/O error)
E/NetlinkListener( 741): recvmsg failed (I/O error)
E/LocSvc_ApiV02(24797): I/<--- void globalEventCb(locClientHandleType, uint32_t, locClientEventIndUnionType, void*) line 81 QMI_LOC_EVENT_POSITION_REPORT_IND_V02
I/dex2oat (26041): dex2oat took 1.839s (threads: 4) arena alloc=900KB java alloc=2MB native alloc=6MB free=5MB
E/NetlinkListener(25802): recvmsg failed (I/O error)
E/NetlinkListener( 741): recvmsg failed (I/O error)
I/PackageManager(25895): Running dexopt on: /system/priv-app/MusicFX/MusicFX.apk pkg=com.android.musicfx isa=arm vmSafeMode=false
I/dex2oat (26055): /system/bin/dex2oat --zip-fd=5 --zip-location=/system/priv-app/MusicFX/MusicFX.apk --oat-fd=6 --oat-location=/data/dalvik-cache/arm/system@priv-app@MusicFX@MusicFX.apk@classes.dex --instruction-set=arm --instruction-set-features=div --runtime-arg -Xms64m --runtime-arg -Xmx512m --swap-fd=10
E/NetlinkListener(25802): recvmsg failed (I/O error)
E/NetlinkListener( 741): recvmsg failed (I/O error)
I/dex2oat (26055): Decided to run without swap.
I/dex2oat (26055): dex2oat took 178.833ms (threads: 4) arena alloc=1117KB java alloc=105KB native alloc=1768KB free=6MB
I/PackageManager(25895): Running dexopt on: /system/app/DeskClock/DeskClock.apk pkg=com.android.deskclock isa=arm vmSafeMode=false
I/dex2oat (26063): /system/bin/dex2oat --zip-fd=5 --zip-location=/system/app/DeskClock/DeskClock.apk --oat-fd=6 --oat-location=/data/dalvik-cache/arm/system@app@DeskClock@DeskClock.apk@classes.dex --instruction-set=arm --instruction-set-features=div --runtime-arg -Xms64m --runtime-arg -Xmx512m --swap-fd=10
I/dex2oat (26063): Decided to run without swap.
E/NetlinkListener( 741): recvmsg failed (I/O error)
E/NetlinkListener(25802): recvmsg failed (I/O error)
E/NetlinkListener(25802): recvmsg failed (I/O error)
E/NetlinkListener( 741): recvmsg failed (I/O error)
E/LocSvc_ApiV02(24797): I/<--- void globalEventCb(locClientHandleType, uint32_t, locClientEventIndUnionType, void*) line 81 QMI_LOC_EVENT_POSITION_REPORT_IND_V02
E/NetlinkListener( 741): recvmsg failed (I/O error)
E/NetlinkListener(25802): recvmsg failed (I/O error)
E/NetlinkListener(25802): recvmsg failed (I/O error)
E/NetlinkListener( 741): recvmsg failed (I/O error)
I/dex2oat (26063): dex2oat took 1.021s (threads: 4) arena alloc=106KB java alloc=1124KB native alloc=3MB free=4MB
I/PackageManager(25895): Running dexopt on: /system/app/Camera2/Camera2.apk pkg=com.android.camera2 isa=arm vmSafeMode=false
I/dex2oat (26090): /system/bin/dex2oat --zip-fd=5 --zip-location=/system/app/Camera2/Camera2.apk --oat-fd=6 --oat-location=/data/dalvik-cache/arm/system@app@Camera2@Camera2.apk@classes.dex --instruction-set=arm --instruction-set-features=div --runtime-arg -Xms64m --runtime-arg -Xmx512m --swap-fd=10
E/NetlinkListener(25802): recvmsg failed (I/O error)
E/NetlinkListener( 741): recvmsg failed (I/O error)
I/dex2oat (26090): Decided to run without swap.
E/NetlinkListener(25802): recvmsg failed (I/O error)
E/NetlinkListener( 741): recvmsg failed (I/O error)
E/LocSvc_eng(24797): I/===> int loc_eng_inject_location(loc_eng_data_s_type&, double, double, float) line 2033
E/LocSvc_eng(24797): I/===> int loc_eng_inject_location(loc_eng_data_s_type&, double, double, float) line 2033
E/LocSvc_eng(24797): I/===> int loc_eng_inject_location(loc_eng_data_s_type&, double, double, float) line 2033
E/LocSvc_ApiV02(24797): I/<--- void globalEventCb(locClientHandleType, uint32_t, locClientEventIndUnionType, void*) line 81 QMI_LOC_EVENT_POSITION_REPORT_IND_V02
E/NetlinkListener(25802): recvmsg failed (I/O error)
E/NetlinkListener( 741): recvmsg failed (I/O error)
V/WLAN_PSA( 673): NL MSG, len[048], NL type[0x11] WNI type[0x5050] len[028]
V/WLAN_PSA( 673): NL MSG, PID: 673
E/NetlinkListener(25802): recvmsg failed (I/O error)
E/NetlinkListener( 741): recvmsg failed (I/O error)
E/LocSvc_ApiV02(24797): I/<--- void globalEventCb(locClientHandleType, uint32_t, locClientEventIndUnionType, void*) line 81 QMI_LOC_EVENT_POSITION_REPORT_IND_V02
I/dex2oat (26090): dex2oat took 1.575s (threads: 4) arena alloc=341KB java alloc=2MB native alloc=4MB free=3MB
I/PackageManager(25895): Running dexopt on: /system/app/Gallery2/Gallery2.apk pkg=com.android.gallery3d isa=arm vmSafeMode=false
E/NetlinkListener(25802): recvmsg failed (I/O error)
E/NetlinkListener( 741): recvmsg failed (I/O error)
I/dex2oat (26116): /system/bin/dex2oat --zip-fd=5 --zip-location=/system/app/Gallery2/Gallery2.apk --oat-fd=6 --oat-location=/data/dalvik-cache/arm/system@app@Gallery2@Gallery2.apk@classes.dex --instruction-set=arm --instruction-set-features=div --runtime-arg -Xms64m --runtime-arg -Xmx512m --swap-fd=10
E/NetlinkListener(25802): recvmsg failed (I/O error)
E/NetlinkListener( 741): recvmsg failed (I/O error)
I/dex2oat (26116): Decided to run without swap.
E/NetlinkListener( 741): recvmsg failed (I/O error)
E/NetlinkListener(25802): recvmsg failed (I/O error)
E/NetlinkListener(25802): recvmsg failed (I/O error)
E/NetlinkListener( 741): recvmsg failed (I/O error)
E/NetlinkListener(25802): recvmsg failed (I/O error)
E/NetlinkListener( 741): recvmsg failed (I/O error)
E/NetlinkListener(25802): recvmsg failed (I/O error)
E/NetlinkListener( 741): recvmsg failed (I/O error)
E/LocSvc_ApiV02(24797): I/<--- void globalEventCb(locClientHandleType, uint32_t, locClientEventIndUnionType, void*) line 81 QMI_LOC_EVENT_POSITION_REPORT_IND_V02
V/WLAN_PSA( 673): NL MSG, len[4011], NL type[0x1C] WNI type[0x5900] len[37647]
V/WLAN_PSA( 673): NL MSG, PID: 673
E/NetlinkListener(25802): recvmsg failed (I/O error)
E/NetlinkListener( 741): recvmsg failed (I/O error)
E/NetlinkListener( 741): recvmsg failed (I/O error)
E/NetlinkListener(25802): recvmsg failed (I/O error)
E/LocSvc_ApiV02(24797): I/<--- void globalEventCb(locClientHandleType, uint32_t, locClientEventIndUnionType, void*) line 81 QMI_LOC_EVENT_POSITION_REPORT_IND_V02
E/NetlinkListener( 741): recvmsg failed (I/O error)
E/NetlinkListener(25802): recvmsg failed (I/O error)
I/dex2oat (26116): dex2oat took 2.912s (threads: 4) arena alloc=202KB java alloc=3MB native alloc=6MB free=9MB
E/LocSvc_ApiV02(24797): I/<--- void globalEventCb(locClientHandleType, uint32_t, locClientEventIndUnionType, void*) line 81 QMI_LOC_EVENT_POSITION_REPORT_IND_V02
E/NetlinkListener(25802): recvmsg failed (I/O error)
E/NetlinkListener( 741): recvmsg failed (I/O error)
I/PackageManager(25895): Running dexopt on: /system/priv-app/WallpaperCropper/WallpaperCropper.apk pkg=com.android.wallpapercropper isa=arm vmSafeMode=false
I/dex2oat (26153): /system/bin/dex2oat --zip-fd=5 --zip-location=/system/priv-app/WallpaperCropper/WallpaperCropper.apk --oat-fd=6 --oat-location=/data/dalvik-cache/arm/system@priv-app@WallpaperCropper@WallpaperCropper.apk@classes.dex --instruction-set=arm --instruction-set-features=div --runtime-arg -Xms64m --runtime-arg -Xmx512m --swap-fd=10
I/dex2oat (26153): Decided to run without swap.
E/NetlinkListener(25802): recvmsg failed (I/O error)
E/NetlinkListener( 741): recvmsg failed (I/O error)
E/NetlinkListener(25802): recvmsg failed (I/O error)
E/NetlinkListener( 741): recvmsg failed (I/O error)
I/dex2oat (26153): dex2oat took 538.687ms (threads: 4) arena alloc=92KB java alloc=473KB native alloc=2MB free=5MB
I/PackageManager(25895): Running dexopt on: /system/app/PicoTts/PicoTts.apk pkg=com.svox.pico isa=arm vmSafeMode=false
I/dex2oat (26171): /system/bin/dex2oat --zip-fd=5 --zip-location=/system/app/PicoTts/PicoTts.apk --oat-fd=6 --oat-location=/data/dalvik-cache/arm/system@app@PicoTts@PicoTts.apk@classes.dex --instruction-set=arm --instruction-set-features=div --runtime-arg -Xms64m --runtime-arg -Xmx512m --swap-fd=10
I/dex2oat (26171): Decided to run without swap.
I/dex2oat (26171): dex2oat took 151.617ms (threads: 4) arena alloc=66KB java alloc=57KB native alloc=1421KB free=6MB
I/PackageManager(25895): Running dexopt on: /system/app/Calendar/Calendar.apk pkg=com.android.calendar isa=arm vmSafeMode=false
I/dex2oat (26176): /system/bin/dex2oat --zip-fd=5 --zip-location=/system/app/Calendar/Calendar.apk --oat-fd=6 --oat-location=/data/dalvik-cache/arm/system@app@Calendar@Calendar.apk@classes.dex --instruction-set=arm --instruction-set-features=div --runtime-arg -Xms64m --runtime-arg -Xmx512m --swap-fd=10
I/dex2oat (26176): Decided to run without swap.
E/LocSvc_ApiV02(24797): I/<--- void globalEventCb(locClientHandleType, uint32_t, locClientEventIndUnionType, void*) line 81 QMI_LOC_EVENT_POSITION_REPORT_IND_V02
E/NetlinkListener( 741): recvmsg failed (I/O error)
E/NetlinkListener(25802): recvmsg failed (I/O error)
E/NetlinkListener(25802): recvmsg failed (I/O error)
E/NetlinkListener( 741): recvmsg failed (I/O error)
V/WLAN_PSA( 673): NL MSG, len[048], NL type[0x11] WNI type[0x5050] len[028]
V/WLAN_PSA( 673): NL MSG, PID: 673
E/LocSvc_ApiV02(24797): I/<--- void globalEventCb(locClientHandleType, uint32_t, locClientEventIndUnionType, void*) line 81 QMI_LOC_EVENT_POSITION_REPORT_IND_V02
E/NetlinkListener( 741): recvmsg failed (I/O error)
E/NetlinkListener(25802): recvmsg failed (I/O error)
E/NetlinkListener(25802): recvmsg failed (I/O error)
E/NetlinkListener( 741): recvmsg failed (I/O error)
I/dex2oat (26176): dex2oat took 1.822s (threads: 4) arena alloc=141KB java alloc=1979KB native alloc=4MB free=3MB
V/WLAN_PSA( 673): NL MSG, len[4025], NL type[0x1C] WNI type[0x5900] len[41231]
V/WLAN_PSA( 673): NL MSG, PID: 673
I/PackageManager(25895): Running dexopt on: /system/app/BluetoothExt/BluetoothExt.apk pkg=org.codeaurora.bluetooth isa=arm vmSafeMode=false
I/dex2oat (26201): /system/bin/dex2oat --zip-fd=5 --zip-location=/system/app/BluetoothExt/BluetoothExt.apk --oat-fd=6 --oat-location=/data/dalvik-cache/arm/system@app@BluetoothExt@BluetoothExt.apk@classes.dex --instruction-set=arm --instruction-set-features=div --runtime-arg -Xms64m --runtime-arg -Xmx512m --swap-fd=10
E/NetlinkListener(25802): recvmsg failed (I/O error)
E/NetlinkListener( 741): recvmsg failed (I/O error)
I/dex2oat (26201): Decided to run without swap.
E/NetlinkListener(25802): recvmsg failed (I/O error)
E/NetlinkListener( 741): recvmsg failed (I/O error)
E/NetlinkListener(25802): recvmsg failed (I/O error)
E/NetlinkListener( 741): recvmsg failed (I/O error)
E/LocSvc_ApiV02(24797): I/<--- void globalEventCb(locClientHandleType, uint32_t, locClientEventIndUnionType, void*) line 81 QMI_LOC_EVENT_POSITION_REPORT_IND_V02
I/dex2oat (26201): dex2oat took 306.333ms (threads: 4) arena alloc=60KB java alloc=430KB native alloc=2037KB free=6MB
I/PackageManager(25895): Running dexopt on: /system/app/PhaseBeam/PhaseBeam.apk pkg=com.android.phasebeam isa=arm vmSafeMode=false
I/dex2oat (26218): /system/bin/dex2oat --zip-fd=5 --zip-location=/system/app/PhaseBeam/PhaseBeam.apk --oat-fd=6 --oat-location=/data/dalvik-cache/arm/system@app@PhaseBeam@PhaseBeam.apk@classes.dex --instruction-set=arm --instruction-set-features=div --runtime-arg -Xms64m --runtime-arg -Xmx512m --swap-fd=10
I/dex2oat (26218): Decided to run without swap.
I/dex2oat (26218): dex2oat took 80.609ms (threads: 4) arena alloc=114KB java alloc=153KB native alloc=1271KB free=6MB
I/PackageManager(25895): Running dexopt on: /system/app/PrintSpooler/PrintSpooler.apk pkg=com.android.printspooler isa=arm vmSafeMode=false
I/dex2oat (26224): /system/bin/dex2oat --zip-fd=5 --zip-location=/system/app/PrintSpooler/PrintSpooler.apk --oat-fd=6 --oat-location=/data/dalvik-cache/arm/system@app@PrintSpooler@PrintSpooler.apk@classes.dex --instruction-set=arm --instruction-set-features=div --runtime-arg -Xms64m --runtime-arg -Xmx512m --swap-fd=10
I/dex2oat (26224): Decided to run without swap.
E/NetlinkListener(25802): recvmsg failed (I/O error)
E/NetlinkListener( 741): recvmsg failed (I/O error)
E/NetlinkListener(25802): recvmsg failed (I/O error)
E/NetlinkListener( 741): recvmsg failed (I/O error)
E/NetlinkListener(25802): recvmsg failed (I/O error)
E/NetlinkListener( 741): recvmsg failed (I/O error)
E/LocSvc_ApiV02(24797): I/<--- void globalEventCb(locClientHandleType, uint32_t, locClientEventIndUnionType, void*) line 81 QMI_LOC_EVENT_POSITION_REPORT_IND_V02
I/dex2oat (26224): dex2oat took 969.861ms (threads: 4) arena alloc=500KB java alloc=981KB native alloc=3MB free=4MB
I/PackageManager(25895): Running dexopt on: /system/priv-app/BackupRestoreConfirmation/BackupRestoreConfirmation.apk pkg=com.android.backupconfirm isa=arm vmSafeMode=false
I/dex2oat (26245): /system/bin/dex2oat --zip-fd=5 --zip-location=/system/priv-app/BackupRestoreConfirmation/BackupRestoreConfirmation.apk --oat-fd=6 --oat-location=/data/dalvik-cache/arm/system@priv-app@BackupRestoreConfirmation@BackupRestoreConfirmation.apk@classes.dex --instruction-set=arm --instruction-set-features=div --runtime-arg -Xms64m --runtime-arg -Xmx512m --swap-fd=10
I/dex2oat (26245): Decided to run without swap.
E/NetlinkListener(25802): recvmsg failed (I/O error)
E/NetlinkListener( 741): recvmsg failed (I/O error)
I/dex2oat (26245): dex2oat took 100.082ms (threads: 4) arena alloc=67KB java alloc=25KB native alloc=1376KB free=6MB
I/PackageManager(25895): Running dexopt on: /system/app/Provision/Provision.apk pkg=com.android.provision isa=arm vmSafeMode=false
E/NetlinkListener(25802): recvmsg failed (I/O error)
E/NetlinkListener( 741): recvmsg failed (I/O error)
I/dex2oat (26253): /system/bin/dex2oat --zip-fd=5 --zip-location=/system/app/Provision/Provision.apk --oat-fd=6 --oat-location=/data/dalvik-cache/arm/system@app@Provision@Provision.apk@classes.dex --instruction-set=arm --instruction-set-features=div --runtime-arg -Xms64m --runtime-arg -Xmx512m --swap-fd=10
I/dex2oat (26253): Decided to run without swap.
I/dex2oat (26253): dex2oat took 51.313ms (threads: 4) arena alloc=35KB java alloc=7KB native alloc=586KB free=7MB
I/PackageManager(25895): Running dexopt on: /system/app/Music/Music.apk pkg=com.android.music isa=arm vmSafeMode=false
I/dex2oat (26261): /system/bin/dex2oat --zip-fd=5 --zip-location=/system/app/Music/Music.apk --oat-fd=6 --oat-location=/data/dalvik-cache/arm/system@app@Music@Music.apk@classes.dex --instruction-set=arm --instruction-set-features=div --runtime-arg -Xms64m --runtime-arg -Xmx512m --swap-fd=10
I/dex2oat (26261): Decided to run without swap.
E/NetlinkListener(25802): recvmsg failed (I/O error)
E/NetlinkListener( 741): recvmsg failed (I/O error)
E/NetlinkListener( 741): recvmsg failed (I/O error)
E/NetlinkListener(25802): recvmsg failed (I/O error)
I/dex2oat (26261): dex2oat took 310.676ms (threads: 4) arena alloc=91KB java alloc=498KB native alloc=2MB free=5MB
I/PackageManager(25895): Running dexopt on: /system/app/RootPA/RootPA.apk pkg=com.gd.mobicore.pa isa=arm vmSafeMode=false
I/dex2oat (26279): /system/bin/dex2oat --zip-fd=5 --zip-location=/system/app/RootPA/RootPA.apk --oat-fd=6 --oat-location=/data/dalvik-cache/arm/system@app@RootPA@RootPA.apk@classes.dex --instruction-set=arm --instruction-set-features=div --runtime-arg -Xms64m --runtime-arg -Xmx512m --swap-fd=10
I/dex2oat (26279): Decided to run without swap.
E/LocSvc_ApiV02(24797): I/<--- void globalEventCb(locClientHandleType, uint32_t, locClientEventIndUnionType, void*) line 81 QMI_LOC_EVENT_POSITION_REPORT_IND_V02
E/NetlinkListener(25802): recvmsg failed (I/O error)
E/NetlinkListener( 741): recvmsg failed (I/O error)
I/dex2oat (26279): dex2oat took 190.120ms (threads: 4) arena alloc=74KB java alloc=83KB native alloc=1544KB free=6MB
I/PackageManager(25895): Running dexopt on: /system/app/Exchange2/Exchange2.apk pkg=com.android.exchange isa=arm vmSafeMode=false
I/dex2oat (26287): /system/bin/dex2oat --zip-fd=5 --zip-location=/system/app/Exchange2/Exchange2.apk --oat-fd=6 --oat-location=/data/dalvik-cache/arm/system@app@Exchange2@Exchange2.apk@classes.dex --instruction-set=arm --instruction-set-features=div --runtime-arg -Xms64m --runtime-arg -Xmx512m --swap-fd=10
E/NetlinkListener( 741): recvmsg failed (I/O error)
E/NetlinkListener(25802): recvmsg failed (I/O error)
I/dex2oat (26287): Decided to run without swap.
E/NetlinkListener(25802): recvmsg failed (I/O error)
E/NetlinkListener( 741): recvmsg failed (I/O error)
E/NetlinkListener(25802): recvmsg failed (I/O error)
E/NetlinkListener( 741): recvmsg failed (I/O error)
E/NetlinkListener(25802): recvmsg failed (I/O error)
E/NetlinkListener( 741): recvmsg failed (I/O error)
E/LocSvc_eng(24797): I/===> int loc_eng_inject_location(loc_eng_data_s_type&, double, double, float) line 2033
E/LocSvc_eng(24797): I/===> int loc_eng_inject_location(loc_eng_data_s_type&, double, double, float) line 2033
E/LocSvc_eng(24797): I/===> int loc_eng_inject_location(loc_eng_data_s_type&, double, double, float) line 2033
E/NetlinkListener( 741): recvmsg failed (I/O error)
E/NetlinkListener(25802): recvmsg failed (I/O error)
E/LocSvc_ApiV02(24797): I/<--- void globalEventCb(locClientHandleType, uint32_t, locClientEventIndUnionType, void*) line 81 QMI_LOC_EVENT_POSITION_REPORT_IND_V02
E/NetlinkListener(25802): recvmsg failed (I/O error)
E/NetlinkListener( 741): recvmsg failed (I/O error)
E/NetlinkListener(25802): recvmsg failed (I/O error)
E/NetlinkListener( 741): recvmsg failed (I/O error)
V/WLAN_PSA( 673): NL MSG, len[048], NL type[0x11] WNI type[0x5050] len[028]
V/WLAN_PSA( 673): NL MSG, PID: 673
E/LocSvc_ApiV02(24797): I/<--- void globalEventCb(locClientHandleType, uint32_t, locClientEventIndUnionType, void*) line 81 QMI_LOC_EVENT_POSITION_REPORT_IND_V02
E/NetlinkListener( 741): recvmsg failed (I/O error)
E/NetlinkListener(25802): recvmsg failed (I/O error)
E/NetlinkListener(25802): recvmsg failed (I/O error)
E/NetlinkListener( 741): recvmsg failed (I/O error)
E/LocSvc_ApiV02(24797): I/<--- void globalEventCb(locClientHandleType, uint32_t, locClientEventIndUnionType, void*) line 81 QMI_LOC_EVENT_POSITION_REPORT_IND_V02
E/NetlinkListener(25802): recvmsg failed (I/O error)
E/NetlinkListener( 741): recvmsg failed (I/O error)
E/NetlinkListener(25802): recvmsg failed (I/O error)
E/NetlinkListener( 741): recvmsg failed (I/O error)
I/dex2oat (26287): dex2oat took 3.116s (threads: 4) arena alloc=340KB java alloc=3MB native alloc=6MB free=9MB
I/PackageManager(25895): Running dexopt on: /system/app/Calculator/Calculator.apk pkg=com.android.calculator2 isa=arm vmSafeMode=false
I/dex2oat (26339): /system/bin/dex2oat --zip-fd=5 --zip-location=/system/app/Calculator/Calculator.apk --oat-fd=6 --oat-location=/data/dalvik-cache/arm/system@app@Calculator@Calculator.apk@classes.dex --instruction-set=arm --instruction-set-features=div --runtime-arg -Xms64m --runtime-arg -Xmx512m --swap-fd=10
I/dex2oat (26339): Decided to run without swap.
V/WLAN_PSA( 673): NL MSG, len[4077], NL type[0x1C] WNI type[0x5900] len[54543]
V/WLAN_PSA( 673): NL MSG, PID: 673
E/NetlinkListener(25802): recvmsg failed (I/O error)
E/NetlinkListener( 741): recvmsg failed (I/O error)
E/NetlinkListener(25802): recvmsg failed (I/O error)
E/NetlinkListener( 741): recvmsg failed (I/O error)
E/LocSvc_ApiV02(24797): I/<--- void globalEventCb(locClientHandleType, uint32_t, locClientEventIndUnionType, void*) line 81 QMI_LOC_EVENT_POSITION_REPORT_IND_V02
I/dex2oat (26339): dex2oat took 902.171ms (threads: 4) arena alloc=124KB java alloc=747KB native alloc=2MB free=5MB
I/PackageManager(25895): Running dexopt on: /system/priv-app/FairphoneUpdater/FairphoneUpdater.apk pkg=com.fairphone.updater isa=arm vmSafeMode=false
I/dex2oat (26357): /system/bin/dex2oat --zip-fd=5 --zip-location=/system/priv-app/FairphoneUpdater/FairphoneUpdater.apk --oat-fd=6 --oat-location=/data/dalvik-cache/arm/system@priv-app@FairphoneUpdater@FairphoneUpdater.apk@classes.dex --instruction-set=arm --instruction-set-features=div --runtime-arg -Xms64m --runtime-arg -Xmx512m --swap-fd=10
I/dex2oat (26357): Decided to run without swap.
E/NetlinkListener(25802): recvmsg failed (I/O error)
E/NetlinkListener( 741): recvmsg failed (I/O error)
E/NetlinkListener(25802): recvmsg failed (I/O error)
E/NetlinkListener( 741): recvmsg failed (I/O error)
I/dex2oat (26357): dex2oat took 701.514ms (threads: 4) arena alloc=235KB java alloc=852KB native alloc=2MB free=5MB
I/PackageManager(25895): Running dexopt on: /system/app/webview/webview.apk pkg=com.android.webview isa=arm vmSafeMode=false
I/dex2oat (26371): /system/bin/dex2oat --zip-fd=5 --zip-location=/system/app/webview/webview.apk --oat-fd=6 --oat-location=/data/dalvik-cache/arm/system@app@webview@webview.apk@classes.dex --instruction-set=arm --instruction-set-features=div --runtime-arg -Xms64m --runtime-arg -Xmx512m --swap-fd=10
E/LocSvc_ApiV02(24797): I/<--- void globalEventCb(locClientHandleType, uint32_t, locClientEventIndUnionType, void*) line 81 QMI_LOC_EVENT_POSITION_REPORT_IND_V02
I/dex2oat (26371): Decided to run without swap.
E/NetlinkListener(25802): recvmsg failed (I/O error)
E/NetlinkListener( 741): recvmsg failed (I/O error)
E/NetlinkListener(25802): recvmsg failed (I/O error)
E/NetlinkListener( 741): recvmsg failed (I/O error)
I/dex2oat (26371): dex2oat took 852.633ms (threads: 4) arena alloc=64KB java alloc=1374KB native alloc=3MB free=4MB
I/PackageManager(25895): Running dexopt on: /system/app/HoloSpiralWallpaper/HoloSpiralWallpaper.apk pkg=com.android.wallpaper.holospiral isa=arm vmSafeMode=false
I/dex2oat (26386): /system/bin/dex2oat --zip-fd=5 --zip-location=/system/app/HoloSpiralWallpaper/HoloSpiralWallpaper.apk --oat-fd=6 --oat-location=/data/dalvik-cache/arm/system@app@HoloSpiralWallpaper@HoloSpiralWallpaper.apk@classes.dex --instruction-set=arm --instruction-set-features=div --runtime-arg -Xms64m --runtime-arg -Xmx512m --swap-fd=10
I/dex2oat (26386): Decided to run without swap.
E/NetlinkListener(25802): recvmsg failed (I/O error)
E/NetlinkListener( 741): recvmsg failed (I/O error)
E/LocSvc_ApiV02(24797): I/<--- void globalEventCb(locClientHandleType, uint32_t, locClientEventIndUnionType, void*) line 81 QMI_LOC_EVENT_POSITION_REPORT_IND_V02
E/NetlinkListener(25802): recvmsg failed (I/O error)
E/NetlinkListener( 741): recvmsg failed (I/O error)
I/dex2oat (26386): dex2oat took 106.358ms (threads: 4) arena alloc=133KB java alloc=124KB native alloc=1400KB free=6MB
I/PackageManager(25895): Running dexopt on: /system/priv-app/VpnDialogs/VpnDialogs.apk pkg=com.android.vpndialogs isa=arm vmSafeMode=false
I/dex2oat (26397): /system/bin/dex2oat --zip-fd=5 --zip-location=/system/priv-app/VpnDialogs/VpnDialogs.apk --oat-fd=6 --oat-location=/data/dalvik-cache/arm/system@priv-app@VpnDialogs@VpnDialogs.apk@classes.dex --instruction-set=arm --instruction-set-features=div --runtime-arg -Xms64m --runtime-arg -Xmx512m --swap-fd=10
I/dex2oat (26397): Decided to run without swap.
I/dex2oat (26397): dex2oat took 91.784ms (threads: 4) arena alloc=220KB java alloc=32KB native alloc=914KB free=7MB
I/PackageManager(25895): Running dexopt on: /system/app/Amaze/Amaze.apk pkg=com.amaze.filemanager isa=arm vmSafeMode=false
I/dex2oat (26402): /system/bin/dex2oat --zip-fd=5 --zip-location=/system/app/Amaze/Amaze.apk --oat-fd=6 --oat-location=/data/dalvik-cache/arm/system@app@Amaze@Amaze.apk@classes.dex --instruction-set=arm --instruction-set-features=div --runtime-arg -Xms64m --runtime-arg -Xmx512m --swap-fd=10
V/WLAN_PSA( 673): NL MSG, len[048], NL type[0x11] WNI type[0x5050] len[028]
V/WLAN_PSA( 673): NL MSG, PID: 673
I/dex2oat (26402): Decided to run without swap.
E/NetlinkListener( 741): recvmsg failed (I/O error)
E/NetlinkListener(25802): recvmsg failed (I/O error)
W/dex2oat (26402): Before Android 4.1, method int android.support.v7.internal.widget.ListViewCompat.lookForSelectablePosition(int, boolean) would have incorrectly overridden the package-private method in android.widget.ListView
E/NetlinkListener( 741): recvmsg failed (I/O error)
E/NetlinkListener(25802): recvmsg failed (I/O error)
E/LocSvc_ApiV02(24797): I/<--- void globalEventCb(locClientHandleType, uint32_t, locClientEventIndUnionType, void*) line 81 QMI_LOC_EVENT_POSITION_REPORT_IND_V02
E/LocSvc_ApiV02(24797): I/<--- void globalEventCb(locClientHandleType, uint32_t, locClientEventIndUnionType, void*) line 81 QMI_LOC_EVENT_POSITION_REPORT_IND_V02
E/LocSvc_ApiV02(24797): I/<--- void globalEventCb(locClientHandleType, uint32_t, locClientEventIndUnionType, void*) line 81 QMI_LOC_EVENT_POSITION_REPORT_IND_V02
E/NetlinkListener(25802): recvmsg failed (I/O error)
E/NetlinkListener( 741): recvmsg failed (I/O error)
V/WLAN_PSA( 673): NL MSG, len[4026], NL type[0x1C] WNI type[0x5900] len[41487]
V/WLAN_PSA( 673): NL MSG, PID: 673
E/NetlinkListener(25802): recvmsg failed (I/O error)
E/NetlinkListener( 741): recvmsg failed (I/O error)
I/dex2oat (26402): dex2oat took 3.647s (threads: 4) arena alloc=283KB java alloc=6MB native alloc=11MB free=8MB
I/PackageManager(25895): Running dexopt on: /system/app/WAPPushManager/WAPPushManager.apk pkg=com.android.smspush isa=arm vmSafeMode=false
I/dex2oat (26428): /system/bin/dex2oat --zip-fd=5 --zip-location=/system/app/WAPPushManager/WAPPushManager.apk --oat-fd=6 --oat-location=/data/dalvik-cache/arm/system@app@WAPPushManager@WAPPushManager.apk@classes.dex --instruction-set=arm --instruction-set-features=div --runtime-arg -Xms64m --runtime-arg -Xmx512m --swap-fd=10
I/dex2oat (26428): Decided to run without swap.
I/dex2oat (26428): dex2oat took 115.743ms (threads: 4) arena alloc=207KB java alloc=65KB native alloc=1331KB free=6MB
I/PackageManager(25895): Running dexopt on: /system/app/CaptivePortalLogin/CaptivePortalLogin.apk pkg=com.android.captiveportallogin isa=arm vmSafeMode=false
I/dex2oat (26433): /system/bin/dex2oat --zip-fd=5 --zip-location=/system/app/CaptivePortalLogin/CaptivePortalLogin.apk --oat-fd=6 --oat-location=/data/dalvik-cache/arm/system@app@CaptivePortalLogin@CaptivePortalLogin.apk@classes.dex --instruction-set=arm --instruction-set-features=div --runtime-arg -Xms64m --runtime-arg -Xmx512m --swap-fd=10
E/LocSvc_ApiV02(24797): I/<--- void globalEventCb(locClientHandleType, uint32_t, locClientEventIndUnionType, void*) line 81 QMI_LOC_EVENT_POSITION_REPORT_IND_V02
I/dex2oat (26433): Decided to run without swap.
I/dex2oat (26433): dex2oat took 48.627ms (threads: 4) arena alloc=78KB java alloc=68KB native alloc=1249KB free=6MB
I/PackageManager(25895): Running dexopt on: /system/app/LiveWallpapers/LiveWallpapers.apk pkg=com.android.wallpaper isa=arm vmSafeMode=false
I/dex2oat (26438): /system/bin/dex2oat --zip-fd=5 --zip-location=/system/app/LiveWallpapers/LiveWallpapers.apk --oat-fd=6 --oat-location=/data/dalvik-cache/arm/system@app@LiveWallpapers@LiveWallpapers.apk@classes.dex --instruction-set=arm --instruction-set-features=div --runtime-arg -Xms64m --runtime-arg -Xmx512m --swap-fd=10
I/dex2oat (26438): Decided to run without swap.
I/dex2oat (26438): dex2oat took 93.576ms (threads: 4) arena alloc=207KB java alloc=75KB native alloc=1401KB free=6MB
I/PackageManager(25895): Running dexopt on: /system/app/Protips/Protips.apk pkg=com.android.protips isa=arm vmSafeMode=false
I/dex2oat (26443): /system/bin/dex2oat --zip-fd=5 --zip-location=/system/app/Protips/Protips.apk --oat-fd=6 --oat-location=/data/dalvik-cache/arm/system@app@Protips@Protips.apk@classes.dex --instruction-set=arm --instruction-set-features=div --runtime-arg -Xms64m --runtime-arg -Xmx512m --swap-fd=10
I/dex2oat (26443): Decided to run without swap.
I/dex2oat (26443): dex2oat took 43.898ms (threads: 4) arena alloc=93KB java alloc=5KB native alloc=873KB free=7MB
I/PackageManager(25895): Running dexopt on: /system/app/shutdownlistener/shutdownlistener.apk pkg=com.qualcomm.shutdownlistner isa=arm vmSafeMode=false
I/dex2oat (26448): /system/bin/dex2oat --zip-fd=5 --zip-location=/system/app/shutdownlistener/shutdownlistener.apk --oat-fd=6 --oat-location=/data/dalvik-cache/arm/system@app@shutdownlistener@shutdownlistener.apk@classes.dex --instruction-set=arm --instruction-set-features=div --runtime-arg -Xms64m --runtime-arg -Xmx512m --swap-fd=10
I/dex2oat (26448): Decided to run without swap.
I/dex2oat (26448): dex2oat took 50.110ms (threads: 4) arena alloc=50KB java alloc=11KB native alloc=852KB free=7MB
I/PackageManager(25895): Running dexopt on: /system/app/FM2/FM2.apk pkg=com.caf.fmradio isa=arm vmSafeMode=false
I/dex2oat (26453): /system/bin/dex2oat --zip-fd=5 --zip-location=/system/app/FM2/FM2.apk --oat-fd=6 --oat-location=/data/dalvik-cache/arm/system@app@FM2@FM2.apk@classes.dex --instruction-set=arm --instruction-set-features=div --runtime-arg -Xms64m --runtime-arg -Xmx512m --swap-fd=10
I/dex2oat (26453): Decided to run without swap.
E/NetlinkListener( 741): recvmsg failed (I/O error)
E/NetlinkListener(25802): recvmsg failed (I/O error)
E/NetlinkListener( 741): recvmsg failed (I/O error)
E/NetlinkListener(25802): recvmsg failed (I/O error)
E/LocSvc_eng(24797): I/===> int loc_eng_inject_location(loc_eng_data_s_type&, double, double, float) line 2033
E/LocSvc_eng(24797): I/===> int loc_eng_inject_location(loc_eng_data_s_type&, double, double, float) line 2033
E/LocSvc_eng(24797): I/===> int loc_eng_inject_location(loc_eng_data_s_type&, double, double, float) line 2033
I/dex2oat (26453): dex2oat took 384.910ms (threads: 4) arena alloc=346KB java alloc=528KB native alloc=3MB free=4MB
I/PackageManager(25895): Running dexopt on: /system/app/OpenWnn/OpenWnn.apk pkg=jp.co.omronsoft.openwnn isa=arm vmSafeMode=false
I/dex2oat (26471): /system/bin/dex2oat --zip-fd=5 --zip-location=/system/app/OpenWnn/OpenWnn.apk --oat-fd=6 --oat-location=/data/dalvik-cache/arm/system@app@OpenWnn@OpenWnn.apk@classes.dex --instruction-set=arm --instruction-set-features=div --runtime-arg -Xms64m --runtime-arg -Xmx512m --swap-fd=10
I/dex2oat (26471): Decided to run without swap.
E/LocSvc_ApiV02(24797): I/<--- void globalEventCb(locClientHandleType, uint32_t, locClientEventIndUnionType, void*) line 81 QMI_LOC_EVENT_POSITION_REPORT_IND_V02
V/WLAN_PSA( 673): NL MSG, len[048], NL type[0x11] WNI type[0x5050] len[028]
V/WLAN_PSA( 673): NL MSG, PID: 673
I/dex2oat (26471): dex2oat took 427.734ms (threads: 4) arena alloc=459KB java alloc=364KB native alloc=2MB free=5MB
I/PackageManager(25895): Running dexopt on: /system/app/NoiseField/NoiseField.apk pkg=com.android.noisefield isa=arm vmSafeMode=false
I/dex2oat (26477): /system/bin/dex2oat --zip-fd=5 --zip-location=/system/app/NoiseField/NoiseField.apk --oat-fd=6 --oat-location=/data/dalvik-cache/arm/system@app@NoiseField@NoiseField.apk@classes.dex --instruction-set=arm --instruction-set-features=div --runtime-arg -Xms64m --runtime-arg -Xmx512m --swap-fd=10
I/dex2oat (26477): Decided to run without swap.
I/dex2oat (26477): dex2oat took 94.339ms (threads: 4) arena alloc=72KB java alloc=134KB native alloc=1397KB free=6MB
I/PackageManager(25895): Running dexopt on: /system/app/PackageInstaller/PackageInstaller.apk pkg=com.android.packageinstaller isa=arm vmSafeMode=false
E/NetlinkListener(25802): recvmsg failed (I/O error)
E/NetlinkListener( 741): recvmsg failed (I/O error)
I/dex2oat (26482): /system/bin/dex2oat --zip-fd=5 --zip-location=/system/app/PackageInstaller/PackageInstaller.apk --oat-fd=6 --oat-location=/data/dalvik-cache/arm/system@app@PackageInstaller@PackageInstaller.apk@classes.dex --instruction-set=arm --instruction-set-features=div --runtime-arg -Xms64m --runtime-arg -Xmx512m --swap-fd=10
I/dex2oat (26482): Decided to run without swap.
E/NetlinkListener( 741): recvmsg failed (I/O error)
E/NetlinkListener(25802): recvmsg failed (I/O error)
I/dex2oat (26482): dex2oat took 457.685ms (threads: 4) arena alloc=98KB java alloc=544KB native alloc=2MB free=5MB
I/PackageManager(25895): Running dexopt on: /system/app/DocumentsUI/DocumentsUI.apk pkg=com.android.documentsui isa=arm vmSafeMode=false
I/dex2oat (26496): /system/bin/dex2oat --zip-fd=5 --zip-location=/system/app/DocumentsUI/DocumentsUI.apk --oat-fd=6 --oat-location=/data/dalvik-cache/arm/system@app@DocumentsUI@DocumentsUI.apk@classes.dex --instruction-set=arm --instruction-set-features=div --runtime-arg -Xms64m --runtime-arg -Xmx512m --swap-fd=10
I/dex2oat (26496): Decided to run without swap.
E/LocSvc_ApiV02(24797): I/<--- void globalEventCb(locClientHandleType, uint32_t, locClientEventIndUnionType, void*) line 81 QMI_LOC_EVENT_POSITION_REPORT_IND_V02
E/NetlinkListener( 741): recvmsg failed (I/O error)
E/NetlinkListener(25802): recvmsg failed (I/O error)
E/NetlinkListener( 741): recvmsg failed (I/O error)
E/NetlinkListener(25802): recvmsg failed (I/O error)
E/NetlinkListener( 741): recvmsg failed (I/O error)
E/NetlinkListener(25802): recvmsg failed (I/O error)
E/NetlinkListener(25802): recvmsg failed (I/O error)
E/NetlinkListener( 741): recvmsg failed (I/O error)
I/dex2oat (26496): dex2oat took 1.054s (threads: 4) arena alloc=89KB java alloc=963KB native alloc=2MB free=5MB
I/PackageManager(25895): Running dexopt on: /system/app/Bluetooth/Bluetooth.apk pkg=com.android.bluetooth isa=arm vmSafeMode=false
E/LocSvc_ApiV02(24797): I/<--- void globalEventCb(locClientHandleType, uint32_t, locClientEventIndUnionType, void*) line 81 QMI_LOC_EVENT_POSITION_REPORT_IND_V02
I/dex2oat (26519): /system/bin/dex2oat --zip-fd=5 --zip-location=/system/app/Bluetooth/Bluetooth.apk --oat-fd=6 --oat-location=/data/dalvik-cache/arm/system@app@Bluetooth@Bluetooth.apk@classes.dex --instruction-set=arm --instruction-set-features=div --runtime-arg -Xms64m --runtime-arg -Xmx512m --swap-fd=10
E/NetlinkListener( 741): recvmsg failed (I/O error)
E/NetlinkListener(25802): recvmsg failed (I/O error)
E/NetlinkListener(25802): recvmsg failed (I/O error)
E/NetlinkListener( 741): recvmsg failed (I/O error)
I/dex2oat (26519): Decided to run without swap.
E/NetlinkListener(25802): recvmsg failed (I/O error)
E/NetlinkListener( 741): recvmsg failed (I/O error)
V/WLAN_PSA( 673): NL MSG, len[4023], NL type[0x1C] WNI type[0x5900] len[40719]
V/WLAN_PSA( 673): NL MSG, PID: 673
E/LocSvc_ApiV02(24797): I/<--- void globalEventCb(locClientHandleType, uint32_t, locClientEventIndUnionType, void*) line 81 QMI_LOC_EVENT_POSITION_REPORT_IND_V02
E/NetlinkListener(25802): recvmsg failed (I/O error)
E/NetlinkListener( 741): recvmsg failed (I/O error)
E/NetlinkListener(25802): recvmsg failed (I/O error)
E/NetlinkListener( 741): recvmsg failed (I/O error)
E/NetlinkListener(25802): recvmsg failed (I/O error)
E/NetlinkListener( 741): recvmsg failed (I/O error)
E/LocSvc_ApiV02(24797): I/<--- void globalEventCb(locClientHandleType, uint32_t, locClientEventIndUnionType, void*) line 81 QMI_LOC_EVENT_POSITION_REPORT_IND_V02
E/NetlinkListener( 741): recvmsg failed (I/O error)
E/NetlinkListener(25802): recvmsg failed (I/O error)
E/NetlinkListener(25802): recvmsg failed (I/O error)
E/NetlinkListener( 741): recvmsg failed (I/O error)
E/NetlinkListener(25802): recvmsg failed (I/O error)
E/NetlinkListener( 741): recvmsg failed (I/O error)
E/NetlinkListener(25802): recvmsg failed (I/O error)
E/NetlinkListener( 741): recvmsg failed (I/O error)
E/LocSvc_ApiV02(24797): I/<--- void globalEventCb(locClientHandleType, uint32_t, locClientEventIndUnionType, void*) line 81 QMI_LOC_EVENT_POSITION_REPORT_IND_V02
V/WLAN_PSA( 673): NL MSG, len[048], NL type[0x11] WNI type[0x5050] len[028]
V/WLAN_PSA( 673): NL MSG, PID: 673
E/LocSvc_ApiV02(24797): I/<--- void globalEventCb(locClientHandleType, uint32_t, locClientEventIndUnionType, void*) line 81 QMI_LOC_EVENT_POSITION_REPORT_IND_V02
E/NetlinkListener(25802): recvmsg failed (I/O error)
E/NetlinkListener( 741): recvmsg failed (I/O error)
E/NetlinkListener(25802): recvmsg failed (I/O error)
E/NetlinkListener( 741): recvmsg failed (I/O error)
E/LocSvc_ApiV02(24797): I/<--- void globalEventCb(locClientHandleType, uint32_t, locClientEventIndUnionType, void*) line 81 QMI_LOC_EVENT_POSITION_REPORT_IND_V02
I/dex2oat (26519): dex2oat took 5.060s (threads: 4) arena alloc=847KB java alloc=5MB native alloc=12MB free=7MB
I/PackageManager(25895): Running dexopt on: /system/app/DownloadProviderUi/DownloadProviderUi.apk pkg=com.android.providers.downloads.ui isa=arm vmSafeMode=false
I/dex2oat (26578): /system/bin/dex2oat --zip-fd=5 --zip-location=/system/app/DownloadProviderUi/DownloadProviderUi.apk --oat-fd=6 --oat-location=/data/dalvik-cache/arm/system@app@DownloadProviderUi@DownloadProviderUi.apk@classes.dex --instruction-set=arm --instruction-set-features=div --runtime-arg -Xms64m --runtime-arg -Xmx512m --swap-fd=10
I/dex2oat (26578): Decided to run without swap.
I/dex2oat (26578): dex2oat took 39.201ms (threads: 4) arena alloc=151KB java alloc=48KB native alloc=1253KB free=6MB
I/PackageManager(25895): Running dexopt on: /system/priv-app/SharedStorageBackup/SharedStorageBackup.apk pkg=com.android.sharedstoragebackup isa=arm vmSafeMode=false
I/dex2oat (26583): /system/bin/dex2oat --zip-fd=5 --zip-location=/system/priv-app/SharedStorageBackup/SharedStorageBackup.apk --oat-fd=6 --oat-location=/data/dalvik-cache/arm/system@priv-app@SharedStorageBackup@SharedStorageBackup.apk@classes.dex --instruction-set=arm --instruction-set-features=div --runtime-arg -Xms64m --runtime-arg -Xmx512m --swap-fd=10
I/dex2oat (26583): Decided to run without swap.
I/dex2oat (26583): dex2oat took 45.834ms (threads: 4) arena alloc=111KB java alloc=22KB native alloc=609KB free=7MB
I/PackageManager(25895): Running dexopt on: /system/app/Browser/Browser.apk pkg=com.android.browser isa=arm vmSafeMode=false
I/dex2oat (26588): /system/bin/dex2oat --zip-fd=5 --zip-location=/system/app/Browser/Browser.apk --oat-fd=6 --oat-location=/data/dalvik-cache/arm/system@app@Browser@Browser.apk@classes.dex --instruction-set=arm --instruction-set-features=div --runtime-arg -Xms64m --runtime-arg -Xmx512m --swap-fd=10
I/dex2oat (26588): Decided to run without swap.
E/NetlinkListener( 741): recvmsg failed (I/O error)
E/NetlinkListener(25802): recvmsg failed (I/O error)
E/NetlinkListener(25802): recvmsg failed (I/O error)
E/NetlinkListener( 741): recvmsg failed (I/O error)
E/LocSvc_ApiV02(24797): I/<--- void globalEventCb(locClientHandleType, uint32_t, locClientEventIndUnionType, void*) line 81 QMI_LOC_EVENT_POSITION_REPORT_IND_V02
I/dex2oat (26588): dex2oat took 1.169s (threads: 4) arena alloc=96KB java alloc=1991KB native alloc=3MB free=4MB
I/PackageManager(25895): Running dexopt on: /system/app/CertInstaller/CertInstaller.apk pkg=com.android.certinstaller isa=arm vmSafeMode=false
I/dex2oat (26606): /system/bin/dex2oat --zip-fd=5 --zip-location=/system/app/CertInstaller/CertInstaller.apk --oat-fd=6 --oat-location=/data/dalvik-cache/arm/system@app@CertInstaller@CertInstaller.apk@classes.dex --instruction-set=arm --instruction-set-features=div --runtime-arg -Xms64m --runtime-arg -Xmx512m --swap-fd=10
I/dex2oat (26606): Decided to run without swap.
V/WLAN_PSA( 673): NL MSG, len[4011], NL type[0x1C] WNI type[0x5900] len[37647]
V/WLAN_PSA( 673): NL MSG, PID: 673
E/NetlinkListener(25802): recvmsg failed (I/O error)
E/NetlinkListener( 741): recvmsg failed (I/O error)
I/dex2oat (26606): dex2oat took 112.790ms (threads: 4) arena alloc=61KB java alloc=87KB native alloc=1300KB free=6MB
I/PackageManager(25895): Running dexopt on: /system/priv-app/DownloadProvider/DownloadProvider.apk pkg=com.android.providers.downloads isa=arm vmSafeMode=false
I/dex2oat (26615): /system/bin/dex2oat --zip-fd=5 --zip-location=/system/priv-app/DownloadProvider/DownloadProvider.apk --oat-fd=6 --oat-location=/data/dalvik-cache/arm/system@priv-app@DownloadProvider@DownloadProvider.apk@classes.dex --instruction-set=arm --instruction-set-features=div --runtime-arg -Xms64m --runtime-arg -Xmx512m --swap-fd=10
I/dex2oat (26615): Decided to run without swap.
E/NetlinkListener(25802): recvmsg failed (I/O error)
E/NetlinkListener( 741): recvmsg failed (I/O error)
E/LocSvc_ApiV02(24797): I/<--- void globalEventCb(locClientHandleType, uint32_t, locClientEventIndUnionType, void*) line 81 QMI_LOC_EVENT_POSITION_REPORT_IND_V02
I/dex2oat (26615): dex2oat took 448.494ms (threads: 4) arena alloc=89KB java alloc=427KB native alloc=2MB free=5MB
I/PackageManager(25895): Running dexopt on: /system/priv-app/ClockWidget/ClockWidget.apk pkg=com.fairphone.clock isa=arm vmSafeMode=false
I/dex2oat (26626): /system/bin/dex2oat --zip-fd=5 --zip-location=/system/priv-app/ClockWidget/ClockWidget.apk --oat-fd=6 --oat-location=/data/dalvik-cache/arm/system@priv-app@ClockWidget@ClockWidget.apk@classes.dex --instruction-set=arm --instruction-set-features=div --runtime-arg -Xms64m --runtime-arg -Xmx512m --swap-fd=10
I/dex2oat (26626): Decided to run without swap.
E/NetlinkListener(25802): recvmsg failed (I/O error)
E/NetlinkListener( 741): recvmsg failed (I/O error)
E/NetlinkListener(25802): recvmsg failed (I/O error)
E/NetlinkListener( 741): recvmsg failed (I/O error)
I/dex2oat (26626): dex2oat took 440.514ms (threads: 4) arena alloc=161KB java alloc=406KB native alloc=2MB free=5MB
I/PackageManager(25895): Running dexopt on: /system/app/BasicDreams/BasicDreams.apk pkg=com.android.dreams.basic isa=arm vmSafeMode=false
I/dex2oat (26640): /system/bin/dex2oat --zip-fd=5 --zip-location=/system/app/BasicDreams/BasicDreams.apk --oat-fd=6 --oat-location=/data/dalvik-cache/arm/system@app@BasicDreams@BasicDreams.apk@classes.dex --instruction-set=arm --instruction-set-features=div --runtime-arg -Xms64m --runtime-arg -Xmx512m --swap-fd=10
I/dex2oat (26640): Decided to run without swap.
I/dex2oat (26640): dex2oat took 81.754ms (threads: 4) arena alloc=53KB java alloc=29KB native alloc=1387KB free=6MB
I/PackageManager(25895): Running dexopt on: /system/app/Stk/Stk.apk pkg=com.android.stk isa=arm vmSafeMode=false
E/LocSvc_eng(24797): I/===> int loc_eng_inject_location(loc_eng_data_s_type&, double, double, float) line 2033
E/LocSvc_eng(24797): I/===> int loc_eng_inject_location(loc_eng_data_s_type&, double, double, float) line 2033
E/LocSvc_eng(24797): I/===> int loc_eng_inject_location(loc_eng_data_s_type&, double, double, float) line 2033
I/dex2oat (26645): /system/bin/dex2oat --zip-fd=5 --zip-location=/system/app/Stk/Stk.apk --oat-fd=6 --oat-location=/data/dalvik-cache/arm/system@app@Stk@Stk.apk@classes.dex --instruction-set=arm --instruction-set-features=div --runtime-arg -Xms64m --runtime-arg -Xmx512m --swap-fd=10
E/NetlinkListener(25802): recvmsg failed (I/O error)
E/NetlinkListener( 741): recvmsg failed (I/O error)
I/dex2oat (26645): Decided to run without swap.
I/dex2oat (26645): dex2oat took 134.165ms (threads: 4) arena alloc=67KB java alloc=143KB native alloc=1478KB free=6MB
I/PackageManager(25895): Running dexopt on: /system/priv-app/VoiceDialer/VoiceDialer.apk pkg=com.android.voicedialer isa=arm vmSafeMode=false
I/dex2oat (26653): /system/bin/dex2oat --zip-fd=5 --zip-location=/system/priv-app/VoiceDialer/VoiceDialer.apk --oat-fd=6 --oat-location=/data/dalvik-cache/arm/system@priv-app@VoiceDialer@VoiceDialer.apk@classes.dex --instruction-set=arm --instruction-set-features=div --runtime-arg -Xms64m --runtime-arg -Xmx512m --swap-fd=10
I/dex2oat (26653): Decided to run without swap.
E/LocSvc_ApiV02(24797): I/<--- void globalEventCb(locClientHandleType, uint32_t, locClientEventIndUnionType, void*) line 81 QMI_LOC_EVENT_POSITION_REPORT_IND_V02
I/dex2oat (26653): dex2oat took 177.045ms (threads: 4) arena alloc=283KB java alloc=90KB native alloc=2020KB free=6MB
I/PackageManager(25895): Running dexopt on: /system/app/PhotoTable/PhotoTable.apk pkg=com.android.dreams.phototable isa=arm vmSafeMode=false
I/dex2oat (26658): /system/bin/dex2oat --zip-fd=5 --zip-location=/system/app/PhotoTable/PhotoTable.apk --oat-fd=6 --oat-location=/data/dalvik-cache/arm/system@app@PhotoTable@PhotoTable.apk@classes.dex --instruction-set=arm --instruction-set-features=div --runtime-arg -Xms64m --runtime-arg -Xmx512m --swap-fd=10
I/dex2oat (26658): Decided to run without swap.
V/WLAN_PSA( 673): NL MSG, len[048], NL type[0x11] WNI type[0x5050] len[028]
V/WLAN_PSA( 673): NL MSG, PID: 673
I/dex2oat (26658): dex2oat took 170.382ms (threads: 4) arena alloc=76KB java alloc=157KB native alloc=1512KB free=6MB
I/PackageManager(25895): Running dexopt on: /system/app/QuickSearchBox/QuickSearchBox.apk pkg=com.android.quicksearchbox isa=arm vmSafeMode=false
I/dex2oat (26663): /system/bin/dex2oat --zip-fd=5 --zip-location=/system/app/QuickSearchBox/QuickSearchBox.apk --oat-fd=6 --oat-location=/data/dalvik-cache/arm/system@app@QuickSearchBox@QuickSearchBox.apk@classes.dex --instruction-set=arm --instruction-set-features=div --runtime-arg -Xms64m --runtime-arg -Xmx512m --swap-fd=10
I/dex2oat (26663): Decided to run without swap.
E/NetlinkListener(25802): recvmsg failed (I/O error)
E/NetlinkListener( 741): recvmsg failed (I/O error)
I/dex2oat (26663): dex2oat took 536.938ms (threads: 4) arena alloc=78KB java alloc=595KB native alloc=2MB free=5MB
I/PackageManager(25895): Running dexopt on: /system/priv-app/MyContactsWidget/MyContactsWidget.apk pkg=com.fairphone.mycontacts isa=arm vmSafeMode=false
I/dex2oat (26674): /system/bin/dex2oat --zip-fd=5 --zip-location=/system/priv-app/MyContactsWidget/MyContactsWidget.apk --oat-fd=6 --oat-location=/data/dalvik-cache/arm/system@priv-app@MyContactsWidget@MyContactsWidget.apk@classes.dex --instruction-set=arm --instruction-set-features=div --runtime-arg -Xms64m --runtime-arg -Xmx512m --swap-fd=10
I/dex2oat (26674): Decided to run without swap.
E/LocSvc_ApiV02(24797): I/<--- void globalEventCb(locClientHandleType, uint32_t, locClientEventIndUnionType, void*) line 81 QMI_LOC_EVENT_POSITION_REPORT_IND_V02
E/NetlinkListener(25802): recvmsg failed (I/O error)
E/NetlinkListener( 741): recvmsg failed (I/O error)
E/NetlinkListener(25802): recvmsg failed (I/O error)
E/NetlinkListener( 741): recvmsg failed (I/O error)
W/dex2oat (26674): Before Android 4.1, method int android.support.v7.internal.widget.ListViewCompat.lookForSelectablePosition(int, boolean) would have incorrectly overridden the package-private method in android.widget.ListView
E/NetlinkListener(25802): recvmsg failed (I/O error)
E/NetlinkListener( 741): recvmsg failed (I/O error)
E/NetlinkListener(25802): recvmsg failed (I/O error)
E/NetlinkListener( 741): recvmsg failed (I/O error)
I/dex2oat (26674): dex2oat took 1.098s (threads: 4) arena alloc=214KB java alloc=1458KB native alloc=3MB free=4MB
E/LocSvc_ApiV02(24797): I/<--- void globalEventCb(locClientHandleType, uint32_t, locClientEventIndUnionType, void*) line 81 QMI_LOC_EVENT_POSITION_REPORT_IND_V02
I/PackageManager(25895): Running dexopt on: /system/app/UserDictionaryProvider/UserDictionaryProvider.apk pkg=com.android.providers.userdictionary isa=arm vmSafeMode=false
I/dex2oat (26697): /system/bin/dex2oat --zip-fd=5 --zip-location=/system/app/UserDictionaryProvider/UserDictionaryProvider.apk --oat-fd=6 --oat-location=/data/dalvik-cache/arm/system@app@UserDictionaryProvider@UserDictionaryProvider.apk@classes.dex --instruction-set=arm --instruction-set-features=div --runtime-arg -Xms64m --runtime-arg -Xmx512m --swap-fd=10
I/dex2oat (26697): Decided to run without swap.
E/NetlinkListener(25802): recvmsg failed (I/O error)
E/NetlinkListener( 741): recvmsg failed (I/O error)
I/dex2oat (26697): dex2oat took 105.752ms (threads: 4) arena alloc=108KB java alloc=20KB native alloc=1128KB free=6MB
I/PackageManager(25895): Running dexopt on: /system/priv-app/ProgrammableButton/ProgrammableButton.apk pkg=com.fairphone.programmablebutton isa=arm vmSafeMode=false
I/dex2oat (26706): /system/bin/dex2oat --zip-fd=5 --zip-location=/system/priv-app/ProgrammableButton/ProgrammableButton.apk --oat-fd=6 --oat-location=/data/dalvik-cache/arm/system@priv-app@ProgrammableButton@ProgrammableButton.apk@classes.dex --instruction-set=arm --instruction-set-features=div --runtime-arg -Xms64m --runtime-arg -Xmx512m --swap-fd=10
I/dex2oat (26706): Decided to run without swap.
E/NetlinkListener( 741): recvmsg failed (I/O error)
E/NetlinkListener(25802): recvmsg failed (I/O error)
I/dex2oat (26706): dex2oat took 396.985ms (threads: 4) arena alloc=190KB java alloc=393KB native alloc=2MB free=5MB
I/PackageManager(25895): Running dexopt on: /system/priv-app/Contacts/Contacts.apk pkg=com.android.contacts isa=arm vmSafeMode=false
I/dex2oat (26718): /system/bin/dex2oat --zip-fd=5 --zip-location=/system/priv-app/Contacts/Contacts.apk --oat-fd=6 --oat-location=/data/dalvik-cache/arm/system@priv-app@Contacts@Contacts.apk@classes.dex --instruction-set=arm --instruction-set-features=div --runtime-arg -Xms64m --runtime-arg -Xmx512m --swap-fd=10
V/WLAN_PSA( 673): NL MSG, len[4025], NL type[0x1C] WNI type[0x5900] len[41231]
V/WLAN_PSA( 673): NL MSG, PID: 673
I/dex2oat (26718): Decided to run without swap.
E/NetlinkListener(25802): recvmsg failed (I/O error)
E/NetlinkListener( 741): recvmsg failed (I/O error)
