W/qti_sensors_hal(27434): sensors_get_sensors_list: handle 17 is not registered!
W/qti_sensors_hal(27434): sensors_get_sensors_list: handle 26 is not registered!
W/qti_sensors_hal(27434): sensors_get_sensors_list: handle 27 is not registered!
W/qti_sensors_hal(27434): sensors_get_sensors_list: handle 65 is not registered!
W/qti_sensors_hal(27434): sensors_get_sensors_list: handle 66 is not registered!
W/qti_sensors_hal(27434): sensors_get_sensors_list: handle 19 is not registered!
W/qti_sensors_hal(27434): sensors_get_sensors_list: handle 24 is not registered!
W/qti_sensors_hal(27434): sensors_get_sensors_list: handle 64 is not registered!
W/qti_sensors_hal(27434): sensors_get_sensors_list: handle 18 is not registered!
W/qti_sensors_hal(27434): sensors_get_sensors_list: handle 20 is not registered!
W/qti_sensors_hal(27434): sensors_get_sensors_list: handle 25 is not registered!
W/qti_sensors_hal(27434): sensors_get_sensors_list: handle 28 is not registered!
W/qti_sensors_hal(27434): sensors_get_sensors_list: handle 57 is not registered!
W/qti_sensors_hal(27434): sensors_get_sensors_list: handle 58 is not registered!
W/qti_sensors_hal(27434): sensors_get_sensors_list: handle 59 is not registered!
W/qti_sensors_hal(27434): sensors_get_sensors_list: handle 62 is not registered!
W/qti_sensors_hal(27434): sensors_get_sensors_list: handle 63 is not registered!
W/qti_sensors_hal(27434): sensors_get_sensors_list: handle 60 is not registered!
W/qti_sensors_hal(27434): sensors_get_sensors_list: handle 61 is not registered!
W/qti_sensors_hal(27434): sensors_get_sensors_list: handle 56 is not registered!
W/qti_sensors_hal(27434): sensors_get_sensors_list: handle 21 is not registered!
W/qti_sensors_hal(27434): sensors_get_sensors_list: handle 22 is not registered!
W/qti_sensors_hal(27434): sensors_get_sensors_list: handle 23 is not registered!
W/qti_sensors_hal(27434): sensors_get_sensors_list: handle 31 is not registered!
W/qti_sensors_hal(27434): sensors_get_sensors_list: handle 32 is not registered!
W/qti_sensors_hal(27434): sensors_get_sensors_list: handle 35 is not registered!
W/qti_sensors_hal(27434): sensors_get_sensors_list: handle 41 is not registered!
W/qti_sensors_hal(27434): sensors_get_sensors_list: handle 54 is not registered!
I/ (27434): System server: sensor init done.
D/SensorService(27434): new thread SensorEventAckReceiver
I/ServiceThread(27434): Enabled StrictMode logging for android.display looper.
D/SensorService(27434): nuSensorService thread starting...
D/AppOps (27434): AppOpsService published
I/SystemServiceManager(27434): Starting com.android.server.power.PowerManagerService
I/ServiceThread(27434): Enabled StrictMode logging for PowerManagerService looper.
E/PowerManagerService-JNI(27434): Couldn't load power module (Operation not permitted)
W/libsuspend(27434): Error writing 'on' to /sys/power/state: Invalid argument
I/libsuspend(27434): Selected wakeup count
I/SystemServiceManager(27434): Starting com.android.server.display.DisplayManagerService
E/BatteryStatsService(27434): Failed to open /sys/kernel/wakeup_reasons/last_resume_reason
I/SystemServiceManager(27434): Starting phase 100
I/DisplayManagerService(27434): Display device added: DisplayDeviceInfo{"Built-in Screen": uniqueId="local:0", 1080 x 1920, 0.466 fps, supportedRefreshRates [0.466], density 480, 160.42105 x 159.89508 dpi, appVsyncOff 0, presDeadline 2146922789, touch INTERNAL, rotation 0, type BUILT_IN, state UNKNOWN, FLAG_DEFAULT_DISPLAY, FLAG_ROTATES_WITH_CONTENT, FLAG_SECURE, FLAG_SUPPORTS_PROTECTED_BUFFERS}
I/SystemServer(27434): Package Manager
E/SELinuxMMAC(27434): Error with hashing seapp_contexts.
E/SELinuxMMAC(27434): java.io.FileNotFoundException: /seapp_contexts: open failed: ENOENT (No such file or directory)
E/SELinuxMMAC(27434): at libcore.io.IoBridge.open(IoBridge.java:456)
E/SELinuxMMAC(27434): at libcore.io.IoUtils$FileReader.(IoUtils.java:209)
E/SELinuxMMAC(27434): at libcore.io.IoUtils.readFileAsByteArray(IoUtils.java:109)
E/SELinuxMMAC(27434): at com.android.server.pm.SELinuxMMAC.returnHash(SELinuxMMAC.java:456)
E/SELinuxMMAC(27434): at com.android.server.pm.SELinuxMMAC.shouldRestorecon(SELinuxMMAC.java:389)
E/SELinuxMMAC(27434): at com.android.server.pm.PackageManagerService.(PackageManagerService.java:419)
E/SELinuxMMAC(27434): at com.android.server.pm.PackageManagerService.main(PackageManagerService.java:1261)
E/SELinuxMMAC(27434): at com.android.server.SystemServer.startBootstrapServices(SystemServer.java:358)
E/SELinuxMMAC(27434): at com.android.server.SystemServer.run(SystemServer.java:263)
E/SELinuxMMAC(27434): at com.android.server.SystemServer.main(SystemServer.java:179)
E/SELinuxMMAC(27434): at java.lang.reflect.Method.invoke(Native Method)
E/SELinuxMMAC(27434): at java.lang.reflect.Method.invoke(Method.java:372)
E/SELinuxMMAC(27434): at com.android.internal.os.ZygoteInit$MethodAndArgsCaller.run(ZygoteInit.java:904)
E/SELinuxMMAC(27434): at com.android.internal.os.ZygoteInit.main(ZygoteInit.java:699)
E/SELinuxMMAC(27434): Caused by: android.system.ErrnoException: open failed: ENOENT (No such file or directory)
E/SELinuxMMAC(27434): at libcore.io.Posix.open(Native Method)
E/SELinuxMMAC(27434): at libcore.io.BlockGuardOs.open(BlockGuardOs.java:186)
E/SELinuxMMAC(27434): at libcore.io.IoBridge.open(IoBridge.java:442)
E/SELinuxMMAC(27434): ... 13 more
D/EntSec (27434): [QSB ] [QSB_CLIENT ] QualcommSecurityBridge: PackageManager
I/EntSec (27434): [QSB ] [PORT_SWITCH] QSB Client Thread created
I/EntSec (27434): [QSB ] [PORT_SWITCH] QSB Port Switching Thread start running...
D/EntSec (27434): [QSB ] [PORT_SWITCH] Creating NQS Communicator instance
D/EntSec (27434): [QSB ] [NQS_CONECTOR] Trying to open a local socket
E/EntSec (27434): [QSB ] [NQS_CONECTOR] Failed to create and connect a local socket. [Error Description: No such file or directory ]
E/EntSec (27434): [QSB ] [NQS_CONECTOR] Failed to connect to the NQS [Error Description: No such file or directory ]
D/EntSec (27434): [QSB ] [PORT_SWITCH] NQS Communicator is disconnected
E/EntSec (27434): [QSB ] [PORT_SWITCH] No connection with the NQS; QSB initializes with the default port
I/EntSec (27434): [QSB ] [QSB_CLIENT ] Revert Loading port completed successfully
E/EntSec (27434): [QSB ] [PORT_SWITCH] QSB Port Switching Thread stop running.
W/SystemConfig(27434): No directory /system/etc/sysconfig, skipping
D/SELinuxMMAC(27434): Using policy file /system/etc/security/mac_permissions.xml
E/LocSvc_ApiV02(24797): I/<--- void globalEventCb(locClientHandleType, uint32_t, locClientEventIndUnionType, void*) line 81 QMI_LOC_EVENT_POSITION_REPORT_IND_V02
I/dex2oat (27577): /system/bin/dex2oat --zip-fd=5 --zip-location=/system/framework/qcnvitems.jar --oat-fd=6 --oat-location=/data/dalvik-cache/arm/system@framework@qcnvitems.jar@classes.dex --instruction-set=arm --instruction-set-features=div --runtime-arg -Xms64m --runtime-arg -Xmx512m --swap-fd=10
I/dex2oat (27577): Decided to run without swap.
I/dex2oat (27577): dex2oat took 193.585ms (threads: 4) arena alloc=48KB java alloc=480KB native alloc=1781KB free=6MB
E/art (27434): DexFile_isDexOptNeeded file '/system/framework/com.google.widevine.software.drm.jar' does not exist
W/PackageManager(27434): Library not found: /system/framework/com.google.widevine.software.drm.jar
I/dex2oat (27582): /system/bin/dex2oat --zip-fd=5 --zip-location=/system/framework/dpmapi.jar --oat-fd=6 --oat-location=/data/dalvik-cache/arm/system@framework@dpmapi.jar@classes.dex --instruction-set=arm --instruction-set-features=div --runtime-arg -Xms64m --runtime-arg -Xmx512m --swap-fd=10
I/dex2oat (27582): Decided to run without swap.
I/dex2oat (27582): dex2oat took 51.494ms (threads: 4) arena alloc=97KB java alloc=15KB native alloc=1004KB free=7MB
I/dex2oat (27587): /system/bin/dex2oat --zip-fd=5 --zip-location=/system/framework/btmultisimlibrary.jar --oat-fd=6 --oat-location=/data/dalvik-cache/arm/system@framework@btmultisimlibrary.jar@classes.dex --instruction-set=arm --instruction-set-features=div --runtime-arg -Xms64m --runtime-arg -Xmx512m --swap-fd=10
I/dex2oat (27587): Decided to run without swap.
I/dex2oat (27587): dex2oat took 88.992ms (threads: 4) arena alloc=131KB java alloc=6KB native alloc=885KB free=7MB
E/art (27434): DexFile_isDexOptNeeded file '/system/framework/com.google.android.media.effects.jar' does not exist
W/PackageManager(27434): Library not found: /system/framework/com.google.android.media.effects.jar
I/dex2oat (27592): /system/bin/dex2oat --zip-fd=5 --zip-location=/system/framework/com.android.location.provider.jar --oat-fd=6 --oat-location=/data/dalvik-cache/arm/system@framework@com.android.location.provider.jar@classes.dex --instruction-set=arm --instruction-set-features=div --runtime-arg -Xms64m --runtime-arg -Xmx512m --swap-fd=10
I/dex2oat (27592): Decided to run without swap.
I/dex2oat (27592): dex2oat took 82.356ms (threads: 4) arena alloc=122KB java alloc=76KB native alloc=1407KB free=6MB
I/dex2oat (27597): /system/bin/dex2oat --zip-fd=5 --zip-location=/system/framework/cneapiclient.jar --oat-fd=6 --oat-location=/data/dalvik-cache/arm/system@framework@cneapiclient.jar@classes.dex --instruction-set=arm --instruction-set-features=div --runtime-arg -Xms64m --runtime-arg -Xmx512m --swap-fd=10
I/dex2oat (27597): Decided to run without swap.
I/dex2oat (27597): dex2oat took 77.069ms (threads: 4) arena alloc=100KB java alloc=23KB native alloc=1124KB free=6MB
I/dex2oat (27602): /system/bin/dex2oat --zip-fd=5 --zip-location=/system/framework/DigitalPenService.jar --oat-fd=6 --oat-location=/data/dalvik-cache/arm/system@framework@DigitalPenService.jar@classes.dex --instruction-set=arm --instruction-set-features=div --runtime-arg -Xms64m --runtime-arg -Xmx512m --swap-fd=10
I/dex2oat (27602): Decided to run without swap.
E/LocSvc_ApiV02(24797): I/<--- void globalEventCb(locClientHandleType, uint32_t, locClientEventIndUnionType, void*) line 81 QMI_LOC_EVENT_POSITION_REPORT_IND_V02
E/NetlinkListener(27336): recvmsg failed (I/O error)
E/NetlinkListener( 741): recvmsg failed (I/O error)
I/dex2oat (27602): dex2oat took 674.631ms (threads: 4) arena alloc=89KB java alloc=691KB native alloc=2MB free=5MB
I/dex2oat (27615): /system/bin/dex2oat --zip-fd=5 --zip-location=/system/framework/com.android.future.usb.accessory.jar --oat-fd=6 --oat-location=/data/dalvik-cache/arm/system@framework@com.android.future.usb.accessory.jar@classes.dex --instruction-set=arm --instruction-set-features=div --runtime-arg -Xms64m --runtime-arg -Xmx512m --swap-fd=10
I/dex2oat (27615): Decided to run without swap.
I/dex2oat (27615): dex2oat took 68.701ms (threads: 4) arena alloc=93KB java alloc=11KB native alloc=858KB free=7MB
I/dex2oat (27620): /system/bin/dex2oat --zip-fd=5 --zip-location=/system/framework/javax.obex.jar --oat-fd=6 --oat-location=/data/dalvik-cache/arm/system@framework@javax.obex.jar@classes.dex --instruction-set=arm --instruction-set-features=div --runtime-arg -Xms64m --runtime-arg -Xmx512m --swap-fd=10
E/NetlinkListener(27336): recvmsg failed (I/O error)
E/NetlinkListener( 741): recvmsg failed (I/O error)
I/dex2oat (27620): Decided to run without swap.
I/dex2oat (27620): dex2oat took 143.856ms (threads: 4) arena alloc=712KB java alloc=39KB native alloc=1886KB free=6MB
I/dex2oat (27628): /system/bin/dex2oat --zip-fd=5 --zip-location=/system/framework/javax.btobex.jar --oat-fd=6 --oat-location=/data/dalvik-cache/arm/system@framework@javax.btobex.jar@classes.dex --instruction-set=arm --instruction-set-features=div --runtime-arg -Xms64m --runtime-arg -Xmx512m --swap-fd=10
I/dex2oat (27628): Decided to run without swap.
I/dex2oat (27628): dex2oat took 143.607ms (threads: 4) arena alloc=851KB java alloc=47KB native alloc=1897KB free=6MB
I/dex2oat (27633): /system/bin/dex2oat --zip-fd=5 --zip-location=/system/framework/imscmlibrary.jar --oat-fd=6 --oat-location=/data/dalvik-cache/arm/system@framework@imscmlibrary.jar@classes.dex --instruction-set=arm --instruction-set-features=div --runtime-arg -Xms64m --runtime-arg -Xmx512m --swap-fd=10
I/dex2oat (27633): Decided to run without swap.
E/LocSvc_ApiV02(24797): I/<--- void globalEventCb(locClientHandleType, uint32_t, locClientEventIndUnionType, void*) line 81 QMI_LOC_EVENT_POSITION_REPORT_IND_V02
I/dex2oat (27633): dex2oat took 64.275ms (threads: 4) arena alloc=75KB java alloc=7KB native alloc=1239KB free=6MB
I/dex2oat (27638): /system/bin/dex2oat --zip-fd=5 --zip-location=/system/framework/qcrilhook.jar --oat-fd=6 --oat-location=/data/dalvik-cache/arm/system@framework@qcrilhook.jar@classes.dex --instruction-set=arm --instruction-set-features=div --runtime-arg -Xms64m --runtime-arg -Xmx512m --swap-fd=10
I/dex2oat (27638): Decided to run without swap.
I/dex2oat (27638): dex2oat took 210.195ms (threads: 4) arena alloc=48KB java alloc=147KB native alloc=1765KB free=6MB
I/dex2oat (27643): /system/bin/dex2oat --zip-fd=5 --zip-location=/system/framework/android.test.runner.jar --oat-fd=6 --oat-location=/data/dalvik-cache/arm/system@framework@android.test.runner.jar@classes.dex --instruction-set=arm --instruction-set-features=div --runtime-arg -Xms64m --runtime-arg -Xmx512m --swap-fd=10
I/dex2oat (27643): Decided to run without swap.
E/NetlinkListener(27336): recvmsg failed (I/O error)
E/NetlinkListener( 741): recvmsg failed (I/O error)
I/dex2oat (27643): dex2oat took 320.588ms (threads: 4) arena alloc=66KB java alloc=235KB native alloc=1709KB free=6MB
E/art (27434): DexFile_isDexOptNeeded file '/system/framework/com.google.android.maps.jar' does not exist
W/PackageManager(27434): Library not found: /system/framework/com.google.android.maps.jar
I/dex2oat (27653): /system/bin/dex2oat --zip-fd=5 --zip-location=/system/framework/com.android.media.remotedisplay.jar --oat-fd=6 --oat-location=/data/dalvik-cache/arm/system@framework@com.android.media.remotedisplay.jar@classes.dex --instruction-set=arm --instruction-set-features=div --runtime-arg -Xms64m --runtime-arg -Xmx512m --swap-fd=10
I/dex2oat (27653): Decided to run without swap.
I/dex2oat (27653): dex2oat took 53.405ms (threads: 4) arena alloc=78KB java alloc=15KB native alloc=1378KB free=6MB
E/art (27434): DexFile_isDexOptNeeded file '/system/framework/com.fairphone.hiccup.jar' does not exist
W/PackageManager(27434): Library not found: /system/framework/com.fairphone.hiccup.jar
E/LocSvc_eng(24797): I/===> int loc_eng_inject_location(loc_eng_data_s_type&, double, double, float) line 2033
E/LocSvc_eng(24797): I/===> int loc_eng_inject_location(loc_eng_data_s_type&, double, double, float) line 2033
E/LocSvc_eng(24797): I/===> int loc_eng_inject_location(loc_eng_data_s_type&, double, double, float) line 2033
I/dex2oat (27659): /system/bin/dex2oat --zip-fd=5 --zip-location=/system/framework/com.quicinc.cne.jar --oat-fd=6 --oat-location=/data/dalvik-cache/arm/system@framework@com.quicinc.cne.jar@classes.dex --instruction-set=arm --instruction-set-features=div --runtime-arg -Xms64m --runtime-arg -Xmx512m --swap-fd=10
I/dex2oat (27659): Decided to run without swap.
W/SurfaceComposerClient(27434): ComposerService remote (surfaceflinger) died [0xb4a0ab40]
E/DisplayEventReceiver(27434): Display event receiver pipe was closed or an error occurred. events=0x9
I/Netd (27672): Netd 1.0 starting
E/LocSvc_ApiV02(24797): I/<--- void globalEventCb(locClientHandleType, uint32_t, locClientEventIndUnionType, void*) line 81 QMI_LOC_EVENT_POSITION_REPORT_IND_V02
I/SurfaceFlinger(27669): SurfaceFlinger is starting
D/MDnsDS (27672): MDnsSdListener::Hander starting up
I/SurfaceFlinger(27669): SurfaceFlinger's main thread ready to run. Initializing graphics H/W...
D/MDnsDS (27672): MDnsSdListener starting to monitor
D/MDnsDS (27672): Going to poll with pollCount 1
D/libEGL (27669): loaded /vendor/lib/egl/libEGL_adreno.so
D/libEGL (27669): loaded /vendor/lib/egl/libGLESv1_CM_adreno.so
D/libEGL (27669): loaded /vendor/lib/egl/libGLESv2_adreno.so
I/Adreno-EGL(27669): : EGL 1.4 QUALCOMM build: ()
I/Adreno-EGL(27669): OpenGL ES Shader Compiler Version: E031.25.03.06
I/Adreno-EGL(27669): Build Date: 01/14/16 Thu I/Adreno-EGL(27669): Local Branch:
I/Adreno-EGL(27669): Remote Branch:
I/Adreno-EGL(27669): Local Patches:
I/Adreno-EGL(27669): Reconstruct Branch:
I/sharebuffer(27669): using (fd=11)
I/sharebuffer(27669): id = mdssfb_90000
I/sharebuffer(27669): xres = 1080 px
I/sharebuffer(27669): yres = 1920 px
I/sharebuffer(27669): xres_virtual = 1080 px
I/sharebuffer(27669): yres_virtual = 3840 px
I/sharebuffer(27669): bpp = 32
I/sharebuffer(27669): r = 24:8
I/sharebuffer(27669): g = 16:8
I/sharebuffer(27669): b = 8:8
I/sharebuffer(27669): width = 171 mm (160.421051 dpi)
I/sharebuffer(27669): height = 305 mm (159.895081 dpi)
I/sharebuffer(27669): refresh rate = 0.47 Hz
I/SurfaceFlinger(27669): EGL information:
I/SurfaceFlinger(27669): vendor : Android
I/SurfaceFlinger(27669): version : 1.4 Android META-EGL
I/SurfaceFlinger(27669): extensions: EGL_KHR_get_all_proc_addresses EGL_ANDROID_presentation_time EGL_KHR_image EGL_KHR_image_base EGL_KHR_lock_surface EGL_KHR_gl_texture_2D_image EGL_KHR_gl_texture_cubemap_image EGL_KHR_gl_renderbuffer_image EGL_KHR_fence_sync EGL_KHR_create_context EGL_EXT_create_context_robustness EGL_ANDROID_image_native_buffer EGL_KHR_wait_sync EGL_ANDROID_recordable
I/SurfaceFlinger(27669): Client API: OpenGL_ES
I/SurfaceFlinger(27669): EGLSurface: 8-8-8-8, config=0x5
I/SurfaceFlinger(27669): OpenGL ES informations:
I/SurfaceFlinger(27669): vendor : Qualcomm
I/SurfaceFlinger(27669): renderer : Adreno (TM) 330
I/SurfaceFlinger(27669): version : OpenGL ES 3.0 V@95.0 AU@ (CL@)
I/SurfaceFlinger(27669): extensions: GL_AMD_compressed_ATC_texture GL_AMD_performance_monitor GL_AMD_program_binary_Z400 GL_EXT_debug_label GL_EXT_debug_marker GL_EXT_discard_framebuffer GL_EXT_robustness GL_EXT_texture_format_BGRA8888 GL_EXT_texture_type_2_10_10_10_REV GL_NV_fence GL_OES_compressed_ETC1_RGB8_texture GL_OES_depth_texture GL_OES_depth24 GL_OES_EGL_image GL_OES_EGL_sync GL_OES_EGL_image_external GL_OES_element_index_uint GL_OES_fbo_render_mipmap GL_OES_fragment_precision_high GL_OES_get_program_binary GL_OES_packed_depth_stencil GL_OES_depth_texture_cube_map GL_OES_rgb8_rgba8 GL_OES_standard_derivatives GL_OES_texture_3D GL_OES_texture_float GL_OES_texture_half_float GL_OES_texture_half_float_linear GL_OES_texture_npot GL_OES_vertex_half_float GL_OES_vertex_type_10_10_10_2 GL_OES_vertex_array_object GL_QCOM_alpha_test GL_QCOM_binning_control GL_QCOM_driver_control GL_QCOM_perfmon_global_mode GL_QCOM_extended_get GL_QCOM_extended_get2 GL_QCOM_tiled_rendering GL_QCOM_writeonly_rendering GL_EXT_sRGB GL_EXT_sRGB_write_con
I/SurfaceFlinger(27669): GL_MAX_TEXTURE_SIZE = 4096
I/SurfaceFlinger(27669): GL_MAX_VIEWPORT_DIMS = 4096
E/ServiceManager(27664): add_service('SurfaceFlinger',4) uid=1000 - ALREADY REGISTERED, OVERRIDE
I/ServiceManager(27664): service 'SurfaceFlinger' died
D/SurfaceFlinger(27669): Set power mode=2, type=0 flinger=0xb6082000
E/installd(23575): DexInv: --- END '/system/framework/com.quicinc.cne.jar' --- status=0x000f, process failed
D/AndroidRuntime(27671): >>>>>> START com.android.internal.os.ZygoteInit uid 0 <<<<<<
D/AndroidRuntime(27671): CheckJNI is OFF
I/art (27671): option[0]=-Xzygote
I/art (27671): option[1]=-Xstacktracefile:/data/anr/traces.txt
I/art (27671): option[2]=exit
I/art (27671): option[3]=vfprintf
I/art (27671): option[4]=sensitiveThread
I/art (27671): option[5]=-verbose:gc
I/art (27671): option[6]=-Xms8m
I/art (27671): option[7]=-Xmx256m
I/art (27671): option[8]=-XX:mainThreadStackSize=24K
I/art (27671): option[9]=-XX:HeapGrowthLimit=128m
I/art (27671): option[10]=-XX:HeapMinFree=2m
I/art (27671): option[11]=-XX:HeapMaxFree=8m
I/art (27671): option[12]=-XX:HeapTargetUtilization=0.75
I/art (27671): option[13]=-agentlib:jdwp=transport=dt_android_adb,suspend=n,server=y
I/art (27671): option[14]=-Xlockprofthreshold:500
I/art (27671): option[15]=-Ximage-compiler-option
I/art (27671): option[16]=--runtime-arg
I/art (27671): option[17]=-Ximage-compiler-option
I/art (27671): option[18]=-Xms64m
I/art (27671): option[19]=-Ximage-compiler-option
I/art (27671): option[20]=--runtime-arg
I/art (27671): option[21]=-Ximage-compiler-option
I/art (27671): option[22]=-Xmx64m
I/art (27671): option[23]=-Ximage-compiler-option
I/art (27671): option[24]=--image-classes=/system/etc/preloaded-classes
I/art (27671): option[25]=-Xcompiler-option
I/art (27671): option[26]=--runtime-arg
I/art (27671): option[27]=-Xcompiler-option
I/art (27671): option[28]=-Xms64m
I/art (27671): option[29]=-Xcompiler-option
I/art (27671): option[30]=--runtime-arg
I/art (27671): option[31]=-Xcompiler-option
I/art (27671): option[32]=-Xmx512m
I/art (27671): option[33]=-Duser.language=en
I/art (27671): option[34]=-Duser.region=US
E/installd(23575): read error: Connection reset by peer
E/installd(23575): failed to read size
I/installd(23575): closing connection
I/ServiceManager(27670): Waiting for service batterystats...
V/MediaUtils(27673): physMem: 1961033728
V/MediaUtils(27673): requested limit: 1274671905
V/MediaUtils(27673): actual limit: 1274671905
V/MediaUtils(27673): original limits: 4294967295/4294967295
V/MediaUtils(27673): new limits: 1274671905/4294967295
I/mediaserver(27673): ServiceManager: 0xb58700c0
I/AudioFlinger(27673): Using default 3000 mSec as standby time.
E/ServiceManager(27664): add_service('media.audio_flinger',6) uid=1013 - ALREADY REGISTERED, OVERRIDE
I/ServiceManager(27664): service 'media.audio_flinger' died
I/AudioPolicyService(27673): AudioPolicyService CSTOR in new mode
I/AudioPolicyManager(27673): loadAudioPolicyConfig() loaded /system/etc/audio_policy.conf
D/audio_hw_primary(27673): adev_open: enter
W/ServiceManager(27669): Permission failure: android.permission.ACCESS_SURFACE_FLINGER from uid=1013 pid=27692
D/PermissionCache(27669): checking android.permission.ACCESS_SURFACE_FLINGER for uid=1013 => denied (491 us)
E/SurfaceFlinger(27669): Permission Denial: can't access SurfaceFlinger pid=27692, uid=1013
F/libc (27692): Fatal signal 11 (SIGSEGV), code 1, fault addr 0xc in tid 27699 (BootAnimation)
V/WLAN_PSA( 673): NL MSG, len[048], NL type[0x11] WNI type[0x5050] len[028]
V/WLAN_PSA( 673): NL MSG, PID: 673
D/SurfaceFlinger(27669): shader cache generated - 24 shaders in 275.808197 ms
I/DEBUG ( 666): *** *** *** *** *** *** *** *** *** *** *** *** *** *** *** ***
I/DEBUG ( 666): Build fingerprint: 'Fairphone/FP2/FP2:5.1/FP2/fp2-sibon-16.11.0:userdebug/release-keys'
I/DEBUG ( 666): Revision: '0'
I/DEBUG ( 666): ABI: 'arm'
I/DEBUG ( 666): pid: 27692, tid: 27699, name: BootAnimation >>> /system/bin/bootanimation <<<
I/DEBUG ( 666): signal 11 (SIGSEGV), code 1 (SEGV_MAPERR), fault addr 0xc
W/sharebuffer(27669): connecting to renderer
E/sharebuffer(27669): error connecting to renderer: Connection refused
I/DEBUG ( 666): r0 00000000 r1 40000000 r2 00000001 r3 00000000
I/DEBUG ( 666): r4 00000000 r5 40000000 r6 b5a01bf0 r7 b5a01bf8
I/DEBUG ( 666): r8 b5a01c08 r9 00000000 sl b5c37130 fp b5a01c1c
I/DEBUG ( 666): ip b6f8cf20 sp b5a01bb8 lr b6e0fafb pc b6e0faa2 cpsr 60070030
I/DEBUG ( 666):
I/DEBUG ( 666): backtrace:
I/DEBUG ( 666): #00 pc 00037aa2 /system/lib/libgui.so (_ZNK7android14SurfaceControl8validateEv+1)
I/DEBUG ( 666): #01 pc 00037af7 /system/lib/libgui.so (_ZN7android14SurfaceControl8setLayerEi+6)
I/DEBUG ( 666): #02 pc 0000501d /system/bin/bootanimation
I/DEBUG ( 666): #03 pc 0000ef41 /system/lib/libutils.so (_ZN7android6Thread11_threadLoopEPv+84)
I/DEBUG ( 666): #04 pc 0000eacd /system/lib/libutils.so
I/DEBUG ( 666): #05 pc 00013fc3 /system/lib/libc.so (_ZL15__pthread_startPv+30)
I/DEBUG ( 666): #06 pc 00011f0b /system/lib/libc.so (__start_thread+6)
I/SamplingProfilerIntegration(27671): Profiling disabled.
D/Zygote (27671): begin preload
I/Zygote (27671): Preloading classes...
I/art (27671): Explicit concurrent mark sweep GC freed 824(38KB) AllocSpace objects, 0(0B) LOS objects, 98% free, 52KB/4MB, paused 140us total 4.555ms
I/art (27671): Counter: 1
E/audio_route(27673): Control 'SLIMBUS_0_RX Port Mixer INT_BT_SCO_TX' doesn't exist - skipping
E/audio_route(27673): Control 'INTERNAL_BT_SCO_RX Audio Mixer Multimedia6' doesn't exist - skipping
E/audio_route(27673): Control 'MultiMedia4 Mixer MI2S_TX' doesn't exist - skipping
E/audio_route(27673): Control 'RX4 DSM MUX' doesn't exist - skipping
E/audio_route(27673): Control 'RX6 DSM MUX' doesn't exist - skipping
I/art (27671): Explicit concurrent mark sweep GC freed 96(4KB) AllocSpace objects, 0(0B) LOS objects, 98% free, 72KB/4MB, paused 141us total 3.667ms
E/audio_route(27673): Control 'RX4 DSM MUX' doesn't exist - skipping
E/audio_route(27673): Control 'RX6 DSM MUX' doesn't exist - skipping
D/msm8974_platform(27673): platform_init: Opened sound card:0
D/ACDB-LOADER(27673): ACDB -> Load file: /etc/acdbdata/MTP/MTP_Bluetooth_cal.acdb
D/ACDB-LOADER(27673): ACDB -> Load file: /etc/acdbdata/MTP/MTP_General_cal.acdb
D/ACDB-LOADER(27673): ACDB -> Load file: /etc/acdbdata/MTP/MTP_Global_cal.acdb
D/ACDB-LOADER(27673): ACDB -> Load file: /etc/acdbdata/MTP/MTP_Handset_cal.acdb
D/ACDB-LOADER(27673): ACDB -> Load file: /etc/acdbdata/MTP/MTP_Hdmi_cal.acdb
D/ACDB-LOADER(27673): ACDB -> Load file: /etc/acdbdata/MTP/MTP_Headset_cal.acdb
D/ACDB-LOADER(27673): ACDB -> Load file: /etc/acdbdata/MTP/MTP_Speaker_cal.acdb
D/ACDB-LOADER(27673): ACDB -> ACDB_CMD_INITIALIZE_V2
D/ (27673): [ACDB Command]->SW Minor/Major/Revision version mismatch warning /etc/acdbdata/MTP/MTP_Bluetooth_cal.acdb
D/ (27673): [ACDB Command]->ACDB Sw Major = 3, ACDB Sw Minor = 0, ACDB Sw Revision = 0
D/ (27673): [ACDB Command]->ACDB File Major = 3, ACDB File Minor = 0, ACDB File Revision = 2
D/ (27673): [ACDB Command]->SW Minor/Major/Revision version mismatch warning /etc/acdbdata/MTP/MTP_General_cal.acdb
D/ (27673): [ACDB Command]->ACDB Sw Major = 3, ACDB Sw Minor = 0, ACDB Sw Revision = 0
D/ (27673): [ACDB Command]->ACDB File Major = 3, ACDB File Minor = 0, ACDB File Revision = 2
D/ (27673): [ACDB Command]->SW Minor/Major/Revision version mismatch warning /etc/acdbdata/MTP/MTP_Global_cal.acdb
D/ (27673): [ACDB Command]->ACDB Sw Major = 3, ACDB Sw Minor = 0, ACDB Sw Revision = 0
D/ (27673): [ACDB Command]->ACDB File Major = 3, ACDB File Minor = 0, ACDB File Revision = 2
D/ (27673): [ACDB Command]->SW Minor/Major/Revision version mismatch warning /etc/acdbdata/MTP/MTP_Handset_cal.acdb
D/ (27673): [ACDB Command]->ACDB Sw Major = 3, ACDB Sw Minor = 0, ACDB Sw Revision = 0
D/ (27673): [ACDB Command]->ACDB File Major = 3, ACDB File Minor = 0, ACDB File Revision = 2
D/ (27673): [ACDB Command]->SW Minor/Major/Revision version mismatch warning /etc/acdbdata/MTP/MTP_Hdmi_cal.acdb
D/ (27673): [ACDB Command]->ACDB Sw Major = 3, ACDB Sw Minor = 0, ACDB Sw Revision = 0
D/ (27673): [ACDB Command]->ACDB File Major = 3, ACDB File Minor = 0, ACDB File Revision = 2
D/ (27673): [ACDB Command]->SW Minor/Major/Revision version mismatch warning /etc/acdbdata/MTP/MTP_Headset_cal.acdb
D/ (27673): [ACDB Command]->ACDB Sw Major = 3, ACDB Sw Minor = 0, ACDB Sw Revision = 0
D/ (27673): [ACDB Command]->ACDB File Major = 3, ACDB File Minor = 0, ACDB File Revision = 2
I/art (27671): Explicit concurrent mark sweep GC freed 457(29KB) AllocSpace objects, 0(0B) LOS objects, 98% free, 72KB/4MB, paused 153us total 2.449ms
D/ (27673): [ACDB Command]->SW Minor/Major/Revision version mismatch warning /etc/acdbdata/MTP/MTP_Speaker_cal.acdb
D/ (27673): [ACDB Command]->ACDB Sw Major = 3, ACDB Sw Minor = 0, ACDB Sw Revision = 0
D/ (27673): [ACDB Command]->ACDB File Major = 3, ACDB File Minor = 0, ACDB File Revision = 2
D/ACDB-LOADER(27673): ACDB -> ACPH INIT
D/ (27673): [ACPH]->Online service registered with ACPH
D/ (27673): [ACPH]->ACPH init success
D/ACDB-LOADER(27673): ACDB -> RTAC INIT
D/ (27673): [ACPH]->DSP RTC service registered with ACPH
D/ACDB-LOADER(27673): ACDB -> ADIE RTAC INIT
D/ (27673): [ACPH]->ADIE RTC service registered with ACPH
D/ACDB-LOADER(27673): No existing ION info in ACDB driver
D/ACDB-LOADER(27673): ACDB -> ION_IOC_ALLOC
D/ACDB-LOADER(27673): ACDB -> ION_IOC_SHARE
D/ACDB-LOADER(27673): ACDB -> MMAP ADDR
D/ACDB-LOADER(27673): ACDB -> register MEM to ACDB driver: 0xb6013000
D/ACDB-LOADER(27673): ACDB -> send_asm_topology
D/ACDB-LOADER(27673): ACDB -> ACDB_CMD_GET_AUDPROC_STREAM_TOPOLOGY_ID
D/ACDB-LOADER(27673): ACDB -> send_adm_custom_topology
D/ACDB-LOADER(27673): ACDB -> ACDB_CMD_GET_AUDIO_COPP_TOPOLOGIES
D/ (27673): ACDBFILE_MGR: Property for the pid 00012E47 not found
D/ (27673): ACDB_COMMAND: Failed to fetch the property info for pid 00012E47
E/ACDB-LOADER(27673): Error: ACDB get adm topologies returned = -18
D/ACDB-LOADER(27673): ACDB -> AUDIO_SET_ADM_CUSTOM_TOPOLOGY
D/ACDB-LOADER(27673): ACDB -> send_asm_custom_topology
D/ACDB-LOADER(27673): ACDB -> ACDB_CMD_GET_AUDIO_POPP_TOPOLOGIES
D/ACDB-LOADER(27673): ACDB -> AUDIO_SET_ASM_CUSTOM_TOPOLOGY
D/ACDB-LOADER(27673): ACDB -> init done!
D/platform_parser(27673): platform_info_init: Failed to open /system/etc/platform_info.xml, using defaults.
D/audio_hw_spkr_prot(27673): audio_extn_spkr_prot_init: Initialize speaker protection module
D/audio_hw_spkr_prot(27673): audio_extn_spkr_prot_init: Speaker protection disabled
E/msm8974_platform(27673): hw_util_open Opening device /dev/snd/hwC0D1000
I/art (27671): Explicit concurrent mark sweep GC freed 5(160B) AllocSpace objects, 0(0B) LOS objects, 98% free, 72KB/4MB, paused 146us total 2.644ms
E/msm8974_platform(27673): hw_util_open success
D/ACDB-LOADER(27673): ACDB -> ACDB_CMD_GET_ANC_SETTING
D/ACDB-LOADER(27673): ACDB -> ACDB_CMD_GET_ANC_SETTING
D/ACDB-LOADER(27673): ACDB -> ACDB_CMD_GET_ANC_SETTING
D/ACDB-LOADER(27673): ACDB -> ACDB_CMD_GET_ANC_SETTING
D/ACDB-LOADER(27673): ACDB -> ACDB_CMD_GET_ANC_SETTING
D/ACDB-LOADER(27673): ACDB -> ACDB_CMD_GET_ANC_SETTING
D/ACDB-LOADER(27673): ACDB -> ACDB_CMD_GET_ANC_SETTING
E/msm8974_platform(27673): send_codec_cal cal sent for anc_cal
E/ACDB-LOADER(27673): ACDB -> send_codec_cal
D/ACDB-LOADER(27673): ACDB -> ACDB_CMD_GET_CODEC_CAL_DATA
E/msm8974_platform(27673): send_codec_cal cal sent for mad_cal
D/ACDB-LOADER(27673): send mbhc data
D/ACDB-LOADER(27673): ACDB -> MBHC ACDB_PID_GENERAL_CONFIG
D/ACDB-LOADER(27673): ACDB -> MBHC ACDB_PID_PLUG_REMOVAL_DETECTION
D/ACDB-LOADER(27673): ACDB -> MBHC ACDB_PID_PLUG_TYPE_DETECTION
D/ACDB-LOADER(27673): ACDB -> MBHC ACDB_PID_BUTTON_PRESS_DETECTION
D/ACDB-LOADER(27673): ACDB -> MBHC ACDB_PID_IMPEDANCE_DETECTION
E/msm8974_platform(27673): send_codec_cal cal sent for mbhc_cal
I/AudioFlinger(27673): loadHwModule() Loaded primary audio interface from QCOM Audio HAL (audio) handle 1
D/audio_hw_primary(27673): adev_open_output_stream: enter: sample_rate(48000) channel_mask(0x3) devices(0x2) flags(0x2) stream_handle(0xb58809c0)
D/audio_hw_primary(27673): adev_open_output_stream: Stream (0xb58809c0) picks up usecase (deep-buffer-playback)
I/AudioFlinger(27673): HAL output buffer size 960 frames, normal sink buffer size 960 frames
I/AudioMixer(27673): found effect "Multichannel Downmix To Stereo" from The Android Open Source Project
I/AudioFlinger(27673): Using module 1 has the primary audio interface
E/AudioPolicyManager(27673): unknown stream type 13
E/AudioPolicyManager(27673): unknown stream type 13
E/AudioPolicyManager(27673): unknown stream type 13
I/AudioFlinger(27673): AudioFlinger's thread 0xb59e5000 ready to run
W/AudioFlinger(27673): Thread AudioOut_2 cannot connect to the power manager service
D/audio_hw_primary(27673): out_set_parameters: enter: usecase(0: deep-buffer-playback) kvpairs: routing=2
D/audio_hw_extn(27673): audio_extn_set_anc_parameters: anc_enabled:0
D/audio_hw_primary(27673): out_standby: enter: stream (0xb58809c0) usecase(0: deep-buffer-playback)
W/AudioFlinger(27673): Thread AudioOut_2 cannot connect to the power manager service
W/AudioFlinger(27673): Thread AudioOut_2 cannot connect to the power manager service
E/AudioFlinger(27673): no wake lock to update!
W/Zygote (27671): Class not found for preloading: android.app.ContextImpl$62
D/audio_hw_primary(27673): out_set_parameters: enter: usecase(0: deep-buffer-playback) kvpairs: fm_volume=0.0000000000
D/audio_hw_extn(27673): audio_extn_set_anc_parameters: anc_enabled:0
D/audio_hw_fm(27673): audio_extn_fm_set_parameters: set_fm_volume usecase
D/audio_hw_fm(27673): fm_set_volume: (0.000000)
E/AudioPolicyManager(27673): unknown stream type 13
D/audio_hw_primary(27673): adev_open_output_stream: enter: sample_rate(48000) channel_mask(0x3) devices(0x2) flags(0x4) stream_handle(0xb5880b00)
D/audio_hw_primary(27673): adev_open_output_stream: Stream (0xb5880b00) picks up usecase (low-latency-playback)
I/AudioFlinger(27673): HAL output buffer size 240 frames, normal sink buffer size 960 frames
I/art (27671): Explicit concurrent mark sweep GC freed 633(41KB) AllocSpace objects, 0(0B) LOS objects, 98% free, 80KB/4MB, paused 127us total 3.774ms
E/MonoPipe(27673): Failed to fetch local time frequency when constructing a MonoPipe (res = -32). getNextWriteTimestamp calls will be non-functional
I/art (27671): Explicit concurrent mark sweep GC freed 5(160B) AllocSpace objects, 0(0B) LOS objects, 98% free, 80KB/4MB, paused 131us total 2.170ms
I/DEBUG ( 666):
I/DEBUG ( 666): Tombstone written to: /data/tombstones/tombstone_07
V/WLAN_PSA( 673): NL MSG, len[4014], NL type[0x1C] WNI type[0x5900] len[38415]
V/WLAN_PSA( 673): NL MSG, PID: 673
I/art (27671): Explicit concurrent mark sweep GC freed 443(26KB) AllocSpace objects, 0(0B) LOS objects, 97% free, 110KB/4MB, paused 119us total 2.663ms
I/art (27671): Explicit concurrent mark sweep GC freed 25(1056B) AllocSpace objects, 0(0B) LOS objects, 97% free, 110KB/4MB, paused 116us total 2.364ms
E/Minikin (27671): addFont failed to create font /system/fonts/NanumGothic.ttf
E/Minikin (27671): addFont failed to create font /system/fonts/DroidSansFallback.ttf
I/art (27671): Explicit concurrent mark sweep GC freed 1773(128KB) AllocSpace objects, 0(0B) LOS objects, 97% free, 121KB/4MB, paused 134us total 3.403ms
I/art (27671): Explicit concurrent mark sweep GC freed 26(880B) AllocSpace objects, 0(0B) LOS objects, 97% free, 121KB/4MB, paused 144us total 2.606ms
I/art (27671): Explicit concurrent mark sweep GC freed 1910(91KB) AllocSpace objects, 0(0B) LOS objects, 96% free, 162KB/4MB, paused 150us total 4.703ms
I/art (27671): Explicit concurrent mark sweep GC freed 5(160B) AllocSpace objects, 0(0B) LOS objects, 96% free, 162KB/4MB, paused 147us total 2.743ms
I/art (27671): Explicit concurrent mark sweep GC freed 1975(87KB) AllocSpace objects, 0(0B) LOS objects, 95% free, 197KB/4MB, paused 150us total 4.492ms
I/art (27671): Explicit concurrent mark sweep GC freed 5(160B) AllocSpace objects, 0(0B) LOS objects, 95% free, 197KB/4MB, paused 327us total 3.456ms
I/art (27671): Explicit concurrent mark sweep GC freed 369(19KB) AllocSpace objects, 0(0B) LOS objects, 94% free, 230KB/4MB, paused 142us total 4.616ms
I/art (27671): Explicit concurrent mark sweep GC freed 5(160B) AllocSpace objects, 0(0B) LOS objects, 94% free, 230KB/4MB, paused 137us total 2.826ms
I/art (27671): Thread[1,tid=27671,WaitingForJniOnLoad,Thread*=0xb4827800,peer=0x12c411c0,"main"] recursive attempt to load library "/system/lib/libmedia_jni.so"
D/MtpDeviceJNI(27671): register_android_mtp_MtpDevice
I/art (27671): Thread[1,tid=27671,WaitingForJniOnLoad,Thread*=0xb4827800,peer=0x12c411c0,"main"] recursive attempt to load library "/system/lib/libmedia_jni.so"
I/art (27671): Thread[1,tid=27671,WaitingForJniOnLoad,Thread*=0xb4827800,peer=0x12c411c0,"main"] recursive attempt to load library "/system/lib/libmedia_jni.so"
E/NetlinkListener(27672): recvmsg failed (I/O error)
E/NetlinkListener( 741): recvmsg failed (I/O error)
I/art (27671): Explicit concurrent mark sweep GC freed 748(43KB) AllocSpace objects, 0(0B) LOS objects, 94% free, 239KB/4MB, paused 179us total 13.921ms
I/art (27671): Explicit concurrent mark sweep GC freed 7(288B) AllocSpace objects, 0(0B) LOS objects, 94% free, 239KB/4MB, paused 169us total 3.725ms
I/art (27671): Explicit concurrent mark sweep GC freed 541(27KB) AllocSpace objects, 0(0B) LOS objects, 94% free, 260KB/4MB, paused 150us total 4.754ms
I/art (27671): Explicit concurrent mark sweep GC freed 5(160B) AllocSpace objects, 0(0B) LOS objects, 94% free, 260KB/4MB, paused 148us total 2.998ms
I/art (27671): Explicit concurrent mark sweep GC freed 641(35KB) AllocSpace objects, 0(0B) LOS objects, 93% free, 274KB/4MB, paused 144us total 4.985ms
I/art (27671): Explicit concurrent mark sweep GC freed 5(160B) AllocSpace objects, 0(0B) LOS objects, 93% free, 274KB/4MB, paused 143us total 3.530ms
I/art (27671): Explicit concurrent mark sweep GC freed 222(13KB) AllocSpace objects, 0(0B) LOS objects, 92% free, 312KB/4MB, paused 1.635ms total 5.372ms
I/art (27671): Explicit concurrent mark sweep GC freed 5(160B) AllocSpace objects, 0(0B) LOS objects, 92% free, 312KB/4MB, paused 125us total 2.788ms
I/art (27671): Explicit concurrent mark sweep GC freed 1815(105KB) AllocSpace objects, 0(0B) LOS objects, 89% free, 462KB/4MB, paused 130us total 4.287ms
I/art (27671): Explicit concurrent mark sweep GC freed 5(160B) AllocSpace objects, 0(0B) LOS objects, 89% free, 462KB/4MB, paused 126us total 3.244ms
E/EmojiFactory_jni(27671): Failed to load libemoji.so: dlopen failed: library "libemoji.so" not found
I/art (27671): Explicit concurrent mark sweep GC freed 356(45KB) AllocSpace objects, 0(0B) LOS objects, 84% free, 760KB/4MB, paused 123us total 6.132ms
I/art (27671): Explicit concurrent mark sweep GC freed 9(272B) AllocSpace objects, 0(0B) LOS objects, 84% free, 759KB/4MB, paused 206us total 4.232ms
I/art (27671): Explicit concurrent mark sweep GC freed 432(30KB) AllocSpace objects, 0(0B) LOS objects, 84% free, 778KB/4MB, paused 121us total 4.663ms
I/art (27671): Explicit concurrent mark sweep GC freed 5(160B) AllocSpace objects, 0(0B) LOS objects, 84% free, 778KB/4MB, paused 119us total 4.039ms
I/art (27671): Explicit concurrent mark sweep GC freed 787(49KB) AllocSpace objects, 0(0B) LOS objects, 84% free, 780KB/4MB, paused 110us total 3.787ms
I/art (27671): Explicit concurrent mark sweep GC freed 5(160B) AllocSpace objects, 0(0B) LOS objects, 84% free, 780KB/4MB, paused 107us total 3.540ms
I/art (27671): Explicit concurrent mark sweep GC freed 957(105KB) AllocSpace objects, 0(0B) LOS objects, 83% free, 822KB/4MB, paused 109us total 5.069ms
I/art (27671): Explicit concurrent mark sweep GC freed 37(1744B) AllocSpace objects, 0(0B) LOS objects, 83% free, 821KB/4MB, paused 109us total 3.622ms
E/LocSvc_ApiV02(24797): I/<--- void globalEventCb(locClientHandleType, uint32_t, locClientEventIndUnionType, void*) line 81 QMI_LOC_EVENT_POSITION_REPORT_IND_V02
I/art (27671): Explicit concurrent mark sweep GC freed 528(39KB) AllocSpace objects, 0(0B) LOS objects, 83% free, 830KB/4MB, paused 112us total 4.585ms
I/art (27671): Explicit concurrent mark sweep GC freed 5(160B) AllocSpace objects, 0(0B) LOS objects, 83% free, 830KB/4MB, paused 123us total 4.168ms
I/art (27671): Explicit concurrent mark sweep GC freed 360(25KB) AllocSpace objects, 0(0B) LOS objects, 82% free, 859KB/4MB, paused 127us total 4.368ms
I/art (27671): Explicit concurrent mark sweep GC freed 5(160B) AllocSpace objects, 0(0B) LOS objects, 82% free, 859KB/4MB, paused 120us total 4.052ms
I/art (27671): Explicit concurrent mark sweep GC freed 10831(530KB) AllocSpace objects, 0(0B) LOS objects, 76% free, 1238KB/5MB, paused 134us total 6.718ms
I/art (27671): Explicit concurrent mark sweep GC freed 11(432B) AllocSpace objects, 0(0B) LOS objects, 76% free, 1238KB/5MB, paused 122us total 5.473ms
I/art (27671): Explicit concurrent mark sweep GC freed 570(33KB) AllocSpace objects, 0(0B) LOS objects, 76% free, 1254KB/5MB, paused 128us total 5.549ms
I/art (27671): Explicit concurrent mark sweep GC freed 5(160B) AllocSpace objects, 0(0B) LOS objects, 76% free, 1254KB/5MB, paused 125us total 4.989ms
I/art (27671): Explicit concurrent mark sweep GC freed 739(45KB) AllocSpace objects, 0(0B) LOS objects, 76% free, 1257KB/5MB, paused 131us total 5.367ms
I/art (27671): Explicit concurrent mark sweep GC freed 5(160B) AllocSpace objects, 0(0B) LOS objects, 76% free, 1257KB/5MB, paused 125us total 5.140ms
I/System (27671): Loaded time zone names for "" in 51ms (48ms in ICU)
I/ServiceManager(27670): Waiting for service batterystats...
I/System (27671): Loaded time zone names for "en_US" in 34ms (30ms in ICU)
I/art (27671): Explicit concurrent mark sweep GC freed 2343(178KB) AllocSpace objects, 0(0B) LOS objects, 74% free, 1416KB/5MB, paused 136us total 7.871ms
I/art (27671): Explicit concurrent mark sweep GC freed 5(160B) AllocSpace objects, 0(0B) LOS objects, 74% free, 1416KB/5MB, paused 127us total 5.818ms
I/art (27671): Explicit concurrent mark sweep GC freed 136(12KB) AllocSpace objects, 0(0B) LOS objects, 73% free, 1481KB/5MB, paused 119us total 5.143ms
I/art (27671): Explicit concurrent mark sweep GC freed 5(160B) AllocSpace objects, 0(0B) LOS objects, 73% free, 1481KB/5MB, paused 115us total 4.932ms
I/art (27671): Explicit concurrent mark sweep GC freed 286(24KB) AllocSpace objects, 0(0B) LOS objects, 72% free, 1526KB/5MB, paused 120us total 6.021ms
I/art (27671): Explicit concurrent mark sweep GC freed 13(416B) AllocSpace objects, 0(0B) LOS objects, 72% free, 1526KB/5MB, paused 116us total 5.103ms
I/art (27671): Explicit concurrent mark sweep GC freed 667(47KB) AllocSpace objects, 0(0B) LOS objects, 72% free, 1528KB/5MB, paused 117us total 5.351ms
I/art (27671): Explicit concurrent mark sweep GC freed 25(800B) AllocSpace objects, 0(0B) LOS objects, 72% free, 1527KB/5MB, paused 114us total 5.070ms
I/Zygote (27671): ...preloaded 3004 classes in 857ms.
I/art (27671): VMRuntime.preloadDexCaches starting
I/art (27671): VMRuntime.preloadDexCaches strings total=223573 before=41006 after=41006
I/art (27671): VMRuntime.preloadDexCaches types total=19030 before=6653 after=6697
I/art (27671): VMRuntime.preloadDexCaches fields total=88636 before=32658 after=33035
I/art (27671): VMRuntime.preloadDexCaches methods total=156114 before=67685 after=68621
I/art (27671): VMRuntime.preloadDexCaches finished
I/art (27671): Counter: 0
I/art (27671): Counter: 1
I/art (27671): Explicit concurrent mark sweep GC freed 41(15KB) AllocSpace objects, 0(0B) LOS objects, 73% free, 1514KB/5MB, paused 126us total 7.891ms
E/NetlinkListener(27672): recvmsg failed (I/O error)
E/NetlinkListener( 741): recvmsg failed (I/O error)
D/idmap (27752): error: no read access to /vendor/overlay: No such file or directory
I/Zygote (27671): Preloading resources...
W/Resources(27671): Preloaded drawable resource #0x1080096 (android:drawable/toast_frame) that varies with configuration!!
W/Resources(27671): Preloaded drawable resource #0x108010d (android:drawable/btn_check_on_pressed_holo_light) that varies with configuration!!
W/Resources(27671): Preloaded drawable resource #0x108010c (android:drawable/btn_check_on_pressed_holo_dark) that varies with configuration!!
W/Resources(27671): Preloaded drawable resource #0x108010a (android:drawable/btn_check_on_holo_light) that varies with configuration!!
W/Resources(27671): Preloaded drawable resource #0x1080109 (android:drawable/btn_check_on_holo_dark) that varies with configuration!!
W/Resources(27671): Preloaded drawable resource #0x1080107 (android:drawable/btn_check_on_focused_holo_light) that varies with configuration!!
W/Resources(27671): Preloaded drawable resource #0x1080106 (android:drawable/btn_check_on_focused_holo_dark) that varies with configuration!!
W/Resources(27671): Preloaded drawable resource #0x1080105 (android:drawable/btn_check_on_disabled_holo_light) that varies with configuration!!
W/Resources(27671): Preloaded drawable resource #0x1080104 (android:drawable/btn_check_on_disabled_holo_dark) that varies with configuration!!
W/Resources(27671): Preloaded drawable resource #0x1080103 (android:drawable/btn_check_on_disabled_focused_holo_light) that varies with configuration!!
W/Resources(27671): Preloaded drawable resource #0x1080102 (android:drawable/btn_check_on_disabled_focused_holo_dark) that varies with configuration!!
W/Resources(27671): Preloaded drawable resource #0x10800fa (android:drawable/btn_check_off_pressed_holo_light) that varies with configuration!!
W/Resources(27671): Preloaded drawable resource #0x10800f9 (android:drawable/btn_check_off_pressed_holo_dark) that varies with configuration!!
W/Resources(27671): Preloaded drawable resource #0x10800f5 (android:drawable/btn_check_off_holo_light) that varies with configuration!!
W/Resources(27671): Preloaded drawable resource #0x10800f4 (android:drawable/btn_check_off_holo_dark) that varies with configuration!!
W/Resources(27671): Preloaded drawable resource #0x10800f2 (android:drawable/btn_check_off_focused_holo_light) that varies with configuration!!
W/Resources(27671): Preloaded drawable resource #0x10800f1 (android:drawable/btn_check_off_focused_holo_dark) that varies with configuration!!
W/Resources(27671): Preloaded drawable resource #0x10800f0 (android:drawable/btn_check_off_disabled_holo_light) that varies with configuration!!
W/Resources(27671): Preloaded drawable resource #0x10800ef (android:drawable/btn_check_off_disabled_holo_dark) that varies with configuration!!
W/Resources(27671): Preloaded drawable resource #0x10800ee (android:drawable/btn_check_off_disabled_focused_holo_light) that varies with configuration!!
W/Resources(27671): Preloaded drawable resource #0x10800ed (android:drawable/btn_check_off_disabled_focused_holo_dark) that varies with configuration!!
W/Resources(27671): Preloaded drawable resource #0x108010a (android:drawable/btn_check_on_holo_light) that varies with configuration!!
W/Resources(27671): Preloaded drawable resource #0x10800f5 (android:drawable/btn_check_off_holo_light) that varies with configuration!!
W/Resources(27671): Preloaded drawable resource #0x108010d (android:drawable/btn_check_on_pressed_holo_light) that varies with configuration!!
W/Resources(27671): Preloaded drawable resource #0x10800fa (android:drawable/btn_check_off_pressed_holo_light) that varies with configuration!!
W/Resources(27671): Preloaded drawable resource #0x1080107 (android:drawable/btn_check_on_focused_holo_light) that varies with configuration!!
W/Resources(27671): Preloaded drawable resource #0x10800f2 (android:drawable/btn_check_off_focused_holo_light) that varies with configuration!!
W/Resources(27671): Preloaded drawable resource #0x10800f5 (android:drawable/btn_check_off_holo_light) that varies with configuration!!
W/Resources(27671): Preloaded drawable resource #0x108010a (android:drawable/btn_check_on_holo_light) that varies with configuration!!
W/Resources(27671): Preloaded drawable resource #0x1080105 (android:drawable/btn_check_on_disabled_holo_light) that varies with configuration!!
W/Resources(27671): Preloaded drawable resource #0x10800f0 (android:drawable/btn_check_off_disabled_holo_light) that varies with configuration!!
W/Resources(27671): Preloaded drawable resource #0x1080103 (android:drawable/btn_check_on_disabled_focused_holo_light) that varies with configuration!!
W/Resources(27671): Preloaded drawable resource #0x10800ee (android:drawable/btn_check_off_disabled_focused_holo_light) that varies with configuration!!
W/Resources(27671): Preloaded drawable resource #0x10800f0 (android:drawable/btn_check_off_disabled_holo_light) that varies with configuration!!
W/Resources(27671): Preloaded drawable resource #0x1080105 (android:drawable/btn_check_on_disabled_holo_light) that varies with configuration!!
W/Resources(27671): Preloaded drawable resource #0x10800e3 (android:drawable/btn_check_holo_light) that varies with configuration!!
W/Resources(27671): Preloaded drawable resource #0x1080109 (android:drawable/btn_check_on_holo_dark) that varies with configuration!!
W/Resources(27671): Preloaded drawable resource #0x10800f4 (android:drawable/btn_check_off_holo_dark) that varies with configuration!!
W/Resources(27671): Preloaded drawable resource #0x108010c (android:drawable/btn_check_on_pressed_holo_dark) that varies with configuration!!
W/Resources(27671): Preloaded drawable resource #0x10800f9 (android:drawable/btn_check_off_pressed_holo_dark) that varies with configuration!!
W/Resources(27671): Preloaded drawable resource #0x1080106 (android:drawable/btn_check_on_focused_holo_dark) that varies with configuration!!
W/Resources(27671): Preloaded drawable resource #0x10800f1 (android:drawable/btn_check_off_focused_holo_dark) that varies with configuration!!
W/Resources(27671): Preloaded drawable resource #0x10800f4 (android:drawable/btn_check_off_holo_dark) that varies with configuration!!
W/Resources(27671): Preloaded drawable resource #0x1080109 (android:drawable/btn_check_on_holo_dark) that varies with configuration!!
W/Resources(27671): Preloaded drawable resource #0x1080104 (android:drawable/btn_check_on_disabled_holo_dark) that varies with configuration!!
W/Resources(27671): Preloaded drawable resource #0x10800ef (android:drawable/btn_check_off_disabled_holo_dark) that varies with configuration!!
W/Resources(27671): Preloaded drawable resource #0x1080102 (android:drawable/btn_check_on_disabled_focused_holo_dark) that varies with configuration!!
W/Resources(27671): Preloaded drawable resource #0x10800ed (android:drawable/btn_check_off_disabled_focused_holo_dark) that varies with configuration!!
W/Resources(27671): Preloaded drawable resource #0x10800ef (android:drawable/btn_check_off_disabled_holo_dark) that varies with configuration!!
W/Resources(27671): Preloaded drawable resource #0x1080104 (android:drawable/btn_check_on_disabled_holo_dark) that varies with configuration!!
W/Resources(27671): Preloaded drawable resource #0x10800e2 (android:drawable/btn_check_holo_dark) that varies with configuration!!
W/Resources(27671): Preloaded drawable resource #0x10801bd (android:drawable/btn_radio_on_pressed_holo_light) that varies with configuration!!
