E/NetlinkListener(19660): recvmsg failed (I/O error)
E/NetlinkListener( 741): recvmsg failed (I/O error)
E/NetlinkListener(19660): recvmsg failed (I/O error)
E/NetlinkListener( 741): recvmsg failed (I/O error)
E/NetlinkListener(19660): recvmsg failed (I/O error)
E/NetlinkListener( 741): recvmsg failed (I/O error)
W/PackageManager(19919): Failed to parse /usr/libexec/sfdroid/system/priv-app/Settings: Signature mismatch for shared user : SharedUserSetting{2b9a9c52 android.uid.system/1000}
W/PackageManager(19919): Failed to parse /system/priv-app/CNEService: Signature mismatch for shared user : SharedUserSetting{2b9a9c52 android.uid.system/1000}
W/PackageParser(19919): No actions in intent filter at /system/priv-app/Contacts/Contacts.apk Binary XML file line #364
W/PackageParser(19919): No actions in intent filter at /system/priv-app/Dialer/Dialer.apk Binary XML file line #168
W/PackageParser(19919): No actions in intent filter at /system/priv-app/ProximitySensorTools/ProximitySensorTools.apk Binary XML file line #54
W/PackageParser(19919): Unknown element under : android at /system/priv-app/Telecom/Telecom.apk Binary XML file line #233
W/PackageManager(19919): Failed to parse /system/priv-app/com.qualcomm.location: Signature mismatch for shared user : SharedUserSetting{2b9a9c52 android.uid.system/1000}
W/PackageManager(19919): Failed to parse /system/priv-app/com.qualcomm.msapm: Signature mismatch for shared user : SharedUserSetting{2b9a9c52 android.uid.system/1000}
W/PackageParser(19919): No actions in intent filter at /system/app/Bluetooth/Bluetooth.apk Binary XML file line #229
W/PackageParser(19919): Unknown element under : uses-feature at /system/app/BluetoothExt/BluetoothExt.apk Binary XML file line #57
W/PackageParser(19919): No actions in intent filter at /system/app/BluetoothExt/BluetoothExt.apk Binary XML file line #110
W/PackageParser(19919): No actions in intent filter at /system/app/BluetoothExt/BluetoothExt.apk Binary XML file line #134
W/PackageParser(19919): No actions in intent filter at /system/app/BluetoothExt/BluetoothExt.apk Binary XML file line #161
W/PackageManager(19919): Failed to parse /system/app/CABLService: Signature mismatch for shared user : SharedUserSetting{2b9a9c52 android.uid.system/1000}
W/PackageParser(19919): Unknown element under : permission at /system/app/Gallery2/Gallery2.apk Binary XML file line #254
W/PackageParser(19919): Unknown element under : permission at /system/app/Gallery2/Gallery2.apk Binary XML file line #257
W/PackageManager(19919): Failed to parse /system/app/GsmTuneAway: Signature mismatch for shared user : SharedUserSetting{1bd32785 android.uid.phone/1001}
I/PackageParser(19919): com.qualcomm.interfacepermissions: compat added android.permission.WRITE_EXTERNAL_STORAGE android.permission.READ_PHONE_STATE
W/PackageManager(19919): Failed to parse /system/app/NetworkSetting: Signature mismatch for shared user : SharedUserSetting{1bd32785 android.uid.phone/1001}
I/PackageParser(19919): com.qualcomm.qcom_qmi: compat added android.permission.WRITE_EXTERNAL_STORAGE android.permission.READ_PHONE_STATE
W/PackageManager(19919): Failed to parse /system/app/SVIService: Signature mismatch for shared user : SharedUserSetting{2b9a9c52 android.uid.system/1000}
W/PackageManager(19919): Failed to parse /system/app/TimeService: Signature mismatch for shared user : SharedUserSetting{2b9a9c52 android.uid.system/1000}
W/PackageManager(19919): Failed to parse /system/app/WfdService: Signature mismatch for shared user : SharedUserSetting{2b9a9c52 android.uid.system/1000}
W/PackageManager(19919): Failed to parse /system/app/btmultisim: Signature mismatch for shared user : SharedUserSetting{1bd32785 android.uid.phone/1001}
W/PackageManager(19919): Failed to parse /system/app/com.qualcomm.qti.services.secureui: Signature mismatch for shared user : SharedUserSetting{2b9a9c52 android.uid.system/1000}
W/PackageManager(19919): Failed to parse /system/app/fastdormancy: Signature mismatch for shared user : SharedUserSetting{2b9a9c52 android.uid.system/1000}
W/PackageManager(19919): Failed to parse /system/app/qcrilmsgtunnel: Signature mismatch for shared user : SharedUserSetting{1bd32785 android.uid.phone/1001}
W/PackageManager(19919): Failed to parse /system/vendor/app/ims: Signature mismatch for shared user : SharedUserSetting{1bd32785 android.uid.phone/1001}
W/PackageManager(19919): Package org.codeaurora.bluetooth desires unavailable shared library com.quicinc.wbc; ignoring!
W/PackageManager(19919): Package com.android.email desires unavailable shared library org.apache.http.legacy; ignoring!
I/PackageManager(19919): Adjusting ABI for : com.codeaurora.fmrecording to armeabi-v7a
I/PackageManager(19919): Adjusting ABI for : com.android.keychain to armeabi-v7a
I/PackageManager(19919): Adjusting ABI for : com.fairphone.privacyimpact to armeabi-v7a
E/NetlinkListener( 741): recvmsg failed (I/O error)
E/NetlinkListener(19660): recvmsg failed (I/O error)
E/NetlinkListener( 741): recvmsg failed (I/O error)
E/NetlinkListener(19660): recvmsg failed (I/O error)
I/PackageManager(19919): Adjusting ABI for : com.android.server.telecom to armeabi-v7a
E/NetlinkListener( 741): recvmsg failed (I/O error)
E/NetlinkListener(19660): recvmsg failed (I/O error)
E/NetlinkListener(19660): recvmsg failed (I/O error)
E/NetlinkListener( 741): recvmsg failed (I/O error)
I/PackageManager(19919): Adjusting ABI for : com.android.settings to armeabi-v7a
E/NetlinkListener( 741): recvmsg failed (I/O error)
E/NetlinkListener(19660): recvmsg failed (I/O error)
E/NetlinkListener(19660): recvmsg failed (I/O error)
E/NetlinkListener( 741): recvmsg failed (I/O error)
E/NetlinkListener(19660): recvmsg failed (I/O error)
E/NetlinkListener( 741): recvmsg failed (I/O error)
E/NetlinkListener(19660): recvmsg failed (I/O error)
E/NetlinkListener( 741): recvmsg failed (I/O error)
E/NetlinkListener(19660): recvmsg failed (I/O error)
E/NetlinkListener( 741): recvmsg failed (I/O error)
I/PackageManager(19919): Adjusting ABI for : com.android.location.fused to armeabi-v7a
I/PackageManager(19919): Adjusting ABI for : com.android.providers.settings to armeabi-v7a
I/PackageManager(19919): Adjusting ABI for : com.dsi.ant.server to armeabi-v7a
I/PackageManager(19919): Adjusting ABI for : com.fairphone.psensor to armeabi-v7a
E/NetlinkListener(19660): recvmsg failed (I/O error)
E/NetlinkListener( 741): recvmsg failed (I/O error)
E/NetlinkListener(19660): recvmsg failed (I/O error)
E/NetlinkListener( 741): recvmsg failed (I/O error)
E/NetlinkListener(19660): recvmsg failed (I/O error)
E/NetlinkListener( 741): recvmsg failed (I/O error)
E/NetlinkListener(19660): recvmsg failed (I/O error)
E/NetlinkListener( 741): recvmsg failed (I/O error)
E/NetlinkListener( 741): recvmsg failed (I/O error)
E/NetlinkListener(19660): recvmsg failed (I/O error)
I/PackageManager(19919): Adjusting ABI for : com.fairphone.setupwizard to armeabi-v7a
E/NetlinkListener(19660): recvmsg failed (I/O error)
E/NetlinkListener( 741): recvmsg failed (I/O error)
E/NetlinkListener(19660): recvmsg failed (I/O error)
E/NetlinkListener( 741): recvmsg failed (I/O error)
I/PackageManager(19919): Adjusting ABI for : com.android.soundrecorder to armeabi-v7a
E/NetlinkListener( 741): recvmsg failed (I/O error)
E/NetlinkListener(19660): recvmsg failed (I/O error)
E/NetlinkListener(19660): recvmsg failed (I/O error)
E/NetlinkListener( 741): recvmsg failed (I/O error)
I/PackageManager(19919): Adjusting ABI for : com.android.dialer to armeabi-v7a
E/NetlinkListener( 741): recvmsg failed (I/O error)
E/NetlinkListener(19660): recvmsg failed (I/O error)
E/NetlinkListener( 741): recvmsg failed (I/O error)
E/NetlinkListener(19660): recvmsg failed (I/O error)
E/NetlinkListener(19660): recvmsg failed (I/O error)
E/NetlinkListener( 741): recvmsg failed (I/O error)
E/NetlinkListener(19660): recvmsg failed (I/O error)
E/NetlinkListener( 741): recvmsg failed (I/O error)
I/PackageManager(19919): Adjusting ABI for : com.android.inputdevices to armeabi-v7a
I/PackageManager(19919): Time to scan packages: 24.848 seconds
W/PackageManager(19919): Unknown permission com.google.android.googleapps.permission.GOOGLE_AUTH in package com.android.providers.calendar
W/PackageManager(19919): Unknown permission com.google.android.googleapps.permission.GOOGLE_AUTH.cl in package com.android.providers.calendar
W/PackageManager(19919): Unknown permission com.qualcomm.permission.USE_QCRIL_MSG_TUNNEL in package com.qualcomm.shutdownlistner
W/PackageManager(19919): Unknown permission android.permission.PREVENT_POWER_KEY in package com.fairphone.checkup
W/PackageManager(19919): Not granting permission android.permission.GLOBAL_SEARCH to package com.android.quicksearchbox (protectionLevel=18 flags=0x48be45)
W/PackageManager(19919): Not granting permission android.permission.ACCESS_DOWNLOAD_MANAGER to package com.android.browser (protectionLevel=18 flags=0x9be45)
W/PackageManager(19919): Not granting permission android.permission.SEND_DOWNLOAD_COMPLETED_INTENTS to package com.android.browser (protectionLevel=2 flags=0x9be45)
W/PackageManager(19919): Unknown permission android.permission.MMS_PUSH in package org.codeaurora.bluetooth
W/PackageManager(19919): Not granting permission android.permission.BIND_WALLPAPER to package com.android.camera2 (protectionLevel=18 flags=0x58bc45)
W/PackageManager(19919): Unknown permission android.permission.INSTALL_DRM in package com.android.mms
W/PackageManager(19919): Unknown permission com.google.android.googleapps.permission.GOOGLE_AUTH.mail in package com.android.calendar
W/PackageManager(19919): Unknown permission com.android.launcher.permission.READ_SETTINGS in package com.android.onetimeinitializer
W/PackageManager(19919): Unknown permission com.android.launcher.permission.WRITE_SETTINGS in package com.android.onetimeinitializer
W/PackageManager(19919): Not granting permission android.permission.DELETE_PACKAGES to package com.svox.pico (protectionLevel=18 flags=0x8be45)
W/PackageManager(19919): Unknown permission android.permission.ACCESS_THEME_MANAGER in package com.fairphone.setupwizard
W/PackageManager(19919): Unknown permission com.google.android.gallery3d.permission.PICASA_STORE in package com.android.dreams.phototable
W/PackageManager(19919): Unknown permission android.permission.ACCESS_SUPERUSER in package com.amaze.filemanager
W/PackageManager(19919): Unknown permission com.google.android.googleapps.permission.GOOGLE_AUTH in package com.android.settings
W/PackageManager(19919): Unknown permission com.android.launcher.permission.READ_SETTINGS in package com.android.settings
W/PackageManager(19919): Unknown permission com.android.launcher.permission.WRITE_SETTINGS in package com.android.settings
W/PackageManager(19919): Unknown permission com.android.launcher.permission.READ_SETTINGS in package com.fairphone.fplauncher3
W/PackageManager(19919): Unknown permission com.android.launcher.permission.WRITE_SETTINGS in package com.fairphone.fplauncher3
W/PackageManager(19919): Unknown permission android.permission.ACCESS_SUPERUSER in package com.fairphone.updater
W/PackageManager(19919): Not granting permission android.permission.DEVICE_POWER to package com.android.deskclock (protectionLevel=2 flags=0x48be45)
W/PackageManager(19919): Unknown permission com.google.android.gallery3d.permission.GALLERY_PROVIDER in package com.android.bluetooth
I/SystemServer(19919): User Service
I/SystemServiceManager(19919): Starting com.android.server.lights.LightsService
I/SystemServiceManager(19919): Starting com.android.server.BatteryService
I/SystemServiceManager(19919): Starting com.android.server.usage.UsageStatsService
I/UsageStatsService(19919): User[0] Rollover scheduled @ 2016-12-11 00:00:00(1481414400000)
I/SystemServiceManager(19919): Starting com.android.server.webkit.WebViewUpdateService
I/SystemServer(19919): Reading configuration...
I/SystemServer(19919): Scheduling Policy
I/SystemServiceManager(19919): Starting com.android.server.telecom.TelecomLoaderService
I/SystemServer(19919): Telephony Registry
I/SystemServer(19919): Entropy Mixer
I/EntropyMixer(19919): Writing entropy...
I/SystemServer(19919): Account Manager
I/SystemServer(19919): Content Manager
I/SystemServer(19919): System Content Providers
I/SystemServer(19919): Vibrator Service
I/SystemServer(19919): Consumer IR Service
I/SystemServiceManager(19919): Starting com.android.server.AlarmManagerService
W/AlarmManager(19919): Failed to open alarm driver. Falling back to a handler.
I/SystemServer(19919): Init Watchdog
I/SystemServer(19919): Input Manager
I/InputManager(19919): Initializing input manager, mUseDevInputEventForAudioJack=true
I/SystemServer(19919): Window Manager
I/WindowManager(19919): No existing display settings /data/system/display_settings.xml; starting empty
E/WindowManager(19919): Exception creating Dim surface
E/WindowManager(19919): android.view.Surface$OutOfResourcesException
E/WindowManager(19919): at android.view.SurfaceControl.nativeCreate(Native Method)
E/WindowManager(19919): at android.view.SurfaceControl.(SurfaceControl.java:292)
E/WindowManager(19919): at com.android.server.wm.DimLayer.(DimLayer.java:81)
E/WindowManager(19919): at com.android.server.wm.TaskStack.attachDisplayContent(TaskStack.java:233)
E/WindowManager(19919): at com.android.server.wm.WindowManagerService.attachStack(WindowManagerService.java:5158)
E/WindowManager(19919): at com.android.server.am.ActivityStackSupervisor$ActivityContainer.attachToDisplayLocked(ActivityStackSupervisor.java:3766)
E/WindowManager(19919): at com.android.server.am.ActivityStackSupervisor.createStackOnDisplay(ActivityStackSupervisor.java:2649)
E/WindowManager(19919): at com.android.server.am.ActivityStackSupervisor.setWindowManager(ActivityStackSupervisor.java:394)
E/WindowManager(19919): at com.android.server.am.ActivityManagerService.setWindowManager(ActivityManagerService.java:1943)
E/WindowManager(19919): at com.android.server.SystemServer.startOtherServices(SystemServer.java:498)
E/WindowManager(19919): at com.android.server.SystemServer.run(SystemServer.java:265)
E/WindowManager(19919): at com.android.server.SystemServer.main(SystemServer.java:179)
E/WindowManager(19919): at java.lang.reflect.Method.invoke(Native Method)
E/WindowManager(19919): at java.lang.reflect.Method.invoke(Method.java:372)
E/WindowManager(19919): at com.android.internal.os.ZygoteInit$MethodAndArgsCaller.run(ZygoteInit.java:904)
E/WindowManager(19919): at com.android.internal.os.ZygoteInit.main(ZygoteInit.java:699)
E/WindowManager(19919): Exception creating Dim surface
E/WindowManager(19919): android.view.Surface$OutOfResourcesException
E/WindowManager(19919): at android.view.SurfaceControl.nativeCreate(Native Method)
E/WindowManager(19919): at android.view.SurfaceControl.(SurfaceControl.java:292)
E/WindowManager(19919): at com.android.server.wm.DimLayer.(DimLayer.java:81)
E/WindowManager(19919): at com.android.server.wm.TaskStack.attachDisplayContent(TaskStack.java:234)
E/WindowManager(19919): at com.android.server.wm.WindowManagerService.attachStack(WindowManagerService.java:5158)
E/WindowManager(19919): at com.android.server.am.ActivityStackSupervisor$ActivityContainer.attachToDisplayLocked(ActivityStackSupervisor.java:3766)
E/WindowManager(19919): at com.android.server.am.ActivityStackSupervisor.createStackOnDisplay(ActivityStackSupervisor.java:2649)
E/WindowManager(19919): at com.android.server.am.ActivityStackSupervisor.setWindowManager(ActivityStackSupervisor.java:394)
E/WindowManager(19919): at com.android.server.am.ActivityManagerService.setWindowManager(ActivityManagerService.java:1943)
E/WindowManager(19919): at com.android.server.SystemServer.startOtherServices(SystemServer.java:498)
E/WindowManager(19919): at com.android.server.SystemServer.run(SystemServer.java:265)
E/WindowManager(19919): at com.android.server.SystemServer.main(SystemServer.java:179)
E/WindowManager(19919): at java.lang.reflect.Method.invoke(Native Method)
E/WindowManager(19919): at java.lang.reflect.Method.invoke(Method.java:372)
E/WindowManager(19919): at com.android.internal.os.ZygoteInit$MethodAndArgsCaller.run(ZygoteInit.java:904)
E/WindowManager(19919): at com.android.internal.os.ZygoteInit.main(ZygoteInit.java:699)
I/InputManager(19919): Starting input manager
I/SystemServer(19919): sfdroid: Bluetooth Service disabled
I/SystemServer(19919): Input Method Service
W/InputMethodManagerService(19919): Couldn't create dir.: /data/system/inputmethod
I/SystemServer(19919): Accessibility Manager
I/XXXXXX (19919): choosing minFree values for 32 Bit
I/XXXXXX (19919): choosing minFree values for 32 Bit
I/XXXXXX (19919): choosing minFree values for 32 Bit
I/XXXXXX (19919): choosing minFree values for 32 Bit
I/XXXXXX (19919): choosing minFree values for 32 Bit
I/XXXXXX (19919): choosing minFree values for 32 Bit
I/ActivityManager(19919): Config changes=1df8 {1.0 ?mcc?mnc en_US ?layoutDir sw360dp w360dp h640dp 480dpi nrml long port ?uimode ?night -touch -keyb/v/h -nav/h s.2}
I/ActivityManager(19919): Config changes=500 {1.0 ?mcc?mnc en_US ?layoutDir sw360dp w360dp h567dp 480dpi nrml port ?uimode ?night -touch -keyb/v/h -nav/h s.3}
I/SystemServer(19919): Mount Service
D/MountService(19919): got storage path: /storage/sdcard0 description: Internal storage primary: true removable: false emulated: true mtpReserve: 100 allowMassStorage: false maxFileSize: 0 allowMtp: true
D/MountService(19919): addVolumeLocked() StorageVolume:
D/MountService(19919): mStorageId=65537 mPath=/storage/emulated/0 mDescriptionId=17040829
D/MountService(19919): mPrimary=true mRemovable=false mEmulated=true mMtpReserveSpace=100
D/MountService(19919): mAllowMassStorage=false mMaxFileSize=0 mOwner=UserHandle{0} mUuid=null
D/MountService(19919): mUserLabel=null mState=null mAllowMtp=true
D/MountService(19919): got storage path: /storage/sdcard1 description: SD card primary: false removable: true emulated: false mtpReserve: 0 allowMassStorage: true maxFileSize: 0 allowMtp: true
D/MountService(19919): addVolumeLocked() StorageVolume:
D/MountService(19919): mStorageId=0 mPath=/storage/sdcard1 mDescriptionId=17040830 mPrimary=false
D/MountService(19919): mRemovable=true mEmulated=false mMtpReserveSpace=0 mAllowMassStorage=true
D/MountService(19919): mMaxFileSize=0 mOwner=null mUuid=null mUserLabel=null mState=null
D/MountService(19919): mAllowMtp=true
D/MountService(19919): got storage path: /storage/usbotg description: USB storage primary: false removable: true emulated: false mtpReserve: 0 allowMassStorage: false maxFileSize: 0 allowMtp: true
D/MountService(19919): addVolumeLocked() StorageVolume:
D/MountService(19919): mStorageId=0 mPath=/storage/usbotg mDescriptionId=17040831 mPrimary=false
D/MountService(19919): mRemovable=true mEmulated=false mMtpReserveSpace=0 mAllowMassStorage=false
D/MountService(19919): mMaxFileSize=0 mOwner=null mUuid=null mUserLabel=null mState=null
D/MountService(19919): mAllowMtp=true
F/WindowAnimator(19919): Unhandled exception in Window Manager
F/WindowAnimator(19919): java.lang.NullPointerException: Attempt to invoke virtual method 'void android.view.SurfaceControl.setLayer(int)' on a null object reference
F/WindowAnimator(19919): at com.android.server.wm.FocusedStackFrame.setLayer(FocusedStackFrame.java:140)
F/WindowAnimator(19919): at com.android.server.wm.WindowManagerService.setFocusedStackLayer(WindowManagerService.java:3985)
F/WindowAnimator(19919): at com.android.server.wm.WindowAnimator.animateLocked(WindowAnimator.java:708)
F/WindowAnimator(19919): at com.android.server.wm.WindowAnimator.access$000(WindowAnimator.java:54)
F/WindowAnimator(19919): at com.android.server.wm.WindowAnimator$1.run(WindowAnimator.java:126)
F/WindowAnimator(19919): at android.view.Choreographer$CallbackRecord.run(Choreographer.java:767)
F/WindowAnimator(19919): at android.view.Choreographer.doCallbacks(Choreographer.java:580)
F/WindowAnimator(19919): at android.view.Choreographer.doFrame(Choreographer.java:549)
F/WindowAnimator(19919): at android.view.Choreographer$FrameDisplayEventReceiver.run(Choreographer.java:753)
F/WindowAnimator(19919): at android.os.Handler.handleCallback(Handler.java:739)
F/WindowAnimator(19919): at android.os.Handler.dispatchMessage(Handler.java:95)
F/WindowAnimator(19919): at android.os.Looper.loop(Looper.java:135)
F/WindowAnimator(19919): at android.os.HandlerThread.run(HandlerThread.java:61)
F/WindowAnimator(19919): at com.android.server.ServiceThread.run(ServiceThread.java:46)
W/PackageManager(19919): Unknown permission com.google.android.googleapps.permission.GOOGLE_AUTH in package com.android.providers.calendar
W/PackageManager(19919): Unknown permission com.google.android.googleapps.permission.GOOGLE_AUTH.cl in package com.android.providers.calendar
W/PackageManager(19919): Unknown permission com.qualcomm.permission.USE_QCRIL_MSG_TUNNEL in package com.qualcomm.shutdownlistner
W/PackageManager(19919): Unknown permission android.permission.PREVENT_POWER_KEY in package com.fairphone.checkup
W/PackageManager(19919): Not granting permission android.permission.GLOBAL_SEARCH to package com.android.quicksearchbox (protectionLevel=18 flags=0x48be45)
W/PackageManager(19919): Not granting permission android.permission.ACCESS_DOWNLOAD_MANAGER to package com.android.browser (protectionLevel=18 flags=0x9be45)
W/PackageManager(19919): Not granting permission android.permission.SEND_DOWNLOAD_COMPLETED_INTENTS to package com.android.browser (protectionLevel=2 flags=0x9be45)
W/PackageManager(19919): Unknown permission android.permission.MMS_PUSH in package org.codeaurora.bluetooth
W/PackageManager(19919): Not granting permission android.permission.BIND_WALLPAPER to package com.android.camera2 (protectionLevel=18 flags=0x58bc45)
W/PackageManager(19919): Unknown permission android.permission.INSTALL_DRM in package com.android.mms
W/PackageManager(19919): Unknown permission com.google.android.googleapps.permission.GOOGLE_AUTH.mail in package com.android.calendar
W/PackageManager(19919): Unknown permission com.android.launcher.permission.READ_SETTINGS in package com.android.onetimeinitializer
W/PackageManager(19919): Unknown permission com.android.launcher.permission.WRITE_SETTINGS in package com.android.onetimeinitializer
W/PackageManager(19919): Not granting permission android.permission.DELETE_PACKAGES to package com.svox.pico (protectionLevel=18 flags=0x8be45)
W/PackageManager(19919): Unknown permission android.permission.ACCESS_THEME_MANAGER in package com.fairphone.setupwizard
W/PackageManager(19919): Unknown permission com.google.android.gallery3d.permission.PICASA_STORE in package com.android.dreams.phototable
W/PackageManager(19919): Unknown permission android.permission.ACCESS_SUPERUSER in package com.amaze.filemanager
W/PackageManager(19919): Unknown permission com.google.android.googleapps.permission.GOOGLE_AUTH in package com.android.settings
W/PackageManager(19919): Unknown permission com.android.launcher.permission.READ_SETTINGS in package com.android.settings
W/PackageManager(19919): Unknown permission com.android.launcher.permission.WRITE_SETTINGS in package com.android.settings
W/PackageManager(19919): Unknown permission com.android.launcher.permission.READ_SETTINGS in package com.fairphone.fplauncher3
W/PackageManager(19919): Unknown permission com.android.launcher.permission.WRITE_SETTINGS in package com.fairphone.fplauncher3
W/PackageManager(19919): Unknown permission android.permission.ACCESS_SUPERUSER in package com.fairphone.updater
W/PackageManager(19919): Not granting permission android.permission.DEVICE_POWER to package com.android.deskclock (protectionLevel=2 flags=0x48be45)
W/PackageManager(19919): Unknown permission com.google.android.gallery3d.permission.GALLERY_PROVIDER in package com.android.bluetooth
W/WindowStateAnimator(19919): OutOfResourcesException creating surface
I/WindowManager(19919): Out of memory for surface! Looking for leaks...
W/WindowManager(19919): No leaked surfaces; killing applicatons!
W/WindowManager(19919): Due to memory failure, waiting a bit for next layout
E/NetlinkListener( 741): recvmsg failed (I/O error)
E/NetlinkListener(19660): recvmsg failed (I/O error)
F/WindowAnimator(19919): Unhandled exception in Window Manager
F/WindowAnimator(19919): java.lang.NullPointerException: Attempt to invoke virtual method 'void android.view.SurfaceControl.setLayer(int)' on a null object reference
F/WindowAnimator(19919): at com.android.server.wm.FocusedStackFrame.setLayer(FocusedStackFrame.java:140)
F/WindowAnimator(19919): at com.android.server.wm.WindowManagerService.setFocusedStackLayer(WindowManagerService.java:3985)
F/WindowAnimator(19919): at com.android.server.wm.WindowAnimator.animateLocked(WindowAnimator.java:708)
F/WindowAnimator(19919): at com.android.server.wm.WindowAnimator.access$000(WindowAnimator.java:54)
F/WindowAnimator(19919): at com.android.server.wm.WindowAnimator$1.run(WindowAnimator.java:126)
F/WindowAnimator(19919): at android.view.Choreographer$CallbackRecord.run(Choreographer.java:767)
F/WindowAnimator(19919): at android.view.Choreographer.doCallbacks(Choreographer.java:580)
F/WindowAnimator(19919): at android.view.Choreographer.doFrame(Choreographer.java:549)
F/WindowAnimator(19919): at android.view.Choreographer$FrameDisplayEventReceiver.run(Choreographer.java:753)
F/WindowAnimator(19919): at android.os.Handler.handleCallback(Handler.java:739)
F/WindowAnimator(19919): at android.os.Handler.dispatchMessage(Handler.java:95)
F/WindowAnimator(19919): at android.os.Looper.loop(Looper.java:135)
F/WindowAnimator(19919): at android.os.HandlerThread.run(HandlerThread.java:61)
F/WindowAnimator(19919): at com.android.server.ServiceThread.run(ServiceThread.java:46)
F/WindowAnimator(19919): Unhandled exception in Window Manager
F/WindowAnimator(19919): java.lang.NullPointerException: Attempt to invoke virtual method 'void android.view.SurfaceControl.setLayer(int)' on a null object reference
F/WindowAnimator(19919): at com.android.server.wm.FocusedStackFrame.setLayer(FocusedStackFrame.java:140)
F/WindowAnimator(19919): at com.android.server.wm.WindowManagerService.setFocusedStackLayer(WindowManagerService.java:3985)
F/WindowAnimator(19919): at com.android.server.wm.WindowAnimator.animateLocked(WindowAnimator.java:708)
F/WindowAnimator(19919): at com.android.server.wm.WindowAnimator.access$000(WindowAnimator.java:54)
F/WindowAnimator(19919): at com.android.server.wm.WindowAnimator$1.run(WindowAnimator.java:126)
F/WindowAnimator(19919): at android.view.Choreographer$CallbackRecord.run(Choreographer.java:767)
F/WindowAnimator(19919): at android.view.Choreographer.doCallbacks(Choreographer.java:580)
F/WindowAnimator(19919): at android.view.Choreographer.doFrame(Choreographer.java:549)
F/WindowAnimator(19919): at android.view.Choreographer$FrameDisplayEventReceiver.run(Choreographer.java:753)
F/WindowAnimator(19919): at android.os.Handler.handleCallback(Handler.java:739)
F/WindowAnimator(19919): at android.os.Handler.dispatchMessage(Handler.java:95)
F/WindowAnimator(19919): at android.os.Looper.loop(Looper.java:135)
F/WindowAnimator(19919): at android.os.HandlerThread.run(HandlerThread.java:61)
F/WindowAnimator(19919): at com.android.server.ServiceThread.run(ServiceThread.java:46)
E/NetlinkListener(19660): recvmsg failed (I/O error)
E/NetlinkListener( 741): recvmsg failed (I/O error)
E/NetlinkListener(19660): recvmsg failed (I/O error)
E/NetlinkListener( 741): recvmsg failed (I/O error)
E/NetlinkListener(19660): recvmsg failed (I/O error)
E/NetlinkListener( 741): recvmsg failed (I/O error)
E/NetlinkListener(19660): recvmsg failed (I/O error)
E/NetlinkListener( 741): recvmsg failed (I/O error)
E/NetlinkListener(19660): recvmsg failed (I/O error)
E/NetlinkListener( 741): recvmsg failed (I/O error)
E/NetlinkListener(19660): recvmsg failed (I/O error)
E/NetlinkListener( 741): recvmsg failed (I/O error)
E/NetlinkListener( 741): recvmsg failed (I/O error)
E/NetlinkListener(19660): recvmsg failed (I/O error)
E/NetlinkListener(19660): recvmsg failed (I/O error)
E/NetlinkListener( 741): recvmsg failed (I/O error)
E/NetlinkListener(19660): recvmsg failed (I/O error)
E/NetlinkListener( 741): recvmsg failed (I/O error)
E/NetlinkListener( 741): recvmsg failed (I/O error)
E/NetlinkListener(19660): recvmsg failed (I/O error)
E/NetlinkListener(19660): recvmsg failed (I/O error)
E/NetlinkListener( 741): recvmsg failed (I/O error)
E/NetlinkListener(19660): recvmsg failed (I/O error)
E/NetlinkListener( 741): recvmsg failed (I/O error)
E/NetlinkListener(19660): recvmsg failed (I/O error)
E/NetlinkListener( 741): recvmsg failed (I/O error)
E/NetlinkListener(19660): recvmsg failed (I/O error)
E/NetlinkListener( 741): recvmsg failed (I/O error)
E/NetlinkListener(19660): recvmsg failed (I/O error)
E/NetlinkListener( 741): recvmsg failed (I/O error)
E/NetlinkListener(19660): recvmsg failed (I/O error)
E/NetlinkListener(19660): recvmsg failed (I/O error)
E/NetlinkListener( 741): recvmsg failed (I/O error)
E/NetlinkListener( 741): recvmsg failed (I/O error)
E/NetlinkListener(19660): recvmsg failed (I/O error)
E/NetlinkListener( 741): recvmsg failed (I/O error)
E/NetlinkListener( 741): recvmsg failed (I/O error)
E/NetlinkListener(19660): recvmsg failed (I/O error)
E/NetlinkListener(19660): recvmsg failed (I/O error)
E/NetlinkListener( 741): recvmsg failed (I/O error)
E/NetlinkListener( 741): recvmsg failed (I/O error)
E/NetlinkListener(19660): recvmsg failed (I/O error)
E/NetlinkListener( 741): recvmsg failed (I/O error)
E/NetlinkListener(19660): recvmsg failed (I/O error)
E/NetlinkListener( 741): recvmsg failed (I/O error)
E/NetlinkListener(19660): recvmsg failed (I/O error)
E/NetlinkListener(19660): recvmsg failed (I/O error)
E/NetlinkListener( 741): recvmsg failed (I/O error)
E/NetlinkListener( 741): recvmsg failed (I/O error)
E/NetlinkListener(19660): recvmsg failed (I/O error)
E/NetlinkListener( 741): recvmsg failed (I/O error)
E/NetlinkListener(19660): recvmsg failed (I/O error)
E/NetlinkListener(19660): recvmsg failed (I/O error)
E/NetlinkListener( 741): recvmsg failed (I/O error)
E/NetlinkListener(19660): recvmsg failed (I/O error)
E/NetlinkListener( 741): recvmsg failed (I/O error)
E/NetlinkListener(19660): recvmsg failed (I/O error)
E/NetlinkListener( 741): recvmsg failed (I/O error)
E/NetlinkListener(19660): recvmsg failed (I/O error)
E/NetlinkListener( 741): recvmsg failed (I/O error)
E/NetlinkListener(19660): recvmsg failed (I/O error)
E/NetlinkListener( 741): recvmsg failed (I/O error)
E/NetlinkListener( 741): recvmsg failed (I/O error)
E/NetlinkListener(19660): recvmsg failed (I/O error)
E/NetlinkListener(19660): recvmsg failed (I/O error)
E/NetlinkListener( 741): recvmsg failed (I/O error)
E/NetlinkListener(19660): recvmsg failed (I/O error)
E/NetlinkListener( 741): recvmsg failed (I/O error)
E/NetlinkListener(19660): recvmsg failed (I/O error)
E/NetlinkListener( 741): recvmsg failed (I/O error)
E/NetlinkListener(19660): recvmsg failed (I/O error)
E/NetlinkListener( 741): recvmsg failed (I/O error)
E/NetlinkListener(19660): recvmsg failed (I/O error)
E/NetlinkListener( 741): recvmsg failed (I/O error)
E/NetlinkListener(19660): recvmsg failed (I/O error)
E/NetlinkListener( 741): recvmsg failed (I/O error)
E/NetlinkListener(19660): recvmsg failed (I/O error)
E/NetlinkListener( 741): recvmsg failed (I/O error)
E/NetlinkListener(19660): recvmsg failed (I/O error)
E/NetlinkListener( 741): recvmsg failed (I/O error)
E/NetlinkListener(19660): recvmsg failed (I/O error)
E/NetlinkListener( 741): recvmsg failed (I/O error)
E/NetlinkListener( 741): recvmsg failed (I/O error)
E/NetlinkListener(19660): recvmsg failed (I/O error)
E/NetlinkListener(19660): recvmsg failed (I/O error)
E/NetlinkListener( 741): recvmsg failed (I/O error)
E/NetlinkListener(19660): recvmsg failed (I/O error)
E/NetlinkListener( 741): recvmsg failed (I/O error)
E/NetlinkListener(19660): recvmsg failed (I/O error)
E/NetlinkListener( 741): recvmsg failed (I/O error)
E/NetlinkListener( 741): recvmsg failed (I/O error)
E/NetlinkListener(19660): recvmsg failed (I/O error)
E/NetlinkListener(19660): recvmsg failed (I/O error)
E/NetlinkListener( 741): recvmsg failed (I/O error)
E/NetlinkListener(19660): recvmsg failed (I/O error)
E/NetlinkListener( 741): recvmsg failed (I/O error)
E/NetlinkListener( 741): recvmsg failed (I/O error)
E/NetlinkListener(19660): recvmsg failed (I/O error)
E/NetlinkListener(19660): recvmsg failed (I/O error)
E/NetlinkListener( 741): recvmsg failed (I/O error)
E/NetlinkListener(19660): recvmsg failed (I/O error)
E/NetlinkListener( 741): recvmsg failed (I/O error)
E/NetlinkListener(19660): recvmsg failed (I/O error)
E/NetlinkListener( 741): recvmsg failed (I/O error)
E/NetlinkListener(19660): recvmsg failed (I/O error)
E/NetlinkListener( 741): recvmsg failed (I/O error)
E/NetlinkListener(19660): recvmsg failed (I/O error)
E/NetlinkListener( 741): recvmsg failed (I/O error)
E/NetlinkListener(19660): recvmsg failed (I/O error)
E/NetlinkListener( 741): recvmsg failed (I/O error)
E/NetlinkListener(19660): recvmsg failed (I/O error)
E/NetlinkListener( 741): recvmsg failed (I/O error)
E/NetlinkListener(19660): recvmsg failed (I/O error)
E/NetlinkListener( 741): recvmsg failed (I/O error)
E/NetlinkListener(19660): recvmsg failed (I/O error)
E/NetlinkListener( 741): recvmsg failed (I/O error)
E/NetlinkListener(19660): recvmsg failed (I/O error)
E/NetlinkListener( 741): recvmsg failed (I/O error)
E/NetlinkListener(19660): recvmsg failed (I/O error)
E/NetlinkListener( 741): recvmsg failed (I/O error)
E/NetlinkListener(19660): recvmsg failed (I/O error)
E/NetlinkListener( 741): recvmsg failed (I/O error)
E/NetlinkListener(19660): recvmsg failed (I/O error)
E/NetlinkListener( 741): recvmsg failed (I/O error)
E/NetlinkListener(19660): recvmsg failed (I/O error)
E/NetlinkListener( 741): recvmsg failed (I/O error)
E/NetlinkListener( 741): recvmsg failed (I/O error)
E/NetlinkListener(19660): recvmsg failed (I/O error)
E/NetlinkListener(19660): recvmsg failed (I/O error)
E/NetlinkListener( 741): recvmsg failed (I/O error)
E/NetlinkListener(19660): recvmsg failed (I/O error)
E/NetlinkListener( 741): recvmsg failed (I/O error)
E/NetlinkListener(19660): recvmsg failed (I/O error)
E/NetlinkListener( 741): recvmsg failed (I/O error)
E/NetlinkListener( 741): recvmsg failed (I/O error)
E/NetlinkListener(19660): recvmsg failed (I/O error)
E/NetlinkListener(19660): recvmsg failed (I/O error)
E/NetlinkListener( 741): recvmsg failed (I/O error)
E/NetlinkListener( 741): recvmsg failed (I/O error)
E/NetlinkListener(19660): recvmsg failed (I/O error)
E/NetlinkListener(19660): recvmsg failed (I/O error)
E/NetlinkListener( 741): recvmsg failed (I/O error)
E/NetlinkListener( 741): recvmsg failed (I/O error)
E/NetlinkListener(19660): recvmsg failed (I/O error)
E/NetlinkListener(19660): recvmsg failed (I/O error)
E/NetlinkListener( 741): recvmsg failed (I/O error)
E/NetlinkListener(19660): recvmsg failed (I/O error)
E/NetlinkListener( 741): recvmsg failed (I/O error)
E/NetlinkListener(19660): recvmsg failed (I/O error)
E/NetlinkListener( 741): recvmsg failed (I/O error)
E/NetlinkListener( 741): recvmsg failed (I/O error)
E/NetlinkListener(19660): recvmsg failed (I/O error)
E/NetlinkListener(19660): recvmsg failed (I/O error)
E/NetlinkListener( 741): recvmsg failed (I/O error)
E/NetlinkListener(19660): recvmsg failed (I/O error)
E/NetlinkListener( 741): recvmsg failed (I/O error)
E/NetlinkListener( 741): recvmsg failed (I/O error)
E/NetlinkListener(19660): recvmsg failed (I/O error)
E/NetlinkListener( 741): recvmsg failed (I/O error)
E/NetlinkListener(19660): recvmsg failed (I/O error)
E/NetlinkListener(19660): recvmsg failed (I/O error)
E/NetlinkListener( 741): recvmsg failed (I/O error)
E/NetlinkListener( 741): recvmsg failed (I/O error)
E/NetlinkListener(19660): recvmsg failed (I/O error)
E/NetlinkListener( 741): recvmsg failed (I/O error)
E/NetlinkListener(19660): recvmsg failed (I/O error)
E/NetlinkListener(19660): recvmsg failed (I/O error)
E/NetlinkListener( 741): recvmsg failed (I/O error)
E/NetlinkListener(19660): recvmsg failed (I/O error)
E/NetlinkListener( 741): recvmsg failed (I/O error)
E/NetlinkListener(19660): recvmsg failed (I/O error)
E/NetlinkListener( 741): recvmsg failed (I/O error)
E/NetlinkListener( 741): recvmsg failed (I/O error)
E/NetlinkListener(19660): recvmsg failed (I/O error)
E/NetlinkListener( 741): recvmsg failed (I/O error)
E/NetlinkListener(19660): recvmsg failed (I/O error)
E/NetlinkListener( 741): recvmsg failed (I/O error)
E/NetlinkListener(19660): recvmsg failed (I/O error)
E/NetlinkListener( 741): recvmsg failed (I/O error)
E/NetlinkListener(19660): recvmsg failed (I/O error)
E/NetlinkListener( 741): recvmsg failed (I/O error)
E/NetlinkListener(19660): recvmsg failed (I/O error)
E/NetlinkListener(19660): recvmsg failed (I/O error)
E/NetlinkListener( 741): recvmsg failed (I/O error)
E/NetlinkListener(19660): recvmsg failed (I/O error)
E/NetlinkListener( 741): recvmsg failed (I/O error)
E/NetlinkListener(19660): recvmsg failed (I/O error)
E/NetlinkListener( 741): recvmsg failed (I/O error)
E/NetlinkListener(19660): recvmsg failed (I/O error)
E/NetlinkListener( 741): recvmsg failed (I/O error)
E/NetlinkListener(19660): recvmsg failed (I/O error)
E/NetlinkListener( 741): recvmsg failed (I/O error)
E/NetlinkListener(19660): recvmsg failed (I/O error)
E/NetlinkListener( 741): recvmsg failed (I/O error)
E/NetlinkListener( 741): recvmsg failed (I/O error)
E/NetlinkListener(19660): recvmsg failed (I/O error)
E/NetlinkListener(19660): recvmsg failed (I/O error)
E/NetlinkListener( 741): recvmsg failed (I/O error)
E/NetlinkListener(19660): recvmsg failed (I/O error)
E/NetlinkListener( 741): recvmsg failed (I/O error)
E/NetlinkListener(19660): recvmsg failed (I/O error)
E/NetlinkListener( 741): recvmsg failed (I/O error)
E/NetlinkListener( 741): recvmsg failed (I/O error)
E/NetlinkListener(19660): recvmsg failed (I/O error)
E/NetlinkListener(19660): recvmsg failed (I/O error)
E/NetlinkListener( 741): recvmsg failed (I/O error)
E/NetlinkListener(19660): recvmsg failed (I/O error)
E/NetlinkListener( 741): recvmsg failed (I/O error)
E/NetlinkListener( 741): recvmsg failed (I/O error)
E/NetlinkListener(19660): recvmsg failed (I/O error)
E/NetlinkListener(19660): recvmsg failed (I/O error)
E/NetlinkListener( 741): recvmsg failed (I/O error)
E/NetlinkListener(19660): recvmsg failed (I/O error)
E/NetlinkListener( 741): recvmsg failed (I/O error)
E/NetlinkListener(19660): recvmsg failed (I/O error)
E/NetlinkListener( 741): recvmsg failed (I/O error)
E/NetlinkListener(19660): recvmsg failed (I/O error)
E/NetlinkListener( 741): recvmsg failed (I/O error)
E/NetlinkListener(19660): recvmsg failed (I/O error)
E/NetlinkListener( 741): recvmsg failed (I/O error)
E/NetlinkListener( 741): recvmsg failed (I/O error)
E/NetlinkListener(19660): recvmsg failed (I/O error)
E/NetlinkListener(19660): recvmsg failed (I/O error)
E/NetlinkListener( 741): recvmsg failed (I/O error)
E/NetlinkListener( 741): recvmsg failed (I/O error)
E/NetlinkListener(19660): recvmsg failed (I/O error)
E/NetlinkListener(19660): recvmsg failed (I/O error)
E/NetlinkListener( 741): recvmsg failed (I/O error)
E/NetlinkListener( 741): recvmsg failed (I/O error)
E/NetlinkListener(19660): recvmsg failed (I/O error)
E/NetlinkListener( 741): recvmsg failed (I/O error)
E/NetlinkListener(19660): recvmsg failed (I/O error)
E/NetlinkListener(19660): recvmsg failed (I/O error)
E/NetlinkListener( 741): recvmsg failed (I/O error)
E/NetlinkListener(19660): recvmsg failed (I/O error)
E/NetlinkListener( 741): recvmsg failed (I/O error)
E/NetlinkListener(19660): recvmsg failed (I/O error)
E/NetlinkListener( 741): recvmsg failed (I/O error)
E/NetlinkListener(19660): recvmsg failed (I/O error)
E/NetlinkListener( 741): recvmsg failed (I/O error)
E/NetlinkListener(19660): recvmsg failed (I/O error)
E/NetlinkListener( 741): recvmsg failed (I/O error)
E/NetlinkListener(19660): recvmsg failed (I/O error)
E/NetlinkListener( 741): recvmsg failed (I/O error)
E/NetlinkListener(19660): recvmsg failed (I/O error)
E/NetlinkListener( 741): recvmsg failed (I/O error)
E/NetlinkListener(19660): recvmsg failed (I/O error)
E/NetlinkListener( 741): recvmsg failed (I/O error)
E/NetlinkListener(19660): recvmsg failed (I/O error)
E/NetlinkListener( 741): recvmsg failed (I/O error)
E/NetlinkListener(19660): recvmsg failed (I/O error)
E/NetlinkListener( 741): recvmsg failed (I/O error)
E/NetlinkListener( 741): recvmsg failed (I/O error)
E/NetlinkListener(19660): recvmsg failed (I/O error)
E/NetlinkListener(19660): recvmsg failed (I/O error)
E/NetlinkListener( 741): recvmsg failed (I/O error)
E/NetlinkListener(19660): recvmsg failed (I/O error)
E/NetlinkListener( 741): recvmsg failed (I/O error)
E/NetlinkListener(19660): recvmsg failed (I/O error)
E/NetlinkListener( 741): recvmsg failed (I/O error)
E/NetlinkListener(19660): recvmsg failed (I/O error)
E/NetlinkListener( 741): recvmsg failed (I/O error)
E/NetlinkListener(19660): recvmsg failed (I/O error)
E/NetlinkListener( 741): recvmsg failed (I/O error)
E/NetlinkListener(19660): recvmsg failed (I/O error)
E/NetlinkListener( 741): recvmsg failed (I/O error)
E/NetlinkListener(19660): recvmsg failed (I/O error)
E/NetlinkListener( 741): recvmsg failed (I/O error)
E/NetlinkListener( 741): recvmsg failed (I/O error)
E/NetlinkListener(19660): recvmsg failed (I/O error)
E/NetlinkListener(19660): recvmsg failed (I/O error)
E/NetlinkListener( 741): recvmsg failed (I/O error)
E/NetlinkListener(19660): recvmsg failed (I/O error)
E/NetlinkListener( 741): recvmsg failed (I/O error)
E/NetlinkListener(19660): recvmsg failed (I/O error)
E/NetlinkListener( 741): recvmsg failed (I/O error)
E/NetlinkListener( 741): recvmsg failed (I/O error)
E/NetlinkListener(19660): recvmsg failed (I/O error)
E/NetlinkListener( 741): recvmsg failed (I/O error)
E/NetlinkListener(19660): recvmsg failed (I/O error)
E/NetlinkListener(19660): recvmsg failed (I/O error)
E/NetlinkListener( 741): recvmsg failed (I/O error)
E/NetlinkListener(19660): recvmsg failed (I/O error)
E/NetlinkListener( 741): recvmsg failed (I/O error)
E/NetlinkListener(19660): recvmsg failed (I/O error)
E/NetlinkListener( 741): recvmsg failed (I/O error)
E/NetlinkListener(19660): recvmsg failed (I/O error)
E/NetlinkListener( 741): recvmsg failed (I/O error)
I/SystemServer(19919): LockSettingsService
I/SystemServiceManager(19919): Starting com.android.server.devicepolicy.DevicePolicyManagerService$Lifecycle
I/SystemServer(19919): Status Bar
I/SystemServer(19919): Clipboard Service
I/SystemServer(19919): Text Service Manager Service
I/SystemServer(19919): Network Score Service
I/SystemServer(19919): NetworkStats Service
I/SystemServer(19919): NetworkPolicy Service
E/NetlinkListener(19660): recvmsg failed (I/O error)
E/NetlinkListener( 741): recvmsg failed (I/O error)
I/SystemServiceManager(19919): Starting com.android.server.wifi.p2p.WifiP2pService
I/SystemServiceManager(19919): Starting com.android.server.wifi.WifiService
I/SystemServiceManager(19919): Starting com.android.server.wifi.WifiScanningService
I/SystemServiceManager(19919): Starting com.android.server.wifi.RttService
I/SystemServer(19919): Connectivity Service
D/ConnectivityService(19919): ConnectivityService starting up
D/ConnectivityService(19919): wifiOnly=true
D/ConnectivityService(19919): networkAttributes - ignoring mobile as this dev is wifiOnly 0
D/ConnectivityService(19919): networkAttributes - ignoring mobile as this dev is wifiOnly 2
D/ConnectivityService(19919): networkAttributes - ignoring mobile as this dev is wifiOnly 3
D/ConnectivityService(19919): networkAttributes - ignoring mobile as this dev is wifiOnly 4
D/ConnectivityService(19919): networkAttributes - ignoring mobile as this dev is wifiOnly 5
D/ConnectivityService(19919): networkAttributes - ignoring mobile as this dev is wifiOnly 10
D/ConnectivityService(19919): networkAttributes - ignoring mobile as this dev is wifiOnly 11
D/ConnectivityService(19919): networkAttributes - ignoring mobile as this dev is wifiOnly 12
E/ConnectivityService(19919): Ignoring protectedNetwork 10
E/ConnectivityService(19919): Ignoring protectedNetwork 11
E/ConnectivityService(19919): Ignoring protectedNetwork 12
E/ConnectivityService(19919): Ignoring protectedNetwork 14
E/ConnectivityService(19919): Ignoring protectedNetwork 15
I/SystemServer(19919): Network Service Discovery Service
D/NsdService(19919): Network service discovery enabled true
I/SystemServer(19919): DPM Service
I/SystemServer(19919): DPM configuration set to 0
I/SystemServer(19919): UpdateLock Service
I/SystemServiceManager(19919): Starting com.android.server.notification.NotificationManagerService
D/ZenLog (19919): set_zen_mode: off,setting
I/SystemServiceManager(19919): Starting com.android.server.storage.DeviceStorageMonitorService
I/SystemServer(19919): Location Manager
I/SystemServer(19919): Country Detector
I/SystemServer(19919): Search Service
I/SystemServer(19919): DropBox Service
I/SystemServer(19919): Wallpaper Service
I/SystemServer(19919): Audio Service
F/libc (19654): Fatal signal 11 (SIGSEGV), code 1, fault addr 0xc4 in tid 20591 (Binder_1)
I/DEBUG ( 666): *** *** *** *** *** *** *** *** *** *** *** *** *** *** *** ***
I/DEBUG ( 666): Build fingerprint: 'Fairphone/FP2/FP2:5.1/FP2/fp2-sibon-16.11.0:userdebug/release-keys'
I/DEBUG ( 666): Revision: '0'
I/DEBUG ( 666): ABI: 'arm'
I/DEBUG ( 666): pid: 19654, tid: 20591, name: Binder_1 >>> /usr/libexec/droid-hybris/system/bin/minimediaservice <<<
I/DEBUG ( 666): signal 11 (SIGSEGV), code 1 (SEGV_MAPERR), fault addr 0xc4
I/DEBUG ( 666): r0 00000000 r1 00000002 r2 00000000 r3 00000008
I/DEBUG ( 666): r4 00000000 r5 00000000 r6 00000002 r7 00000000
I/DEBUG ( 666): r8 00000000 r9 00000000 sl 00000001 fp 00004cc6
I/DEBUG ( 666): ip b56ff7e0 sp b56ffc90 lr b68318eb pc b683184e cpsr 600f0030
I/DEBUG ( 666):
I/DEBUG ( 666): backtrace:
I/DEBUG ( 666): #00 pc 0000f84e /system/lib/libaudiopolicymanagerdefault.so (_ZNK7android18AudioPolicyManager21AudioOutputDescriptor14isStreamActiveE19audio_stream_type_tjx+9)
I/DEBUG ( 666): #01 pc 0000f8e7 /system/lib/libaudiopolicymanagerdefault.so (_ZNK7android18AudioPolicyManager21AudioOutputDescriptor16isStrategyActiveENS0_16routing_strategyEjx+62)
I/DEBUG ( 666): #02 pc 000139f1 /system/lib/libaudiopolicymanagerdefault.so (_ZN7android18AudioPolicyManager18getNewOutputDeviceEib+260)
I/DEBUG ( 666): #03 pc 00017651 /system/lib/libaudiopolicymanagerdefault.so (_ZN7android18AudioPolicyManager11setForceUseE24audio_policy_force_use_t25audio_policy_forced_cfg_t+296)
I/DEBUG ( 666): #04 pc 00008e49 /system/lib/libaudiopolicyservice.so
I/DEBUG ( 666): #05 pc 0006667d /system/lib/libmedia.so (_ZN7android20BnAudioPolicyService10onTransactEjRKNS_6ParcelEPS1_j+1464)
I/DEBUG ( 666): #06 pc 00017fad /system/lib/libbinder.so (_ZN7android7BBinder8transactEjRKNS_6ParcelEPS1_j+60)
I/DEBUG ( 666): #07 pc 0001cf89 /system/lib/libbinder.so (_ZN7android14IPCThreadState14executeCommandEi+564)
I/DEBUG ( 666): #08 pc 0001d0bb /system/lib/libbinder.so (_ZN7android14IPCThreadState20getAndExecuteCommandEv+38)
I/DEBUG ( 666): #09 pc 0001d0fd /system/lib/libbinder.so (_ZN7android14IPCThreadState14joinThreadPoolEb+48)
I/DEBUG ( 666): #10 pc 0002127f /system/lib/libbinder.so
I/DEBUG ( 666): #11 pc 0000ef5d /system/lib/libutils.so (_ZN7android6Thread11_threadLoopEPv+112)
I/DEBUG ( 666): #12 pc 0000eacd /system/lib/libutils.so
I/DEBUG ( 666): #13 pc 00013fc3 /system/lib/libc.so (_ZL15__pthread_startPv+30)
I/DEBUG ( 666): #14 pc 00011f0b /system/lib/libc.so (__start_thread+6)
I/SystemServiceManager(19919): Starting com.android.server.DockObserver
W/DockObserver(19919): This kernel does not have dock station support
I/SystemServer(19919): Wired Accessory Manager
W/WiredAccessoryManager(19919): This kernel does not have usb audio support
W/WiredAccessoryManager(19919): This kernel does not have HDMI audio support
I/SystemServer(19919): Serial Service
I/SystemServiceManager(19919): Starting com.android.server.twilight.TwilightService
I/SystemServiceManager(19919): Starting com.android.server.UiModeManagerService
I/SystemServiceManager(19919): Starting com.android.server.job.JobSchedulerService
D/WifiService(19919): New client listening to asynchronous messages
D/ConnectivityService(19919): registerNetworkAgent NetworkAgentInfo{ ni{[type: WIFI[], state: UNKNOWN/IDLE, reason: (unspecified), extra: (none), roaming: false, failover: false, isAvailable: true, isConnectedToProvisioningNetwork: false]} network{null} lp{{InterfaceName: wlan0 LinkAddresses: [192.168.1.59/24,] Routes: [0.0.0.0/0 -> 192.168.1.1 wlan0,] DnsAddresses: [195.197.54.100,192.168.1.1,] Domains: null MTU: 1500}} nc{[ Transports: WIFI Capabilities: INTERNET&NOT_RESTRICTED&TRUSTED&NOT_VPN LinkUpBandwidth>=1048576Kbps LinkDnBandwidth>=1048576Kbps]} Score{20} everValidated{false} lastValidated{false} created{false} explicitlySelected{false} }
D/ConnectivityService(19919): NetworkAgentInfo [WIFI () - 100] EVENT_NETWORK_INFO_CHANGED, going from null to UNKNOWN
D/ConnectivityService(19919): NetworkAgentInfo [WIFI () - 100] EVENT_NETWORK_INFO_CHANGED, going from UNKNOWN to CONNECTED
I/SystemServiceManager(19919): Starting com.android.server.backup.BackupManagerService$Lifecycle
D/ConnectivityService(19919): notifyType IP_CHANGED for NetworkAgentInfo [WIFI () - 100]
D/ConnectivityService(19919): notifyType PRECHECK for NetworkAgentInfo [WIFI () - 100]
D/ConnectivityService(19919): rematching NetworkAgentInfo [WIFI () - 100]
D/ConnectivityService(19919): accepting network in place of null
