I/LatinIME:LogUtils(26980): Dictionary info: dictionary = PersonalizationDictionary.en_US ; version = 1481371100 ; date = ?
I/LatinIME:LogUtils(26980): Dictionary info: dictionary = PersonalizationDictionary.en_US ; version = 1481371100 ; date = ?
D/OMXCodec(26889): Successfully allocated OMX node 'OMX.google.vorbis.decoder'
D/OMXCodec(26889): Successfully allocated OMX node 'OMX.google.vorbis.decoder'
I/ExtendedUtils(26889): decision 1 mime 
I/ExtendedUtils(26889): decision 1 mime 
D/Ringtone(27105): Problem opening; delegating to remote player
I/AudioPlayer(26889): start of Playback, useOffload 0
I/AudioPlayer(26889): start of Playback, useOffload 0
D/MediaPlayer-JNI(27105): QCMediaPlayer mediaplayer NOT present
D/Ringtone(27105): Problem opening; delegating to remote player
I/AudioPlayer(26889): Pause Playback at 78666
I/AudioPlayer(26889): reset: mPlaying=0 mReachedEOS=1 useOffload=0
I/LatinIME:LogUtils(26980): Dictionary info: dictionary = main:en ; version = 47 ; date = 1402373178
D/Utils (26889): printFileName fd(7) -> /system/media/audio/ui/KeypressStandard.ogg
W/asset (25895): Asset path /system/framework/com.google.android.media.effects.jar is neither a directory nor file (type=1).
W/ResourcesManager(25895): Asset path '/system/framework/com.google.android.media.effects.jar' does not exist or contains no resources.
E/LocSvc_eng(24797): I/===> int loc_eng_inject_location(loc_eng_data_s_type&, double, double, float) line 2033
E/LocSvc_eng(24797): I/===> int loc_eng_inject_location(loc_eng_data_s_type&, double, double, float) line 2033
E/LocSvc_eng(24797): I/===> int loc_eng_inject_location(loc_eng_data_s_type&, double, double, float) line 2033
I/AudioPlayer(26889): Pause Playback at 213333
I/AudioPlayer(26889): reset: mPlaying=0 mReachedEOS=1 useOffload=0
D/Utils (26889): printFileName fd(13) -> /system/media/audio/ui/Unlock.ogg
D/ExtendedUtils(26889): extended extractor not needed, return default
W/AppWidgetServiceImpl(25895): Failed to read state: java.io.FileNotFoundException: /data/system/users/0/appwidgets.xml: open failed: ENOENT (No such file or directory)
V/AppWidgetServiceImpl(25895): Upgrading widget database from 0 to 1
E/SurfaceFlinger(25799): Permission Denial: can't access SurfaceFlinger pid=25895, uid=1000
D/AudioPolicyManager(26889): isOffloadSupported: stream_type != MUSIC, returning false
E/SurfaceFlinger(25799): Permission Denial: can't access SurfaceFlinger pid=25895, uid=1000
D/OMXCodec(26889): Successfully allocated OMX node 'OMX.google.vorbis.decoder'
I/ExtendedUtils(26889): decision 1 mime 
W/ServiceManager(25799): Permission failure: android.permission.HARDWARE_TEST from uid=1000 pid=25895
D/PermissionCache(25799): checking android.permission.HARDWARE_TEST for uid=1000 => denied (1103 us)
E/SurfaceFlinger(25799): Permission Denial: can't access SurfaceFlinger pid=25895, uid=1000
D/AndroidRuntime(25895): Shutting down VM
I/AudioPlayer(26889): start of Playback, useOffload 0
E/AndroidRuntime(25895): *** FATAL EXCEPTION IN SYSTEM PROCESS: main
E/AndroidRuntime(25895): java.lang.RuntimeException: Error receiving broadcast Intent { act=android.intent.action.USER_SWITCHED flg=0x50000010 (has extras) } in com.android.server.accessibility.AccessibilityManagerService$2@7785768
E/AndroidRuntime(25895): at android.app.LoadedApk$ReceiverDispatcher$Args.run(LoadedApk.java:876)
E/AndroidRuntime(25895): at android.os.Handler.handleCallback(Handler.java:739)
E/AndroidRuntime(25895): at android.os.Handler.dispatchMessage(Handler.java:95)
E/AndroidRuntime(25895): at android.os.Looper.loop(Looper.java:135)
E/AndroidRuntime(25895): at com.android.server.SystemServer.run(SystemServer.java:278)
E/AndroidRuntime(25895): at com.android.server.SystemServer.main(SystemServer.java:179)
E/AndroidRuntime(25895): at java.lang.reflect.Method.invoke(Native Method)
E/AndroidRuntime(25895): at java.lang.reflect.Method.invoke(Method.java:372)
E/AndroidRuntime(25895): at com.android.internal.os.ZygoteInit$MethodAndArgsCaller.run(ZygoteInit.java:904)
E/AndroidRuntime(25895): at com.android.internal.os.ZygoteInit.main(ZygoteInit.java:699)
E/AndroidRuntime(25895): Caused by: java.lang.SecurityException
E/AndroidRuntime(25895): at android.os.BinderProxy.transactNative(Native Method)
E/AndroidRuntime(25895): at android.os.BinderProxy.transact(Binder.java:496)
E/AndroidRuntime(25895): at com.android.server.accessibility.DisplayAdjustmentUtils.setDaltonizerMode(DisplayAdjustmentUtils.java:129)
E/AndroidRuntime(25895): at com.android.server.accessibility.DisplayAdjustmentUtils.applyAdjustments(DisplayAdjustmentUtils.java:101)
E/AndroidRuntime(25895): at com.android.server.accessibility.AccessibilityManagerService.updateDisplayColorAdjustmentSettingsLocked(AccessibilityManagerService.java:1604)
E/AndroidRuntime(25895): at com.android.server.accessibility.AccessibilityManagerService.onUserStateChangedLocked(AccessibilityManagerService.java:1330)
E/AndroidRuntime(25895): at com.android.server.accessibility.AccessibilityManagerService.switchUser(AccessibilityManagerService.java:844)
E/AndroidRuntime(25895): at com.android.server.accessibility.AccessibilityManagerService.access$800(AccessibilityManagerService.java:119)
E/AndroidRuntime(25895): at com.android.server.accessibility.AccessibilityManagerService$2.onReceive(AccessibilityManagerService.java:361)
E/AndroidRuntime(25895): at android.app.LoadedApk$ReceiverDispatcher$Args.run(LoadedApk.java:866)
E/AndroidRuntime(25895): ... 9 more
V/SynthProxy(27259): About to load libttspico.so, applyFilter=true
D/ExtendedUtils(26889): extended extractor not needed, return default
D/AudioPolicyManager(26889): isOffloadSupported: stream_type != MUSIC, returning false
D/OMXCodec(26889): Successfully allocated OMX node 'OMX.google.vorbis.decoder'
I/ExtendedUtils(26889): decision 1 mime 
I/AudioPlayer(26889): start of Playback, useOffload 0
I/AudioPlayer(26889): Pause Playback at 105333
I/AudioPlayer(26889): reset: mPlaying=0 mReachedEOS=1 useOffload=0
D/Utils (26889): printFileName fd(7) -> /system/media/audio/ui/KeypressSpacebar.ogg
I/AudioPlayer(26889): Pause Playback at 175600
D/VolumeUI(26955): Registering volume controller
I/AudioPlayer(26889): reset: mPlaying=0 mReachedEOS=1 useOffload=0
D/Utils (26889): printFileName fd(13) -> /system/media/audio/ui/Trusted.ogg
D/ExtendedUtils(26889): extended extractor not needed, return default
F/WindowAnimator(25895): Unhandled exception in Window Manager
F/WindowAnimator(25895): java.lang.NullPointerException: Attempt to invoke virtual method 'void android.view.SurfaceControl.setLayer(int)' on a null object reference
F/WindowAnimator(25895): at com.android.server.wm.FocusedStackFrame.setLayer(FocusedStackFrame.java:140)
F/WindowAnimator(25895): at com.android.server.wm.WindowManagerService.setFocusedStackLayer(WindowManagerService.java:3985)
F/WindowAnimator(25895): at com.android.server.wm.WindowAnimator.animateLocked(WindowAnimator.java:708)
F/WindowAnimator(25895): at com.android.server.wm.WindowAnimator.access$000(WindowAnimator.java:54)
F/WindowAnimator(25895): at com.android.server.wm.WindowAnimator$1.run(WindowAnimator.java:126)
F/WindowAnimator(25895): at android.view.Choreographer$CallbackRecord.run(Choreographer.java:767)
F/WindowAnimator(25895): at android.view.Choreographer.doCallbacks(Choreographer.java:580)
F/WindowAnimator(25895): at android.view.Choreographer.doFrame(Choreographer.java:549)
F/WindowAnimator(25895): at android.view.Choreographer$FrameDisplayEventReceiver.run(Choreographer.java:753)
F/WindowAnimator(25895): at android.os.Handler.handleCallback(Handler.java:739)
F/WindowAnimator(25895): at android.os.Handler.dispatchMessage(Handler.java:95)
F/WindowAnimator(25895): at android.os.Looper.loop(Looper.java:135)
F/WindowAnimator(25895): at android.os.HandlerThread.run(HandlerThread.java:61)
F/WindowAnimator(25895): at com.android.server.ServiceThread.run(ServiceThread.java:46)
E/SurfaceFlinger(25799): Permission Denial: can't access SurfaceFlinger pid=25895, uid=1000 I/SVOX Pico Engine(27259): loaded en-US successfully
D/AudioPolicyManager(26889): isOffloadSupported: stream_type != MUSIC, returning false
D/OMXCodec(26889): Successfully allocated OMX node 'OMX.google.vorbis.decoder'
I/ExtendedUtils(26889): decision 1 mime 
I/AudioPlayer(26889): start of Playback, useOffload 0
I/Process (25895): Sending signal. PID: 25895 SIG: 9
D/OpenGLRenderer(27105): Use EGL_SWAP_BEHAVIOR_PRESERVED: true
I/AudioPlayer(26889): Pause Playback at 89333
I/AudioPlayer(26889): reset: mPlaying=0 mReachedEOS=1 useOffload=0
D/ExtendedUtils(26889): extended extractor not needed, return default
D/AudioPolicyManager(26889): isOffloadSupported: stream_type != MUSIC, returning false
I/ContactLocale(27201): AddressBook Labels [en-US]: [, A, B, C, D, E, F, G, H, I, J, K, L, M, N, O, P, Q, R, S, T, U, V, W, X, Y, Z, Α, Β, Γ, Δ, Ε, Ζ, Η, Θ, Ι, Κ, Λ, Μ, Ν, Ξ, Ο, Π, Ρ, Σ, Τ, Υ, Φ, Χ, Ψ, Ω, , А, Б, В, Г, Д, Ђ, Е, Є, Ж, З, И, І, Ї, Й, Ј, К, Л, Љ, М, Н, Њ, О, П, Р, С, Т, Ћ, У, Ф, Х, Ц, Ч, Џ, Ш, Щ, Ю, Я, , א, ב, ג, ד, ה, ו, ז, ח, ט, י, כ, ל, מ, נ, ס, ע, פ, צ, ק, ר, ש, ת, , ا, ب, ت, ث, ج, ح, خ, د, ذ, ر, ز, س, ش, ص, ض, ط, ظ, ع, غ, ف, ق, ك, ل, م, ن, ه, و, ي, , ก, ข, ฃ, ค, ฅ, ฆ, ง, จ, ฉ, ช, ซ, ฌ, ญ, ฎ, ฏ, ฐ, ฑ, ฒ, ณ, ด, ต, ถ, ท, ธ, น, บ, ป, ผ, ฝ, พ, ฟ, ภ, ม, ย, ร, ฤ, ล, ฦ, ว, ศ, ษ, ส, ห, ฬ, อ, ฮ, , ㄱ, ㄴ, ㄷ, ㄹ, ㅁ, ㅂ, ㅅ, ㅇ, ㅈ, ㅊ, ㅋ, ㅌ, ㅍ, ㅎ, , あ, か, さ, た, な, は, ま, や, ら, わ, #, ]
D/OMXCodec(26889): Successfully allocated OMX node 'OMX.google.vorbis.decoder'
I/ExtendedUtils(26889): decision 1 mime 
I/AudioPlayer(26889): start of Playback, useOffload 0
I/ServiceManager(25792): service 'sensorservice' died
I/ServiceManager(25792): service 'batterystats' died
I/ServiceManager(25792): service 'appops' died
I/ServiceManager(25792): service 'power' died
I/ServiceManager(25792): service 'display' died
I/ServiceManager(25792): service 'gfxinfo' died
I/ServiceManager(25792): service 'print' died
I/ServiceManager(25792): service 'battery' died
I/ServiceManager(25792): service 'usagestats' died
I/ServiceManager(25792): service 'webviewupdate' died
I/ServiceManager(25792): service 'scheduling_policy' died
I/ServiceManager(25792): service 'telephony.registry' died
I/ServiceManager(25792): service 'entropy' died
W/AudioFlinger(25801): power manager service died !!!
W/AudioFlinger(25801): power manager service died !!!
W/AudioFlinger(25801): power manager service died !!!
I/ServiceManager(25792): service 'account' died
I/ServiceManager(25792): service 'content' died
I/ServiceManager(25792): service 'vibrator' died
I/ServiceManager(25792): service 'consumer_ir' died
I/ServiceManager(25792): service 'dbinfo' died
I/ServiceManager(25792): service 'cpuinfo' died
I/ServiceManager(25792): service 'permission' died
I/ServiceManager(25792): service 'hardware' died
I/ServiceManager(25792): service 'alarm' died
I/ServiceManager(25792): service 'window' died
I/ServiceManager(25792): service 'dreams' died
I/ServiceManager(25792): service 'input' died
I/ServiceManager(25792): service 'package' died
I/ServiceManager(25792): service 'activity' died
I/ServiceManager(25792): service 'user' died
I/ServiceManager(25792): service 'procstats' died
I/ServiceManager(25792): service 'input_method' died
I/ServiceManager(25792): service 'accessibility' died
I/ServiceManager(25792): service 'mount' died
I/ServiceManager(25792): service 'lock_settings' died
I/ServiceManager(25792): service 'meminfo' died
I/ServiceManager(25792): service 'restrictions' died
I/ServiceManager(25792): service 'wifi' died
I/ServiceManager(25792): service 'device_policy' died
I/ServiceManager(25792): service 'statusbar' died
I/ServiceManager(25792): service 'textservices' died
I/ServiceManager(25792): service 'clipboard' died
I/ServiceManager(25792): service 'network_score' died
I/ServiceManager(25792): service 'netstats' died
I/ServiceManager(25792): service 'netpolicy' died
I/ServiceManager(25792): service 'wifip2p' died
I/ServiceManager(25792): service 'wifiscanner' died
I/ServiceManager(25792): service 'rttmanager' died
I/ServiceManager(25792): service 'connectivity' died
I/ServiceManager(25792): service 'servicediscovery' died
I/ServiceManager(25792): service 'updatelock' died
I/ServiceManager(25792): service 'notification' died
I/ServiceManager(25792): service 'devicestoragemonitor' died
I/ServiceManager(25792): service 'location' died
I/ServiceManager(25792): service 'country_detector' died
I/ServiceManager(25792): service 'search' died
I/ServiceManager(25792): service 'dropbox' died
I/ServiceManager(25792): service 'wallpaper' died
I/ServiceManager(25792): service 'media_session' died
I/ServiceManager(25792): service 'audio' died
I/ServiceManager(25792): service 'DockObserver' died
I/ServiceManager(25792): service 'serial' died
I/ServiceManager(25792): service 'uimode' died
I/ServiceManager(25792): service 'jobscheduler' died
I/ServiceManager(25792): service 'backup' died
I/ServiceManager(25792): service 'appwidget' died
I/ServiceManager(25792): service 'voiceinteraction' died
I/ServiceManager(25792): service 'diskstats' died
I/ServiceManager(25792): service 'samplingprofiler' died
I/ServiceManager(25792): service 'commontime_management' died
I/ServiceManager(25792): service 'assetatlas' died
I/ServiceManager(25792): service 'media_router' died
I/ServiceManager(25792): service 'trust' died
I/ServiceManager(25792): service 'fingerprint' died
I/ServiceManager(25792): service 'launcherapps' died
I/ServiceManager(25792): service 'DigitalPen' died
I/ServiceManager(25792): service 'media_projection' died
I/ServiceManager(25792): service 'PrivacyImpact' died
I/ServiceManager(25792): service 'imms' died
D/AndroidRuntime(26955): Shutting down VM
E/AndroidRuntime(26955): FATAL EXCEPTION: main
E/AndroidRuntime(26955): Process: com.android.systemui, PID: 26955
E/AndroidRuntime(26955): java.lang.RuntimeException: Unable to create service com.android.systemui.SystemUIService: java.lang.NullPointerException: Attempt to invoke interface method 'void android.media.IAudioService.setRingtonePlayer(android.media.IRingtonePlayer)' on a null object reference
E/AndroidRuntime(26955): at android.app.ActivityThread.handleCreateService(ActivityThread.java:2771)
E/AndroidRuntime(26955): at android.app.ActivityThread.access$1800(ActivityThread.java:151)
E/AndroidRuntime(26955): at android.app.ActivityThread$H.handleMessage(ActivityThread.java:1386)
E/AndroidRuntime(26955): at android.os.Handler.dispatchMessage(Handler.java:102)
E/AndroidRuntime(26955): at android.os.Looper.loop(Looper.java:135)
E/AndroidRuntime(26955): at android.app.ActivityThread.main(ActivityThread.java:5254)
E/AndroidRuntime(26955): at java.lang.reflect.Method.invoke(Native Method)
E/AndroidRuntime(26955): at java.lang.reflect.Method.invoke(Method.java:372)
E/AndroidRuntime(26955): at com.android.internal.os.ZygoteInit$MethodAndArgsCaller.run(ZygoteInit.java:904)
E/AndroidRuntime(26955): at com.android.internal.os.ZygoteInit.main(ZygoteInit.java:699)
E/AndroidRuntime(26955): Caused by: java.lang.NullPointerException: Attempt to invoke interface method 'void android.media.IAudioService.setRingtonePlayer(android.media.IRingtonePlayer)' on a null object reference
E/AndroidRuntime(26955): at com.android.systemui.media.RingtonePlayer.start(RingtonePlayer.java:62)
E/AndroidRuntime(26955): at com.android.systemui.SystemUIApplication.startServicesIfNeeded(SystemUIApplication.java:124)
E/AndroidRuntime(26955): at com.android.systemui.SystemUIService.onCreate(SystemUIService.java:31)
E/AndroidRuntime(26955): at android.app.ActivityThread.handleCreateService(ActivityThread.java:2761)
E/AndroidRuntime(26955): ... 9 more
E/AndroidRuntime(26955): Error reporting crash
E/AndroidRuntime(26955): android.os.DeadObjectException
E/AndroidRuntime(26955): at android.os.BinderProxy.transactNative(Native Method)
E/AndroidRuntime(26955): at android.os.BinderProxy.transact(Binder.java:496)
E/AndroidRuntime(26955): at android.app.ActivityManagerProxy.handleApplicationCrash(ActivityManagerNative.java:4207)
E/AndroidRuntime(26955): at com.android.internal.os.RuntimeInit$UncaughtHandler.uncaughtException(RuntimeInit.java:89)
E/AndroidRuntime(26955): at java.lang.ThreadGroup.uncaughtException(ThreadGroup.java:693)
E/AndroidRuntime(26955): at java.lang.ThreadGroup.uncaughtException(ThreadGroup.java:690)
I/Process (26955): Sending signal. PID: 26955 SIG: 9
W/HardwareRenderer(27105): Could not acquire atlas
W/HardwareRenderer(27105): android.os.DeadObjectException
W/HardwareRenderer(27105): at android.os.BinderProxy.transactNative(Native Method)
W/HardwareRenderer(27105): at android.os.BinderProxy.transact(Binder.java:496)
W/HardwareRenderer(27105): at android.view.IAssetAtlas$Stub$Proxy.isCompatible(IAssetAtlas.java:116)
W/HardwareRenderer(27105): at android.view.ThreadedRenderer$AtlasInitializer.init(ThreadedRenderer.java:437)
W/HardwareRenderer(27105): at android.view.ThreadedRenderer.(ThreadedRenderer.java:119)
W/HardwareRenderer(27105): at android.view.HardwareRenderer.create(HardwareRenderer.java:428)
W/HardwareRenderer(27105): at android.view.ViewRootImpl.enableHardwareAcceleration(ViewRootImpl.java:738)
W/HardwareRenderer(27105): at android.view.ViewRootImpl.setView(ViewRootImpl.java:484)
W/HardwareRenderer(27105): at android.view.WindowManagerGlobal.addView(WindowManagerGlobal.java:282)
W/HardwareRenderer(27105): at android.view.WindowManagerImpl.addView(WindowManagerImpl.java:85)
W/HardwareRenderer(27105): at android.app.ActivityThread.handleResumeActivity(ActivityThread.java:3052)
W/HardwareRenderer(27105): at android.app.ActivityThread.handleLaunchActivity(ActivityThread.java:2392)
W/HardwareRenderer(27105): at android.app.ActivityThread.access$800(ActivityThread.java:151)
W/HardwareRenderer(27105): at android.app.ActivityThread$H.handleMessage(ActivityThread.java:1303)
W/HardwareRenderer(27105): at android.os.Handler.dispatchMessage(Handler.java:102)
W/HardwareRenderer(27105): at android.os.Looper.loop(Looper.java:135)
W/HardwareRenderer(27105): at android.app.ActivityThread.main(ActivityThread.java:5254)
W/HardwareRenderer(27105): at java.lang.reflect.Method.invoke(Native Method)
W/HardwareRenderer(27105): at java.lang.reflect.Method.invoke(Method.java:372)
W/HardwareRenderer(27105): at com.android.internal.os.ZygoteInit$MethodAndArgsCaller.run(ZygoteInit.java:904)
W/HardwareRenderer(27105): at com.android.internal.os.ZygoteInit.main(ZygoteInit.java:699)
D/AndroidRuntime(27105): Shutting down VM
E/AndroidRuntime(27105): FATAL EXCEPTION: main
E/AndroidRuntime(27105): Process: com.fairphone.setupwizard, PID: 27105
E/AndroidRuntime(27105): java.lang.RuntimeException: Adding window failed
E/AndroidRuntime(27105): at android.view.ViewRootImpl.setView(ViewRootImpl.java:538)
E/AndroidRuntime(27105): at android.view.WindowManagerGlobal.addView(WindowManagerGlobal.java:282)
E/AndroidRuntime(27105): at android.view.WindowManagerImpl.addView(WindowManagerImpl.java:85)
E/AndroidRuntime(27105): at android.app.ActivityThread.handleResumeActivity(ActivityThread.java:3052)
E/AndroidRuntime(27105): at android.app.ActivityThread.handleLaunchActivity(ActivityThread.java:2392)
E/AndroidRuntime(27105): at android.app.ActivityThread.access$800(ActivityThread.java:151)
E/AndroidRuntime(27105): at android.app.ActivityThread$H.handleMessage(ActivityThread.java:1303)
E/AndroidRuntime(27105): at android.os.Handler.dispatchMessage(Handler.java:102)
E/AndroidRuntime(27105): at android.os.Looper.loop(Looper.java:135)
E/AndroidRuntime(27105): at android.app.ActivityThread.main(ActivityThread.java:5254)
E/AndroidRuntime(27105): at java.lang.reflect.Method.invoke(Native Method)
E/AndroidRuntime(27105): at java.lang.reflect.Method.invoke(Method.java:372)
E/AndroidRuntime(27105): at com.android.internal.os.ZygoteInit$MethodAndArgsCaller.run(ZygoteInit.java:904)
E/AndroidRuntime(27105): at com.android.internal.os.ZygoteInit.main(ZygoteInit.java:699)
E/AndroidRuntime(27105): Caused by: android.os.DeadObjectException
E/AndroidRuntime(27105): at android.os.BinderProxy.transactNative(Native Method)
E/AndroidRuntime(27105): at android.os.BinderProxy.transact(Binder.java:496)
E/AndroidRuntime(27105): at android.view.IWindowSession$Stub$Proxy.addToDisplay(IWindowSession.java:742)
E/AndroidRuntime(27105): at android.view.ViewRootImpl.setView(ViewRootImpl.java:527)
E/AndroidRuntime(27105): ... 13 more
E/AndroidRuntime(27105): Error reporting crash
E/AndroidRuntime(27105): android.os.DeadObjectException
E/AndroidRuntime(27105): at android.os.BinderProxy.transactNative(Native Method)
E/AndroidRuntime(27105): at android.os.BinderProxy.transact(Binder.java:496)
E/AndroidRuntime(27105): at android.app.ActivityManagerProxy.handleApplicationCrash(ActivityManagerNative.java:4207)
E/AndroidRuntime(27105): at com.android.internal.os.RuntimeInit$UncaughtHandler.uncaughtException(RuntimeInit.java:89)
E/AndroidRuntime(27105): at java.lang.ThreadGroup.uncaughtException(ThreadGroup.java:693)
E/AndroidRuntime(27105): at java.lang.ThreadGroup.uncaughtException(ThreadGroup.java:690)
I/Process (27105): Sending signal. PID: 27105 SIG: 9
I/AudioPlayer(26889): Pause Playback at 60000
I/AudioPlayer(26889): reset: mPlaying=0 mReachedEOS=1 useOffload=0
E/DatabaseUtils(27201): Writing exception to parcel
E/DatabaseUtils(27201): java.lang.SecurityException: Neither user 10039 nor current process has android.permission.READ_PROFILE.
E/DatabaseUtils(27201): at android.app.ContextImpl.enforce(ContextImpl.java:1917)
E/DatabaseUtils(27201): at android.app.ContextImpl.enforceCallingOrSelfPermission(ContextImpl.java:1946)
E/DatabaseUtils(27201): at com.android.providers.contacts.ProfileProvider.enforceReadPermission(ProfileProvider.java:54)
E/DatabaseUtils(27201): at com.android.providers.contacts.ProfileProvider.query(ProfileProvider.java:84)
E/DatabaseUtils(27201): at com.android.providers.contacts.ContactsProvider2.query(ContactsProvider2.java:5028)
E/DatabaseUtils(27201): at android.content.ContentProvider$Transport.query(ContentProvider.java:215)
E/DatabaseUtils(27201): at android.content.ContentProviderNative.onTransact(ContentProviderNative.java:112)
E/DatabaseUtils(27201): at android.os.Binder.execTransact(Binder.java:446)
E/AndroidRuntime(26980): FATAL EXCEPTION: Executor - contacts.en_US
E/AndroidRuntime(26980): Process: com.android.inputmethod.latin, PID: 26980
E/AndroidRuntime(26980): java.lang.SecurityException: Neither user 10039 nor current process has android.permission.READ_PROFILE.
E/AndroidRuntime(26980): at android.os.Parcel.readException(Parcel.java:1546)
E/AndroidRuntime(26980): at android.database.DatabaseUtils.readExceptionFromParcel(DatabaseUtils.java:185)
E/AndroidRuntime(26980): at android.database.DatabaseUtils.readExceptionFromParcel(DatabaseUtils.java:137)
E/AndroidRuntime(26980): at android.content.ContentProviderProxy.query(ContentProviderNative.java:421)
E/AndroidRuntime(26980): at android.content.ContentResolver.query(ContentResolver.java:478)
E/AndroidRuntime(26980): at android.content.ContentResolver.query(ContentResolver.java:422)
E/AndroidRuntime(26980): at com.android.inputmethod.latin.ContactsBinaryDictionary.loadDictionaryForUriLocked(ContactsBinaryDictionary.java:148)
E/AndroidRuntime(26980): at com.android.inputmethod.latin.ContactsBinaryDictionary.loadInitialContentsLocked(ContactsBinaryDictionary.java:123)
E/AndroidRuntime(26980): at com.android.inputmethod.latin.ExpandableBinaryDictionary.createNewDictionaryLocked(ExpandableBinaryDictionary.java:562)
E/AndroidRuntime(26980): at com.android.inputmethod.latin.ExpandableBinaryDictionary.access$700(ExpandableBinaryDictionary.java:53)
E/AndroidRuntime(26980): at com.android.inputmethod.latin.ExpandableBinaryDictionary$12.run(ExpandableBinaryDictionary.java:605)
E/AndroidRuntime(26980): at com.android.inputmethod.latin.ExpandableBinaryDictionary$1.run(ExpandableBinaryDictionary.java:194)
E/AndroidRuntime(26980): at java.util.concurrent.ThreadPoolExecutor.runWorker(ThreadPoolExecutor.java:1112)
E/AndroidRuntime(26980): at java.util.concurrent.ThreadPoolExecutor$Worker.run(ThreadPoolExecutor.java:587)
E/AndroidRuntime(26980): at java.lang.Thread.run(Thread.java:818)
E/AndroidRuntime(27201): FATAL EXCEPTION: ContactsProviderWorker
E/AndroidRuntime(27201): Process: android.process.acore, PID: 27201
E/AndroidRuntime(27201): java.lang.NullPointerException: Attempt to invoke interface method 'android.accounts.Account[] android.accounts.IAccountManager.getAccounts(java.lang.String)' on a null object reference
E/AndroidRuntime(27201): at android.accounts.AccountManager.getAccounts(AccountManager.java:407)
E/AndroidRuntime(27201): at com.android.providers.contacts.ContactsProvider2.performBackgroundTask(ContactsProvider2.java:1667)
E/AndroidRuntime(27201): at com.android.providers.contacts.ContactsProvider2$1.handleMessage(ContactsProvider2.java:1496)
E/AndroidRuntime(27201): at android.os.Handler.dispatchMessage(Handler.java:102)
E/AndroidRuntime(27201): at android.os.Looper.loop(Looper.java:135)
E/AndroidRuntime(27201): at android.os.HandlerThread.run(HandlerThread.java:61)
E/AndroidRuntime(26980): Error reporting crash
E/AndroidRuntime(26980): android.os.DeadObjectException
E/AndroidRuntime(26980): at android.os.BinderProxy.transactNative(Native Method)
E/AndroidRuntime(26980): at android.os.BinderProxy.transact(Binder.java:496)
E/AndroidRuntime(26980): at android.app.ActivityManagerProxy.handleApplicationCrash(ActivityManagerNative.java:4207)
E/AndroidRuntime(26980): at com.android.internal.os.RuntimeInit$UncaughtHandler.uncaughtException(RuntimeInit.java:89)
E/AndroidRuntime(26980): at java.lang.ThreadGroup.uncaughtException(ThreadGroup.java:693)
E/AndroidRuntime(26980): at java.lang.ThreadGroup.uncaughtException(ThreadGroup.java:690)
I/Process (26980): Sending signal. PID: 26980 SIG: 9
E/AndroidRuntime(27201): Error reporting crash
E/AndroidRuntime(27201): android.os.DeadObjectException
E/AndroidRuntime(27201): at android.os.BinderProxy.transactNative(Native Method)
E/AndroidRuntime(27201): at android.os.BinderProxy.transact(Binder.java:496)
E/AndroidRuntime(27201): at android.app.ActivityManagerProxy.handleApplicationCrash(ActivityManagerNative.java:4207)
E/AndroidRuntime(27201): at com.android.internal.os.RuntimeInit$UncaughtHandler.uncaughtException(RuntimeInit.java:89)
E/AndroidRuntime(27201): at java.lang.ThreadGroup.uncaughtException(ThreadGroup.java:693)
E/AndroidRuntime(27201): at java.lang.ThreadGroup.uncaughtException(ThreadGroup.java:690)
I/Process (27201): Sending signal. PID: 27201 SIG: 9
E/installd(23575): eof
E/installd(23575): failed to read size
I/installd(23575): closing connection
I/lowmemorykiller( 744): ActivityManager disconnected
I/lowmemorykiller( 744): Closing Activity Manager data connection
E/LocSvc_ApiV02(24797): I/<--- void globalEventCb(locClientHandleType, uint32_t, locClientEventIndUnionType, void*) line 81 QMI_LOC_EVENT_POSITION_REPORT_IND_V02
E/NetlinkListener(25802): recvmsg failed (I/O error)
E/NetlinkListener( 741): recvmsg failed (I/O error)
E/NetlinkListener(25802): recvmsg failed (I/O error)
E/NetlinkListener( 741): recvmsg failed (I/O error)
E/Zygote (25800): Exit zygote because system server (25895) has terminated
V/WLAN_PSA( 673): NL MSG, len[048], NL type[0x11] WNI type[0x5050] len[028]
V/WLAN_PSA( 673): NL MSG, PID: 673
I/ServiceManager(25792): service 'media.audio_flinger' died
I/ServiceManager(25792): service 'media.sound_trigger_hw' died
W/AudioSystem(26889): AudioFlinger server died!
I/Netd (27336): Netd 1.0 starting
D/MDnsDS (27336): MDnsSdListener::Hander starting up
D/MDnsDS (27336): MDnsSdListener starting to monitor
D/MDnsDS (27336): Going to poll with pollCount 1
E/NetlinkListener( 741): recvmsg failed (I/O error)
E/NetlinkListener(27336): recvmsg failed (I/O error)
E/NetlinkListener(27336): recvmsg failed (I/O error)
E/NetlinkListener( 741): recvmsg failed (I/O error)
D/AndroidRuntime(27335): >>>>>> START com.android.internal.os.ZygoteInit uid 0 <<<<<<
D/AndroidRuntime(27335): CheckJNI is OFF
I/art (27335): option[0]=-Xzygote
I/art (27335): option[1]=-Xstacktracefile:/data/anr/traces.txt
I/art (27335): option[2]=exit
I/art (27335): option[3]=vfprintf
I/art (27335): option[4]=sensitiveThread
I/art (27335): option[5]=-verbose:gc
I/art (27335): option[6]=-Xms8m
I/art (27335): option[7]=-Xmx256m
I/art (27335): option[8]=-XX:mainThreadStackSize=24K
I/art (27335): option[9]=-XX:HeapGrowthLimit=128m
I/art (27335): option[10]=-XX:HeapMinFree=2m
I/art (27335): option[11]=-XX:HeapMaxFree=8m
I/art (27335): option[12]=-XX:HeapTargetUtilization=0.75
I/art (27335): option[13]=-agentlib:jdwp=transport=dt_android_adb,suspend=n,server=y
I/art (27335): option[14]=-Xlockprofthreshold:500
I/art (27335): option[15]=-Ximage-compiler-option
I/art (27335): option[16]=--runtime-arg
I/art (27335): option[17]=-Ximage-compiler-option
I/art (27335): option[18]=-Xms64m
I/art (27335): option[19]=-Ximage-compiler-option
I/art (27335): option[20]=--runtime-arg
I/art (27335): option[21]=-Ximage-compiler-option
I/art (27335): option[22]=-Xmx64m
I/art (27335): option[23]=-Ximage-compiler-option
I/art (27335): option[24]=--image-classes=/system/etc/preloaded-classes
I/art (27335): option[25]=-Xcompiler-option
I/art (27335): option[26]=--runtime-arg
I/art (27335): option[27]=-Xcompiler-option
I/art (27335): option[28]=-Xms64m
I/art (27335): option[29]=-Xcompiler-option
I/art (27335): option[30]=--runtime-arg
I/art (27335): option[31]=-Xcompiler-option
I/art (27335): option[32]=-Xmx512m
I/art (27335): option[33]=-Duser.language=en
I/art (27335): option[34]=-Duser.region=US
W/art (27335): Incomplete boot detected. Pruning dalvik cache
V/MediaUtils(27337): physMem: 1961033728
V/MediaUtils(27337): requested limit: 1274671905
V/MediaUtils(27337): actual limit: 1274671905
V/MediaUtils(27337): original limits: 4294967295/4294967295
V/MediaUtils(27337): new limits: 1274671905/4294967295
I/mediaserver(27337): ServiceManager: 0xb58700c0
I/AudioFlinger(27337): Using default 3000 mSec as standby time.
I/AudioPolicyService(27337): AudioPolicyService CSTOR in new mode
I/AudioPolicyManager(27337): loadAudioPolicyConfig() loaded /system/etc/audio_policy.conf
D/audio_hw_primary(27337): adev_open: enter
E/audio_route(27337): Control 'SLIMBUS_0_RX Port Mixer INT_BT_SCO_TX' doesn't exist - skipping
E/audio_route(27337): Control 'INTERNAL_BT_SCO_RX Audio Mixer Multimedia6' doesn't exist - skipping
E/audio_route(27337): Control 'MultiMedia4 Mixer MI2S_TX' doesn't exist - skipping
E/audio_route(27337): Control 'RX4 DSM MUX' doesn't exist - skipping
E/audio_route(27337): Control 'RX6 DSM MUX' doesn't exist - skipping
E/audio_route(27337): Control 'RX4 DSM MUX' doesn't exist - skipping
E/audio_route(27337): Control 'RX6 DSM MUX' doesn't exist - skipping
D/msm8974_platform(27337): platform_init: Opened sound card:0
D/ACDB-LOADER(27337): ACDB -> Load file: /etc/acdbdata/MTP/MTP_Bluetooth_cal.acdb
D/ACDB-LOADER(27337): ACDB -> Load file: /etc/acdbdata/MTP/MTP_General_cal.acdb
D/ACDB-LOADER(27337): ACDB -> Load file: /etc/acdbdata/MTP/MTP_Global_cal.acdb
D/ACDB-LOADER(27337): ACDB -> Load file: /etc/acdbdata/MTP/MTP_Handset_cal.acdb
D/ACDB-LOADER(27337): ACDB -> Load file: /etc/acdbdata/MTP/MTP_Hdmi_cal.acdb
D/ACDB-LOADER(27337): ACDB -> Load file: /etc/acdbdata/MTP/MTP_Headset_cal.acdb
D/ACDB-LOADER(27337): ACDB -> Load file: /etc/acdbdata/MTP/MTP_Speaker_cal.acdb
D/ACDB-LOADER(27337): ACDB -> ACDB_CMD_INITIALIZE_V2
D/ (27337): [ACDB Command]->SW Minor/Major/Revision version mismatch warning /etc/acdbdata/MTP/MTP_Bluetooth_cal.acdb
D/ (27337): [ACDB Command]->ACDB Sw Major = 3, ACDB Sw Minor = 0, ACDB Sw Revision = 0
D/ (27337): [ACDB Command]->ACDB File Major = 3, ACDB File Minor = 0, ACDB File Revision = 2
D/ (27337): [ACDB Command]->SW Minor/Major/Revision version mismatch warning /etc/acdbdata/MTP/MTP_General_cal.acdb
D/ (27337): [ACDB Command]->ACDB Sw Major = 3, ACDB Sw Minor = 0, ACDB Sw Revision = 0
D/ (27337): [ACDB Command]->ACDB File Major = 3, ACDB File Minor = 0, ACDB File Revision = 2
D/ (27337): [ACDB Command]->SW Minor/Major/Revision version mismatch warning /etc/acdbdata/MTP/MTP_Global_cal.acdb
D/ (27337): [ACDB Command]->ACDB Sw Major = 3, ACDB Sw Minor = 0, ACDB Sw Revision = 0
D/ (27337): [ACDB Command]->ACDB File Major = 3, ACDB File Minor = 0, ACDB File Revision = 2
D/ (27337): [ACDB Command]->SW Minor/Major/Revision version mismatch warning /etc/acdbdata/MTP/MTP_Handset_cal.acdb
D/ (27337): [ACDB Command]->ACDB Sw Major = 3, ACDB Sw Minor = 0, ACDB Sw Revision = 0
D/ (27337): [ACDB Command]->ACDB File Major = 3, ACDB File Minor = 0, ACDB File Revision = 2
D/ (27337): [ACDB Command]->SW Minor/Major/Revision version mismatch warning /etc/acdbdata/MTP/MTP_Hdmi_cal.acdb
D/ (27337): [ACDB Command]->ACDB Sw Major = 3, ACDB Sw Minor = 0, ACDB Sw Revision = 0
D/ (27337): [ACDB Command]->ACDB File Major = 3, ACDB File Minor = 0, ACDB File Revision = 2
D/ (27337): [ACDB Command]->SW Minor/Major/Revision version mismatch warning /etc/acdbdata/MTP/MTP_Headset_cal.acdb
D/ (27337): [ACDB Command]->ACDB Sw Major = 3, ACDB Sw Minor = 0, ACDB Sw Revision = 0
D/ (27337): [ACDB Command]->ACDB File Major = 3, ACDB File Minor = 0, ACDB File Revision = 2
D/ (27337): [ACDB Command]->SW Minor/Major/Revision version mismatch warning /etc/acdbdata/MTP/MTP_Speaker_cal.acdb
D/ (27337): [ACDB Command]->ACDB Sw Major = 3, ACDB Sw Minor = 0, ACDB Sw Revision = 0
D/ (27337): [ACDB Command]->ACDB File Major = 3, ACDB File Minor = 0, ACDB File Revision = 2
D/ACDB-LOADER(27337): ACDB -> ACPH INIT
D/ (27337): [ACPH]->Online service registered with ACPH
D/ (27337): [ACPH]->ACPH init success
D/ACDB-LOADER(27337): ACDB -> RTAC INIT
D/ (27337): [ACPH]->DSP RTC service registered with ACPH
D/ACDB-LOADER(27337): ACDB -> ADIE RTAC INIT
D/ (27337): [ACPH]->ADIE RTC service registered with ACPH
D/ACDB-LOADER(27337): No existing ION info in ACDB driver
D/ACDB-LOADER(27337): ACDB -> ION_IOC_ALLOC
D/ACDB-LOADER(27337): ACDB -> ION_IOC_SHARE
D/ACDB-LOADER(27337): ACDB -> MMAP ADDR
D/ACDB-LOADER(27337): ACDB -> register MEM to ACDB driver: 0xb6005000
D/ACDB-LOADER(27337): ACDB -> send_asm_topology
D/ACDB-LOADER(27337): ACDB -> ACDB_CMD_GET_AUDPROC_STREAM_TOPOLOGY_ID
D/ACDB-LOADER(27337): ACDB -> send_adm_custom_topology
D/ACDB-LOADER(27337): ACDB -> ACDB_CMD_GET_AUDIO_COPP_TOPOLOGIES
D/ (27337): ACDBFILE_MGR: Property for the pid 00012E47 not found
D/ (27337): ACDB_COMMAND: Failed to fetch the property info for pid 00012E47
E/ACDB-LOADER(27337): Error: ACDB get adm topologies returned = -18
D/ACDB-LOADER(27337): ACDB -> AUDIO_SET_ADM_CUSTOM_TOPOLOGY
D/ACDB-LOADER(27337): ACDB -> send_asm_custom_topology
D/ACDB-LOADER(27337): ACDB -> ACDB_CMD_GET_AUDIO_POPP_TOPOLOGIES
D/ACDB-LOADER(27337): ACDB -> AUDIO_SET_ASM_CUSTOM_TOPOLOGY
D/ACDB-LOADER(27337): ACDB -> init done!
D/platform_parser(27337): platform_info_init: Failed to open /system/etc/platform_info.xml, using defaults.
D/audio_hw_spkr_prot(27337): audio_extn_spkr_prot_init: Initialize speaker protection module
D/audio_hw_spkr_prot(27337): audio_extn_spkr_prot_init: Speaker protection disabled
E/msm8974_platform(27337): hw_util_open Opening device /dev/snd/hwC0D1000
E/msm8974_platform(27337): hw_util_open success
D/ACDB-LOADER(27337): ACDB -> ACDB_CMD_GET_ANC_SETTING
D/ACDB-LOADER(27337): ACDB -> ACDB_CMD_GET_ANC_SETTING
D/ACDB-LOADER(27337): ACDB -> ACDB_CMD_GET_ANC_SETTING
D/ACDB-LOADER(27337): ACDB -> ACDB_CMD_GET_ANC_SETTING
D/ACDB-LOADER(27337): ACDB -> ACDB_CMD_GET_ANC_SETTING
D/ACDB-LOADER(27337): ACDB -> ACDB_CMD_GET_ANC_SETTING
D/ACDB-LOADER(27337): ACDB -> ACDB_CMD_GET_ANC_SETTING
E/msm8974_platform(27337): send_codec_cal cal sent for anc_cal
E/ACDB-LOADER(27337): ACDB -> send_codec_cal
D/ACDB-LOADER(27337): ACDB -> ACDB_CMD_GET_CODEC_CAL_DATA
E/msm8974_platform(27337): send_codec_cal cal sent for mad_cal
D/ACDB-LOADER(27337): send mbhc data
D/ACDB-LOADER(27337): ACDB -> MBHC ACDB_PID_GENERAL_CONFIG
D/ACDB-LOADER(27337): ACDB -> MBHC ACDB_PID_PLUG_REMOVAL_DETECTION
D/ACDB-LOADER(27337): ACDB -> MBHC ACDB_PID_PLUG_TYPE_DETECTION
D/ACDB-LOADER(27337): ACDB -> MBHC ACDB_PID_BUTTON_PRESS_DETECTION
D/ACDB-LOADER(27337): ACDB -> MBHC ACDB_PID_IMPEDANCE_DETECTION
E/msm8974_platform(27337): send_codec_cal cal sent for mbhc_cal
I/AudioFlinger(27337): loadHwModule() Loaded primary audio interface from QCOM Audio HAL (audio) handle 1
D/audio_hw_primary(27337): adev_open_output_stream: enter: sample_rate(48000) channel_mask(0x3) devices(0x2) flags(0x2) stream_handle(0xb58809c0)
D/audio_hw_primary(27337): adev_open_output_stream: Stream (0xb58809c0) picks up usecase (deep-buffer-playback)
I/AudioFlinger(27337): HAL output buffer size 960 frames, normal sink buffer size 960 frames
I/AudioMixer(27337): found effect "Multichannel Downmix To Stereo" from The Android Open Source Project
I/AudioFlinger(27337): Using module 1 has the primary audio interface
E/AudioPolicyManager(27337): unknown stream type 13
E/AudioPolicyManager(27337): unknown stream type 13
E/AudioPolicyManager(27337): unknown stream type 13
I/AudioFlinger(27337): AudioFlinger's thread 0xb59e5000 ready to run
W/AudioFlinger(27337): Thread AudioOut_2 cannot connect to the power manager service
D/audio_hw_primary(27337): out_set_parameters: enter: usecase(0: deep-buffer-playback) kvpairs: routing=2
D/audio_hw_extn(27337): audio_extn_set_anc_parameters: anc_enabled:0
D/audio_hw_primary(27337): out_standby: enter: stream (0xb58809c0) usecase(0: deep-buffer-playback)
W/AudioFlinger(27337): Thread AudioOut_2 cannot connect to the power manager service
W/AudioFlinger(27337): Thread AudioOut_2 cannot connect to the power manager service
E/AudioFlinger(27337): no wake lock to update!
D/audio_hw_primary(27337): out_set_parameters: enter: usecase(0: deep-buffer-playback) kvpairs: fm_volume=0.0000000000
D/audio_hw_extn(27337): audio_extn_set_anc_parameters: anc_enabled:0
D/audio_hw_fm(27337): audio_extn_fm_set_parameters: set_fm_volume usecase
D/audio_hw_fm(27337): fm_set_volume: (0.000000)
E/AudioPolicyManager(27337): unknown stream type 13
D/audio_hw_primary(27337): adev_open_output_stream: enter: sample_rate(48000) channel_mask(0x3) devices(0x2) flags(0x4) stream_handle(0xb5880b00)
D/audio_hw_primary(27337): adev_open_output_stream: Stream (0xb5880b00) picks up usecase (low-latency-playback)
I/AudioFlinger(27337): HAL output buffer size 240 frames, normal sink buffer size 960 frames
E/MonoPipe(27337): Failed to fetch local time frequency when constructing a MonoPipe (res = -32). getNextWriteTimestamp calls will be non-functional
E/NetlinkListener(27336): recvmsg failed (I/O error)
E/NetlinkListener( 741): recvmsg failed (I/O error)
W/art (27335): Invalid image header in '/data/dalvik-cache/arm/system@framework@boot.art'
I/art (27335): Pruning dalvik-cache since we are generating an image and will need to recompile
I/art (27335): Using an offset of 0xff5ae000 from default art base address of 0x70000000
I/art (27335): GenerateImage: /system/bin/dex2oat --image=/data/dalvik-cache/arm/system@framework@boot.art --dex-file=/system/framework/core-libart.jar --dex-file=/system/framework/conscrypt.jar --dex-file=/system/framework/okhttp.jar --dex-file=/system/framework/core-junit.jar --dex-file=/system/framework/bouncycastle.jar --dex-file=/usr/libexec/sfdroid/system/framework/ext.jar --dex-file=/usr/libexec/sfdroid/system/framework/framework.jar --dex-file=/system/framework/telephony-common.jar --dex-file=/system/framework/voip-common.jar --dex-file=/system/framework/ims-common.jar --dex-file=/system/framework/mms-common.jar --dex-file=/system/framework/android.policy.jar --dex-file=/system/framework/apache-xml.jar --dex-file=/system/framework/qcmediaplayer.jar --dex-file=/system/framework/org.codeaurora.Performance.jar --dex-file=/system/framework/vcard.jar --dex-file=/system/framework/tcmiface.jar --dex-file=/system/framework/WfdCommon.jar --dex-file=/system/framework/qcom.fmradio.jar --dex-file=/system/framework/security-bri
I/dex2oat (27366): /system/bin/dex2oat --image=/data/dalvik-cache/arm/system@framework@boot.art --dex-file=/system/framework/core-libart.jar --dex-file=/system/framework/conscrypt.jar --dex-file=/system/framework/okhttp.jar --dex-file=/system/framework/core-junit.jar --dex-file=/system/framework/bouncycastle.jar --dex-file=/usr/libexec/sfdroid/system/framework/ext.jar --dex-file=/usr/libexec/sfdroid/system/framework/framework.jar --dex-file=/system/framework/telephony-common.jar --dex-file=/system/framework/voip-common.jar --dex-file=/system/framework/ims-common.jar --dex-file=/system/framework/mms-common.jar --dex-file=/system/framework/android.policy.jar --dex-file=/system/framework/apache-xml.jar --dex-file=/system/framework/qcmediaplayer.jar --dex-file=/system/framework/org.codeaurora.Performance.jar --dex-file=/system/framework/vcard.jar --dex-file=/system/framework/tcmiface.jar --dex-file=/system/framework/WfdCommon.jar --dex-file=/system/framework/qcom.fmradio.jar --dex-file=/system/framework/security-bridge.jar --dex-f
E/LocSvc_ApiV02(24797): I/<--- void globalEventCb(locClientHandleType, uint32_t, locClientEventIndUnionType, void*) line 81 QMI_LOC_EVENT_POSITION_REPORT_IND_V02
E/NetlinkListener(27336): recvmsg failed (I/O error)
E/NetlinkListener( 741): recvmsg failed (I/O error)
E/QCALOG ( 1035): [MessageQ] ProcessNewMessage: [LOWI-SERVER] unknown deliver target [OS-Agent]
E/LocSvc_ApiV02(24797): I/<--- void globalEventCb(locClientHandleType, uint32_t, locClientEventIndUnionType, void*) line 81 QMI_LOC_EVENT_POSITION_REPORT_IND_V02
E/NetlinkListener( 741): recvmsg failed (I/O error)
E/NetlinkListener(27336): recvmsg failed (I/O error)
E/NetlinkListener( 741): recvmsg failed (I/O error)
E/NetlinkListener(27336): recvmsg failed (I/O error)
E/LocSvc_ApiV02(24797): I/<--- void globalEventCb(locClientHandleType, uint32_t, locClientEventIndUnionType, void*) line 81 QMI_LOC_EVENT_POSITION_REPORT_IND_V02
W/dex2oat (27366): Skipping class org.codeaurora.camera.ExtendedFace from /system/framework/org.codeaurora.Performance.jar previously found in /usr/libexec/sfdroid/system/framework/framework.jar:classes2.dex
W/dex2oat (27366): Skipping class org.codeaurora.Performance from /system/framework/org.codeaurora.Performance.jar previously found in /usr/libexec/sfdroid/system/framework/framework.jar:classes2.dex
W/dex2oat (27366): Skipping class org.codeaurora.camera.QCFace from /system/framework/org.codeaurora.Performance.jar previously found in /usr/libexec/sfdroid/system/framework/framework.jar:classes2.dex
E/LocSvc_ApiV02(24797): I/<--- void globalEventCb(locClientHandleType, uint32_t, locClientEventIndUnionType, void*) line 81 QMI_LOC_EVENT_POSITION_REPORT_IND_V02
V/WLAN_PSA( 673): NL MSG, len[4082], NL type[0x1C] WNI type[0x5900] len[55823]
V/WLAN_PSA( 673): NL MSG, PID: 673
E/LocSvc_ApiV02(24797): I/<--- void globalEventCb(locClientHandleType, uint32_t, locClientEventIndUnionType, void*) line 81 QMI_LOC_EVENT_POSITION_REPORT_IND_V02
E/NetlinkListener(27336): recvmsg failed (I/O error)
E/NetlinkListener( 741): recvmsg failed (I/O error)
E/NetlinkListener( 741): recvmsg failed (I/O error)
E/NetlinkListener(27336): recvmsg failed (I/O error)
V/WLAN_PSA( 673): NL MSG, len[048], NL type[0x11] WNI type[0x5050] len[028]
V/WLAN_PSA( 673): NL MSG, PID: 673
E/LocSvc_ApiV02(24797): I/<--- void globalEventCb(locClientHandleType, uint32_t, locClientEventIndUnionType, void*) line 81 QMI_LOC_EVENT_POSITION_REPORT_IND_V02
E/LocSvc_ApiV02(24797): I/<--- void globalEventCb(locClientHandleType, uint32_t, locClientEventIndUnionType, void*) line 81 QMI_LOC_EVENT_POSITION_REPORT_IND_V02
E/NetlinkListener(27336): recvmsg failed (I/O error)
E/NetlinkListener( 741): recvmsg failed (I/O error)
W/dex2oat (27366): Skipping class org.codeaurora.Performance from /system/framework/org.codeaurora.Performance.jar previously found in /usr/libexec/sfdroid/system/framework/framework.jar:classes2.dex
W/dex2oat (27366): Skipping class org.codeaurora.camera.QCFace from /system/framework/org.codeaurora.Performance.jar previously found in /usr/libexec/sfdroid/system/framework/framework.jar:classes2.dex
W/dex2oat (27366): Skipping class org.codeaurora.camera.ExtendedFace from /system/framework/org.codeaurora.Performance.jar previously found in /usr/libexec/sfdroid/system/framework/framework.jar:classes2.dex
E/LocSvc_ApiV02(24797): I/<--- void globalEventCb(locClientHandleType, uint32_t, locClientEventIndUnionType, void*) line 81 QMI_LOC_EVENT_POSITION_REPORT_IND_V02
E/NetlinkListener(27336): recvmsg failed (I/O error)
E/NetlinkListener( 741): recvmsg failed (I/O error)
V/WLAN_PSA( 673): NL MSG, len[4025], NL type[0x1C] WNI type[0x5900] len[41231]
V/WLAN_PSA( 673): NL MSG, PID: 673
E/LocSvc_ApiV02(24797): I/<--- void globalEventCb(locClientHandleType, uint32_t, locClientEventIndUnionType, void*) line 81 QMI_LOC_EVENT_POSITION_REPORT_IND_V02
E/LocSvc_eng(24797): I/===> int loc_eng_inject_location(loc_eng_data_s_type&, double, double, float) line 2033
E/LocSvc_eng(24797): I/===> int loc_eng_inject_location(loc_eng_data_s_type&, double, double, float) line 2033
E/LocSvc_eng(24797): I/===> int loc_eng_inject_location(loc_eng_data_s_type&, double, double, float) line 2033
W/dex2oat (27366): Skipping class org.codeaurora.Performance from /system/framework/org.codeaurora.Performance.jar previously found in /usr/libexec/sfdroid/system/framework/framework.jar:classes2.dex
W/dex2oat (27366): Skipping class org.codeaurora.camera.ExtendedFace from /system/framework/org.codeaurora.Performance.jar previously found in /usr/libexec/sfdroid/system/framework/framework.jar:classes2.dex
W/dex2oat (27366): Skipping class org.codeaurora.camera.QCFace from /system/framework/org.codeaurora.Performance.jar previously found in /usr/libexec/sfdroid/system/framework/framework.jar:classes2.dex
E/LocSvc_ApiV02(24797): I/<--- void globalEventCb(locClientHandleType, uint32_t, locClientEventIndUnionType, void*) line 81 QMI_LOC_EVENT_POSITION_REPORT_IND_V02
I/dex2oat (27366): Explicit concurrent mark sweep GC freed 43559(5MB) AllocSpace objects, 0(0B) LOS objects, 15% free, 21MB/25MB, paused 159us total 118.177ms
V/WLAN_PSA( 673): NL MSG, len[048], NL type[0x11] WNI type[0x5050] len[028]
V/WLAN_PSA( 673): NL MSG, PID: 673
E/NetlinkListener( 741): recvmsg failed (I/O error)
E/NetlinkListener(27336): recvmsg failed (I/O error)
E/NetlinkListener(27336): recvmsg failed (I/O error)
E/NetlinkListener( 741): recvmsg failed (I/O error)
E/LocSvc_ApiV02(24797): I/<--- void globalEventCb(locClientHandleType, uint32_t, locClientEventIndUnionType, void*) line 81 QMI_LOC_EVENT_POSITION_REPORT_IND_V02
E/LocSvc_ApiV02(24797): I/<--- void globalEventCb(locClientHandleType, uint32_t, locClientEventIndUnionType, void*) line 81 QMI_LOC_EVENT_POSITION_REPORT_IND_V02
E/LocSvc_ApiV02(24797): I/<--- void globalEventCb(locClientHandleType, uint32_t, locClientEventIndUnionType, void*) line 81 QMI_LOC_EVENT_POSITION_REPORT_IND_V02
I/dex2oat (27366): Method exceeds compiler instruction limit: 21296 in void org.ccil.cowan.tagsoup.HTMLSchema.()
E/LocSvc_ApiV02(24797): I/<--- void globalEventCb(locClientHandleType, uint32_t, locClientEventIndUnionType, void*) line 81 QMI_LOC_EVENT_POSITION_REPORT_IND_V02
V/WLAN_PSA( 673): NL MSG, len[4077], NL type[0x1C] WNI type[0x5900] len[54543]
V/WLAN_PSA( 673): NL MSG, PID: 673
E/LocSvc_ApiV02(24797): I/<--- void globalEventCb(locClientHandleType, uint32_t, locClientEventIndUnionType, void*) line 81 QMI_LOC_EVENT_POSITION_REPORT_IND_V02
V/WLAN_PSA( 673): NL MSG, len[048], NL type[0x11] WNI type[0x5050] len[028]
V/WLAN_PSA( 673): NL MSG, PID: 673
E/LocSvc_ApiV02(24797): I/<--- void globalEventCb(locClientHandleType, uint32_t, locClientEventIndUnionType, void*) line 81 QMI_LOC_EVENT_POSITION_REPORT_IND_V02
E/LocSvc_ApiV02(24797): I/<--- void globalEventCb(locClientHandleType, uint32_t, locClientEventIndUnionType, void*) line 81 QMI_LOC_EVENT_POSITION_REPORT_IND_V02
E/LocSvc_ApiV02(24797): I/<--- void globalEventCb(locClientHandleType, uint32_t, locClientEventIndUnionType, void*) line 81 QMI_LOC_EVENT_POSITION_REPORT_IND_V02
E/LocSvc_ApiV02(24797): I/<--- void globalEventCb(locClientHandleType, uint32_t, locClientEventIndUnionType, void*) line 81 QMI_LOC_EVENT_POSITION_REPORT_IND_V02
E/LocSvc_eng(24797): I/===> int loc_eng_inject_location(loc_eng_data_s_type&, double, double, float) line 2033
E/LocSvc_eng(24797): I/===> int loc_eng_inject_location(loc_eng_data_s_type&, double, double, float) line 2033
E/LocSvc_eng(24797): I/===> int loc_eng_inject_location(loc_eng_data_s_type&, double, double, float) line 2033
E/LocSvc_ApiV02(24797): I/<--- void globalEventCb(locClientHandleType, uint32_t, locClientEventIndUnionType, void*) line 81 QMI_LOC_EVENT_POSITION_REPORT_IND_V02
V/WLAN_PSA( 673): NL MSG, len[048], NL type[0x11] WNI type[0x5050] len[028]
V/WLAN_PSA( 673): NL MSG, PID: 673
V/WLAN_PSA( 673): NL MSG, len[4026], NL type[0x1C] WNI type[0x5900] len[41487]
V/WLAN_PSA( 673): NL MSG, PID: 673
W/dex2oat (27366): Skipping class org.codeaurora.Performance from /system/framework/org.codeaurora.Performance.jar previously found in /usr/libexec/sfdroid/system/framework/framework.jar:classes2.dex
W/dex2oat (27366): Skipping class org.codeaurora.camera.ExtendedFace from /system/framework/org.codeaurora.Performance.jar previously found in /usr/libexec/sfdroid/system/framework/framework.jar:classes2.dex
W/dex2oat (27366): Skipping class org.codeaurora.camera.QCFace from /system/framework/org.codeaurora.Performance.jar previously found in /usr/libexec/sfdroid/system/framework/framework.jar:classes2.dex
E/LocSvc_ApiV02(24797): I/<--- void globalEventCb(locClientHandleType, uint32_t, locClientEventIndUnionType, void*) line 81 QMI_LOC_EVENT_POSITION_REPORT_IND_V02
E/NetlinkListener(27336): recvmsg failed (I/O error)
E/NetlinkListener( 741): recvmsg failed (I/O error)
E/NetlinkListener(27336): recvmsg failed (I/O error)
E/NetlinkListener( 741): recvmsg failed (I/O error)
