E/qdhwcomposer( 1520): isValidDimension: layer handle is NULL
E/qdhwcomposer( 1520): isValidDimension: layer handle is NULL
E/qdhwcomposer( 1520): isValidDimension: layer handle is NULL
E/qdhwcomposer( 1520): isValidDimension: layer handle is NULL
E/qdhwcomposer( 1520): isValidDimension: layer handle is NULL
E/qdhwcomposer( 1520): isValidDimension: layer handle is NULL
E/qdhwcomposer( 1520): isValidDimension: layer handle is NULL
E/qdhwcomposer( 1520): isValidDimension: layer handle is NULL
E/qdhwcomposer( 1520): isValidDimension: layer handle is NULL
E/qdhwcomposer( 1520): isValidDimension: layer handle is NULL
E/qdhwcomposer( 1520): isValidDimension: layer handle is NULL
E/qdhwcomposer( 1520): isValidDimension: layer handle is NULL
E/qdhwcomposer( 1520): isValidDimension: layer handle is NULL
E/qdhwcomposer( 1520): isValidDimension: layer handle is NULL
E/qdhwcomposer( 1520): isValidDimension: layer handle is NULL
E/qdhwcomposer( 1520): isValidDimension: layer handle is NULL
E/qdhwcomposer( 1520): isValidDimension: layer handle is NULL
E/qdhwcomposer( 1520): isValidDimension: layer handle is NULL
E/qdhwcomposer( 1520): isValidDimension: layer handle is NULL
E/qdhwcomposer( 1520): isValidDimension: layer handle is NULL
E/qdhwcomposer( 1520): isValidDimension: layer handle is NULL
E/QCALOG ( 1035): [MessageQ] ProcessNewMessage: [LOWI-SERVER] unknown deliver target [OS-Agent]
E/qdhwcomposer( 1520): isValidDimension: layer handle is NULL
E/qdhwcomposer( 1520): isValidDimension: layer handle is NULL
E/qdhwcomposer( 1520): isValidDimension: layer handle is NULL
E/qdhwcomposer( 1520): isValidDimension: layer handle is NULL
E/qdhwcomposer( 1520): isValidDimension: layer handle is NULL
E/qdhwcomposer( 1520): isValidDimension: layer handle is NULL
E/qdhwcomposer( 1520): isValidDimension: layer handle is NULL
E/qdhwcomposer( 1520): isValidDimension: layer handle is NULL
E/qdhwcomposer( 1520): isValidDimension: layer handle is NULL
E/qdhwcomposer( 1520): isValidDimension: layer handle is NULL
E/qdhwcomposer( 1520): isValidDimension: layer handle is NULL
E/qdhwcomposer( 1520): isValidDimension: layer handle is NULL
E/qdhwcomposer( 1520): isValidDimension: layer handle is NULL
E/qdhwcomposer( 1520): isValidDimension: layer handle is NULL
E/qdhwcomposer( 1520): isValidDimension: layer handle is NULL
E/qdhwcomposer( 1520): isValidDimension: layer handle is NULL
E/qdhwcomposer( 1520): isValidDimension: layer handle is NULL
E/qdhwcomposer( 1520): isValidDimension: layer handle is NULL
E/qdhwcomposer( 1520): isValidDimension: layer handle is NULL
E/qdhwcomposer( 1520): isValidDimension: layer handle is NULL
E/qdhwcomposer( 1520): isValidDimension: layer handle is NULL
E/qdhwcomposer( 1520): isValidDimension: layer handle is NULL
E/qdhwcomposer( 1520): isValidDimension: layer handle is NULL
E/qdhwcomposer( 1520): isValidDimension: layer handle is NULL
E/qdhwcomposer( 1520): isValidDimension: layer handle is NULL
E/qdhwcomposer( 1520): isValidDimension: layer handle is NULL
E/qdhwcomposer( 1520): isValidDimension: layer handle is NULL
E/qdhwcomposer( 1520): isValidDimension: layer handle is NULL
E/qdhwcomposer( 1520): isValidDimension: layer handle is NULL
E/qdhwcomposer( 1520): isValidDimension: layer handle is NULL
E/qdhwcomposer( 1520): isValidDimension: layer handle is NULL
E/qdhwcomposer( 1520): isValidDimension: layer handle is NULL
E/qdhwcomposer( 1520): isValidDimension: layer handle is NULL
E/qdhwcomposer( 1520): isValidDimension: layer handle is NULL
E/qdhwcomposer( 1520): isValidDimension: layer handle is NULL
E/qdhwcomposer( 1520): isValidDimension: layer handle is NULL
E/qdhwcomposer( 1520): isValidDimension: layer handle is NULL
E/qdhwcomposer( 1520): isValidDimension: layer handle is NULL
E/qdhwcomposer( 1520): isValidDimension: layer handle is NULL
E/qdhwcomposer( 1520): isValidDimension: layer handle is NULL
E/qdhwcomposer( 1520): isValidDimension: layer handle is NULL
E/qdhwcomposer( 1520): isValidDimension: layer handle is NULL
E/qdhwcomposer( 1520): isValidDimension: layer handle is NULL
E/qdhwcomposer( 1520): isValidDimension: layer handle is NULL
E/qdhwcomposer( 1520): isValidDimension: layer handle is NULL
E/qdhwcomposer( 1520): isValidDimension: layer handle is NULL
E/qdhwcomposer( 1520): isValidDimension: layer handle is NULL
E/qdhwcomposer( 1520): isValidDimension: layer handle is NULL
E/qdhwcomposer( 1520): isValidDimension: layer handle is NULL
E/qdhwcomposer( 1520): isValidDimension: layer handle is NULL
E/qdhwcomposer( 1520): isValidDimension: layer handle is NULL
E/qdhwcomposer( 1520): isValidDimension: layer handle is NULL
E/qdhwcomposer( 1520): isValidDimension: layer handle is NULL
E/qdhwcomposer( 1520): isValidDimension: layer handle is NULL
E/qdhwcomposer( 1520): isValidDimension: layer handle is NULL
E/qdhwcomposer( 1520): isValidDimension: layer handle is NULL
E/qdhwcomposer( 1520): isValidDimension: layer handle is NULL
E/qdhwcomposer( 1520): isValidDimension: layer handle is NULL
E/qdhwcomposer( 1520): isValidDimension: layer handle is NULL
E/qdhwcomposer( 1520): isValidDimension: layer handle is NULL
E/qdhwcomposer( 1520): isValidDimension: layer handle is NULL
E/qdhwcomposer( 1520): isValidDimension: layer handle is NULL
E/qdhwcomposer( 1520): isValidDimension: layer handle is NULL
E/qdhwcomposer( 1520): isValidDimension: layer handle is NULL
E/qdhwcomposer( 1520): isValidDimension: layer handle is NULL
E/qdhwcomposer( 1520): isValidDimension: layer handle is NULL
E/qdhwcomposer( 1520): isValidDimension: layer handle is NULL
E/qdhwcomposer( 1520): isValidDimension: layer handle is NULL
E/LocSvc_ApiV02(24797): I/<--- void globalEventCb(locClientHandleType, uint32_t, locClientEventIndUnionType, void*) line 81 QMI_LOC_EVENT_POSITION_REPORT_IND_V02
E/qdhwcomposer( 1520): isValidDimension: layer handle is NULL
E/qdhwcomposer( 1520): isValidDimension: layer handle is NULL
E/qdhwcomposer( 1520): isValidDimension: layer handle is NULL
E/qdhwcomposer( 1520): isValidDimension: layer handle is NULL
E/qdhwcomposer( 1520): isValidDimension: layer handle is NULL
E/qdhwcomposer( 1520): isValidDimension: layer handle is NULL
E/qdhwcomposer( 1520): isValidDimension: layer handle is NULL
E/qdhwcomposer( 1520): isValidDimension: layer handle is NULL
E/qdhwcomposer( 1520): isValidDimension: layer handle is NULL
E/qdhwcomposer( 1520): isValidDimension: layer handle is NULL
E/qdhwcomposer( 1520): isValidDimension: layer handle is NULL
E/qdhwcomposer( 1520): isValidDimension: layer handle is NULL
E/qdhwcomposer( 1520): isValidDimension: layer handle is NULL
E/qdhwcomposer( 1520): isValidDimension: layer handle is NULL
E/qdhwcomposer( 1520): isValidDimension: layer handle is NULL
E/qdhwcomposer( 1520): isValidDimension: layer handle is NULL
E/qdhwcomposer( 1520): isValidDimension: layer handle is NULL
E/qdhwcomposer( 1520): isValidDimension: layer handle is NULL
E/qdhwcomposer( 1520): isValidDimension: layer handle is NULL
E/qdhwcomposer( 1520): isValidDimension: layer handle is NULL
E/qdhwcomposer( 1520): isValidDimension: layer handle is NULL
E/qdhwcomposer( 1520): isValidDimension: layer handle is NULL
E/qdhwcomposer( 1520): isValidDimension: layer handle is NULL
E/qdhwcomposer( 1520): isValidDimension: layer handle is NULL
E/qdhwcomposer( 1520): isValidDimension: layer handle is NULL
E/qdhwcomposer( 1520): isValidDimension: layer handle is NULL
E/qdhwcomposer( 1520): isValidDimension: layer handle is NULL
E/qdhwcomposer( 1520): isValidDimension: layer handle is NULL
E/qdhwcomposer( 1520): isValidDimension: layer handle is NULL
E/qdhwcomposer( 1520): isValidDimension: layer handle is NULL
E/qdhwcomposer( 1520): isValidDimension: layer handle is NULL
E/qdhwcomposer( 1520): isValidDimension: layer handle is NULL
E/qdhwcomposer( 1520): isValidDimension: layer handle is NULL
E/qdhwcomposer( 1520): isValidDimension: layer handle is NULL
E/qdhwcomposer( 1520): isValidDimension: layer handle is NULL
E/qdhwcomposer( 1520): isValidDimension: layer handle is NULL
E/qdhwcomposer( 1520): isValidDimension: layer handle is NULL
E/qdhwcomposer( 1520): isValidDimension: layer handle is NULL
E/qdhwcomposer( 1520): isValidDimension: layer handle is NULL
E/qdhwcomposer( 1520): isValidDimension: layer handle is NULL
E/qdhwcomposer( 1520): isValidDimension: layer handle is NULL
E/qdhwcomposer( 1520): isValidDimension: layer handle is NULL
E/qdhwcomposer( 1520): isValidDimension: layer handle is NULL
E/qdhwcomposer( 1520): isValidDimension: layer handle is NULL
E/qdhwcomposer( 1520): isValidDimension: layer handle is NULL
E/qdhwcomposer( 1520): isValidDimension: layer handle is NULL
E/qdhwcomposer( 1520): isValidDimension: layer handle is NULL
E/qdhwcomposer( 1520): isValidDimension: layer handle is NULL
E/qdhwcomposer( 1520): isValidDimension: layer handle is NULL
E/qdhwcomposer( 1520): isValidDimension: layer handle is NULL
E/qdhwcomposer( 1520): isValidDimension: layer handle is NULL
E/qdhwcomposer( 1520): isValidDimension: layer handle is NULL
E/qdhwcomposer( 1520): isValidDimension: layer handle is NULL
E/qdhwcomposer( 1520): isValidDimension: layer handle is NULL
E/qdhwcomposer( 1520): isValidDimension: layer handle is NULL
E/qdhwcomposer( 1520): isValidDimension: layer handle is NULL
E/qdhwcomposer( 1520): isValidDimension: layer handle is NULL
E/qdhwcomposer( 1520): isValidDimension: layer handle is NULL
E/qdhwcomposer( 1520): isValidDimension: layer handle is NULL
E/qdhwcomposer( 1520): isValidDimension: layer handle is NULL
E/qdhwcomposer( 1520): isValidDimension: layer handle is NULL
E/qdhwcomposer( 1520): isValidDimension: layer handle is NULL
E/qdhwcomposer( 1520): isValidDimension: layer handle is NULL
E/qdhwcomposer( 1520): isValidDimension: layer handle is NULL
E/qdhwcomposer( 1520): isValidDimension: layer handle is NULL
E/qdhwcomposer( 1520): isValidDimension: layer handle is NULL
E/qdhwcomposer( 1520): isValidDimension: layer handle is NULL
E/qdhwcomposer( 1520): isValidDimension: layer handle is NULL
E/qdhwcomposer( 1520): isValidDimension: layer handle is NULL
E/qdhwcomposer( 1520): isValidDimension: layer handle is NULL
E/qdhwcomposer( 1520): isValidDimension: layer handle is NULL
E/qdhwcomposer( 1520): isValidDimension: layer handle is NULL
E/qdhwcomposer( 1520): isValidDimension: layer handle is NULL
E/qdhwcomposer( 1520): isValidDimension: layer handle is NULL
E/LocSvc_ApiV02(24797): I/<--- void globalEventCb(locClientHandleType, uint32_t, locClientEventIndUnionType, void*) line 81 QMI_LOC_EVENT_POSITION_REPORT_IND_V02
E/qdhwcomposer( 1520): isValidDimension: layer handle is NULL
E/qdhwcomposer( 1520): isValidDimension: layer handle is NULL
E/qdhwcomposer( 1520): isValidDimension: layer handle is NULL
E/qdhwcomposer( 1520): isValidDimension: layer handle is NULL
E/qdhwcomposer( 1520): isValidDimension: layer handle is NULL
E/qdhwcomposer( 1520): isValidDimension: layer handle is NULL
E/qdhwcomposer( 1520): isValidDimension: layer handle is NULL
E/qdhwcomposer( 1520): isValidDimension: layer handle is NULL
E/qdhwcomposer( 1520): isValidDimension: layer handle is NULL
E/qdhwcomposer( 1520): isValidDimension: layer handle is NULL
E/qdhwcomposer( 1520): isValidDimension: layer handle is NULL
E/qdhwcomposer( 1520): isValidDimension: layer handle is NULL
E/qdhwcomposer( 1520): isValidDimension: layer handle is NULL
E/qdhwcomposer( 1520): isValidDimension: layer handle is NULL
E/qdhwcomposer( 1520): isValidDimension: layer handle is NULL
E/qdhwcomposer( 1520): isValidDimension: layer handle is NULL
E/qdhwcomposer( 1520): isValidDimension: layer handle is NULL
E/qdhwcomposer( 1520): isValidDimension: layer handle is NULL
E/qdhwcomposer( 1520): isValidDimension: layer handle is NULL
E/qdhwcomposer( 1520): isValidDimension: layer handle is NULL
E/qdhwcomposer( 1520): isValidDimension: layer handle is NULL
E/qdhwcomposer( 1520): isValidDimension: layer handle is NULL
E/qdhwcomposer( 1520): isValidDimension: layer handle is NULL
E/qdhwcomposer( 1520): isValidDimension: layer handle is NULL
E/qdhwcomposer( 1520): isValidDimension: layer handle is NULL
E/qdhwcomposer( 1520): isValidDimension: layer handle is NULL
E/qdhwcomposer( 1520): isValidDimension: layer handle is NULL
E/qdhwcomposer( 1520): isValidDimension: layer handle is NULL
E/qdhwcomposer( 1520): isValidDimension: layer handle is NULL
E/qdhwcomposer( 1520): isValidDimension: layer handle is NULL
E/qdhwcomposer( 1520): isValidDimension: layer handle is NULL
E/qdhwcomposer( 1520): isValidDimension: layer handle is NULL
E/qdhwcomposer( 1520): isValidDimension: layer handle is NULL
E/qdhwcomposer( 1520): isValidDimension: layer handle is NULL
E/qdhwcomposer( 1520): isValidDimension: layer handle is NULL
E/qdhwcomposer( 1520): isValidDimension: layer handle is NULL
E/qdhwcomposer( 1520): isValidDimension: layer handle is NULL
E/qdhwcomposer( 1520): isValidDimension: layer handle is NULL
E/qdhwcomposer( 1520): isValidDimension: layer handle is NULL
E/qdhwcomposer( 1520): isValidDimension: layer handle is NULL
E/qdhwcomposer( 1520): isValidDimension: layer handle is NULL
E/qdhwcomposer( 1520): isValidDimension: layer handle is NULL
E/qdhwcomposer( 1520): isValidDimension: layer handle is NULL
E/qdhwcomposer( 1520): isValidDimension: layer handle is NULL
E/qdhwcomposer( 1520): isValidDimension: layer handle is NULL
E/qdhwcomposer( 1520): isValidDimension: layer handle is NULL
E/qdhwcomposer( 1520): isValidDimension: layer handle is NULL
E/qdhwcomposer( 1520): isValidDimension: layer handle is NULL
E/qdhwcomposer( 1520): isValidDimension: layer handle is NULL
E/qdhwcomposer( 1520): isValidDimension: layer handle is NULL
E/qdhwcomposer( 1520): isValidDimension: layer handle is NULL
E/qdhwcomposer( 1520): isValidDimension: layer handle is NULL
E/qdhwcomposer( 1520): isValidDimension: layer handle is NULL
E/qdhwcomposer( 1520): isValidDimension: layer handle is NULL
E/LocSvc_ApiV02(24797): I/<--- void globalEventCb(locClientHandleType, uint32_t, locClientEventIndUnionType, void*) line 81 QMI_LOC_EVENT_POSITION_REPORT_IND_V02
E/qdhwcomposer( 1520): isValidDimension: layer handle is NULL
E/qdhwcomposer( 1520): isValidDimension: layer handle is NULL
E/qdhwcomposer( 1520): isValidDimension: layer handle is NULL
E/qdhwcomposer( 1520): isValidDimension: layer handle is NULL
E/qdhwcomposer( 1520): isValidDimension: layer handle is NULL
E/qdhwcomposer( 1520): isValidDimension: layer handle is NULL
E/qdhwcomposer( 1520): isValidDimension: layer handle is NULL
E/qdhwcomposer( 1520): isValidDimension: layer handle is NULL
E/qdhwcomposer( 1520): isValidDimension: layer handle is NULL
E/qdhwcomposer( 1520): isValidDimension: layer handle is NULL
W/dex2oat (24661): Skipping class org.codeaurora.Performance from /system/framework/org.codeaurora.Performance.jar previously found in /usr/libexec/sfdroid/system/framework/framework.jar:classes2.dex
W/dex2oat (24661): Skipping class org.codeaurora.camera.ExtendedFace from /system/framework/org.codeaurora.Performance.jar previously found in /usr/libexec/sfdroid/system/framework/framework.jar:classes2.dex
W/dex2oat (24661): Skipping class org.codeaurora.camera.QCFace from /system/framework/org.codeaurora.Performance.jar previously found in /usr/libexec/sfdroid/system/framework/framework.jar:classes2.dex
V/WLAN_PSA( 673): NL MSG, len[4072], NL type[0x1C] WNI type[0x5900] len[53263]
V/WLAN_PSA( 673): NL MSG, PID: 673
E/NetlinkListener(24611): recvmsg failed (I/O error)
E/NetlinkListener( 741): recvmsg failed (I/O error)
E/NetlinkListener(24611): recvmsg failed (I/O error)
E/NetlinkListener( 741): recvmsg failed (I/O error)
E/LocSvc_ApiV02(24797): I/<--- void globalEventCb(locClientHandleType, uint32_t, locClientEventIndUnionType, void*) line 81 QMI_LOC_EVENT_POSITION_REPORT_IND_V02
V/WLAN_PSA( 673): NL MSG, len[048], NL type[0x11] WNI type[0x5050] len[028]
V/WLAN_PSA( 673): NL MSG, PID: 673
E/qdhwcomposer( 1520): isValidDimension: layer handle is NULL
E/qdhwcomposer( 1520): isValidDimension: layer handle is NULL
E/qdhwcomposer( 1520): isValidDimension: layer handle is NULL
E/qdhwcomposer( 1520): isValidDimension: layer handle is NULL
E/qdhwcomposer( 1520): isValidDimension: layer handle is NULL
E/qdhwcomposer( 1520): isValidDimension: layer handle is NULL
E/qdhwcomposer( 1520): isValidDimension: layer handle is NULL
E/qdhwcomposer( 1520): isValidDimension: layer handle is NULL
E/NetlinkListener( 741): recvmsg failed (I/O error)
E/NetlinkListener(24611): recvmsg failed (I/O error)
E/qdhwcomposer( 1520): isValidDimension: layer handle is NULL
E/qdhwcomposer( 1520): isValidDimension: layer handle is NULL
E/qdhwcomposer( 1520): isValidDimension: layer handle is NULL
E/qdhwcomposer( 1520): isValidDimension: layer handle is NULL
E/qdhwcomposer( 1520): isValidDimension: layer handle is NULL
E/qdhwcomposer( 1520): isValidDimension: layer handle is NULL
E/qdhwcomposer( 1520): isValidDimension: layer handle is NULL
E/qdhwcomposer( 1520): isValidDimension: layer handle is NULL
E/qdhwcomposer( 1520): isValidDimension: layer handle is NULL
E/qdhwcomposer( 1520): isValidDimension: layer handle is NULL
E/qdhwcomposer( 1520): isValidDimension: layer handle is NULL
E/qdhwcomposer( 1520): isValidDimension: layer handle is NULL
E/qdhwcomposer( 1520): isValidDimension: layer handle is NULL
E/qdhwcomposer( 1520): isValidDimension: layer handle is NULL
E/qdhwcomposer( 1520): isValidDimension: layer handle is NULL
E/qdhwcomposer( 1520): isValidDimension: layer handle is NULL
E/qdhwcomposer( 1520): isValidDimension: layer handle is NULL
E/qdhwcomposer( 1520): isValidDimension: layer handle is NULL
E/qdhwcomposer( 1520): isValidDimension: layer handle is NULL
E/qdhwcomposer( 1520): isValidDimension: layer handle is NULL
E/qdhwcomposer( 1520): isValidDimension: layer handle is NULL
E/qdhwcomposer( 1520): isValidDimension: layer handle is NULL
E/qdhwcomposer( 1520): isValidDimension: layer handle is NULL
E/qdhwcomposer( 1520): isValidDimension: layer handle is NULL
E/qdhwcomposer( 1520): isValidDimension: layer handle is NULL
E/qdhwcomposer( 1520): isValidDimension: layer handle is NULL
E/qdhwcomposer( 1520): isValidDimension: layer handle is NULL
E/qdhwcomposer( 1520): isValidDimension: layer handle is NULL
E/qdhwcomposer( 1520): isValidDimension: layer handle is NULL
E/qdhwcomposer( 1520): isValidDimension: layer handle is NULL
E/qdhwcomposer( 1520): isValidDimension: layer handle is NULL
E/qdhwcomposer( 1520): isValidDimension: layer handle is NULL
E/qdhwcomposer( 1520): isValidDimension: layer handle is NULL
E/qdhwcomposer( 1520): isValidDimension: layer handle is NULL
E/qdhwcomposer( 1520): isValidDimension: layer handle is NULL
E/qdhwcomposer( 1520): isValidDimension: layer handle is NULL
E/qdhwcomposer( 1520): isValidDimension: layer handle is NULL
E/qdhwcomposer( 1520): isValidDimension: layer handle is NULL
E/qdhwcomposer( 1520): isValidDimension: layer handle is NULL
E/qdhwcomposer( 1520): isValidDimension: layer handle is NULL
E/qdhwcomposer( 1520): isValidDimension: layer handle is NULL
E/qdhwcomposer( 1520): isValidDimension: layer handle is NULL
E/qdhwcomposer( 1520): isValidDimension: layer handle is NULL
E/qdhwcomposer( 1520): isValidDimension: layer handle is NULL
E/qdhwcomposer( 1520): isValidDimension: layer handle is NULL
E/qdhwcomposer( 1520): isValidDimension: layer handle is NULL
E/qdhwcomposer( 1520): isValidDimension: layer handle is NULL
E/qdhwcomposer( 1520): isValidDimension: layer handle is NULL
E/qdhwcomposer( 1520): isValidDimension: layer handle is NULL
E/qdhwcomposer( 1520): isValidDimension: layer handle is NULL
E/qdhwcomposer( 1520): isValidDimension: layer handle is NULL
E/qdhwcomposer( 1520): isValidDimension: layer handle is NULL
E/qdhwcomposer( 1520): isValidDimension: layer handle is NULL
E/qdhwcomposer( 1520): isValidDimension: layer handle is NULL
E/qdhwcomposer( 1520): isValidDimension: layer handle is NULL
E/qdhwcomposer( 1520): isValidDimension: layer handle is NULL
E/qdhwcomposer( 1520): isValidDimension: layer handle is NULL
E/qdhwcomposer( 1520): isValidDimension: layer handle is NULL
E/qdhwcomposer( 1520): isValidDimension: layer handle is NULL
E/qdhwcomposer( 1520): isValidDimension: layer handle is NULL
E/LocSvc_ApiV02(24797): I/<--- void globalEventCb(locClientHandleType, uint32_t, locClientEventIndUnionType, void*) line 81 QMI_LOC_EVENT_POSITION_REPORT_IND_V02
E/qdhwcomposer( 1520): isValidDimension: layer handle is NULL
E/qdhwcomposer( 1520): isValidDimension: layer handle is NULL
E/qdhwcomposer( 1520): isValidDimension: layer handle is NULL
E/qdhwcomposer( 1520): isValidDimension: layer handle is NULL
E/qdhwcomposer( 1520): isValidDimension: layer handle is NULL
E/qdhwcomposer( 1520): isValidDimension: layer handle is NULL
E/qdhwcomposer( 1520): isValidDimension: layer handle is NULL
E/qdhwcomposer( 1520): isValidDimension: layer handle is NULL
E/qdhwcomposer( 1520): isValidDimension: layer handle is NULL
E/qdhwcomposer( 1520): isValidDimension: layer handle is NULL
E/qdhwcomposer( 1520): isValidDimension: layer handle is NULL
E/qdhwcomposer( 1520): isValidDimension: layer handle is NULL
E/qdhwcomposer( 1520): isValidDimension: layer handle is NULL
E/qdhwcomposer( 1520): isValidDimension: layer handle is NULL
E/qdhwcomposer( 1520): isValidDimension: layer handle is NULL
E/qdhwcomposer( 1520): isValidDimension: layer handle is NULL
E/qdhwcomposer( 1520): isValidDimension: layer handle is NULL
E/qdhwcomposer( 1520): isValidDimension: layer handle is NULL
E/qdhwcomposer( 1520): isValidDimension: layer handle is NULL
E/qdhwcomposer( 1520): isValidDimension: layer handle is NULL
E/qdhwcomposer( 1520): isValidDimension: layer handle is NULL
E/qdhwcomposer( 1520): isValidDimension: layer handle is NULL
E/qdhwcomposer( 1520): isValidDimension: layer handle is NULL
E/qdhwcomposer( 1520): isValidDimension: layer handle is NULL
E/qdhwcomposer( 1520): isValidDimension: layer handle is NULL
E/qdhwcomposer( 1520): isValidDimension: layer handle is NULL
E/qdhwcomposer( 1520): isValidDimension: layer handle is NULL
E/qdhwcomposer( 1520): isValidDimension: layer handle is NULL
E/qdhwcomposer( 1520): isValidDimension: layer handle is NULL
E/qdhwcomposer( 1520): isValidDimension: layer handle is NULL
E/qdhwcomposer( 1520): isValidDimension: layer handle is NULL
E/qdhwcomposer( 1520): isValidDimension: layer handle is NULL
E/qdhwcomposer( 1520): isValidDimension: layer handle is NULL
E/qdhwcomposer( 1520): isValidDimension: layer handle is NULL
E/qdhwcomposer( 1520): isValidDimension: layer handle is NULL
E/qdhwcomposer( 1520): isValidDimension: layer handle is NULL
E/qdhwcomposer( 1520): isValidDimension: layer handle is NULL
E/qdhwcomposer( 1520): isValidDimension: layer handle is NULL
E/qdhwcomposer( 1520): isValidDimension: layer handle is NULL
E/qdhwcomposer( 1520): isValidDimension: layer handle is NULL
E/qdhwcomposer( 1520): isValidDimension: layer handle is NULL
E/qdhwcomposer( 1520): isValidDimension: layer handle is NULL
E/qdhwcomposer( 1520): isValidDimension: layer handle is NULL
E/qdhwcomposer( 1520): isValidDimension: layer handle is NULL
E/qdhwcomposer( 1520): isValidDimension: layer handle is NULL
E/qdhwcomposer( 1520): isValidDimension: layer handle is NULL
E/NetlinkListener(24611): recvmsg failed (I/O error)
E/NetlinkListener( 741): recvmsg failed (I/O error)
E/qdhwcomposer( 1520): isValidDimension: layer handle is NULL
E/qdhwcomposer( 1520): isValidDimension: layer handle is NULL
E/qdhwcomposer( 1520): isValidDimension: layer handle is NULL
E/qdhwcomposer( 1520): isValidDimension: layer handle is NULL
E/qdhwcomposer( 1520): isValidDimension: layer handle is NULL
E/qdhwcomposer( 1520): isValidDimension: layer handle is NULL
E/qdhwcomposer( 1520): isValidDimension: layer handle is NULL
E/qdhwcomposer( 1520): isValidDimension: layer handle is NULL
E/qdhwcomposer( 1520): isValidDimension: layer handle is NULL
E/qdhwcomposer( 1520): isValidDimension: layer handle is NULL
E/qdhwcomposer( 1520): isValidDimension: layer handle is NULL
E/qdhwcomposer( 1520): isValidDimension: layer handle is NULL
E/qdhwcomposer( 1520): isValidDimension: layer handle is NULL
E/qdhwcomposer( 1520): isValidDimension: layer handle is NULL
E/qdhwcomposer( 1520): isValidDimension: layer handle is NULL
E/qdhwcomposer( 1520): isValidDimension: layer handle is NULL
E/qdhwcomposer( 1520): isValidDimension: layer handle is NULL
E/qdhwcomposer( 1520): isValidDimension: layer handle is NULL
E/qdhwcomposer( 1520): isValidDimension: layer handle is NULL
E/qdhwcomposer( 1520): isValidDimension: layer handle is NULL
E/qdhwcomposer( 1520): isValidDimension: layer handle is NULL
E/qdhwcomposer( 1520): isValidDimension: layer handle is NULL
E/qdhwcomposer( 1520): isValidDimension: layer handle is NULL
E/qdhwcomposer( 1520): isValidDimension: layer handle is NULL
E/qdhwcomposer( 1520): isValidDimension: layer handle is NULL
E/qdhwcomposer( 1520): isValidDimension: layer handle is NULL
E/qdhwcomposer( 1520): isValidDimension: layer handle is NULL
E/qdhwcomposer( 1520): isValidDimension: layer handle is NULL
E/qdhwcomposer( 1520): isValidDimension: layer handle is NULL
E/qdhwcomposer( 1520): isValidDimension: layer handle is NULL
E/qdhwcomposer( 1520): isValidDimension: layer handle is NULL
E/qdhwcomposer( 1520): isValidDimension: layer handle is NULL
E/qdhwcomposer( 1520): isValidDimension: layer handle is NULL
E/qdhwcomposer( 1520): isValidDimension: layer handle is NULL
E/qdhwcomposer( 1520): isValidDimension: layer handle is NULL
E/qdhwcomposer( 1520): isValidDimension: layer handle is NULL
E/qdhwcomposer( 1520): isValidDimension: layer handle is NULL
E/qdhwcomposer( 1520): isValidDimension: layer handle is NULL
E/qdhwcomposer( 1520): isValidDimension: layer handle is NULL
E/qdhwcomposer( 1520): isValidDimension: layer handle is NULL
E/qdhwcomposer( 1520): isValidDimension: layer handle is NULL
E/qdhwcomposer( 1520): isValidDimension: layer handle is NULL
E/qdhwcomposer( 1520): isValidDimension: layer handle is NULL
E/qdhwcomposer( 1520): isValidDimension: layer handle is NULL
E/qdhwcomposer( 1520): isValidDimension: layer handle is NULL
E/qdhwcomposer( 1520): isValidDimension: layer handle is NULL
E/qdhwcomposer( 1520): isValidDimension: layer handle is NULL
E/qdhwcomposer( 1520): isValidDimension: layer handle is NULL
E/qdhwcomposer( 1520): isValidDimension: layer handle is NULL
E/qdhwcomposer( 1520): isValidDimension: layer handle is NULL
E/qdhwcomposer( 1520): isValidDimension: layer handle is NULL
E/qdhwcomposer( 1520): isValidDimension: layer handle is NULL
E/qdhwcomposer( 1520): isValidDimension: layer handle is NULL
E/qdhwcomposer( 1520): isValidDimension: layer handle is NULL
E/qdhwcomposer( 1520): isValidDimension: layer handle is NULL
E/qdhwcomposer( 1520): isValidDimension: layer handle is NULL
E/qdhwcomposer( 1520): isValidDimension: layer handle is NULL
E/qdhwcomposer( 1520): isValidDimension: layer handle is NULL
E/qdhwcomposer( 1520): isValidDimension: layer handle is NULL
E/qdhwcomposer( 1520): isValidDimension: layer handle is NULL
E/qdhwcomposer( 1520): isValidDimension: layer handle is NULL
E/qdhwcomposer( 1520): isValidDimension: layer handle is NULL
E/qdhwcomposer( 1520): isValidDimension: layer handle is NULL
E/qdhwcomposer( 1520): isValidDimension: layer handle is NULL
E/LocSvc_ApiV02(24797): I/<--- void globalEventCb(locClientHandleType, uint32_t, locClientEventIndUnionType, void*) line 81 QMI_LOC_EVENT_POSITION_REPORT_IND_V02
E/qdhwcomposer( 1520): isValidDimension: layer handle is NULL
E/qdhwcomposer( 1520): isValidDimension: layer handle is NULL
E/qdhwcomposer( 1520): isValidDimension: layer handle is NULL
E/qdhwcomposer( 1520): isValidDimension: layer handle is NULL
E/qdhwcomposer( 1520): isValidDimension: layer handle is NULL
E/qdhwcomposer( 1520): isValidDimension: layer handle is NULL
E/qdhwcomposer( 1520): isValidDimension: layer handle is NULL
E/qdhwcomposer( 1520): isValidDimension: layer handle is NULL
E/qdhwcomposer( 1520): isValidDimension: layer handle is NULL
E/qdhwcomposer( 1520): isValidDimension: layer handle is NULL
E/qdhwcomposer( 1520): isValidDimension: layer handle is NULL
E/qdhwcomposer( 1520): isValidDimension: layer handle is NULL
E/qdhwcomposer( 1520): isValidDimension: layer handle is NULL
E/qdhwcomposer( 1520): isValidDimension: layer handle is NULL
E/qdhwcomposer( 1520): isValidDimension: layer handle is NULL
E/qdhwcomposer( 1520): isValidDimension: layer handle is NULL
E/qdhwcomposer( 1520): isValidDimension: layer handle is NULL
E/qdhwcomposer( 1520): isValidDimension: layer handle is NULL
E/qdhwcomposer( 1520): isValidDimension: layer handle is NULL
E/qdhwcomposer( 1520): isValidDimension: layer handle is NULL
E/qdhwcomposer( 1520): isValidDimension: layer handle is NULL
E/qdhwcomposer( 1520): isValidDimension: layer handle is NULL
E/qdhwcomposer( 1520): isValidDimension: layer handle is NULL
E/qdhwcomposer( 1520): isValidDimension: layer handle is NULL
E/qdhwcomposer( 1520): isValidDimension: layer handle is NULL
E/qdhwcomposer( 1520): isValidDimension: layer handle is NULL
E/qdhwcomposer( 1520): isValidDimension: layer handle is NULL
E/qdhwcomposer( 1520): isValidDimension: layer handle is NULL
E/qdhwcomposer( 1520): isValidDimension: layer handle is NULL
E/qdhwcomposer( 1520): isValidDimension: layer handle is NULL
E/qdhwcomposer( 1520): isValidDimension: layer handle is NULL
E/qdhwcomposer( 1520): isValidDimension: layer handle is NULL
E/qdhwcomposer( 1520): isValidDimension: layer handle is NULL
E/qdhwcomposer( 1520): isValidDimension: layer handle is NULL
E/qdhwcomposer( 1520): isValidDimension: layer handle is NULL
E/qdhwcomposer( 1520): isValidDimension: layer handle is NULL
E/qdhwcomposer( 1520): isValidDimension: layer handle is NULL
E/qdhwcomposer( 1520): isValidDimension: layer handle is NULL
E/qdhwcomposer( 1520): isValidDimension: layer handle is NULL
E/qdhwcomposer( 1520): isValidDimension: layer handle is NULL
E/LocSvc_ApiV02(24797): I/<--- void globalEventCb(locClientHandleType, uint32_t, locClientEventIndUnionType, void*) line 81 QMI_LOC_EVENT_POSITION_REPORT_IND_V02
E/qdhwcomposer( 1520): isValidDimension: layer handle is NULL
E/qdhwcomposer( 1520): isValidDimension: layer handle is NULL
E/qdhwcomposer( 1520): isValidDimension: layer handle is NULL
E/qdhwcomposer( 1520): isValidDimension: layer handle is NULL
E/qdhwcomposer( 1520): isValidDimension: layer handle is NULL
E/qdhwcomposer( 1520): isValidDimension: layer handle is NULL
E/qdhwcomposer( 1520): isValidDimension: layer handle is NULL
E/qdhwcomposer( 1520): isValidDimension: layer handle is NULL
E/qdhwcomposer( 1520): isValidDimension: layer handle is NULL
E/qdhwcomposer( 1520): isValidDimension: layer handle is NULL
E/qdhwcomposer( 1520): isValidDimension: layer handle is NULL
E/qdhwcomposer( 1520): isValidDimension: layer handle is NULL
E/qdhwcomposer( 1520): isValidDimension: layer handle is NULL
E/qdhwcomposer( 1520): isValidDimension: layer handle is NULL
E/NetlinkListener(24611): recvmsg failed (I/O error)
E/NetlinkListener( 741): recvmsg failed (I/O error)
E/qdhwcomposer( 1520): isValidDimension: layer handle is NULL
E/qdhwcomposer( 1520): isValidDimension: layer handle is NULL
E/qdhwcomposer( 1520): isValidDimension: layer handle is NULL
E/qdhwcomposer( 1520): isValidDimension: layer handle is NULL
E/qdhwcomposer( 1520): isValidDimension: layer handle is NULL
E/qdhwcomposer( 1520): isValidDimension: layer handle is NULL
E/qdhwcomposer( 1520): isValidDimension: layer handle is NULL
E/qdhwcomposer( 1520): isValidDimension: layer handle is NULL
E/qdhwcomposer( 1520): isValidDimension: layer handle is NULL
E/qdhwcomposer( 1520): isValidDimension: layer handle is NULL
E/qdhwcomposer( 1520): isValidDimension: layer handle is NULL
E/qdhwcomposer( 1520): isValidDimension: layer handle is NULL
E/qdhwcomposer( 1520): isValidDimension: layer handle is NULL
E/qdhwcomposer( 1520): isValidDimension: layer handle is NULL
E/qdhwcomposer( 1520): isValidDimension: layer handle is NULL
E/qdhwcomposer( 1520): isValidDimension: layer handle is NULL
E/qdhwcomposer( 1520): isValidDimension: layer handle is NULL
E/qdhwcomposer( 1520): isValidDimension: layer handle is NULL
E/qdhwcomposer( 1520): isValidDimension: layer handle is NULL
E/qdhwcomposer( 1520): isValidDimension: layer handle is NULL
E/qdhwcomposer( 1520): isValidDimension: layer handle is NULL
E/qdhwcomposer( 1520): isValidDimension: layer handle is NULL
E/qdhwcomposer( 1520): isValidDimension: layer handle is NULL
E/qdhwcomposer( 1520): isValidDimension: layer handle is NULL
E/qdhwcomposer( 1520): isValidDimension: layer handle is NULL
E/qdhwcomposer( 1520): isValidDimension: layer handle is NULL
E/qdhwcomposer( 1520): isValidDimension: layer handle is NULL
E/qdhwcomposer( 1520): isValidDimension: layer handle is NULL
E/qdhwcomposer( 1520): isValidDimension: layer handle is NULL
E/qdhwcomposer( 1520): isValidDimension: layer handle is NULL
E/qdhwcomposer( 1520): isValidDimension: layer handle is NULL
E/qdhwcomposer( 1520): isValidDimension: layer handle is NULL
E/qdhwcomposer( 1520): isValidDimension: layer handle is NULL
E/qdhwcomposer( 1520): isValidDimension: layer handle is NULL
E/qdhwcomposer( 1520): isValidDimension: layer handle is NULL
E/qdhwcomposer( 1520): isValidDimension: layer handle is NULL
E/qdhwcomposer( 1520): isValidDimension: layer handle is NULL
E/qdhwcomposer( 1520): isValidDimension: layer handle is NULL
E/qdhwcomposer( 1520): isValidDimension: layer handle is NULL
E/qdhwcomposer( 1520): isValidDimension: layer handle is NULL
E/qdhwcomposer( 1520): isValidDimension: layer handle is NULL
E/qdhwcomposer( 1520): isValidDimension: layer handle is NULL
E/qdhwcomposer( 1520): isValidDimension: layer handle is NULL
E/qdhwcomposer( 1520): isValidDimension: layer handle is NULL
E/qdhwcomposer( 1520): isValidDimension: layer handle is NULL
E/qdhwcomposer( 1520): isValidDimension: layer handle is NULL
E/qdhwcomposer( 1520): isValidDimension: layer handle is NULL
E/qdhwcomposer( 1520): isValidDimension: layer handle is NULL
E/LocSvc_ApiV02(24797): I/<--- void globalEventCb(locClientHandleType, uint32_t, locClientEventIndUnionType, void*) line 81 QMI_LOC_EVENT_POSITION_REPORT_IND_V02
E/qdhwcomposer( 1520): isValidDimension: layer handle is NULL
E/qdhwcomposer( 1520): isValidDimension: layer handle is NULL
E/qdhwcomposer( 1520): isValidDimension: layer handle is NULL
E/qdhwcomposer( 1520): isValidDimension: layer handle is NULL
E/qdhwcomposer( 1520): isValidDimension: layer handle is NULL
E/qdhwcomposer( 1520): isValidDimension: layer handle is NULL
E/qdhwcomposer( 1520): isValidDimension: layer handle is NULL
E/qdhwcomposer( 1520): isValidDimension: layer handle is NULL
E/qdhwcomposer( 1520): isValidDimension: layer handle is NULL
E/qdhwcomposer( 1520): isValidDimension: layer handle is NULL
E/qdhwcomposer( 1520): isValidDimension: layer handle is NULL
E/qdhwcomposer( 1520): isValidDimension: layer handle is NULL
E/qdhwcomposer( 1520): isValidDimension: layer handle is NULL
E/qdhwcomposer( 1520): isValidDimension: layer handle is NULL
E/qdhwcomposer( 1520): isValidDimension: layer handle is NULL
E/qdhwcomposer( 1520): isValidDimension: layer handle is NULL
E/qdhwcomposer( 1520): isValidDimension: layer handle is NULL
E/qdhwcomposer( 1520): isValidDimension: layer handle is NULL
E/qdhwcomposer( 1520): isValidDimension: layer handle is NULL
E/qdhwcomposer( 1520): isValidDimension: layer handle is NULL
E/qdhwcomposer( 1520): isValidDimension: layer handle is NULL
E/qdhwcomposer( 1520): isValidDimension: layer handle is NULL
E/qdhwcomposer( 1520): isValidDimension: layer handle is NULL
E/qdhwcomposer( 1520): isValidDimension: layer handle is NULL
E/qdhwcomposer( 1520): isValidDimension: layer handle is NULL
E/qdhwcomposer( 1520): isValidDimension: layer handle is NULL
E/qdhwcomposer( 1520): isValidDimension: layer handle is NULL
E/qdhwcomposer( 1520): isValidDimension: layer handle is NULL
E/qdhwcomposer( 1520): isValidDimension: layer handle is NULL
E/qdhwcomposer( 1520): isValidDimension: layer handle is NULL
E/qdhwcomposer( 1520): isValidDimension: layer handle is NULL
E/qdhwcomposer( 1520): isValidDimension: layer handle is NULL
E/qdhwcomposer( 1520): isValidDimension: layer handle is NULL
E/qdhwcomposer( 1520): isValidDimension: layer handle is NULL
E/qdhwcomposer( 1520): isValidDimension: layer handle is NULL
E/qdhwcomposer( 1520): isValidDimension: layer handle is NULL
E/qdhwcomposer( 1520): isValidDimension: layer handle is NULL
E/qdhwcomposer( 1520): isValidDimension: layer handle is NULL
E/qdhwcomposer( 1520): isValidDimension: layer handle is NULL
E/qdhwcomposer( 1520): isValidDimension: layer handle is NULL
E/qdhwcomposer( 1520): isValidDimension: layer handle is NULL
E/qdhwcomposer( 1520): isValidDimension: layer handle is NULL
E/qdhwcomposer( 1520): isValidDimension: layer handle is NULL
E/qdhwcomposer( 1520): isValidDimension: layer handle is NULL
E/qdhwcomposer( 1520): isValidDimension: layer handle is NULL
E/qdhwcomposer( 1520): isValidDimension: layer handle is NULL
E/qdhwcomposer( 1520): isValidDimension: layer handle is NULL
E/qdhwcomposer( 1520): isValidDimension: layer handle is NULL
E/qdhwcomposer( 1520): isValidDimension: layer handle is NULL
E/qdhwcomposer( 1520): isValidDimension: layer handle is NULL
E/qdhwcomposer( 1520): isValidDimension: layer handle is NULL
E/qdhwcomposer( 1520): isValidDimension: layer handle is NULL
E/qdhwcomposer( 1520): isValidDimension: layer handle is NULL
E/qdhwcomposer( 1520): isValidDimension: layer handle is NULL
E/qdhwcomposer( 1520): isValidDimension: layer handle is NULL
E/qdhwcomposer( 1520): isValidDimension: layer handle is NULL
E/qdhwcomposer( 1520): isValidDimension: layer handle is NULL
E/qdhwcomposer( 1520): isValidDimension: layer handle is NULL
E/qdhwcomposer( 1520): isValidDimension: layer handle is NULL
E/qdhwcomposer( 1520): isValidDimension: layer handle is NULL
E/qdhwcomposer( 1520): isValidDimension: layer handle is NULL
E/qdhwcomposer( 1520): isValidDimension: layer handle is NULL
E/qdhwcomposer( 1520): isValidDimension: layer handle is NULL
E/qdhwcomposer( 1520): isValidDimension: layer handle is NULL
E/qdhwcomposer( 1520): isValidDimension: layer handle is NULL
E/qdhwcomposer( 1520): isValidDimension: layer handle is NULL
E/qdhwcomposer( 1520): isValidDimension: layer handle is NULL
E/qdhwcomposer( 1520): isValidDimension: layer handle is NULL
E/qdhwcomposer( 1520): isValidDimension: layer handle is NULL
E/qdhwcomposer( 1520): isValidDimension: layer handle is NULL
E/qdhwcomposer( 1520): isValidDimension: layer handle is NULL
E/qdhwcomposer( 1520): isValidDimension: layer handle is NULL
E/qdhwcomposer( 1520): isValidDimension: layer handle is NULL
E/qdhwcomposer( 1520): isValidDimension: layer handle is NULL
E/qdhwcomposer( 1520): isValidDimension: layer handle is NULL
E/qdhwcomposer( 1520): isValidDimension: layer handle is NULL
E/qdhwcomposer( 1520): isValidDimension: layer handle is NULL
E/qdhwcomposer( 1520): isValidDimension: layer handle is NULL
E/qdhwcomposer( 1520): isValidDimension: layer handle is NULL
E/qdhwcomposer( 1520): isValidDimension: layer handle is NULL
E/qdhwcomposer( 1520): isValidDimension: layer handle is NULL
E/qdhwcomposer( 1520): isValidDimension: layer handle is NULL
E/qdhwcomposer( 1520): isValidDimension: layer handle is NULL
E/qdhwcomposer( 1520): isValidDimension: layer handle is NULL
E/qdhwcomposer( 1520): isValidDimension: layer handle is NULL
E/qdhwcomposer( 1520): isValidDimension: layer handle is NULL
E/qdhwcomposer( 1520): isValidDimension: layer handle is NULL
E/qdhwcomposer( 1520): isValidDimension: layer handle is NULL
E/qdhwcomposer( 1520): isValidDimension: layer handle is NULL
E/qdhwcomposer( 1520): isValidDimension: layer handle is NULL
E/qdhwcomposer( 1520): isValidDimension: layer handle is NULL
E/qdhwcomposer( 1520): isValidDimension: layer handle is NULL
E/qdhwcomposer( 1520): isValidDimension: layer handle is NULL
E/qdhwcomposer( 1520): isValidDimension: layer handle is NULL
E/qdhwcomposer( 1520): isValidDimension: layer handle is NULL
E/qdhwcomposer( 1520): isValidDimension: layer handle is NULL
E/qdhwcomposer( 1520): isValidDimension: layer handle is NULL
E/qdhwcomposer( 1520): isValidDimension: layer handle is NULL
E/qdhwcomposer( 1520): isValidDimension: layer handle is NULL
E/qdhwcomposer( 1520): isValidDimension: layer handle is NULL
E/qdhwcomposer( 1520): isValidDimension: layer handle is NULL
E/qdhwcomposer( 1520): isValidDimension: layer handle is NULL
E/qdhwcomposer( 1520): isValidDimension: layer handle is NULL
E/qdhwcomposer( 1520): isValidDimension: layer handle is NULL
E/qdhwcomposer( 1520): isValidDimension: layer handle is NULL
E/qdhwcomposer( 1520): isValidDimension: layer handle is NULL
E/qdhwcomposer( 1520): isValidDimension: layer handle is NULL
E/qdhwcomposer( 1520): isValidDimension: layer handle is NULL
E/LocSvc_ApiV02(24797): I/<--- void globalEventCb(locClientHandleType, uint32_t, locClientEventIndUnionType, void*) line 81 QMI_LOC_EVENT_POSITION_REPORT_IND_V02
E/qdhwcomposer( 1520): isValidDimension: layer handle is NULL
E/qdhwcomposer( 1520): isValidDimension: layer handle is NULL
V/WLAN_PSA( 673): NL MSG, len[048], NL type[0x11] WNI type[0x5050] len[028]
V/WLAN_PSA( 673): NL MSG, PID: 673
E/qdhwcomposer( 1520): isValidDimension: layer handle is NULL
E/qdhwcomposer( 1520): isValidDimension: layer handle is NULL
E/qdhwcomposer( 1520): isValidDimension: layer handle is NULL
E/qdhwcomposer( 1520): isValidDimension: layer handle is NULL
E/qdhwcomposer( 1520): isValidDimension: layer handle is NULL
E/qdhwcomposer( 1520): isValidDimension: layer handle is NULL
E/qdhwcomposer( 1520): isValidDimension: layer handle is NULL
E/qdhwcomposer( 1520): isValidDimension: layer handle is NULL
E/qdhwcomposer( 1520): isValidDimension: layer handle is NULL
E/qdhwcomposer( 1520): isValidDimension: layer handle is NULL
E/qdhwcomposer( 1520): isValidDimension: layer handle is NULL
E/qdhwcomposer( 1520): isValidDimension: layer handle is NULL
E/qdhwcomposer( 1520): isValidDimension: layer handle is NULL
E/qdhwcomposer( 1520): isValidDimension: layer handle is NULL
E/qdhwcomposer( 1520): isValidDimension: layer handle is NULL
E/qdhwcomposer( 1520): isValidDimension: layer handle is NULL
E/qdhwcomposer( 1520): isValidDimension: layer handle is NULL
E/qdhwcomposer( 1520): isValidDimension: layer handle is NULL
E/qdhwcomposer( 1520): isValidDimension: layer handle is NULL
E/qdhwcomposer( 1520): isValidDimension: layer handle is NULL
E/qdhwcomposer( 1520): isValidDimension: layer handle is NULL
E/qdhwcomposer( 1520): isValidDimension: layer handle is NULL
E/qdhwcomposer( 1520): isValidDimension: layer handle is NULL
E/qdhwcomposer( 1520): isValidDimension: layer handle is NULL
E/qdhwcomposer( 1520): isValidDimension: layer handle is NULL
E/qdhwcomposer( 1520): isValidDimension: layer handle is NULL
E/qdhwcomposer( 1520): isValidDimension: layer handle is NULL
E/qdhwcomposer( 1520): isValidDimension: layer handle is NULL
E/qdhwcomposer( 1520): isValidDimension: layer handle is NULL
E/qdhwcomposer( 1520): isValidDimension: layer handle is NULL
E/qdhwcomposer( 1520): isValidDimension: layer handle is NULL
E/qdhwcomposer( 1520): isValidDimension: layer handle is NULL
I/dex2oat (24661): Explicit concurrent mark sweep GC freed 233600(16MB) AllocSpace objects, 0(0B) LOS objects, 26% free, 11MB/15MB, paused 195us total 74.234ms
E/qdhwcomposer( 1520): isValidDimension: layer handle is NULL
E/qdhwcomposer( 1520): isValidDimension: layer handle is NULL
E/qdhwcomposer( 1520): isValidDimension: layer handle is NULL
E/qdhwcomposer( 1520): isValidDimension: layer handle is NULL
E/qdhwcomposer( 1520): isValidDimension: layer handle is NULL
E/qdhwcomposer( 1520): isValidDimension: layer handle is NULL
V/WLAN_PSA( 673): NL MSG, len[4033], NL type[0x1C] WNI type[0x5900] len[43279]
V/WLAN_PSA( 673): NL MSG, PID: 673
E/qdhwcomposer( 1520): isValidDimension: layer handle is NULL
E/qdhwcomposer( 1520): isValidDimension: layer handle is NULL
E/qdhwcomposer( 1520): isValidDimension: layer handle is NULL
E/qdhwcomposer( 1520): isValidDimension: layer handle is NULL
E/qdhwcomposer( 1520): isValidDimension: layer handle is NULL
E/qdhwcomposer( 1520): isValidDimension: layer handle is NULL
E/qdhwcomposer( 1520): isValidDimension: layer handle is NULL
E/qdhwcomposer( 1520): isValidDimension: layer handle is NULL
E/qdhwcomposer( 1520): isValidDimension: layer handle is NULL
E/qdhwcomposer( 1520): isValidDimension: layer handle is NULL
E/qdhwcomposer( 1520): isValidDimension: layer handle is NULL
E/qdhwcomposer( 1520): isValidDimension: layer handle is NULL
E/qdhwcomposer( 1520): isValidDimension: layer handle is NULL
E/qdhwcomposer( 1520): isValidDimension: layer handle is NULL
E/qdhwcomposer( 1520): isValidDimension: layer handle is NULL
E/qdhwcomposer( 1520): isValidDimension: layer handle is NULL
E/qdhwcomposer( 1520): isValidDimension: layer handle is NULL
E/qdhwcomposer( 1520): isValidDimension: layer handle is NULL
E/qdhwcomposer( 1520): isValidDimension: layer handle is NULL
E/qdhwcomposer( 1520): isValidDimension: layer handle is NULL
E/qdhwcomposer( 1520): isValidDimension: layer handle is NULL
E/qdhwcomposer( 1520): isValidDimension: layer handle is NULL
E/qdhwcomposer( 1520): isValidDimension: layer handle is NULL
E/qdhwcomposer( 1520): isValidDimension: layer handle is NULL
E/qdhwcomposer( 1520): isValidDimension: layer handle is NULL
E/qdhwcomposer( 1520): isValidDimension: layer handle is NULL
E/qdhwcomposer( 1520): isValidDimension: layer handle is NULL
E/qdhwcomposer( 1520): isValidDimension: layer handle is NULL
E/qdhwcomposer( 1520): isValidDimension: layer handle is NULL
E/qdhwcomposer( 1520): isValidDimension: layer handle is NULL
E/qdhwcomposer( 1520): isValidDimension: layer handle is NULL
E/qdhwcomposer( 1520): isValidDimension: layer handle is NULL
E/qdhwcomposer( 1520): isValidDimension: layer handle is NULL
E/qdhwcomposer( 1520): isValidDimension: layer handle is NULL
E/qdhwcomposer( 1520): isValidDimension: layer handle is NULL
E/qdhwcomposer( 1520): isValidDimension: layer handle is NULL
E/qdhwcomposer( 1520): isValidDimension: layer handle is NULL
E/qdhwcomposer( 1520): isValidDimension: layer handle is NULL
E/qdhwcomposer( 1520): isValidDimension: layer handle is NULL
E/qdhwcomposer( 1520): isValidDimension: layer handle is NULL
E/qdhwcomposer( 1520): isValidDimension: layer handle is NULL
E/qdhwcomposer( 1520): isValidDimension: layer handle is NULL
E/qdhwcomposer( 1520): isValidDimension: layer handle is NULL
E/qdhwcomposer( 1520): isValidDimension: layer handle is NULL
E/LocSvc_ApiV02(24797): I/<--- void globalEventCb(locClientHandleType, uint32_t, locClientEventIndUnionType, void*) line 81 QMI_LOC_EVENT_POSITION_REPORT_IND_V02
E/NetlinkListener( 741): recvmsg failed (I/O error)
E/NetlinkListener(24611): recvmsg failed (I/O error)
E/LocSvc_ApiV02(24797): I/<--- void globalEventCb(locClientHandleType, uint32_t, locClientEventIndUnionType, void*) line 81 QMI_LOC_EVENT_POSITION_REPORT_IND_V02
E/qdhwcomposer( 1520): isValidDimension: layer handle is NULL
E/qdhwcomposer( 1520): isValidDimension: layer handle is NULL
E/LocSvc_ApiV02(24797): I/<--- void globalEventCb(locClientHandleType, uint32_t, locClientEventIndUnionType, void*) line 81 QMI_LOC_EVENT_POSITION_REPORT_IND_V02
I/dex2oat (24661): dex2oat took 32.708s (threads: 4) arena alloc=2MB java alloc=11MB native alloc=67MB free=20MB
I/SamplingProfilerIntegration(24610): Profiling disabled.
D/Zygote (24610): begin preload
I/Zygote (24610): Preloading classes...
I/art (24610): Explicit concurrent mark sweep GC freed 824(38KB) AllocSpace objects, 0(0B) LOS objects, 98% free, 52KB/4MB, paused 149us total 4.981ms
I/art (24610): Counter: 1
I/art (24610): Explicit concurrent mark sweep GC freed 96(4KB) AllocSpace objects, 0(0B) LOS objects, 98% free, 72KB/4MB, paused 140us total 4.261ms
I/art (24610): Explicit concurrent mark sweep GC freed 457(29KB) AllocSpace objects, 0(0B) LOS objects, 98% free, 72KB/4MB, paused 133us total 2.094ms
I/art (24610): Explicit concurrent mark sweep GC freed 5(160B) AllocSpace objects, 0(0B) LOS objects, 98% free, 72KB/4MB, paused 127us total 2.070ms
W/Zygote (24610): Class not found for preloading: android.app.ContextImpl$62
I/art (24610): Explicit concurrent mark sweep GC freed 633(41KB) AllocSpace objects, 0(0B) LOS objects, 98% free, 80KB/4MB, paused 536us total 5.733ms
I/art (24610): Explicit concurrent mark sweep GC freed 5(160B) AllocSpace objects, 0(0B) LOS objects, 98% free, 80KB/4MB, paused 139us total 2.342ms
I/art (24610): Explicit concurrent mark sweep GC freed 443(26KB) AllocSpace objects, 0(0B) LOS objects, 97% free, 110KB/4MB, paused 104us total 2.971ms
I/art (24610): Explicit concurrent mark sweep GC freed 25(1056B) AllocSpace objects, 0(0B) LOS objects, 97% free, 109KB/4MB, paused 100us total 2.142ms
E/Minikin (24610): addFont failed to create font /system/fonts/NanumGothic.ttf
E/Minikin (24610): addFont failed to create font /system/fonts/DroidSansFallback.ttf
I/art (24610): Explicit concurrent mark sweep GC freed 1773(128KB) AllocSpace objects, 0(0B) LOS objects, 97% free, 121KB/4MB, paused 107us total 2.606ms
I/art (24610): Explicit concurrent mark sweep GC freed 26(880B) AllocSpace objects, 0(0B) LOS objects, 97% free, 121KB/4MB, paused 105us total 10.165ms
I/art (24610): Explicit concurrent mark sweep GC freed 1910(91KB) AllocSpace objects, 0(0B) LOS objects, 96% free, 162KB/4MB, paused 101us total 3.418ms
I/art (24610): Explicit concurrent mark sweep GC freed 5(160B) AllocSpace objects, 0(0B) LOS objects, 96% free, 162KB/4MB, paused 97us total 2.370ms
I/art (24610): Explicit concurrent mark sweep GC freed 1975(87KB) AllocSpace objects, 0(0B) LOS objects, 95% free, 197KB/4MB, paused 103us total 3.130ms
I/art (24610): Explicit concurrent mark sweep GC freed 5(160B) AllocSpace objects, 0(0B) LOS objects, 95% free, 197KB/4MB, paused 100us total 1.936ms
