E/qdoverlay( 1520): src msmfb_img w=1152 h=1920 format=13 MDP_RGBA_8888
E/qdoverlay( 1520): src_rect mdp_rect x=0 y=0 w=1080 h=1920
E/qdoverlay( 1520): dst_rect mdp_rect x=0 y=0 w=1080 h=1920
E/qdhwcomposer( 1520): isValidDimension: layer handle is NULL
E/qdhwcomposer( 1520): isValidDimension: layer handle is NULL
E/qdoverlay( 1520): Bad ov dump: mdp_overlay z=0 fg=0 alpha=255 mask=-1 flags=0x220000 id=16
E/qdoverlay( 1520): src msmfb_img w=1152 h=1920 format=13 MDP_RGBA_8888
E/qdoverlay( 1520): src_rect mdp_rect x=0 y=0 w=1080 h=1920
E/qdoverlay( 1520): dst_rect mdp_rect x=0 y=0 w=1080 h=1920
E/qdhwcomposer( 1520): isValidDimension: layer handle is NULL
E/qdhwcomposer( 1520): isValidDimension: layer handle is NULL
I/ServiceManager(24720): Waiting for service batterystats...
E/qdoverlay( 1520): Bad ov dump: mdp_overlay z=0 fg=0 alpha=255 mask=-1 flags=0x220000 id=16
E/qdoverlay( 1520): src msmfb_img w=1152 h=1920 format=13 MDP_RGBA_8888
E/qdoverlay( 1520): src_rect mdp_rect x=0 y=0 w=1080 h=1920
E/qdoverlay( 1520): dst_rect mdp_rect x=0 y=0 w=1080 h=1920
E/qdhwcomposer( 1520): isValidDimension: layer handle is NULL
E/qdhwcomposer( 1520): isValidDimension: layer handle is NULL
E/qdoverlay( 1520): Bad ov dump: mdp_overlay z=0 fg=0 alpha=255 mask=-1 flags=0x220000 id=16
E/qdoverlay( 1520): src msmfb_img w=1152 h=1920 format=13 MDP_RGBA_8888
E/qdoverlay( 1520): src_rect mdp_rect x=0 y=0 w=1080 h=1920
E/qdoverlay( 1520): dst_rect mdp_rect x=0 y=0 w=1080 h=1920
E/qdhwcomposer( 1520): isValidDimension: layer handle is NULL
E/qdhwcomposer( 1520): isValidDimension: layer handle is NULL
E/qdoverlay( 1520): Bad ov dump: mdp_overlay z=0 fg=0 alpha=255 mask=-1 flags=0x220000 id=16
E/qdoverlay( 1520): src msmfb_img w=1152 h=1920 format=13 MDP_RGBA_8888
E/qdoverlay( 1520): src_rect mdp_rect x=0 y=0 w=1080 h=1920
E/qdoverlay( 1520): dst_rect mdp_rect x=0 y=0 w=1080 h=1920
E/qdhwcomposer( 1520): isValidDimension: layer handle is NULL
E/qdhwcomposer( 1520): isValidDimension: layer handle is NULL
E/qdoverlay( 1520): Bad ov dump: mdp_overlay z=0 fg=0 alpha=255 mask=-1 flags=0x220000 id=16
E/qdoverlay( 1520): src msmfb_img w=1152 h=1920 format=13 MDP_RGBA_8888
E/qdoverlay( 1520): src_rect mdp_rect x=0 y=0 w=1080 h=1920
E/qdoverlay( 1520): dst_rect mdp_rect x=0 y=0 w=1080 h=1920
D/qdhwcomposer( 1520): hwc_setPowerMode: Setting mode 0 on display: 0
E/qdoverlay( 1520): Failed to call ioctl MSMFB_OVERLAY_UNSET err=No such file or directory
E/qdoverlay( 1520): MdpCtrl close error in unset
D/qdhwcomposer( 1520): hwc_setPowerMode: Done setting mode 0 on display 0
I/qdhwcomposer( 1520): handle_blank_event: dpy:0 panel power state: 0
I/qdhwcomposer( 1520): handle_blank_event: dpy:0 panel power state: 0
V/WLAN_PSA( 673): NL MSG, len[048], NL type[0x11] WNI type[0x5050] len[028]
V/WLAN_PSA( 673): NL MSG, PID: 673
I/ServiceManager(24720): Waiting for service batterystats...
I/qdhwcomposer( 1520): handle_blank_event: dpy:0 panel power state: 1
D/qdhwcomposer( 1520): hwc_setPowerMode: Setting mode 2 on display: 0
D/qdhwcomposer( 1520): hwc_setPowerMode: Done setting mode 2 on display 0
I/qdhwcomposer( 1520): handle_blank_event: dpy:0 panel power state: 1
E/qdhwcomposer( 1520): isValidDimension: layer handle is NULL
E/qdhwcomposer( 1520): isValidDimension: layer handle is NULL
E/qdhwcomposer( 1520): isValidDimension: layer handle is NULL
E/qdhwcomposer( 1520): isValidDimension: layer handle is NULL
E/qdhwcomposer( 1520): isValidDimension: layer handle is NULL
E/qdhwcomposer( 1520): isValidDimension: layer handle is NULL
E/qdhwcomposer( 1520): isValidDimension: layer handle is NULL
E/qdhwcomposer( 1520): isValidDimension: layer handle is NULL
E/qdhwcomposer( 1520): isValidDimension: layer handle is NULL
E/qdhwcomposer( 1520): isValidDimension: layer handle is NULL
E/qdhwcomposer( 1520): isValidDimension: layer handle is NULL
E/qdhwcomposer( 1520): isValidDimension: layer handle is NULL
E/qdhwcomposer( 1520): isValidDimension: layer handle is NULL
E/qdhwcomposer( 1520): isValidDimension: layer handle is NULL
E/qdhwcomposer( 1520): isValidDimension: layer handle is NULL
E/qdhwcomposer( 1520): isValidDimension: layer handle is NULL
E/qdhwcomposer( 1520): isValidDimension: layer handle is NULL
E/qdhwcomposer( 1520): isValidDimension: layer handle is NULL
E/qdhwcomposer( 1520): isValidDimension: layer handle is NULL
E/qdhwcomposer( 1520): isValidDimension: layer handle is NULL
E/qdhwcomposer( 1520): isValidDimension: layer handle is NULL
E/qdhwcomposer( 1520): isValidDimension: layer handle is NULL
E/qdhwcomposer( 1520): isValidDimension: layer handle is NULL
E/qdhwcomposer( 1520): isValidDimension: layer handle is NULL
E/qdhwcomposer( 1520): isValidDimension: layer handle is NULL
E/qdhwcomposer( 1520): isValidDimension: layer handle is NULL
E/qdhwcomposer( 1520): isValidDimension: layer handle is NULL
E/qdhwcomposer( 1520): isValidDimension: layer handle is NULL
E/qdhwcomposer( 1520): isValidDimension: layer handle is NULL
E/qdhwcomposer( 1520): isValidDimension: layer handle is NULL
E/qdhwcomposer( 1520): isValidDimension: layer handle is NULL
E/qdhwcomposer( 1520): isValidDimension: layer handle is NULL
E/qdhwcomposer( 1520): isValidDimension: layer handle is NULL
E/qdhwcomposer( 1520): isValidDimension: layer handle is NULL
E/qdhwcomposer( 1520): isValidDimension: layer handle is NULL
E/qdhwcomposer( 1520): isValidDimension: layer handle is NULL
E/qdhwcomposer( 1520): isValidDimension: layer handle is NULL
E/qdhwcomposer( 1520): isValidDimension: layer handle is NULL
E/qdhwcomposer( 1520): isValidDimension: layer handle is NULL
E/qdhwcomposer( 1520): isValidDimension: layer handle is NULL
E/qdhwcomposer( 1520): isValidDimension: layer handle is NULL
E/qdhwcomposer( 1520): isValidDimension: layer handle is NULL
E/qdhwcomposer( 1520): isValidDimension: layer handle is NULL
E/qdhwcomposer( 1520): isValidDimension: layer handle is NULL
E/qdhwcomposer( 1520): isValidDimension: layer handle is NULL
E/qdhwcomposer( 1520): isValidDimension: layer handle is NULL
E/qdhwcomposer( 1520): isValidDimension: layer handle is NULL
E/qdhwcomposer( 1520): isValidDimension: layer handle is NULL
E/qdhwcomposer( 1520): isValidDimension: layer handle is NULL
E/qdhwcomposer( 1520): isValidDimension: layer handle is NULL
E/qdhwcomposer( 1520): isValidDimension: layer handle is NULL
E/qdhwcomposer( 1520): isValidDimension: layer handle is NULL
I/ServiceManager(24720): Waiting for service batterystats...
E/qdhwcomposer( 1520): isValidDimension: layer handle is NULL
E/qdhwcomposer( 1520): isValidDimension: layer handle is NULL
E/qdhwcomposer( 1520): isValidDimension: layer handle is NULL
E/qdhwcomposer( 1520): isValidDimension: layer handle is NULL
E/qdhwcomposer( 1520): isValidDimension: layer handle is NULL
E/qdhwcomposer( 1520): isValidDimension: layer handle is NULL
E/qdhwcomposer( 1520): isValidDimension: layer handle is NULL
E/qdhwcomposer( 1520): isValidDimension: layer handle is NULL
E/qdhwcomposer( 1520): isValidDimension: layer handle is NULL
E/qdhwcomposer( 1520): isValidDimension: layer handle is NULL
E/qdhwcomposer( 1520): isValidDimension: layer handle is NULL
E/qdhwcomposer( 1520): isValidDimension: layer handle is NULL
E/qdhwcomposer( 1520): isValidDimension: layer handle is NULL
E/qdhwcomposer( 1520): isValidDimension: layer handle is NULL
W/dex2oat (24661): Skipping class org.codeaurora.Performance from /system/framework/org.codeaurora.Performance.jar previously found in /usr/libexec/sfdroid/system/framework/framework.jar:classes2.dex
W/dex2oat (24661): Skipping class org.codeaurora.camera.ExtendedFace from /system/framework/org.codeaurora.Performance.jar previously found in /usr/libexec/sfdroid/system/framework/framework.jar:classes2.dex
W/dex2oat (24661): Skipping class org.codeaurora.camera.QCFace from /system/framework/org.codeaurora.Performance.jar previously found in /usr/libexec/sfdroid/system/framework/framework.jar:classes2.dex
E/qdhwcomposer( 1520): isValidDimension: layer handle is NULL
E/qdhwcomposer( 1520): isValidDimension: layer handle is NULL
E/qdhwcomposer( 1520): isValidDimension: layer handle is NULL
E/qdhwcomposer( 1520): isValidDimension: layer handle is NULL
E/qdhwcomposer( 1520): isValidDimension: layer handle is NULL
E/qdhwcomposer( 1520): isValidDimension: layer handle is NULL
E/qdhwcomposer( 1520): isValidDimension: layer handle is NULL
E/qdhwcomposer( 1520): isValidDimension: layer handle is NULL
E/qdhwcomposer( 1520): isValidDimension: layer handle is NULL
E/qdhwcomposer( 1520): isValidDimension: layer handle is NULL
E/qdhwcomposer( 1520): isValidDimension: layer handle is NULL
E/qdhwcomposer( 1520): isValidDimension: layer handle is NULL
E/qdhwcomposer( 1520): isValidDimension: layer handle is NULL
E/qdhwcomposer( 1520): isValidDimension: layer handle is NULL
E/qdhwcomposer( 1520): isValidDimension: layer handle is NULL
E/qdhwcomposer( 1520): isValidDimension: layer handle is NULL
E/qdhwcomposer( 1520): isValidDimension: layer handle is NULL
E/qdhwcomposer( 1520): isValidDimension: layer handle is NULL
E/qdhwcomposer( 1520): isValidDimension: layer handle is NULL
E/qdhwcomposer( 1520): isValidDimension: layer handle is NULL
E/qdhwcomposer( 1520): isValidDimension: layer handle is NULL
E/qdhwcomposer( 1520): isValidDimension: layer handle is NULL
E/qdhwcomposer( 1520): isValidDimension: layer handle is NULL
E/qdhwcomposer( 1520): isValidDimension: layer handle is NULL
E/qdhwcomposer( 1520): isValidDimension: layer handle is NULL
E/qdhwcomposer( 1520): isValidDimension: layer handle is NULL
E/qdhwcomposer( 1520): isValidDimension: layer handle is NULL
E/qdhwcomposer( 1520): isValidDimension: layer handle is NULL
E/qdhwcomposer( 1520): isValidDimension: layer handle is NULL
E/qdhwcomposer( 1520): isValidDimension: layer handle is NULL
E/NetlinkListener(24611): recvmsg failed (I/O error)
E/NetlinkListener( 741): recvmsg failed (I/O error)
E/NetlinkListener(24611): recvmsg failed (I/O error)
E/NetlinkListener( 741): recvmsg failed (I/O error)
E/MediaPlayerFactory(24720): calling dlopen on FACTORY_LIB
E/MediaPlayerFactory(24720): calling dlsym on pFactoryLib for FACTORY_CREATE_FN
E/MediaPlayerFactory(24720): registering DASH Player factory...
I/CameraService(24720): CameraService started (pid=24720)
D/mm-camera-intf(24720): get_num_of_cameras gMmCameraIntfLogLevel=1
E/mm-camera-intf(24720): entity id 1
E/mm-camera-intf(24720): entity name video0 type 65537 group id 2
E/mm-camera-intf(24720): entity id 2
E/mm-camera-intf(24720): entity name msm_cci type 131072 group id 0
E/mm-camera-intf(24720): entity id 3
E/mm-camera-intf(24720): entity name v4l-subdev0 type 131072 group id 0
E/mm-camera-intf(24720): entity id 4
E/mm-camera-intf(24720): entity name v4l-subdev1 type 131072 group id 0
E/mm-camera-intf(24720): entity id 5
E/mm-camera-intf(24720): entity name v4l-subdev2 type 131072 group id 0
E/mm-camera-intf(24720): entity id 6
E/mm-camera-intf(24720): entity name v4l-subdev3 type 131072 group id 1
E/mm-camera-intf(24720): entity id 7
E/mm-camera-intf(24720): entity name v4l-subdev4 type 131072 group id 1
E/mm-camera-intf(24720): entity id 8
E/mm-camera-intf(24720): entity name v4l-subdev5 type 131072 group id 1
E/mm-camera-intf(24720): entity id 9
E/mm-camera-intf(24720): entity name v4l-subdev6 type 131072 group id 1
E/mm-camera-intf(24720): entity id 10
E/mm-camera-intf(24720): entity name v4l-subdev7 type 131072 group id 7
E/mm-camera-intf(24720): entity id 11
E/mm-camera-intf(24720): entity name v4l-subdev8 type 131072 group id 7
E/mm-camera-intf(24720): entity id 12
E/mm-camera-intf(24720): entity name v4l-subdev9 type 131072 group id 11
E/mm-camera-intf(24720): entity id 13
E/mm-camera-intf(24720): entity name v4l-subdev10 type 131072 group id 8
E/mm-camera-intf(24720): entity id 14
E/mm-camera-intf(24720): entity name v4l-subdev11 type 131072 group id 14
E/mm-camera-intf(24720): entity id 1
E/mm-camera-intf(24720): entity name video1 type 65537 group id 2
E/mm-camera-intf(24720): entity id 2
E/mm-camera-intf(24720): Done enumerating media entities
E/mm-camera-intf(24720): entity id 1
E/mm-camera-intf(24720): entity name video2 type 65537 group id 2
E/mm-camera-intf(24720): entity id 2
E/mm-camera-intf(24720): Done enumerating media entities
D/mm-camera-intf(24720): index = 0 flag = 1 mount_angle = 90 facing = 0
D/mm-camera-intf(24720): index = 1 flag = 103 mount_angle = 270 facing = 1
I/CameraService(24720): Loaded "QCamera Module" camera module
I/AudioPolicyService(24720): AudioPolicyService CSTOR in new mode
I/AudioPolicyManager(24720): loadAudioPolicyConfig() loaded /system/etc/audio_policy.conf
E/NetlinkListener(24611): recvmsg failed (I/O error)
E/NetlinkListener( 741): recvmsg failed (I/O error)
E/qdhwcomposer( 1520): isValidDimension: layer handle is NULL
E/qdhwcomposer( 1520): isValidDimension: layer handle is NULL
E/qdhwcomposer( 1520): isValidDimension: layer handle is NULL
E/qdhwcomposer( 1520): isValidDimension: layer handle is NULL
E/qdhwcomposer( 1520): isValidDimension: layer handle is NULL
E/qdhwcomposer( 1520): isValidDimension: layer handle is NULL
E/qdhwcomposer( 1520): isValidDimension: layer handle is NULL
E/qdhwcomposer( 1520): isValidDimension: layer handle is NULL
E/qdhwcomposer( 1520): isValidDimension: layer handle is NULL
E/qdhwcomposer( 1520): isValidDimension: layer handle is NULL
E/qdhwcomposer( 1520): isValidDimension: layer handle is NULL
E/qdhwcomposer( 1520): isValidDimension: layer handle is NULL
E/qdhwcomposer( 1520): isValidDimension: layer handle is NULL
E/qdhwcomposer( 1520): isValidDimension: layer handle is NULL
E/qdhwcomposer( 1520): isValidDimension: layer handle is NULL
E/qdhwcomposer( 1520): isValidDimension: layer handle is NULL
E/qdhwcomposer( 1520): isValidDimension: layer handle is NULL
E/qdhwcomposer( 1520): isValidDimension: layer handle is NULL
E/qdhwcomposer( 1520): isValidDimension: layer handle is NULL
E/qdhwcomposer( 1520): isValidDimension: layer handle is NULL
E/qdhwcomposer( 1520): isValidDimension: layer handle is NULL
E/qdhwcomposer( 1520): isValidDimension: layer handle is NULL
E/qdhwcomposer( 1520): isValidDimension: layer handle is NULL
E/qdhwcomposer( 1520): isValidDimension: layer handle is NULL
E/qdhwcomposer( 1520): isValidDimension: layer handle is NULL
E/qdhwcomposer( 1520): isValidDimension: layer handle is NULL
E/qdhwcomposer( 1520): isValidDimension: layer handle is NULL
E/qdhwcomposer( 1520): isValidDimension: layer handle is NULL
E/qdhwcomposer( 1520): isValidDimension: layer handle is NULL
E/qdhwcomposer( 1520): isValidDimension: layer handle is NULL
E/qdhwcomposer( 1520): isValidDimension: layer handle is NULL
E/qdhwcomposer( 1520): isValidDimension: layer handle is NULL
E/qdhwcomposer( 1520): isValidDimension: layer handle is NULL
E/qdhwcomposer( 1520): isValidDimension: layer handle is NULL
E/qdhwcomposer( 1520): isValidDimension: layer handle is NULL
E/qdhwcomposer( 1520): isValidDimension: layer handle is NULL
E/qdhwcomposer( 1520): isValidDimension: layer handle is NULL
E/qdhwcomposer( 1520): isValidDimension: layer handle is NULL
E/qdhwcomposer( 1520): isValidDimension: layer handle is NULL
E/qdhwcomposer( 1520): isValidDimension: layer handle is NULL
E/qdhwcomposer( 1520): isValidDimension: layer handle is NULL
E/qdhwcomposer( 1520): isValidDimension: layer handle is NULL
E/qdhwcomposer( 1520): isValidDimension: layer handle is NULL
E/qdhwcomposer( 1520): isValidDimension: layer handle is NULL
E/qdhwcomposer( 1520): isValidDimension: layer handle is NULL
E/qdhwcomposer( 1520): isValidDimension: layer handle is NULL
E/qdhwcomposer( 1520): isValidDimension: layer handle is NULL
E/qdhwcomposer( 1520): isValidDimension: layer handle is NULL
E/qdhwcomposer( 1520): isValidDimension: layer handle is NULL
E/qdhwcomposer( 1520): isValidDimension: layer handle is NULL
E/qdhwcomposer( 1520): isValidDimension: layer handle is NULL
E/qdhwcomposer( 1520): isValidDimension: layer handle is NULL
E/qdhwcomposer( 1520): isValidDimension: layer handle is NULL
E/qdhwcomposer( 1520): isValidDimension: layer handle is NULL
E/qdhwcomposer( 1520): isValidDimension: layer handle is NULL
E/qdhwcomposer( 1520): isValidDimension: layer handle is NULL
E/NetlinkListener( 741): recvmsg failed (I/O error)
E/NetlinkListener(24611): recvmsg failed (I/O error)
E/qdhwcomposer( 1520): isValidDimension: layer handle is NULL
E/qdhwcomposer( 1520): isValidDimension: layer handle is NULL
E/qdhwcomposer( 1520): isValidDimension: layer handle is NULL
E/qdhwcomposer( 1520): isValidDimension: layer handle is NULL
E/qdhwcomposer( 1520): isValidDimension: layer handle is NULL
E/qdhwcomposer( 1520): isValidDimension: layer handle is NULL
E/qdhwcomposer( 1520): isValidDimension: layer handle is NULL
E/qdhwcomposer( 1520): isValidDimension: layer handle is NULL
E/qdhwcomposer( 1520): isValidDimension: layer handle is NULL
E/qdhwcomposer( 1520): isValidDimension: layer handle is NULL
E/qdhwcomposer( 1520): isValidDimension: layer handle is NULL
E/qdhwcomposer( 1520): isValidDimension: layer handle is NULL
E/qdhwcomposer( 1520): isValidDimension: layer handle is NULL
E/qdhwcomposer( 1520): isValidDimension: layer handle is NULL
E/qdhwcomposer( 1520): isValidDimension: layer handle is NULL
E/qdhwcomposer( 1520): isValidDimension: layer handle is NULL
E/qdhwcomposer( 1520): isValidDimension: layer handle is NULL
E/qdhwcomposer( 1520): isValidDimension: layer handle is NULL
E/qdhwcomposer( 1520): isValidDimension: layer handle is NULL
E/qdhwcomposer( 1520): isValidDimension: layer handle is NULL
E/qdhwcomposer( 1520): isValidDimension: layer handle is NULL
E/qdhwcomposer( 1520): isValidDimension: layer handle is NULL
E/qdhwcomposer( 1520): isValidDimension: layer handle is NULL
E/qdhwcomposer( 1520): isValidDimension: layer handle is NULL
E/qdhwcomposer( 1520): isValidDimension: layer handle is NULL
E/qdhwcomposer( 1520): isValidDimension: layer handle is NULL
E/qdhwcomposer( 1520): isValidDimension: layer handle is NULL
E/qdhwcomposer( 1520): isValidDimension: layer handle is NULL
E/qdhwcomposer( 1520): isValidDimension: layer handle is NULL
E/qdhwcomposer( 1520): isValidDimension: layer handle is NULL
E/qdhwcomposer( 1520): isValidDimension: layer handle is NULL
E/qdhwcomposer( 1520): isValidDimension: layer handle is NULL
E/qdhwcomposer( 1520): isValidDimension: layer handle is NULL
E/qdhwcomposer( 1520): isValidDimension: layer handle is NULL
E/qdhwcomposer( 1520): isValidDimension: layer handle is NULL
E/qdhwcomposer( 1520): isValidDimension: layer handle is NULL
E/qdhwcomposer( 1520): isValidDimension: layer handle is NULL
E/qdhwcomposer( 1520): isValidDimension: layer handle is NULL
E/qdhwcomposer( 1520): isValidDimension: layer handle is NULL
E/qdhwcomposer( 1520): isValidDimension: layer handle is NULL
E/qdhwcomposer( 1520): isValidDimension: layer handle is NULL
E/qdhwcomposer( 1520): isValidDimension: layer handle is NULL
E/qdhwcomposer( 1520): isValidDimension: layer handle is NULL
E/qdhwcomposer( 1520): isValidDimension: layer handle is NULL
E/qdhwcomposer( 1520): isValidDimension: layer handle is NULL
E/qdhwcomposer( 1520): isValidDimension: layer handle is NULL
E/qdhwcomposer( 1520): isValidDimension: layer handle is NULL
E/qdhwcomposer( 1520): isValidDimension: layer handle is NULL
E/qdhwcomposer( 1520): isValidDimension: layer handle is NULL
E/qdhwcomposer( 1520): isValidDimension: layer handle is NULL
E/qdhwcomposer( 1520): isValidDimension: layer handle is NULL
E/qdhwcomposer( 1520): isValidDimension: layer handle is NULL
E/qdhwcomposer( 1520): isValidDimension: layer handle is NULL
E/qdhwcomposer( 1520): isValidDimension: layer handle is NULL
E/qdhwcomposer( 1520): isValidDimension: layer handle is NULL
E/qdhwcomposer( 1520): isValidDimension: layer handle is NULL
E/qdhwcomposer( 1520): isValidDimension: layer handle is NULL
E/qdhwcomposer( 1520): isValidDimension: layer handle is NULL
E/qdhwcomposer( 1520): isValidDimension: layer handle is NULL
E/qdhwcomposer( 1520): isValidDimension: layer handle is NULL
E/qdhwcomposer( 1520): isValidDimension: layer handle is NULL
E/qdhwcomposer( 1520): isValidDimension: layer handle is NULL
E/qdhwcomposer( 1520): isValidDimension: layer handle is NULL
E/qdhwcomposer( 1520): isValidDimension: layer handle is NULL
E/qdhwcomposer( 1520): isValidDimension: layer handle is NULL
E/qdhwcomposer( 1520): isValidDimension: layer handle is NULL
E/qdhwcomposer( 1520): isValidDimension: layer handle is NULL
E/qdhwcomposer( 1520): isValidDimension: layer handle is NULL
E/qdhwcomposer( 1520): isValidDimension: layer handle is NULL
E/qdhwcomposer( 1520): isValidDimension: layer handle is NULL
W/dex2oat (24661): Skipping class org.codeaurora.Performance from /system/framework/org.codeaurora.Performance.jar previously found in /usr/libexec/sfdroid/system/framework/framework.jar:classes2.dex
W/dex2oat (24661): Skipping class org.codeaurora.camera.ExtendedFace from /system/framework/org.codeaurora.Performance.jar previously found in /usr/libexec/sfdroid/system/framework/framework.jar:classes2.dex
W/dex2oat (24661): Skipping class org.codeaurora.camera.QCFace from /system/framework/org.codeaurora.Performance.jar previously found in /usr/libexec/sfdroid/system/framework/framework.jar:classes2.dex
V/WLAN_PSA( 673): NL MSG, len[4031], NL type[0x1C] WNI type[0x5900] len[42767]
V/WLAN_PSA( 673): NL MSG, PID: 673
I/dex2oat (24661): Explicit concurrent mark sweep GC freed 43259(5MB) AllocSpace objects, 0(0B) LOS objects, 15% free, 21MB/25MB, paused 180us total 133.063ms
E/qdhwcomposer( 1520): isValidDimension: layer handle is NULL
E/qdhwcomposer( 1520): isValidDimension: layer handle is NULL
E/qdhwcomposer( 1520): isValidDimension: layer handle is NULL
E/qdhwcomposer( 1520): isValidDimension: layer handle is NULL
E/qdhwcomposer( 1520): isValidDimension: layer handle is NULL
E/qdhwcomposer( 1520): isValidDimension: layer handle is NULL
E/qdhwcomposer( 1520): isValidDimension: layer handle is NULL
E/qdhwcomposer( 1520): isValidDimension: layer handle is NULL
E/qdhwcomposer( 1520): isValidDimension: layer handle is NULL
E/qdhwcomposer( 1520): isValidDimension: layer handle is NULL
E/qdhwcomposer( 1520): isValidDimension: layer handle is NULL
E/qdhwcomposer( 1520): isValidDimension: layer handle is NULL
E/qdhwcomposer( 1520): isValidDimension: layer handle is NULL
E/qdhwcomposer( 1520): isValidDimension: layer handle is NULL
E/qdhwcomposer( 1520): isValidDimension: layer handle is NULL
E/qdhwcomposer( 1520): isValidDimension: layer handle is NULL
E/qdhwcomposer( 1520): isValidDimension: layer handle is NULL
E/qdhwcomposer( 1520): isValidDimension: layer handle is NULL
E/qdhwcomposer( 1520): isValidDimension: layer handle is NULL
E/qdhwcomposer( 1520): isValidDimension: layer handle is NULL
E/qdhwcomposer( 1520): isValidDimension: layer handle is NULL
E/qdhwcomposer( 1520): isValidDimension: layer handle is NULL
E/qdhwcomposer( 1520): isValidDimension: layer handle is NULL
E/qdhwcomposer( 1520): isValidDimension: layer handle is NULL
E/qdhwcomposer( 1520): isValidDimension: layer handle is NULL
E/qdhwcomposer( 1520): isValidDimension: layer handle is NULL
E/qdhwcomposer( 1520): isValidDimension: layer handle is NULL
E/qdhwcomposer( 1520): isValidDimension: layer handle is NULL
E/qdhwcomposer( 1520): isValidDimension: layer handle is NULL
E/qdhwcomposer( 1520): isValidDimension: layer handle is NULL
E/qdhwcomposer( 1520): isValidDimension: layer handle is NULL
E/qdhwcomposer( 1520): isValidDimension: layer handle is NULL
E/qdhwcomposer( 1520): isValidDimension: layer handle is NULL
E/qdhwcomposer( 1520): isValidDimension: layer handle is NULL
E/qdhwcomposer( 1520): isValidDimension: layer handle is NULL
E/qdhwcomposer( 1520): isValidDimension: layer handle is NULL
E/qdhwcomposer( 1520): isValidDimension: layer handle is NULL
E/qdhwcomposer( 1520): isValidDimension: layer handle is NULL
E/qdhwcomposer( 1520): isValidDimension: layer handle is NULL
E/qdhwcomposer( 1520): isValidDimension: layer handle is NULL
E/qdhwcomposer( 1520): isValidDimension: layer handle is NULL
E/qdhwcomposer( 1520): isValidDimension: layer handle is NULL
E/qdhwcomposer( 1520): isValidDimension: layer handle is NULL
E/qdhwcomposer( 1520): isValidDimension: layer handle is NULL
E/qdhwcomposer( 1520): isValidDimension: layer handle is NULL
E/qdhwcomposer( 1520): isValidDimension: layer handle is NULL
E/qdhwcomposer( 1520): isValidDimension: layer handle is NULL
E/qdhwcomposer( 1520): isValidDimension: layer handle is NULL
E/qdhwcomposer( 1520): isValidDimension: layer handle is NULL
E/qdhwcomposer( 1520): isValidDimension: layer handle is NULL
E/qdhwcomposer( 1520): isValidDimension: layer handle is NULL
E/qdhwcomposer( 1520): isValidDimension: layer handle is NULL
E/NetlinkListener(24611): recvmsg failed (I/O error)
E/NetlinkListener( 741): recvmsg failed (I/O error)
E/NetlinkListener(24611): recvmsg failed (I/O error)
E/NetlinkListener( 741): recvmsg failed (I/O error)
V/WLAN_PSA( 673): NL MSG, len[048], NL type[0x11] WNI type[0x5050] len[028]
V/WLAN_PSA( 673): NL MSG, PID: 673
E/qdhwcomposer( 1520): isValidDimension: layer handle is NULL
E/qdhwcomposer( 1520): isValidDimension: layer handle is NULL
E/qdhwcomposer( 1520): isValidDimension: layer handle is NULL
E/qdhwcomposer( 1520): isValidDimension: layer handle is NULL
E/qdhwcomposer( 1520): isValidDimension: layer handle is NULL
E/qdhwcomposer( 1520): isValidDimension: layer handle is NULL
E/qdhwcomposer( 1520): isValidDimension: layer handle is NULL
E/qdhwcomposer( 1520): isValidDimension: layer handle is NULL
E/qdhwcomposer( 1520): isValidDimension: layer handle is NULL
E/qdhwcomposer( 1520): isValidDimension: layer handle is NULL
E/qdhwcomposer( 1520): isValidDimension: layer handle is NULL
E/qdhwcomposer( 1520): isValidDimension: layer handle is NULL
E/qdhwcomposer( 1520): isValidDimension: layer handle is NULL
E/qdhwcomposer( 1520): isValidDimension: layer handle is NULL
E/qdhwcomposer( 1520): isValidDimension: layer handle is NULL
E/qdhwcomposer( 1520): isValidDimension: layer handle is NULL
E/qdhwcomposer( 1520): isValidDimension: layer handle is NULL
E/qdhwcomposer( 1520): isValidDimension: layer handle is NULL
E/qdhwcomposer( 1520): isValidDimension: layer handle is NULL
E/qdhwcomposer( 1520): isValidDimension: layer handle is NULL
E/qdhwcomposer( 1520): isValidDimension: layer handle is NULL
E/qdhwcomposer( 1520): isValidDimension: layer handle is NULL
E/qdhwcomposer( 1520): isValidDimension: layer handle is NULL
E/qdhwcomposer( 1520): isValidDimension: layer handle is NULL
E/qdhwcomposer( 1520): isValidDimension: layer handle is NULL
E/qdhwcomposer( 1520): isValidDimension: layer handle is NULL
E/qdhwcomposer( 1520): isValidDimension: layer handle is NULL
E/qdhwcomposer( 1520): isValidDimension: layer handle is NULL
E/qdhwcomposer( 1520): isValidDimension: layer handle is NULL
E/qdhwcomposer( 1520): isValidDimension: layer handle is NULL
E/qdhwcomposer( 1520): isValidDimension: layer handle is NULL
E/qdhwcomposer( 1520): isValidDimension: layer handle is NULL
E/qdhwcomposer( 1520): isValidDimension: layer handle is NULL
E/qdhwcomposer( 1520): isValidDimension: layer handle is NULL
E/qdhwcomposer( 1520): isValidDimension: layer handle is NULL
E/qdhwcomposer( 1520): isValidDimension: layer handle is NULL
E/qdhwcomposer( 1520): isValidDimension: layer handle is NULL
E/qdhwcomposer( 1520): isValidDimension: layer handle is NULL
E/qdhwcomposer( 1520): isValidDimension: layer handle is NULL
E/qdhwcomposer( 1520): isValidDimension: layer handle is NULL
E/qdhwcomposer( 1520): isValidDimension: layer handle is NULL
E/qdhwcomposer( 1520): isValidDimension: layer handle is NULL
E/qdhwcomposer( 1520): isValidDimension: layer handle is NULL
E/qdhwcomposer( 1520): isValidDimension: layer handle is NULL
E/qdhwcomposer( 1520): isValidDimension: layer handle is NULL
E/qdhwcomposer( 1520): isValidDimension: layer handle is NULL
E/qdhwcomposer( 1520): isValidDimension: layer handle is NULL
E/qdhwcomposer( 1520): isValidDimension: layer handle is NULL
E/qdhwcomposer( 1520): isValidDimension: layer handle is NULL
E/qdhwcomposer( 1520): isValidDimension: layer handle is NULL
E/qdhwcomposer( 1520): isValidDimension: layer handle is NULL
E/qdhwcomposer( 1520): isValidDimension: layer handle is NULL
E/qdhwcomposer( 1520): isValidDimension: layer handle is NULL
E/qdhwcomposer( 1520): isValidDimension: layer handle is NULL
E/qdhwcomposer( 1520): isValidDimension: layer handle is NULL
E/qdhwcomposer( 1520): isValidDimension: layer handle is NULL
E/qdhwcomposer( 1520): isValidDimension: layer handle is NULL
E/qdhwcomposer( 1520): isValidDimension: layer handle is NULL
E/qdhwcomposer( 1520): isValidDimension: layer handle is NULL
E/qdhwcomposer( 1520): isValidDimension: layer handle is NULL
E/qdhwcomposer( 1520): isValidDimension: layer handle is NULL
E/qdhwcomposer( 1520): isValidDimension: layer handle is NULL
E/qdhwcomposer( 1520): isValidDimension: layer handle is NULL
E/qdhwcomposer( 1520): isValidDimension: layer handle is NULL
E/NetlinkListener(24611): recvmsg failed (I/O error)
E/NetlinkListener( 741): recvmsg failed (I/O error)
E/NetlinkListener(24611): recvmsg failed (I/O error)
E/NetlinkListener( 741): recvmsg failed (I/O error)
E/qdhwcomposer( 1520): isValidDimension: layer handle is NULL
E/qdhwcomposer( 1520): isValidDimension: layer handle is NULL
E/qdhwcomposer( 1520): isValidDimension: layer handle is NULL
E/qdhwcomposer( 1520): isValidDimension: layer handle is NULL
E/qdhwcomposer( 1520): isValidDimension: layer handle is NULL
E/qdhwcomposer( 1520): isValidDimension: layer handle is NULL
E/qdhwcomposer( 1520): isValidDimension: layer handle is NULL
E/qdhwcomposer( 1520): isValidDimension: layer handle is NULL
E/qdhwcomposer( 1520): isValidDimension: layer handle is NULL
E/qdhwcomposer( 1520): isValidDimension: layer handle is NULL
E/qdhwcomposer( 1520): isValidDimension: layer handle is NULL
E/qdhwcomposer( 1520): isValidDimension: layer handle is NULL
I/dex2oat (24661): Method exceeds compiler instruction limit: 21296 in void org.ccil.cowan.tagsoup.HTMLSchema.()
E/qdhwcomposer( 1520): isValidDimension: layer handle is NULL
E/qdhwcomposer( 1520): isValidDimension: layer handle is NULL
E/qdhwcomposer( 1520): isValidDimension: layer handle is NULL
E/qdhwcomposer( 1520): isValidDimension: layer handle is NULL
E/qdhwcomposer( 1520): isValidDimension: layer handle is NULL
E/qdhwcomposer( 1520): isValidDimension: layer handle is NULL
E/qdhwcomposer( 1520): isValidDimension: layer handle is NULL
E/qdhwcomposer( 1520): isValidDimension: layer handle is NULL
E/qdhwcomposer( 1520): isValidDimension: layer handle is NULL
E/qdhwcomposer( 1520): isValidDimension: layer handle is NULL
E/qdhwcomposer( 1520): isValidDimension: layer handle is NULL
E/qdhwcomposer( 1520): isValidDimension: layer handle is NULL
E/qdhwcomposer( 1520): isValidDimension: layer handle is NULL
E/qdhwcomposer( 1520): isValidDimension: layer handle is NULL
E/qdhwcomposer( 1520): isValidDimension: layer handle is NULL
E/qdhwcomposer( 1520): isValidDimension: layer handle is NULL
E/qdhwcomposer( 1520): isValidDimension: layer handle is NULL
E/qdhwcomposer( 1520): isValidDimension: layer handle is NULL
E/qdhwcomposer( 1520): isValidDimension: layer handle is NULL
E/qdhwcomposer( 1520): isValidDimension: layer handle is NULL
E/qdhwcomposer( 1520): isValidDimension: layer handle is NULL
E/qdhwcomposer( 1520): isValidDimension: layer handle is NULL
E/qdhwcomposer( 1520): isValidDimension: layer handle is NULL
E/qdhwcomposer( 1520): isValidDimension: layer handle is NULL
E/qdhwcomposer( 1520): isValidDimension: layer handle is NULL
E/qdhwcomposer( 1520): isValidDimension: layer handle is NULL
E/qdhwcomposer( 1520): isValidDimension: layer handle is NULL
E/qdhwcomposer( 1520): isValidDimension: layer handle is NULL
E/qdhwcomposer( 1520): isValidDimension: layer handle is NULL
E/qdhwcomposer( 1520): isValidDimension: layer handle is NULL
E/qdhwcomposer( 1520): isValidDimension: layer handle is NULL
E/qdhwcomposer( 1520): isValidDimension: layer handle is NULL
E/qdhwcomposer( 1520): isValidDimension: layer handle is NULL
E/qdhwcomposer( 1520): isValidDimension: layer handle is NULL
E/qdhwcomposer( 1520): isValidDimension: layer handle is NULL
E/qdhwcomposer( 1520): isValidDimension: layer handle is NULL
E/qdhwcomposer( 1520): isValidDimension: layer handle is NULL
E/qdhwcomposer( 1520): isValidDimension: layer handle is NULL
W/dex2oat (24661): Compilation of boolean android.app.ActivityManagerNative.onTransact(int, android.os.Parcel, android.os.Parcel, int) took 103.559ms
E/qdhwcomposer( 1520): isValidDimension: layer handle is NULL
E/qdhwcomposer( 1520): isValidDimension: layer handle is NULL
E/qdhwcomposer( 1520): isValidDimension: layer handle is NULL
E/qdhwcomposer( 1520): isValidDimension: layer handle is NULL
E/qdhwcomposer( 1520): isValidDimension: layer handle is NULL
E/qdhwcomposer( 1520): isValidDimension: layer handle is NULL
E/qdhwcomposer( 1520): isValidDimension: layer handle is NULL
E/qdhwcomposer( 1520): isValidDimension: layer handle is NULL
E/qdhwcomposer( 1520): isValidDimension: layer handle is NULL
E/qdhwcomposer( 1520): isValidDimension: layer handle is NULL
E/qdhwcomposer( 1520): isValidDimension: layer handle is NULL
E/qdhwcomposer( 1520): isValidDimension: layer handle is NULL
E/qdhwcomposer( 1520): isValidDimension: layer handle is NULL
E/qdhwcomposer( 1520): isValidDimension: layer handle is NULL
E/qdhwcomposer( 1520): isValidDimension: layer handle is NULL
E/qdhwcomposer( 1520): isValidDimension: layer handle is NULL
E/qdhwcomposer( 1520): isValidDimension: layer handle is NULL
E/qdhwcomposer( 1520): isValidDimension: layer handle is NULL
E/qdhwcomposer( 1520): isValidDimension: layer handle is NULL
E/qdhwcomposer( 1520): isValidDimension: layer handle is NULL
E/qdhwcomposer( 1520): isValidDimension: layer handle is NULL
E/qdhwcomposer( 1520): isValidDimension: layer handle is NULL
E/qdhwcomposer( 1520): isValidDimension: layer handle is NULL
E/qdhwcomposer( 1520): isValidDimension: layer handle is NULL
E/qdhwcomposer( 1520): isValidDimension: layer handle is NULL
E/qdhwcomposer( 1520): isValidDimension: layer handle is NULL
E/qdhwcomposer( 1520): isValidDimension: layer handle is NULL
E/qdhwcomposer( 1520): isValidDimension: layer handle is NULL
E/qdhwcomposer( 1520): isValidDimension: layer handle is NULL
E/qdhwcomposer( 1520): isValidDimension: layer handle is NULL
E/qdhwcomposer( 1520): isValidDimension: layer handle is NULL
E/qdhwcomposer( 1520): isValidDimension: layer handle is NULL
E/qdhwcomposer( 1520): isValidDimension: layer handle is NULL
E/qdhwcomposer( 1520): isValidDimension: layer handle is NULL
E/qdhwcomposer( 1520): isValidDimension: layer handle is NULL
E/qdhwcomposer( 1520): isValidDimension: layer handle is NULL
E/qdhwcomposer( 1520): isValidDimension: layer handle is NULL
E/qdhwcomposer( 1520): isValidDimension: layer handle is NULL
E/qdhwcomposer( 1520): isValidDimension: layer handle is NULL
E/qdhwcomposer( 1520): isValidDimension: layer handle is NULL
E/qdhwcomposer( 1520): isValidDimension: layer handle is NULL
E/qdhwcomposer( 1520): isValidDimension: layer handle is NULL
E/qdhwcomposer( 1520): isValidDimension: layer handle is NULL
E/qdhwcomposer( 1520): isValidDimension: layer handle is NULL
E/qdhwcomposer( 1520): isValidDimension: layer handle is NULL
E/qdhwcomposer( 1520): isValidDimension: layer handle is NULL
E/qdhwcomposer( 1520): isValidDimension: layer handle is NULL
E/qdhwcomposer( 1520): isValidDimension: layer handle is NULL
E/qdhwcomposer( 1520): isValidDimension: layer handle is NULL
E/qdhwcomposer( 1520): isValidDimension: layer handle is NULL
E/qdhwcomposer( 1520): isValidDimension: layer handle is NULL
E/qdhwcomposer( 1520): isValidDimension: layer handle is NULL
E/qdhwcomposer( 1520): isValidDimension: layer handle is NULL
E/qdhwcomposer( 1520): isValidDimension: layer handle is NULL
E/qdhwcomposer( 1520): isValidDimension: layer handle is NULL
E/qdhwcomposer( 1520): isValidDimension: layer handle is NULL
E/qdhwcomposer( 1520): isValidDimension: layer handle is NULL
E/qdhwcomposer( 1520): isValidDimension: layer handle is NULL
E/qdhwcomposer( 1520): isValidDimension: layer handle is NULL
E/qdhwcomposer( 1520): isValidDimension: layer handle is NULL
E/qdhwcomposer( 1520): isValidDimension: layer handle is NULL
E/qdhwcomposer( 1520): isValidDimension: layer handle is NULL
E/qdhwcomposer( 1520): isValidDimension: layer handle is NULL
E/qdhwcomposer( 1520): isValidDimension: layer handle is NULL
E/qdhwcomposer( 1520): isValidDimension: layer handle is NULL
E/qdhwcomposer( 1520): isValidDimension: layer handle is NULL
E/qdhwcomposer( 1520): isValidDimension: layer handle is NULL
E/qdhwcomposer( 1520): isValidDimension: layer handle is NULL
E/qdhwcomposer( 1520): isValidDimension: layer handle is NULL
E/qdhwcomposer( 1520): isValidDimension: layer handle is NULL
E/qdhwcomposer( 1520): isValidDimension: layer handle is NULL
E/qdhwcomposer( 1520): isValidDimension: layer handle is NULL
E/qdhwcomposer( 1520): isValidDimension: layer handle is NULL
E/qdhwcomposer( 1520): isValidDimension: layer handle is NULL
E/qdhwcomposer( 1520): isValidDimension: layer handle is NULL
E/qdhwcomposer( 1520): isValidDimension: layer handle is NULL
E/qdhwcomposer( 1520): isValidDimension: layer handle is NULL
E/qdhwcomposer( 1520): isValidDimension: layer handle is NULL
E/qdhwcomposer( 1520): isValidDimension: layer handle is NULL
E/qdhwcomposer( 1520): isValidDimension: layer handle is NULL
E/qdhwcomposer( 1520): isValidDimension: layer handle is NULL
E/qdhwcomposer( 1520): isValidDimension: layer handle is NULL
E/qdhwcomposer( 1520): isValidDimension: layer handle is NULL
E/qdhwcomposer( 1520): isValidDimension: layer handle is NULL
E/qdhwcomposer( 1520): isValidDimension: layer handle is NULL
E/qdhwcomposer( 1520): isValidDimension: layer handle is NULL
E/qdhwcomposer( 1520): isValidDimension: layer handle is NULL
E/qdhwcomposer( 1520): isValidDimension: layer handle is NULL
E/qdhwcomposer( 1520): isValidDimension: layer handle is NULL
E/qdhwcomposer( 1520): isValidDimension: layer handle is NULL
E/qdhwcomposer( 1520): isValidDimension: layer handle is NULL
E/qdhwcomposer( 1520): isValidDimension: layer handle is NULL
E/qdhwcomposer( 1520): isValidDimension: layer handle is NULL
E/qdhwcomposer( 1520): isValidDimension: layer handle is NULL
E/qdhwcomposer( 1520): isValidDimension: layer handle is NULL
E/qdhwcomposer( 1520): isValidDimension: layer handle is NULL
E/qdhwcomposer( 1520): isValidDimension: layer handle is NULL
E/qdhwcomposer( 1520): isValidDimension: layer handle is NULL
E/qdhwcomposer( 1520): isValidDimension: layer handle is NULL
E/qdhwcomposer( 1520): isValidDimension: layer handle is NULL
E/qdhwcomposer( 1520): isValidDimension: layer handle is NULL
E/qdhwcomposer( 1520): isValidDimension: layer handle is NULL
E/qdhwcomposer( 1520): isValidDimension: layer handle is NULL
E/qdhwcomposer( 1520): isValidDimension: layer handle is NULL
E/qdhwcomposer( 1520): isValidDimension: layer handle is NULL
E/qdhwcomposer( 1520): isValidDimension: layer handle is NULL
E/qdhwcomposer( 1520): isValidDimension: layer handle is NULL
E/qdhwcomposer( 1520): isValidDimension: layer handle is NULL
E/qdhwcomposer( 1520): isValidDimension: layer handle is NULL
E/qdhwcomposer( 1520): isValidDimension: layer handle is NULL
E/qdhwcomposer( 1520): isValidDimension: layer handle is NULL
E/qdhwcomposer( 1520): isValidDimension: layer handle is NULL
E/qdhwcomposer( 1520): isValidDimension: layer handle is NULL
E/qdhwcomposer( 1520): isValidDimension: layer handle is NULL
E/qdhwcomposer( 1520): isValidDimension: layer handle is NULL
E/qdhwcomposer( 1520): isValidDimension: layer handle is NULL
E/qdhwcomposer( 1520): isValidDimension: layer handle is NULL
E/qdhwcomposer( 1520): isValidDimension: layer handle is NULL
E/qdhwcomposer( 1520): isValidDimension: layer handle is NULL
E/qdhwcomposer( 1520): isValidDimension: layer handle is NULL
E/qdhwcomposer( 1520): isValidDimension: layer handle is NULL
E/qdhwcomposer( 1520): isValidDimension: layer handle is NULL
E/qdhwcomposer( 1520): isValidDimension: layer handle is NULL
E/qdhwcomposer( 1520): isValidDimension: layer handle is NULL
D/libEGL (24779): loaded /vendor/lib/egl/libEGL_adreno.so
D/libEGL (24779): loaded /vendor/lib/egl/libGLESv1_CM_adreno.so
D/libEGL (24779): loaded /vendor/lib/egl/libGLESv2_adreno.so
E/qdhwcomposer( 1520): isValidDimension: layer handle is NULL
E/qdhwcomposer( 1520): isValidDimension: layer handle is NULL
E/qdhwcomposer( 1520): isValidDimension: layer handle is NULL
E/qdhwcomposer( 1520): isValidDimension: layer handle is NULL
E/qdhwcomposer( 1520): isValidDimension: layer handle is NULL
E/qdhwcomposer( 1520): isValidDimension: layer handle is NULL
E/qdhwcomposer( 1520): isValidDimension: layer handle is NULL
E/qdhwcomposer( 1520): isValidDimension: layer handle is NULL
E/qdhwcomposer( 1520): isValidDimension: layer handle is NULL
E/qdhwcomposer( 1520): isValidDimension: layer handle is NULL
E/qdhwcomposer( 1520): isValidDimension: layer handle is NULL
E/qdhwcomposer( 1520): isValidDimension: layer handle is NULL
E/qdhwcomposer( 1520): isValidDimension: layer handle is NULL
E/qdhwcomposer( 1520): isValidDimension: layer handle is NULL
E/qdhwcomposer( 1520): isValidDimension: layer handle is NULL
E/qdhwcomposer( 1520): isValidDimension: layer handle is NULL
E/qdhwcomposer( 1520): isValidDimension: layer handle is NULL
E/qdhwcomposer( 1520): isValidDimension: layer handle is NULL
E/qdhwcomposer( 1520): isValidDimension: layer handle is NULL
E/qdhwcomposer( 1520): isValidDimension: layer handle is NULL
E/qdhwcomposer( 1520): isValidDimension: layer handle is NULL
E/qdhwcomposer( 1520): isValidDimension: layer handle is NULL
E/qdhwcomposer( 1520): isValidDimension: layer handle is NULL
E/qdhwcomposer( 1520): isValidDimension: layer handle is NULL
I/Adreno-EGL(24779): : EGL 1.4 QUALCOMM build: ()
I/Adreno-EGL(24779): OpenGL ES Shader Compiler Version: E031.25.03.06
I/Adreno-EGL(24779): Build Date: 01/14/16 Thu I/Adreno-EGL(24779): Local Branch:
I/Adreno-EGL(24779): Remote Branch:
I/Adreno-EGL(24779): Local Patches:
I/Adreno-EGL(24779): Reconstruct Branch:
E/qdhwcomposer( 1520): isValidDimension: layer handle is NULL
E/qdhwcomposer( 1520): isValidDimension: layer handle is NULL
E/qdhwcomposer( 1520): isValidDimension: layer handle is NULL
E/qdhwcomposer( 1520): isValidDimension: layer handle is NULL
E/qdhwcomposer( 1520): isValidDimension: layer handle is NULL
E/qdhwcomposer( 1520): isValidDimension: layer handle is NULL
E/qdhwcomposer( 1520): isValidDimension: layer handle is NULL
E/qdhwcomposer( 1520): isValidDimension: layer handle is NULL
E/qdhwcomposer( 1520): isValidDimension: layer handle is NULL
E/qdhwcomposer( 1520): isValidDimension: layer handle is NULL
E/qdhwcomposer( 1520): isValidDimension: layer handle is NULL
E/qdhwcomposer( 1520): isValidDimension: layer handle is NULL
E/qdhwcomposer( 1520): isValidDimension: layer handle is NULL
E/qdhwcomposer( 1520): isValidDimension: layer handle is NULL
E/qdhwcomposer( 1520): isValidDimension: layer handle is NULL
E/qdhwcomposer( 1520): isValidDimension: layer handle is NULL
E/qdhwcomposer( 1520): isValidDimension: layer handle is NULL
E/qdhwcomposer( 1520): isValidDimension: layer handle is NULL
E/qdhwcomposer( 1520): isValidDimension: layer handle is NULL
E/qdhwcomposer( 1520): isValidDimension: layer handle is NULL
E/qdhwcomposer( 1520): isValidDimension: layer handle is NULL
E/qdhwcomposer( 1520): isValidDimension: layer handle is NULL
E/qdhwcomposer( 1520): isValidDimension: layer handle is NULL
E/qdhwcomposer( 1520): isValidDimension: layer handle is NULL
E/qdhwcomposer( 1520): isValidDimension: layer handle is NULL
E/qdhwcomposer( 1520): isValidDimension: layer handle is NULL
E/qdhwcomposer( 1520): isValidDimension: layer handle is NULL
E/qdhwcomposer( 1520): isValidDimension: layer handle is NULL
E/qdhwcomposer( 1520): isValidDimension: layer handle is NULL
E/qdhwcomposer( 1520): isValidDimension: layer handle is NULL
E/qdhwcomposer( 1520): isValidDimension: layer handle is NULL
E/qdhwcomposer( 1520): isValidDimension: layer handle is NULL
E/qdhwcomposer( 1520): isValidDimension: layer handle is NULL
E/qdhwcomposer( 1520): isValidDimension: layer handle is NULL
E/qdhwcomposer( 1520): isValidDimension: layer handle is NULL
E/qdhwcomposer( 1520): isValidDimension: layer handle is NULL
E/qdhwcomposer( 1520): isValidDimension: layer handle is NULL
E/qdhwcomposer( 1520): isValidDimension: layer handle is NULL
E/qdhwcomposer( 1520): isValidDimension: layer handle is NULL
E/qdhwcomposer( 1520): isValidDimension: layer handle is NULL
E/qdhwcomposer( 1520): isValidDimension: layer handle is NULL
E/qdhwcomposer( 1520): isValidDimension: layer handle is NULL
E/qdhwcomposer( 1520): isValidDimension: layer handle is NULL
E/qdhwcomposer( 1520): isValidDimension: layer handle is NULL
E/qdhwcomposer( 1520): isValidDimension: layer handle is NULL
E/qdhwcomposer( 1520): isValidDimension: layer handle is NULL
E/qdhwcomposer( 1520): isValidDimension: layer handle is NULL
E/qdhwcomposer( 1520): isValidDimension: layer handle is NULL
E/qdhwcomposer( 1520): isValidDimension: layer handle is NULL
E/qdhwcomposer( 1520): isValidDimension: layer handle is NULL
E/qdhwcomposer( 1520): isValidDimension: layer handle is NULL
E/qdhwcomposer( 1520): isValidDimension: layer handle is NULL
E/qdhwcomposer( 1520): isValidDimension: layer handle is NULL
E/qdhwcomposer( 1520): isValidDimension: layer handle is NULL
E/qdhwcomposer( 1520): isValidDimension: layer handle is NULL
E/qdhwcomposer( 1520): isValidDimension: layer handle is NULL
E/qdhwcomposer( 1520): isValidDimension: layer handle is NULL
E/qdhwcomposer( 1520): isValidDimension: layer handle is NULL
E/qdhwcomposer( 1520): isValidDimension: layer handle is NULL
E/qdhwcomposer( 1520): isValidDimension: layer handle is NULL
E/qdhwcomposer( 1520): isValidDimension: layer handle is NULL
E/qdhwcomposer( 1520): isValidDimension: layer handle is NULL
E/qdhwcomposer( 1520): isValidDimension: layer handle is NULL
E/qdhwcomposer( 1520): isValidDimension: layer handle is NULL
E/qdhwcomposer( 1520): isValidDimension: layer handle is NULL
E/qdhwcomposer( 1520): isValidDimension: layer handle is NULL
E/qdhwcomposer( 1520): isValidDimension: layer handle is NULL
E/qdhwcomposer( 1520): isValidDimension: layer handle is NULL
E/qdhwcomposer( 1520): isValidDimension: layer handle is NULL
E/qdhwcomposer( 1520): isValidDimension: layer handle is NULL
E/qdhwcomposer( 1520): isValidDimension: layer handle is NULL
E/qdhwcomposer( 1520): isValidDimension: layer handle is NULL
E/qdhwcomposer( 1520): isValidDimension: layer handle is NULL
E/qdhwcomposer( 1520): isValidDimension: layer handle is NULL
E/qdhwcomposer( 1520): isValidDimension: layer handle is NULL
E/qdhwcomposer( 1520): isValidDimension: layer handle is NULL
E/qdhwcomposer( 1520): isValidDimension: layer handle is NULL
E/qdhwcomposer( 1520): isValidDimension: layer handle is NULL
E/qdhwcomposer( 1520): isValidDimension: layer handle is NULL
E/qdhwcomposer( 1520): isValidDimension: layer handle is NULL
E/qdhwcomposer( 1520): isValidDimension: layer handle is NULL
E/qdhwcomposer( 1520): isValidDimension: layer handle is NULL
V/WLAN_PSA( 673): NL MSG, len[4076], NL type[0x1C] WNI type[0x5900] len[54287]
V/WLAN_PSA( 673): NL MSG, PID: 673
E/qdhwcomposer( 1520): isValidDimension: layer handle is NULL
E/qdhwcomposer( 1520): isValidDimension: layer handle is NULL
E/qdhwcomposer( 1520): isValidDimension: layer handle is NULL
E/qdhwcomposer( 1520): isValidDimension: layer handle is NULL
E/qdhwcomposer( 1520): isValidDimension: layer handle is NULL
E/qdhwcomposer( 1520): isValidDimension: layer handle is NULL
E/qdhwcomposer( 1520): isValidDimension: layer handle is NULL
E/qdhwcomposer( 1520): isValidDimension: layer handle is NULL
E/qdhwcomposer( 1520): isValidDimension: layer handle is NULL
E/qdhwcomposer( 1520): isValidDimension: layer handle is NULL
E/qdhwcomposer( 1520): isValidDimension: layer handle is NULL
E/qdhwcomposer( 1520): isValidDimension: layer handle is NULL
E/qdhwcomposer( 1520): isValidDimension: layer handle is NULL
E/qdhwcomposer( 1520): isValidDimension: layer handle is NULL
E/qdhwcomposer( 1520): isValidDimension: layer handle is NULL
E/qdhwcomposer( 1520): isValidDimension: layer handle is NULL
E/qdhwcomposer( 1520): isValidDimension: layer handle is NULL
E/qdhwcomposer( 1520): isValidDimension: layer handle is NULL
E/qdhwcomposer( 1520): isValidDimension: layer handle is NULL
E/qdhwcomposer( 1520): isValidDimension: layer handle is NULL
E/qdhwcomposer( 1520): isValidDimension: layer handle is NULL
E/qdhwcomposer( 1520): isValidDimension: layer handle is NULL
E/qdhwcomposer( 1520): isValidDimension: layer handle is NULL
E/qdhwcomposer( 1520): isValidDimension: layer handle is NULL
E/qdhwcomposer( 1520): isValidDimension: layer handle is NULL
E/qdhwcomposer( 1520): isValidDimension: layer handle is NULL
E/qdhwcomposer( 1520): isValidDimension: layer handle is NULL
E/qdhwcomposer( 1520): isValidDimension: layer handle is NULL
E/qdhwcomposer( 1520): isValidDimension: layer handle is NULL
E/qdhwcomposer( 1520): isValidDimension: layer handle is NULL
E/qdhwcomposer( 1520): isValidDimension: layer handle is NULL
E/qdhwcomposer( 1520): isValidDimension: layer handle is NULL
E/qdhwcomposer( 1520): isValidDimension: layer handle is NULL
E/qdhwcomposer( 1520): isValidDimension: layer handle is NULL
E/qdhwcomposer( 1520): isValidDimension: layer handle is NULL
E/qdhwcomposer( 1520): isValidDimension: layer handle is NULL
E/qdhwcomposer( 1520): isValidDimension: layer handle is NULL
E/qdhwcomposer( 1520): isValidDimension: layer handle is NULL
E/qdhwcomposer( 1520): isValidDimension: layer handle is NULL
E/qdhwcomposer( 1520): isValidDimension: layer handle is NULL
