W/Resources(27671): Preloaded drawable resource #0x108029e (android:drawable/dialog_middle_holo_light) that varies with configuration!!
W/Resources(27671): Preloaded drawable resource #0x108029f (android:drawable/dialog_top_holo_dark) that varies with configuration!!
W/Resources(27671): Preloaded drawable resource #0x10802a0 (android:drawable/dialog_top_holo_light) that varies with configuration!!
W/Resources(27671): Preloaded drawable resource #0x1080350 (android:drawable/ic_dialog_alert_holo_dark) that varies with configuration!!
W/Resources(27671): Preloaded drawable resource #0x1080351 (android:drawable/ic_dialog_alert_holo_light) that varies with configuration!!
W/Resources(27671): Preloaded drawable resource #0x1080498 (android:drawable/list_divider_holo_dark) that varies with configuration!!
W/Resources(27671): Preloaded drawable resource #0x1080499 (android:drawable/list_divider_holo_light) that varies with configuration!!
W/Resources(27671): Preloaded drawable resource #0x1080499 (android:drawable/list_divider_holo_light) that varies with configuration!!
W/Resources(27671): Preloaded drawable resource #0x10800c1 (android:drawable/ab_transparent_dark_holo) that varies with configuration!!
W/Resources(27671): Preloaded drawable resource #0x10800bf (android:drawable/ab_stacked_transparent_dark_holo) that varies with configuration!!
W/Resources(27671): Preloaded drawable resource #0x10800a1 (android:drawable/ab_bottom_transparent_dark_holo) that varies with configuration!!
W/Resources(27671): Preloaded drawable resource #0x10800b7 (android:drawable/ab_solid_dark_holo) that varies with configuration!!
W/Resources(27671): Preloaded drawable resource #0x10800bc (android:drawable/ab_stacked_solid_dark_holo) that varies with configuration!!
W/Resources(27671): Preloaded drawable resource #0x108009e (android:drawable/ab_bottom_solid_dark_holo) that varies with configuration!!
W/Resources(27671): Preloaded drawable resource #0x10800c2 (android:drawable/ab_transparent_light_holo) that varies with configuration!!
W/Resources(27671): Preloaded drawable resource #0x10800c0 (android:drawable/ab_stacked_transparent_light_holo) that varies with configuration!!
W/Resources(27671): Preloaded drawable resource #0x10800a2 (android:drawable/ab_bottom_transparent_light_holo) that varies with configuration!!
W/Resources(27671): Preloaded drawable resource #0x10800b8 (android:drawable/ab_solid_light_holo) that varies with configuration!!
W/Resources(27671): Preloaded drawable resource #0x10800be (android:drawable/ab_stacked_solid_light_holo) that varies with configuration!!
W/Resources(27671): Preloaded drawable resource #0x10800a0 (android:drawable/ab_bottom_solid_light_holo) that varies with configuration!!
W/Resources(27671): Preloaded drawable resource #0x10800b9 (android:drawable/ab_solid_shadow_holo) that varies with configuration!!
W/Resources(27671): Preloaded drawable resource #0x10804c5 (android:drawable/list_selector_disabled_holo_dark) that varies with configuration!!
W/Resources(27671): Preloaded drawable resource #0x10804c5 (android:drawable/list_selector_disabled_holo_dark) that varies with configuration!!
W/Resources(27671): Preloaded drawable resource #0x10804a4 (android:drawable/list_pressed_holo_dark) that varies with configuration!!
W/Resources(27671): Preloaded drawable resource #0x10804a2 (android:drawable/list_longpressed_holo_dark) that varies with configuration!!
W/Resources(27671): Preloaded drawable resource #0x10804c2 (android:drawable/list_selector_background_transition_holo_dark) that varies with configuration!!
W/Resources(27671): Preloaded drawable resource #0x10804a4 (android:drawable/list_pressed_holo_dark) that varies with configuration!!
W/Resources(27671): Preloaded drawable resource #0x10804a2 (android:drawable/list_longpressed_holo_dark) that varies with configuration!!
W/Resources(27671): Preloaded drawable resource #0x10804c2 (android:drawable/list_selector_background_transition_holo_dark) that varies with configuration!!
W/Resources(27671): Preloaded drawable resource #0x108049d (android:drawable/list_focused_holo) that varies with configuration!!
W/Resources(27671): Preloaded drawable resource #0x1080456 (android:drawable/item_background_holo_dark) that varies with configuration!!
W/Resources(27671): Preloaded drawable resource #0x10804c6 (android:drawable/list_selector_disabled_holo_light) that varies with configuration!!
W/Resources(27671): Preloaded drawable resource #0x10804c6 (android:drawable/list_selector_disabled_holo_light) that varies with configuration!!
W/Resources(27671): Preloaded drawable resource #0x10804a5 (android:drawable/list_pressed_holo_light) that varies with configuration!!
W/Resources(27671): Preloaded drawable resource #0x10804a3 (android:drawable/list_longpressed_holo_light) that varies with configuration!!
W/Resources(27671): Preloaded drawable resource #0x10804c3 (android:drawable/list_selector_background_transition_holo_light) that varies with configuration!!
W/Resources(27671): Preloaded drawable resource #0x10804a5 (android:drawable/list_pressed_holo_light) that varies with configuration!!
W/Resources(27671): Preloaded drawable resource #0x10804a3 (android:drawable/list_longpressed_holo_light) that varies with configuration!!
W/Resources(27671): Preloaded drawable resource #0x10804c3 (android:drawable/list_selector_background_transition_holo_light) that varies with configuration!!
W/Resources(27671): Preloaded drawable resource #0x108049d (android:drawable/list_focused_holo) that varies with configuration!!
W/Resources(27671): Preloaded drawable resource #0x1080457 (android:drawable/item_background_holo_light) that varies with configuration!!
W/Resources(27671): Preloaded drawable resource #0x10802f2 (android:drawable/fastscroll_thumb_pressed_holo) that varies with configuration!!
W/Resources(27671): Preloaded drawable resource #0x10802ef (android:drawable/fastscroll_thumb_default_holo) that varies with configuration!!
W/Resources(27671): Preloaded drawable resource #0x10802f0 (android:drawable/fastscroll_thumb_holo) that varies with configuration!!
W/Resources(27671): Preloaded drawable resource #0x10802f2 (android:drawable/fastscroll_thumb_pressed_holo) that varies with configuration!!
W/Resources(27671): Preloaded drawable resource #0x10802ef (android:drawable/fastscroll_thumb_default_holo) that varies with configuration!!
W/Resources(27671): Preloaded drawable resource #0x10802f8 (android:drawable/fastscroll_track_pressed_holo_dark) that varies with configuration!!
W/Resources(27671): Preloaded drawable resource #0x10802f3 (android:drawable/fastscroll_track_default_holo_dark) that varies with configuration!!
W/Resources(27671): Preloaded drawable resource #0x10802f5 (android:drawable/fastscroll_track_holo_dark) that varies with configuration!!
W/Resources(27671): Preloaded drawable resource #0x10802f8 (android:drawable/fastscroll_track_pressed_holo_dark) that varies with configuration!!
W/Resources(27671): Preloaded drawable resource #0x10802f3 (android:drawable/fastscroll_track_default_holo_dark) that varies with configuration!!
W/Resources(27671): Preloaded drawable resource #0x10802e9 (android:drawable/fastscroll_label_left_holo_dark) that varies with configuration!!
W/Resources(27671): Preloaded drawable resource #0x10802ec (android:drawable/fastscroll_label_right_holo_dark) that varies with configuration!!
W/Resources(27671): Preloaded drawable resource #0x10802f9 (android:drawable/fastscroll_track_pressed_holo_light) that varies with configuration!!
W/Resources(27671): Preloaded drawable resource #0x10802f4 (android:drawable/fastscroll_track_default_holo_light) that varies with configuration!!
W/Resources(27671): Preloaded drawable resource #0x10802f6 (android:drawable/fastscroll_track_holo_light) that varies with configuration!!
W/Resources(27671): Preloaded drawable resource #0x10802f9 (android:drawable/fastscroll_track_pressed_holo_light) that varies with configuration!!
W/Resources(27671): Preloaded drawable resource #0x10802f4 (android:drawable/fastscroll_track_default_holo_light) that varies with configuration!!
W/Resources(27671): Preloaded drawable resource #0x10802ea (android:drawable/fastscroll_label_left_holo_light) that varies with configuration!!
W/Resources(27671): Preloaded drawable resource #0x10802ed (android:drawable/fastscroll_label_right_holo_light) that varies with configuration!!
W/Resources(27671): Preloaded drawable resource #0x10802ca (android:drawable/editbox_dropdown_background_dark) that varies with configuration!!
W/Resources(27671): Preloaded drawable resource #0x1080740 (android:drawable/textfield_search_selected_holo_dark) that varies with configuration!!
W/Resources(27671): Preloaded drawable resource #0x1080732 (android:drawable/textfield_search_default_holo_dark) that varies with configuration!!
W/Resources(27671): Preloaded drawable resource #0x1080742 (android:drawable/textfield_searchview_holo_dark) that varies with configuration!!
W/Resources(27671): Preloaded drawable resource #0x108073d (android:drawable/textfield_search_right_selected_holo_dark) that varies with configuration!!
W/Resources(27671): Preloaded drawable resource #0x108073b (android:drawable/textfield_search_right_default_holo_dark) that varies with configuration!!
W/Resources(27671): Preloaded drawable resource #0x1080744 (android:drawable/textfield_searchview_right_holo_dark) that varies with configuration!!
W/Resources(27671): Preloaded drawable resource #0x1080741 (android:drawable/textfield_search_selected_holo_light) that varies with configuration!!
W/Resources(27671): Preloaded drawable resource #0x1080733 (android:drawable/textfield_search_default_holo_light) that varies with configuration!!
W/Resources(27671): Preloaded drawable resource #0x1080743 (android:drawable/textfield_searchview_holo_light) that varies with configuration!!
W/Resources(27671): Preloaded drawable resource #0x108073e (android:drawable/textfield_search_right_selected_holo_light) that varies with configuration!!
W/Resources(27671): Preloaded drawable resource #0x108073c (android:drawable/textfield_search_right_default_holo_light) that varies with configuration!!
W/Resources(27671): Preloaded drawable resource #0x1080745 (android:drawable/textfield_searchview_right_holo_light) that varies with configuration!!
W/Resources(27671): Preloaded drawable resource #0x1080740 (android:drawable/textfield_search_selected_holo_dark) that varies with configuration!!
W/Resources(27671): Preloaded drawable resource #0x1080732 (android:drawable/textfield_search_default_holo_dark) that varies with configuration!!
W/Resources(27671): Preloaded drawable resource #0x108073d (android:drawable/textfield_search_right_selected_holo_dark) that varies with configuration!!
W/Resources(27671): Preloaded drawable resource #0x108073b (android:drawable/textfield_search_right_default_holo_dark) that varies with configuration!!
W/Resources(27671): Preloaded drawable resource #0x1080741 (android:drawable/textfield_search_selected_holo_light) that varies with configuration!!
W/Resources(27671): Preloaded drawable resource #0x1080733 (android:drawable/textfield_search_default_holo_light) that varies with configuration!!
W/Resources(27671): Preloaded drawable resource #0x108073e (android:drawable/textfield_search_right_selected_holo_light) that varies with configuration!!
W/Resources(27671): Preloaded drawable resource #0x108073c (android:drawable/textfield_search_right_default_holo_light) that varies with configuration!!
W/Resources(27671): Preloaded drawable resource #0x10806fc (android:drawable/tab_unselected_holo) that varies with configuration!!
W/Resources(27671): Preloaded drawable resource #0x10806f7 (android:drawable/tab_selected_holo) that varies with configuration!!
W/Resources(27671): Preloaded drawable resource #0x10806fb (android:drawable/tab_unselected_focused_holo) that varies with configuration!!
W/Resources(27671): Preloaded drawable resource #0x10806f6 (android:drawable/tab_selected_focused_holo) that varies with configuration!!
W/Resources(27671): Preloaded drawable resource #0x10806fd (android:drawable/tab_unselected_pressed_holo) that varies with configuration!!
W/Resources(27671): Preloaded drawable resource #0x10806f8 (android:drawable/tab_selected_pressed_holo) that varies with configuration!!
W/Resources(27671): Preloaded drawable resource #0x10806fd (android:drawable/tab_unselected_pressed_holo) that varies with configuration!!
W/Resources(27671): Preloaded drawable resource #0x10806f8 (android:drawable/tab_selected_pressed_holo) that varies with configuration!!
W/Resources(27671): Preloaded drawable resource #0x10806e9 (android:drawable/tab_indicator_holo) that varies with configuration!!
W/Resources(27671): Preloaded drawable resource #0x10806fc (android:drawable/tab_unselected_holo) that varies with configuration!!
W/Resources(27671): Preloaded drawable resource #0x10806f7 (android:drawable/tab_selected_holo) that varies with configuration!!
W/Resources(27671): Preloaded drawable resource #0x10806fb (android:drawable/tab_unselected_focused_holo) that varies with configuration!!
W/Resources(27671): Preloaded drawable resource #0x10806f6 (android:drawable/tab_selected_focused_holo) that varies with configuration!!
W/Resources(27671): Preloaded drawable resource #0x10806fd (android:drawable/tab_unselected_pressed_holo) that varies with configuration!!
W/Resources(27671): Preloaded drawable resource #0x10806f8 (android:drawable/tab_selected_pressed_holo) that varies with configuration!!
W/Resources(27671): Preloaded drawable resource #0x10805a0 (android:drawable/quickcontact_badge_overlay_pressed_dark) that varies with configuration!!
W/Resources(27671): Preloaded drawable resource #0x1080597 (android:drawable/quickcontact_badge_overlay_focused_dark) that varies with configuration!!
W/Resources(27671): Preloaded drawable resource #0x108059c (android:drawable/quickcontact_badge_overlay_normal_dark) that varies with configuration!!
W/Resources(27671): Preloaded drawable resource #0x1080596 (android:drawable/quickcontact_badge_overlay_dark) that varies with configuration!!
W/Resources(27671): Preloaded drawable resource #0x108059c (android:drawable/quickcontact_badge_overlay_normal_dark) that varies with configuration!!
W/Resources(27671): Preloaded drawable resource #0x10805a0 (android:drawable/quickcontact_badge_overlay_pressed_dark) that varies with configuration!!
W/Resources(27671): Preloaded drawable resource #0x10805a2 (android:drawable/quickcontact_badge_overlay_pressed_light) that varies with configuration!!
W/Resources(27671): Preloaded drawable resource #0x1080599 (android:drawable/quickcontact_badge_overlay_focused_light) that varies with configuration!!
W/Resources(27671): Preloaded drawable resource #0x108059e (android:drawable/quickcontact_badge_overlay_normal_light) that varies with configuration!!
W/Resources(27671): Preloaded drawable resource #0x108059b (android:drawable/quickcontact_badge_overlay_light) that varies with configuration!!
W/Resources(27671): Preloaded drawable resource #0x108059e (android:drawable/quickcontact_badge_overlay_normal_light) that varies with configuration!!
W/Resources(27671): Preloaded drawable resource #0x10805a2 (android:drawable/quickcontact_badge_overlay_pressed_light) that varies with configuration!!
W/Resources(27671): Preloaded drawable resource #0x10800b5 (android:drawable/ab_share_pack_material) that varies with configuration!!
W/Resources(27671): Preloaded drawable resource #0x10800ba (android:drawable/ab_solid_shadow_material) that varies with configuration!!
E/LocSvc_ApiV02(24797): I/<--- void globalEventCb(locClientHandleType, uint32_t, locClientEventIndUnionType, void*) line 81 QMI_LOC_EVENT_POSITION_REPORT_IND_V02
W/Resources(27671): Preloaded drawable resource #0x10800db (android:drawable/btn_cab_done_material) that varies with configuration!!
W/Resources(27671): Preloaded drawable resource #0x10800e5 (android:drawable/btn_check_material_anim) that varies with configuration!!
W/Resources(27671): Preloaded drawable resource #0x10801a1 (android:drawable/btn_radio_material_anim) that varies with configuration!!
W/Resources(27671): Preloaded drawable resource #0x1080215 (android:drawable/btn_star_material) that varies with configuration!!
W/Resources(27671): Preloaded drawable resource #0x1080248 (android:drawable/btn_toggle_material) that varies with configuration!!
W/Resources(27671): Preloaded drawable resource #0x1080271 (android:drawable/cab_background_bottom_material) that varies with configuration!!
W/Resources(27671): Preloaded drawable resource #0x1080275 (android:drawable/cab_background_top_material) that varies with configuration!!
W/Resources(27671): Preloaded drawable resource #0x108028e (android:drawable/dialog_background_shadow_material) that varies with configuration!!
W/Resources(27671): Preloaded drawable resource #0x10802c7 (android:drawable/edit_text_material) that varies with configuration!!
W/Resources(27671): Preloaded drawable resource #0x10802e3 (android:drawable/expander_group_material) that varies with configuration!!
W/Resources(27671): Preloaded drawable resource #0x1080343 (android:drawable/ic_commit_search_api_material) that varies with configuration!!
W/Resources(27671): Preloaded drawable resource #0x108035b (android:drawable/ic_find_next_material) that varies with configuration!!
W/Resources(27671): Preloaded drawable resource #0x108035f (android:drawable/ic_find_previous_material) that varies with configuration!!
W/Resources(27671): Preloaded drawable resource #0x10803ad (android:drawable/ic_media_route_connecting_material) that varies with configuration!!
W/Resources(27671): Preloaded drawable resource #0x10803ad (android:drawable/ic_media_route_connecting_material) that varies with configuration!!
W/Resources(27671): Preloaded drawable resource #0x10803b3 (android:drawable/ic_media_route_material) that varies with configuration!!
W/Resources(27671): Preloaded drawable resource #0x10803df (android:drawable/ic_menu_find_material) that varies with configuration!!
W/Resources(27671): Preloaded drawable resource #0x1080400 (android:drawable/ic_menu_search_material) that varies with configuration!!
W/Resources(27671): Preloaded drawable resource #0x108049b (android:drawable/list_divider_material) that varies with configuration!!
W/Resources(27671): Preloaded drawable resource #0x10804a8 (android:drawable/list_section_divider_material) that varies with configuration!!
W/Resources(27671): Preloaded drawable resource #0x108056e (android:drawable/progress_horizontal_material) that varies with configuration!!
W/Resources(27671): Preloaded drawable resource #0x10805c4 (android:drawable/ratingbar_full_empty_material) that varies with configuration!!
W/Resources(27671): Preloaded drawable resource #0x10805c8 (android:drawable/ratingbar_full_filled_material) that varies with configuration!!
W/Resources(27671): Preloaded drawable resource #0x10805c4 (android:drawable/ratingbar_full_empty_material) that varies with configuration!!
W/Resources(27671): Preloaded drawable resource #0x10805c4 (android:drawable/ratingbar_full_empty_material) that varies with configuration!!
W/Resources(27671): Preloaded drawable resource #0x10805c8 (android:drawable/ratingbar_full_filled_material) that varies with configuration!!
W/Resources(27671): Preloaded drawable resource #0x10805cb (android:drawable/ratingbar_full_material) that varies with configuration!!
W/Resources(27671): Preloaded drawable resource #0x10805e3 (android:drawable/scrubber_control_material_anim) that varies with configuration!!
W/Resources(27671): Preloaded drawable resource #0x10805eb (android:drawable/scrubber_control_selector_material) that varies with configuration!!
W/Resources(27671): Preloaded drawable resource #0x10805f6 (android:drawable/scrubber_progress_horizontal_material) that varies with configuration!!
W/Resources(27671): Preloaded drawable resource #0x108062e (android:drawable/spinner_background_material) that varies with configuration!!
W/Resources(27671): Preloaded drawable resource #0x108064b (android:drawable/spinner_textfield_background_material) that varies with configuration!!
W/Resources(27671): Preloaded drawable resource #0x10806bb (android:drawable/switch_thumb_material_anim) that varies with configuration!!
W/Resources(27671): Preloaded drawable resource #0x10806c0 (android:drawable/switch_track_material) that varies with configuration!!
W/Resources(27671): Preloaded drawable resource #0x10806ea (android:drawable/tab_indicator_material) that varies with configuration!!
W/Resources(27671): Preloaded drawable resource #0x1080701 (android:drawable/text_cursor_material) that varies with configuration!!
W/Resources(27671): Preloaded drawable resource #0x1080739 (android:drawable/textfield_search_material) that varies with configuration!!
W/Resources(27671): Preloaded drawable resource #0x1080707 (android:drawable/text_select_handle_left_material) that varies with configuration!!
W/Resources(27671): Preloaded drawable resource #0x108070a (android:drawable/text_select_handle_middle_material) that varies with configuration!!
W/Resources(27671): Preloaded drawable resource #0x108070d (android:drawable/text_select_handle_right_material) that varies with configuration!!
I/art (27671): Explicit concurrent mark sweep GC freed 1488(3MB) AllocSpace objects, 0(0B) LOS objects, 61% free, 2MB/6MB, paused 515us total 7.458ms
I/Zygote (27671): ...preloaded 343 resources in 740ms.
I/ServiceManager(27670): Waiting for service batterystats...
I/art (27671): Explicit concurrent mark sweep GC freed 816(863KB) AllocSpace objects, 0(0B) LOS objects, 70% free, 1729KB/5MB, paused 155us total 6.905ms
I/Zygote (27671): ...preloaded 41 resources in 18ms.
I/art (27671): Counter: 0
D/libEGL (27671): loaded /vendor/lib/egl/libEGL_adreno.so
D/libEGL (27671): loaded /vendor/lib/egl/libGLESv1_CM_adreno.so
D/libEGL (27671): loaded /vendor/lib/egl/libGLESv2_adreno.so
I/Zygote (27671): Preloading shared libraries...
D/Zygote (27671): end preload
I/art (27671): Explicit concurrent mark sweep GC freed 509(22KB) AllocSpace objects, 0(0B) LOS objects, 70% free, 1715KB/5MB, paused 139us total 6.018ms
I/art (27671): Explicit concurrent mark sweep GC freed 41(1568B) AllocSpace objects, 0(0B) LOS objects, 70% free, 1713KB/5MB, paused 139us total 5.741ms
I/art (27671): Explicit concurrent mark sweep GC freed 5(160B) AllocSpace objects, 0(0B) LOS objects, 70% free, 1713KB/5MB, paused 134us total 5.674ms
I/Zygote (27671): System server process 27756 has been created
I/Zygote (27671): Accepting command socket connections
I/InstallerConnection(27756): disconnecting...
I/SystemServer(27756): Entered the Android system server!
V/Fingerprint-JNI(27756): FingerprintManager JNI ready.
I/ (27756): System server: starting sensor init.
D/SensorService(27756): nuSensorService starting...
I/SystemServiceManager(27756): Starting com.android.server.pm.Installer
I/Installer(27756): Waiting for installd to be ready.
I/InstallerConnection(27756): connecting...
I/installd(23575): new connection
I/SystemServiceManager(27756): Starting com.android.server.am.ActivityManagerService$Lifecycle
E/qti_sensors_hal(27756): SensorsContext: Hal opened lib /system/lib/hw/sensors.oem.so failed!
I/XXXXXX (27756): choosing minFree values for 32 Bit
I/XXXXXX (27756): choosing minFree values for 32 Bit
I/XXXXXX (27756): choosing minFree values for 32 Bit
I/XXXXXX (27756): choosing minFree values for 32 Bit
I/XXXXXX (27756): choosing minFree values for 32 Bit
I/XXXXXX (27756): choosing minFree values for 32 Bit
E/Sensors ( 1076): sns_acm_mr.c(432):Transport error -45
E/Sensors ( 1076): sns_acm_mr.c(432):Transport error -45
E/Sensors ( 1076): sns_acm_mr.c(432):Transport error -45
E/Sensors ( 1076): sns_acm_mr.c(432):Transport error -45
I/ActivityManager(27756): Memory class: 128
E/Sensors ( 1076): sns_acm_mr.c(432):Transport error -45
I/ServiceThread(27756): Enabled StrictMode logging for ActivityManager looper.
E/Sensors ( 1076): sns_acm_mr.c(432):Transport error -45
E/Sensors ( 1076): sns_acm_mr.c(432):Transport error -45
E/Sensors ( 1076): sns_acm_mr.c(432):Transport error -45
E/Sensors ( 1076): sns_acm_mr.c(432):Transport error -45
E/Sensors ( 1076): sns_acm_mr.c(734):Request made to disabled service
E/Sensors ( 1076): sns_main.c(1331):Error writing request. sns_err 3 error 0 qmi_err 0
E/qti_sensors_hal(27756): SAMSensor_sensor1_cb: attributes request failed for handle 55
E/qti_sensors_hal(27756): processResp: Msg 36; Result: 1, Error: 3
W/qti_sensors_hal(27756): addSensor : Not supported sensor with handle 31!
W/qti_sensors_hal(27756): addSensor : Not supported sensor with handle 32!
E/Sensors ( 1076): sns_acm_mr.c(432):Transport error -45
E/Sensors ( 1076): sns_acm_mr.c(432):Transport error -45
E/Sensors ( 1076): sns_acm_mr.c(432):Transport error -45
E/Sensors ( 1076): sns_acm_mr.c(432):Transport error -45
E/Sensors ( 1076): sns_acm_mr.c(432):Transport error -45
I/AppOps (27756): No existing app ops /data/system/appops.xml; starting empty
E/Sensors ( 1076): sns_acm_mr.c(432):Transport error -45
E/Sensors ( 1076): sns_acm_mr.c(432):Transport error -45
E/NetlinkListener(27672): recvmsg failed (I/O error)
E/NetlinkListener( 741): recvmsg failed (I/O error)
E/Sensors ( 1076): sns_acm_mr.c(432):Transport error -45
E/Sensors ( 1076): sns_acm_mr.c(734):Request made to disabled service
E/Sensors ( 1076): sns_main.c(1331):Error writing request. sns_err 3 error 0 qmi_err 0
E/qti_sensors_hal(27756): SAMSensor_sensor1_cb: attributes request failed for handle 46
E/qti_sensors_hal(27756): processResp: Msg 36; Result: 1, Error: 3
E/qti_sensors_hal(27756): processSingleSensorInfoResp: either handle_wakeup is -1 or error is true or mSensors[handle_wakeup] is NULL!
E/qti_sensors_hal(27756): processSingleSensorInfoResp: either handle_wakeup is -1 or error is true or mSensors[handle_wakeup] is NULL!
E/qti_sensors_hal(27756): processSingleSensorInfoResp: either handle_wakeup is -1 or error is true or mSensors[handle_wakeup] is NULL!
E/qti_sensors_hal(27756): processSingleSensorInfoResp: either handle is -1 or error is true or mSensors[handle] is NULL!
E/qti_sensors_hal(27756): processSingleSensorInfoResp: either handle_wakeup is -1 or error is true or mSensors[handle_wakeup] is NULL!
E/qti_sensors_hal(27756): OEMAddSensors : The OEM_module is NULL!
W/qti_sensors_hal(27756): sensors_get_sensors_list: handle 51 is not registered!
W/qti_sensors_hal(27756): sensors_get_sensors_list: handle 52 is not registered!
W/qti_sensors_hal(27756): sensors_get_sensors_list: handle 17 is not registered!
W/qti_sensors_hal(27756): sensors_get_sensors_list: handle 26 is not registered!
W/qti_sensors_hal(27756): sensors_get_sensors_list: handle 27 is not registered!
W/qti_sensors_hal(27756): sensors_get_sensors_list: handle 65 is not registered!
W/qti_sensors_hal(27756): sensors_get_sensors_list: handle 66 is not registered!
W/qti_sensors_hal(27756): sensors_get_sensors_list: handle 19 is not registered!
W/qti_sensors_hal(27756): sensors_get_sensors_list: handle 24 is not registered!
W/qti_sensors_hal(27756): sensors_get_sensors_list: handle 64 is not registered!
W/qti_sensors_hal(27756): sensors_get_sensors_list: handle 18 is not registered!
W/qti_sensors_hal(27756): sensors_get_sensors_list: handle 20 is not registered!
W/qti_sensors_hal(27756): sensors_get_sensors_list: handle 25 is not registered!
W/qti_sensors_hal(27756): sensors_get_sensors_list: handle 28 is not registered!
W/qti_sensors_hal(27756): sensors_get_sensors_list: handle 57 is not registered!
W/qti_sensors_hal(27756): sensors_get_sensors_list: handle 58 is not registered!
W/qti_sensors_hal(27756): sensors_get_sensors_list: handle 59 is not registered!
W/qti_sensors_hal(27756): sensors_get_sensors_list: handle 62 is not registered!
W/qti_sensors_hal(27756): sensors_get_sensors_list: handle 63 is not registered!
W/qti_sensors_hal(27756): sensors_get_sensors_list: handle 60 is not registered!
W/qti_sensors_hal(27756): sensors_get_sensors_list: handle 61 is not registered!
W/qti_sensors_hal(27756): sensors_get_sensors_list: handle 56 is not registered!
W/qti_sensors_hal(27756): sensors_get_sensors_list: handle 21 is not registered!
W/qti_sensors_hal(27756): sensors_get_sensors_list: handle 22 is not registered!
W/qti_sensors_hal(27756): sensors_get_sensors_list: handle 23 is not registered!
W/qti_sensors_hal(27756): sensors_get_sensors_list: handle 31 is not registered!
W/qti_sensors_hal(27756): sensors_get_sensors_list: handle 32 is not registered!
W/qti_sensors_hal(27756): sensors_get_sensors_list: handle 35 is not registered!
W/qti_sensors_hal(27756): sensors_get_sensors_list: handle 41 is not registered!
W/qti_sensors_hal(27756): sensors_get_sensors_list: handle 54 is not registered!
I/ (27756): System server: sensor init done.
D/SensorService(27756): nuSensorService thread starting...
I/IntentFirewall(27756): Read new rules (A:0 B:0 S:0)
I/ServiceThread(27756): Enabled StrictMode logging for android.ui looper.
D/SensorService(27756): new thread SensorEventAckReceiver
I/ServiceThread(27756): Enabled StrictMode logging for android.display looper.
E/ServiceManager(27664): add_service('appops',9) uid=1000 - ALREADY REGISTERED, OVERRIDE
I/ServiceManager(27664): service 'appops' died
D/AppOps (27756): AppOpsService published
I/SystemServiceManager(27756): Starting com.android.server.power.PowerManagerService
I/ServiceThread(27756): Enabled StrictMode logging for PowerManagerService looper.
E/PowerManagerService-JNI(27756): Couldn't load power module (Operation not permitted)
W/libsuspend(27756): Error writing 'on' to /sys/power/state: Invalid argument
I/libsuspend(27756): Selected wakeup count
I/SystemServiceManager(27756): Starting com.android.server.display.DisplayManagerService
I/SystemServiceManager(27756): Starting phase 100
E/BatteryStatsService(27756): Failed to open /sys/kernel/wakeup_reasons/last_resume_reason
I/DisplayManagerService(27756): Display device added: DisplayDeviceInfo{"Built-in Screen": uniqueId="local:0", 1080 x 1920, 0.466 fps, supportedRefreshRates [0.466], density 480, 160.42105 x 159.89508 dpi, appVsyncOff 0, presDeadline 2146922789, touch INTERNAL, rotation 0, type BUILT_IN, state UNKNOWN, FLAG_DEFAULT_DISPLAY, FLAG_ROTATES_WITH_CONTENT, FLAG_SECURE, FLAG_SUPPORTS_PROTECTED_BUFFERS}
I/SystemServer(27756): Package Manager
E/SELinuxMMAC(27756): Error with hashing seapp_contexts.
E/SELinuxMMAC(27756): java.io.FileNotFoundException: /seapp_contexts: open failed: ENOENT (No such file or directory)
E/SELinuxMMAC(27756): at libcore.io.IoBridge.open(IoBridge.java:456)
E/SELinuxMMAC(27756): at libcore.io.IoUtils$FileReader.(IoUtils.java:209)
E/SELinuxMMAC(27756): at libcore.io.IoUtils.readFileAsByteArray(IoUtils.java:109)
E/SELinuxMMAC(27756): at com.android.server.pm.SELinuxMMAC.returnHash(SELinuxMMAC.java:456)
E/SELinuxMMAC(27756): at com.android.server.pm.SELinuxMMAC.shouldRestorecon(SELinuxMMAC.java:389)
E/SELinuxMMAC(27756): at com.android.server.pm.PackageManagerService.(PackageManagerService.java:419)
E/SELinuxMMAC(27756): at com.android.server.pm.PackageManagerService.main(PackageManagerService.java:1261)
E/SELinuxMMAC(27756): at com.android.server.SystemServer.startBootstrapServices(SystemServer.java:358)
E/SELinuxMMAC(27756): at com.android.server.SystemServer.run(SystemServer.java:263)
E/SELinuxMMAC(27756): at com.android.server.SystemServer.main(SystemServer.java:179)
E/SELinuxMMAC(27756): at java.lang.reflect.Method.invoke(Native Method)
E/SELinuxMMAC(27756): at java.lang.reflect.Method.invoke(Method.java:372)
E/SELinuxMMAC(27756): at com.android.internal.os.ZygoteInit$MethodAndArgsCaller.run(ZygoteInit.java:904)
E/SELinuxMMAC(27756): at com.android.internal.os.ZygoteInit.main(ZygoteInit.java:699)
E/SELinuxMMAC(27756): Caused by: android.system.ErrnoException: open failed: ENOENT (No such file or directory)
E/SELinuxMMAC(27756): at libcore.io.Posix.open(Native Method)
E/SELinuxMMAC(27756): at libcore.io.BlockGuardOs.open(BlockGuardOs.java:186)
E/SELinuxMMAC(27756): at libcore.io.IoBridge.open(IoBridge.java:442)
E/SELinuxMMAC(27756): ... 13 more
D/EntSec (27756): [QSB ] [QSB_CLIENT ] QualcommSecurityBridge: PackageManager
I/EntSec (27756): [QSB ] [PORT_SWITCH] QSB Client Thread created
I/EntSec (27756): [QSB ] [PORT_SWITCH] QSB Port Switching Thread start running...
D/EntSec (27756): [QSB ] [PORT_SWITCH] Creating NQS Communicator instance
D/EntSec (27756): [QSB ] [NQS_CONECTOR] Trying to open a local socket
E/EntSec (27756): [QSB ] [NQS_CONECTOR] Failed to create and connect a local socket. [Error Description: No such file or directory ]
E/EntSec (27756): [QSB ] [NQS_CONECTOR] Failed to connect to the NQS [Error Description: No such file or directory ]
D/EntSec (27756): [QSB ] [PORT_SWITCH] NQS Communicator is disconnected
E/EntSec (27756): [QSB ] [PORT_SWITCH] No connection with the NQS; QSB initializes with the default port
I/EntSec (27756): [QSB ] [QSB_CLIENT ] Revert Loading port completed successfully
E/EntSec (27756): [QSB ] [PORT_SWITCH] QSB Port Switching Thread stop running.
W/SystemConfig(27756): No directory /system/etc/sysconfig, skipping
D/SELinuxMMAC(27756): Using policy file /system/etc/security/mac_permissions.xml
E/art (27756): DexFile_isDexOptNeeded file '/system/framework/com.google.widevine.software.drm.jar' does not exist
W/PackageManager(27756): Library not found: /system/framework/com.google.widevine.software.drm.jar
E/art (27756): DexFile_isDexOptNeeded file '/system/framework/com.google.android.media.effects.jar' does not exist
W/PackageManager(27756): Library not found: /system/framework/com.google.android.media.effects.jar
E/art (27756): DexFile_isDexOptNeeded file '/system/framework/com.google.android.maps.jar' does not exist
W/PackageManager(27756): Library not found: /system/framework/com.google.android.maps.jar
E/art (27756): DexFile_isDexOptNeeded file '/system/framework/com.fairphone.hiccup.jar' does not exist
W/PackageManager(27756): Library not found: /system/framework/com.fairphone.hiccup.jar
I/dex2oat (27843): /system/bin/dex2oat --zip-fd=5 --zip-location=/system/framework/com.quicinc.cne.jar --oat-fd=6 --oat-location=/data/dalvik-cache/arm/system@framework@com.quicinc.cne.jar@classes.dex --instruction-set=arm --instruction-set-features=div --runtime-arg -Xms64m --runtime-arg -Xmx512m --swap-fd=11
I/dex2oat (27843): Decided to run without swap.
I/dex2oat (27843): dex2oat took 214.253ms (threads: 4) arena alloc=485KB java alloc=182KB native alloc=2043KB free=6MB
I/dex2oat (27848): /system/bin/dex2oat --zip-fd=5 --zip-location=/system/framework/com.android.mediadrm.signer.jar --oat-fd=6 --oat-location=/data/dalvik-cache/arm/system@framework@com.android.mediadrm.signer.jar@classes.dex --instruction-set=arm --instruction-set-features=div --runtime-arg -Xms64m --runtime-arg -Xmx512m --swap-fd=11
E/LocSvc_ApiV02(24797): I/<--- void globalEventCb(locClientHandleType, uint32_t, locClientEventIndUnionType, void*) line 81 QMI_LOC_EVENT_POSITION_REPORT_IND_V02
I/dex2oat (27848): Decided to run without swap.
I/dex2oat (27848): dex2oat took 58.245ms (threads: 4) arena alloc=56KB java alloc=5KB native alloc=986KB free=7MB
I/dex2oat (27853): /system/bin/dex2oat --zip-fd=5 --zip-location=/system/framework/am.jar --oat-fd=6 --oat-location=/data/dalvik-cache/arm/system@framework@am.jar@classes.dex --instruction-set=arm --instruction-set-features=div --runtime-arg -Xms64m --runtime-arg -Xmx512m --swap-fd=11
I/dex2oat (27853): Decided to run without swap.
E/MediaPlayerFactory(27670): calling dlopen on FACTORY_LIB
E/MediaPlayerFactory(27670): calling dlsym on pFactoryLib for FACTORY_CREATE_FN
E/MediaPlayerFactory(27670): registering DASH Player factory...
I/CameraService(27670): CameraService started (pid=27670)
D/mm-camera-intf(27670): get_num_of_cameras gMmCameraIntfLogLevel=1
E/mm-camera-intf(27670): entity id 1
E/mm-camera-intf(27670): entity name video0 type 65537 group id 2
E/mm-camera-intf(27670): entity id 2
E/mm-camera-intf(27670): entity name msm_cci type 131072 group id 0
E/mm-camera-intf(27670): entity id 3
E/mm-camera-intf(27670): entity name v4l-subdev0 type 131072 group id 0
E/mm-camera-intf(27670): entity id 4
E/mm-camera-intf(27670): entity name v4l-subdev1 type 131072 group id 0
E/mm-camera-intf(27670): entity id 5
E/mm-camera-intf(27670): entity name v4l-subdev2 type 131072 group id 0
E/mm-camera-intf(27670): entity id 6
E/mm-camera-intf(27670): entity name v4l-subdev3 type 131072 group id 1
E/mm-camera-intf(27670): entity id 7
E/mm-camera-intf(27670): entity name v4l-subdev4 type 131072 group id 1
E/mm-camera-intf(27670): entity id 8
E/mm-camera-intf(27670): entity name v4l-subdev5 type 131072 group id 1
E/mm-camera-intf(27670): entity id 9
E/mm-camera-intf(27670): entity name v4l-subdev6 type 131072 group id 1
E/mm-camera-intf(27670): entity id 10
E/mm-camera-intf(27670): entity name v4l-subdev7 type 131072 group id 7
E/mm-camera-intf(27670): entity id 11
E/mm-camera-intf(27670): entity name v4l-subdev8 type 131072 group id 7
E/mm-camera-intf(27670): entity id 12
E/mm-camera-intf(27670): entity name v4l-subdev9 type 131072 group id 11
E/mm-camera-intf(27670): entity id 13
E/mm-camera-intf(27670): entity name v4l-subdev10 type 131072 group id 8
E/mm-camera-intf(27670): entity id 14
E/mm-camera-intf(27670): entity name v4l-subdev11 type 131072 group id 14
E/mm-camera-intf(27670): entity id 1
E/mm-camera-intf(27670): entity name video1 type 65537 group id 2
E/mm-camera-intf(27670): entity id 2
E/mm-camera-intf(27670): Done enumerating media entities
E/mm-camera-intf(27670): entity id 1
E/mm-camera-intf(27670): entity name video2 type 65537 group id 2
E/mm-camera-intf(27670): entity id 2
E/mm-camera-intf(27670): Done enumerating media entities
D/mm-camera-intf(27670): index = 0 flag = 1 mount_angle = 90 facing = 0
D/mm-camera-intf(27670): index = 1 flag = 103 mount_angle = 270 facing = 1
I/CameraService(27670): Loaded "QCamera Module" camera module
I/AudioPolicyService(27670): AudioPolicyService CSTOR in new mode
I/AudioPolicyManager(27670): loadAudioPolicyConfig() loaded /system/etc/audio_policy.conf
I/dex2oat (27853): dex2oat took 146.909ms (threads: 4) arena alloc=481KB java alloc=35KB native alloc=1385KB free=6MB
I/dex2oat (27863): /system/bin/dex2oat --zip-fd=5 --zip-location=/system/framework/appops.jar --oat-fd=6 --oat-location=/data/dalvik-cache/arm/system@framework@appops.jar@classes.dex --instruction-set=arm --instruction-set-features=div --runtime-arg -Xms64m --runtime-arg -Xmx512m --swap-fd=11
I/dex2oat (27863): Decided to run without swap.
I/dex2oat (27863): dex2oat took 58.578ms (threads: 4) arena alloc=26KB java alloc=9KB native alloc=601KB free=7MB
I/dex2oat (27868): /system/bin/dex2oat --zip-fd=5 --zip-location=/system/framework/appwidget.jar --oat-fd=6 --oat-location=/data/dalvik-cache/arm/system@framework@appwidget.jar@classes.dex --instruction-set=arm --instruction-set-features=div --runtime-arg -Xms64m --runtime-arg -Xmx512m --swap-fd=11
I/dex2oat (27868): Decided to run without swap.
I/dex2oat (27868): dex2oat took 41.284ms (threads: 4) arena alloc=67KB java alloc=5KB native alloc=998KB free=7MB
I/dex2oat (27873): /system/bin/dex2oat --zip-fd=5 --zip-location=/system/framework/bmgr.jar --oat-fd=6 --oat-location=/data/dalvik-cache/arm/system@framework@bmgr.jar@classes.dex --instruction-set=arm --instruction-set-features=div --runtime-arg -Xms64m --runtime-arg -Xmx512m --swap-fd=11
I/dex2oat (27873): Decided to run without swap.
I/dex2oat (27873): dex2oat took 81.380ms (threads: 4) arena alloc=83KB java alloc=15KB native alloc=900KB free=7MB
E/NetlinkListener(27672): recvmsg failed (I/O error)
E/NetlinkListener( 741): recvmsg failed (I/O error)
I/dex2oat (27878): /system/bin/dex2oat --zip-fd=5 --zip-location=/system/framework/bu.jar --oat-fd=6 --oat-location=/data/dalvik-cache/arm/system@framework@bu.jar@classes.dex --instruction-set=arm --instruction-set-features=div --runtime-arg -Xms64m --runtime-arg -Xmx512m --swap-fd=11
I/dex2oat (27878): Decided to run without swap.
I/dex2oat (27878): dex2oat took 50.252ms (threads: 4) arena alloc=51KB java alloc=8KB native alloc=601KB free=7MB
I/dex2oat (27886): /system/bin/dex2oat --zip-fd=5 --zip-location=/system/framework/com.qti.dpmframework.jar --oat-fd=6 --oat-location=/data/dalvik-cache/arm/system@framework@com.qti.dpmframework.jar@classes.dex --instruction-set=arm --instruction-set-features=div --runtime-arg -Xms64m --runtime-arg -Xmx512m --swap-fd=11
I/dex2oat (27886): Decided to run without swap.
I/dex2oat (27886): dex2oat took 151.407ms (threads: 4) arena alloc=192KB java alloc=90KB native alloc=1810KB free=6MB
I/dex2oat (27891): /system/bin/dex2oat --zip-fd=5 --zip-location=/system/framework/content.jar --oat-fd=6 --oat-location=/data/dalvik-cache/arm/system@framework@content.jar@classes.dex --instruction-set=arm --instruction-set-features=div --runtime-arg -Xms64m --runtime-arg -Xmx512m --swap-fd=11
I/dex2oat (27891): Decided to run without swap.
I/dex2oat (27891): dex2oat took 47.545ms (threads: 4) arena alloc=110KB java alloc=13KB native alloc=1260KB free=6MB
I/dex2oat (27896): /system/bin/dex2oat --zip-fd=5 --zip-location=/system/framework/dpm.jar --oat-fd=6 --oat-location=/data/dalvik-cache/arm/system@framework@dpm.jar@classes.dex --instruction-set=arm --instruction-set-features=div --runtime-arg -Xms64m --runtime-arg -Xmx512m --swap-fd=11
I/dex2oat (27896): Decided to run without swap.
I/dex2oat (27896): dex2oat took 37.822ms (threads: 4) arena alloc=26KB java alloc=4KB native alloc=614KB free=7MB
I/dex2oat (27901): /system/bin/dex2oat --zip-fd=5 --zip-location=/system/framework/ethernet-service.jar --oat-fd=6 --oat-location=/data/dalvik-cache/arm/system@framework@ethernet-service.jar@classes.dex --instruction-set=arm --instruction-set-features=div --runtime-arg -Xms64m --runtime-arg -Xmx512m --swap-fd=11
I/dex2oat (27901): Decided to run without swap.
I/dex2oat (27901): dex2oat took 58.618ms (threads: 4) arena alloc=221KB java alloc=67KB native alloc=1275KB free=6MB
I/dex2oat (27906): /system/bin/dex2oat --zip-fd=5 --zip-location=/system/framework/ext.jar --oat-fd=6 --oat-location=/data/dalvik-cache/arm/system@framework@ext.jar@classes.dex --instruction-set=arm --instruction-set-features=div --runtime-arg -Xms64m --runtime-arg -Xmx512m --swap-fd=11
E/LocSvc_ApiV02(24797): I/<--- void globalEventCb(locClientHandleType, uint32_t, locClientEventIndUnionType, void*) line 81 QMI_LOC_EVENT_POSITION_REPORT_IND_V02
I/dex2oat (27906): Decided to run without swap.
E/NetlinkListener( 741): recvmsg failed (I/O error)
E/NetlinkListener(27672): recvmsg failed (I/O error)
E/NetlinkListener(27672): recvmsg failed (I/O error)
E/NetlinkListener( 741): recvmsg failed (I/O error)
I/dex2oat (27906): dex2oat took 485.046ms (threads: 4) arena alloc=0B java alloc=1289KB native alloc=212KB free=7MB
E/NetlinkListener(27672): recvmsg failed (I/O error)
E/NetlinkListener( 741): recvmsg failed (I/O error)
I/dex2oat (27927): /system/bin/dex2oat --zip-fd=5 --zip-location=/system/framework/framework.jar --oat-fd=6 --oat-location=/data/dalvik-cache/arm/system@framework@framework.jar@classes.dex --instruction-set=arm --instruction-set-features=div --runtime-arg -Xms64m --runtime-arg -Xmx512m --swap-fd=11
E/NetlinkListener(27672): recvmsg failed (I/O error)
E/NetlinkListener( 741): recvmsg failed (I/O error)
E/LocSvc_ApiV02(24797): I/<--- void globalEventCb(locClientHandleType, uint32_t, locClientEventIndUnionType, void*) line 81 QMI_LOC_EVENT_POSITION_REPORT_IND_V02
V/WLAN_PSA( 673): NL MSG, len[048], NL type[0x11] WNI type[0x5050] len[028]
V/WLAN_PSA( 673): NL MSG, PID: 673
I/dex2oat (27927): Decided to run without swap.
E/NetlinkListener(27672): recvmsg failed (I/O error)
E/NetlinkListener( 741): recvmsg failed (I/O error)
V/WLAN_PSA( 673): NL MSG, len[4031], NL type[0x1C] WNI type[0x5900] len[42767]
V/WLAN_PSA( 673): NL MSG, PID: 673
E/NetlinkListener(27672): recvmsg failed (I/O error)
E/NetlinkListener( 741): recvmsg failed (I/O error)
E/LocSvc_ApiV02(24797): I/<--- void globalEventCb(locClientHandleType, uint32_t, locClientEventIndUnionType, void*) line 81 QMI_LOC_EVENT_POSITION_REPORT_IND_V02
E/NetlinkListener(27672): recvmsg failed (I/O error)
E/NetlinkListener( 741): recvmsg failed (I/O error)
E/NetlinkListener(27672): recvmsg failed (I/O error)
E/NetlinkListener( 741): recvmsg failed (I/O error)
E/LocSvc_ApiV02(24797): I/<--- void globalEventCb(locClientHandleType, uint32_t, locClientEventIndUnionType, void*) line 81 QMI_LOC_EVENT_POSITION_REPORT_IND_V02
I/dex2oat (27927): dex2oat took 3.151s (threads: 4) arena alloc=54KB java alloc=10MB native alloc=1216KB free=10MB
I/dex2oat (27955): /system/bin/dex2oat --zip-fd=5 --zip-location=/system/framework/ime.jar --oat-fd=6 --oat-location=/data/dalvik-cache/arm/system@framework@ime.jar@classes.dex --instruction-set=arm --instruction-set-features=div --runtime-arg -Xms64m --runtime-arg -Xmx512m --swap-fd=11
I/dex2oat (27955): Decided to run without swap.
I/dex2oat (27955): dex2oat took 44.896ms (threads: 4) arena alloc=62KB java alloc=6KB native alloc=620KB free=7MB
I/dex2oat (27960): /system/bin/dex2oat --zip-fd=5 --zip-location=/system/framework/input.jar --oat-fd=6 --oat-location=/data/dalvik-cache/arm/system@framework@input.jar@classes.dex --instruction-set=arm --instruction-set-features=div --runtime-arg -Xms64m --runtime-arg -Xmx512m --swap-fd=11
I/dex2oat (27960): Decided to run without swap.
I/dex2oat (27960): dex2oat took 49.363ms (threads: 4) arena alloc=59KB java alloc=5KB native alloc=599KB free=7MB
I/dex2oat (27965): /system/bin/dex2oat --zip-fd=5 --zip-location=/system/framework/media_cmd.jar --oat-fd=6 --oat-location=/data/dalvik-cache/arm/system@framework@media_cmd.jar@classes.dex --instruction-set=arm --instruction-set-features=div --runtime-arg -Xms64m --runtime-arg -Xmx512m --swap-fd=11
I/dex2oat (27965): Decided to run without swap.
I/dex2oat (27965): dex2oat took 81.863ms (threads: 4) arena alloc=172KB java alloc=33KB native alloc=1129KB free=6MB
I/dex2oat (27970): /system/bin/dex2oat --zip-fd=5 --zip-location=/system/framework/monkey.jar --oat-fd=6 --oat-location=/data/dalvik-cache/arm/system@framework@monkey.jar@classes.dex --instruction-set=arm --instruction-set-features=div --runtime-arg -Xms64m --runtime-arg -Xmx512m --swap-fd=11
E/LocSvc_ApiV02(24797): I/<--- void globalEventCb(locClientHandleType, uint32_t, locClientEventIndUnionType, void*) line 81 QMI_LOC_EVENT_POSITION_REPORT_IND_V02
I/dex2oat (27970): Decided to run without swap.
I/dex2oat (27970): dex2oat took 193.078ms (threads: 4) arena alloc=1128KB java alloc=121KB native alloc=1956KB free=6MB
I/dex2oat (27975): /system/bin/dex2oat --zip-fd=5 --zip-location=/system/framework/pm.jar --oat-fd=6 --oat-location=/data/dalvik-cache/arm/system@framework@pm.jar@classes.dex --instruction-set=arm --instruction-set-features=div --runtime-arg -Xms64m --runtime-arg -Xmx512m --swap-fd=11
I/dex2oat (27975): Decided to run without swap.
I/dex2oat (27975): dex2oat took 101.458ms (threads: 4) arena alloc=186KB java alloc=38KB native alloc=1473KB free=6MB
I/dex2oat (27980): /system/bin/dex2oat --zip-fd=5 --zip-location=/system/framework/qmapbridge.jar --oat-fd=6 --oat-location=/data/dalvik-cache/arm/system@framework@qmapbridge.jar@classes.dex --instruction-set=arm --instruction-set-features=div --runtime-arg -Xms64m --runtime-arg -Xmx512m --swap-fd=11
I/dex2oat (27980): Decided to run without swap.
I/dex2oat (27980): dex2oat took 59.165ms (threads: 4) arena alloc=48KB java alloc=64KB native alloc=1419KB free=6MB
I/dex2oat (27985): /system/bin/dex2oat --zip-fd=5 --zip-location=/system/framework/rcsimssettings.jar --oat-fd=6 --oat-location=/data/dalvik-cache/arm/system@framework@rcsimssettings.jar@classes.dex --instruction-set=arm --instruction-set-features=div --runtime-arg -Xms64m --runtime-arg -Xmx512m --swap-fd=11
I/dex2oat (27985): Decided to run without swap.
I/dex2oat (27985): dex2oat took 75.370ms (threads: 4) arena alloc=46KB java alloc=60KB native alloc=1362KB free=6MB
I/dex2oat (27990): /system/bin/dex2oat --zip-fd=5 --zip-location=/system/framework/rcsservice.jar --oat-fd=6 --oat-location=/data/dalvik-cache/arm/system@framework@rcsservice.jar@classes.dex --instruction-set=arm --instruction-set-features=div --runtime-arg -Xms64m --runtime-arg -Xmx512m --swap-fd=11
I/dex2oat (27990): Decided to run without swap.
E/NetlinkListener( 741): recvmsg failed (I/O error)
E/NetlinkListener(27672): recvmsg failed (I/O error)
E/NetlinkListener( 741): recvmsg failed (I/O error)
E/NetlinkListener(27672): recvmsg failed (I/O error)
I/dex2oat (27990): dex2oat took 342.416ms (threads: 4) arena alloc=126KB java alloc=590KB native alloc=2MB free=5MB
I/dex2oat (28007): /system/bin/dex2oat --zip-fd=5 --zip-location=/system/framework/requestsync.jar --oat-fd=6 --oat-location=/data/dalvik-cache/arm/system@framework@requestsync.jar@classes.dex --instruction-set=arm --instruction-set-features=div --runtime-arg -Xms64m --runtime-arg -Xmx512m --swap-fd=11
I/dex2oat (28007): Decided to run without swap.
I/dex2oat (28007): dex2oat took 59.697ms (threads: 4) arena alloc=27KB java alloc=3KB native alloc=603KB free=7MB
E/LocSvc_ApiV02(24797): I/<--- void globalEventCb(locClientHandleType, uint32_t, locClientEventIndUnionType, void*) line 81 QMI_LOC_EVENT_POSITION_REPORT_IND_V02
I/dex2oat (28013): /system/bin/dex2oat --zip-fd=5 --zip-location=/system/framework/services.jar --oat-fd=6 --oat-location=/data/dalvik-cache/arm/system@framework@services.jar@classes.dex --instruction-set=arm --instruction-set-features=div --runtime-arg -Xms64m --runtime-arg -Xmx512m --swap-fd=11
E/NetlinkListener(27672): recvmsg failed (I/O error)
E/NetlinkListener( 741): recvmsg failed (I/O error)
E/NetlinkListener(27672): recvmsg failed (I/O error)
E/NetlinkListener( 741): recvmsg failed (I/O error)