E/LocSvc_ApiV02(24797): I/<--- void globalEventCb(locClientHandleType, uint32_t, locClientEventIndUnionType, void*) line 81 QMI_LOC_EVENT_POSITION_REPORT_IND_V02
E/LocSvc_ApiV02(24797): I/<--- void globalEventCb(locClientHandleType, uint32_t, locClientEventIndUnionType, void*) line 81 QMI_LOC_EVENT_POSITION_REPORT_IND_V02
E/LocSvc_ApiV02(24797): I/<--- void globalEventCb(locClientHandleType, uint32_t, locClientEventIndUnionType, void*) line 81 QMI_LOC_EVENT_POSITION_REPORT_IND_V02
V/WLAN_PSA( 673): NL MSG, len[4023], NL type[0x1C] WNI type[0x5900] len[40719]
V/WLAN_PSA( 673): NL MSG, PID: 673
E/LocSvc_ApiV02(24797): I/<--- void globalEventCb(locClientHandleType, uint32_t, locClientEventIndUnionType, void*) line 81 QMI_LOC_EVENT_POSITION_REPORT_IND_V02
V/WLAN_PSA( 673): NL MSG, len[048], NL type[0x11] WNI type[0x5050] len[028]
V/WLAN_PSA( 673): NL MSG, PID: 673
E/LocSvc_ApiV02(24797): I/<--- void globalEventCb(locClientHandleType, uint32_t, locClientEventIndUnionType, void*) line 81 QMI_LOC_EVENT_POSITION_REPORT_IND_V02
I/dex2oat (27366): Explicit concurrent mark sweep GC freed 233606(16MB) AllocSpace objects, 0(0B) LOS objects, 26% free, 11MB/15MB, paused 163us total 59.542ms
E/LocSvc_ApiV02(24797): I/<--- void globalEventCb(locClientHandleType, uint32_t, locClientEventIndUnionType, void*) line 81 QMI_LOC_EVENT_POSITION_REPORT_IND_V02
E/LocSvc_ApiV02(24797): I/<--- void globalEventCb(locClientHandleType, uint32_t, locClientEventIndUnionType, void*) line 81 QMI_LOC_EVENT_POSITION_REPORT_IND_V02
E/LocSvc_ApiV02(24797): I/<--- void globalEventCb(locClientHandleType, uint32_t, locClientEventIndUnionType, void*) line 81 QMI_LOC_EVENT_POSITION_REPORT_IND_V02
I/dex2oat (27366): dex2oat took 26.741s (threads: 4) arena alloc=2MB java alloc=11MB native alloc=68MB free=19MB
I/SamplingProfilerIntegration(27335): Profiling disabled.
D/Zygote (27335): begin preload
I/Zygote (27335): Preloading classes...
I/art (27335): Explicit concurrent mark sweep GC freed 824(38KB) AllocSpace objects, 0(0B) LOS objects, 98% free, 52KB/4MB, paused 108us total 3.545ms
I/art (27335): Counter: 1
I/art (27335): Explicit concurrent mark sweep GC freed 96(4KB) AllocSpace objects, 0(0B) LOS objects, 98% free, 72KB/4MB, paused 166us total 4.313ms
I/art (27335): Explicit concurrent mark sweep GC freed 457(29KB) AllocSpace objects, 0(0B) LOS objects, 98% free, 72KB/4MB, paused 163us total 2.684ms
I/art (27335): Explicit concurrent mark sweep GC freed 5(160B) AllocSpace objects, 0(0B) LOS objects, 98% free, 72KB/4MB, paused 134us total 2.235ms
W/Zygote (27335): Class not found for preloading: android.app.ContextImpl$62
I/art (27335): Explicit concurrent mark sweep GC freed 633(41KB) AllocSpace objects, 0(0B) LOS objects, 98% free, 80KB/4MB, paused 211us total 4.179ms
I/art (27335): Explicit concurrent mark sweep GC freed 5(160B) AllocSpace objects, 0(0B) LOS objects, 98% free, 80KB/4MB, paused 132us total 2.290ms
I/art (27335): Explicit concurrent mark sweep GC freed 443(26KB) AllocSpace objects, 0(0B) LOS objects, 97% free, 110KB/4MB, paused 107us total 2.579ms
I/art (27335): Explicit concurrent mark sweep GC freed 25(1056B) AllocSpace objects, 0(0B) LOS objects, 97% free, 110KB/4MB, paused 103us total 1.780ms
E/Minikin (27335): addFont failed to create font /system/fonts/NanumGothic.ttf
E/Minikin (27335): addFont failed to create font /system/fonts/DroidSansFallback.ttf
I/art (27335): Explicit concurrent mark sweep GC freed 1773(128KB) AllocSpace objects, 0(0B) LOS objects, 97% free, 121KB/4MB, paused 105us total 2.995ms
I/art (27335): Explicit concurrent mark sweep GC freed 26(880B) AllocSpace objects, 0(0B) LOS objects, 97% free, 121KB/4MB, paused 102us total 1.857ms
I/art (27335): Explicit concurrent mark sweep GC freed 1910(91KB) AllocSpace objects, 0(0B) LOS objects, 96% free, 162KB/4MB, paused 105us total 3.279ms
I/art (27335): Explicit concurrent mark sweep GC freed 5(160B) AllocSpace objects, 0(0B) LOS objects, 96% free, 162KB/4MB, paused 271us total 2.191ms
I/art (27335): Explicit concurrent mark sweep GC freed 1975(87KB) AllocSpace objects, 0(0B) LOS objects, 95% free, 197KB/4MB, paused 119us total 3.574ms
I/art (27335): Explicit concurrent mark sweep GC freed 5(160B) AllocSpace objects, 0(0B) LOS objects, 95% free, 197KB/4MB, paused 112us total 2.181ms
I/art (27335): Explicit concurrent mark sweep GC freed 369(19KB) AllocSpace objects, 0(0B) LOS objects, 94% free, 230KB/4MB, paused 108us total 3.542ms
I/art (27335): Explicit concurrent mark sweep GC freed 5(160B) AllocSpace objects, 0(0B) LOS objects, 94% free, 230KB/4MB, paused 121us total 2.645ms
I/art (27335): Thread[1,tid=27335,WaitingForJniOnLoad,Thread*=0xb4827800,peer=0x12c411c0,"main"] recursive attempt to load library "/system/lib/libmedia_jni.so"
D/MtpDeviceJNI(27335): register_android_mtp_MtpDevice
I/art (27335): Thread[1,tid=27335,WaitingForJniOnLoad,Thread*=0xb4827800,peer=0x12c411c0,"main"] recursive attempt to load library "/system/lib/libmedia_jni.so"
I/art (27335): Thread[1,tid=27335,WaitingForJniOnLoad,Thread*=0xb4827800,peer=0x12c411c0,"main"] recursive attempt to load library "/system/lib/libmedia_jni.so"
I/art (27335): Explicit concurrent mark sweep GC freed 748(43KB) AllocSpace objects, 0(0B) LOS objects, 94% free, 239KB/4MB, paused 110us total 3.363ms
I/art (27335): Explicit concurrent mark sweep GC freed 7(288B) AllocSpace objects, 0(0B) LOS objects, 94% free, 239KB/4MB, paused 109us total 2.276ms
I/art (27335): Explicit concurrent mark sweep GC freed 541(27KB) AllocSpace objects, 0(0B) LOS objects, 94% free, 260KB/4MB, paused 105us total 3.084ms
I/art (27335): Explicit concurrent mark sweep GC freed 5(160B) AllocSpace objects, 0(0B) LOS objects, 94% free, 260KB/4MB, paused 100us total 2.150ms
I/art (27335): Explicit concurrent mark sweep GC freed 641(35KB) AllocSpace objects, 0(0B) LOS objects, 93% free, 274KB/4MB, paused 105us total 3.354ms
I/art (27335): Explicit concurrent mark sweep GC freed 5(160B) AllocSpace objects, 0(0B) LOS objects, 93% free, 274KB/4MB, paused 101us total 2.282ms
I/art (27335): Explicit concurrent mark sweep GC freed 222(13KB) AllocSpace objects, 0(0B) LOS objects, 92% free, 312KB/4MB, paused 100us total 3.607ms
E/LocSvc_eng(24797): I/===> int loc_eng_inject_location(loc_eng_data_s_type&, double, double, float) line 2033
I/art (27335): Explicit concurrent mark sweep GC freed 5(160B) AllocSpace objects, 0(0B) LOS objects, 92% free, 312KB/4MB, paused 113us total 2.838ms
E/LocSvc_eng(24797): I/===> int loc_eng_inject_location(loc_eng_data_s_type&, double, double, float) line 2033
E/LocSvc_eng(24797): I/===> int loc_eng_inject_location(loc_eng_data_s_type&, double, double, float) line 2033
I/art (27335): Explicit concurrent mark sweep GC freed 1815(105KB) AllocSpace objects, 0(0B) LOS objects, 89% free, 462KB/4MB, paused 116us total 3.827ms
I/art (27335): Explicit concurrent mark sweep GC freed 5(160B) AllocSpace objects, 0(0B) LOS objects, 89% free, 462KB/4MB, paused 113us total 2.866ms
E/EmojiFactory_jni(27335): Failed to load libemoji.so: dlopen failed: library "libemoji.so" not found
I/art (27335): Explicit concurrent mark sweep GC freed 356(45KB) AllocSpace objects, 0(0B) LOS objects, 84% free, 760KB/4MB, paused 124us total 5.566ms
I/art (27335): Explicit concurrent mark sweep GC freed 9(272B) AllocSpace objects, 0(0B) LOS objects, 84% free, 760KB/4MB, paused 117us total 3.966ms
I/art (27335): Explicit concurrent mark sweep GC freed 432(30KB) AllocSpace objects, 0(0B) LOS objects, 84% free, 778KB/4MB, paused 121us total 5.188ms
I/art (27335): Explicit concurrent mark sweep GC freed 5(160B) AllocSpace objects, 0(0B) LOS objects, 84% free, 778KB/4MB, paused 118us total 3.912ms
I/art (27335): Explicit concurrent mark sweep GC freed 787(49KB) AllocSpace objects, 0(0B) LOS objects, 84% free, 780KB/4MB, paused 122us total 4.297ms
I/art (27335): Explicit concurrent mark sweep GC freed 5(160B) AllocSpace objects, 0(0B) LOS objects, 84% free, 780KB/4MB, paused 117us total 3.884ms
I/art (27335): Explicit concurrent mark sweep GC freed 957(105KB) AllocSpace objects, 0(0B) LOS objects, 83% free, 823KB/4MB, paused 113us total 5.033ms
I/art (27335): Explicit concurrent mark sweep GC freed 37(1744B) AllocSpace objects, 0(0B) LOS objects, 83% free, 821KB/4MB, paused 109us total 3.700ms
I/art (27335): Explicit concurrent mark sweep GC freed 528(39KB) AllocSpace objects, 0(0B) LOS objects, 83% free, 830KB/4MB, paused 108us total 4.092ms
I/art (27335): Explicit concurrent mark sweep GC freed 5(160B) AllocSpace objects, 0(0B) LOS objects, 83% free, 830KB/4MB, paused 107us total 3.661ms
I/art (27335): Explicit concurrent mark sweep GC freed 360(25KB) AllocSpace objects, 0(0B) LOS objects, 82% free, 859KB/4MB, paused 110us total 4.105ms
I/art (27335): Explicit concurrent mark sweep GC freed 5(160B) AllocSpace objects, 0(0B) LOS objects, 82% free, 859KB/4MB, paused 108us total 3.744ms
I/art (27335): Explicit concurrent mark sweep GC freed 10831(530KB) AllocSpace objects, 0(0B) LOS objects, 76% free, 1238KB/5MB, paused 121us total 6.037ms
I/art (27335): Explicit concurrent mark sweep GC freed 11(432B) AllocSpace objects, 0(0B) LOS objects, 76% free, 1238KB/5MB, paused 117us total 4.884ms
I/art (27335): Explicit concurrent mark sweep GC freed 570(33KB) AllocSpace objects, 0(0B) LOS objects, 76% free, 1254KB/5MB, paused 132us total 5.722ms
I/art (27335): Explicit concurrent mark sweep GC freed 5(160B) AllocSpace objects, 0(0B) LOS objects, 76% free, 1254KB/5MB, paused 128us total 5.090ms
E/LocSvc_ApiV02(24797): I/<--- void globalEventCb(locClientHandleType, uint32_t, locClientEventIndUnionType, void*) line 81 QMI_LOC_EVENT_POSITION_REPORT_IND_V02
I/art (27335): Explicit concurrent mark sweep GC freed 739(45KB) AllocSpace objects, 0(0B) LOS objects, 76% free, 1257KB/5MB, paused 126us total 5.482ms
I/art (27335): Explicit concurrent mark sweep GC freed 5(160B) AllocSpace objects, 0(0B) LOS objects, 76% free, 1257KB/5MB, paused 130us total 5.129ms
I/System (27335): Loaded time zone names for "" in 52ms (49ms in ICU)
I/System (27335): Loaded time zone names for "en_US" in 34ms (31ms in ICU)
I/art (27335): Explicit concurrent mark sweep GC freed 2343(178KB) AllocSpace objects, 0(0B) LOS objects, 74% free, 1416KB/5MB, paused 123us total 9.629ms
I/art (27335): Explicit concurrent mark sweep GC freed 5(160B) AllocSpace objects, 0(0B) LOS objects, 74% free, 1416KB/5MB, paused 119us total 5.578ms
I/art (27335): Explicit concurrent mark sweep GC freed 136(12KB) AllocSpace objects, 0(0B) LOS objects, 73% free, 1481KB/5MB, paused 121us total 5.602ms
I/art (27335): Explicit concurrent mark sweep GC freed 5(160B) AllocSpace objects, 0(0B) LOS objects, 73% free, 1481KB/5MB, paused 119us total 5.543ms
I/art (27335): Explicit concurrent mark sweep GC freed 286(24KB) AllocSpace objects, 0(0B) LOS objects, 72% free, 1526KB/5MB, paused 118us total 5.553ms
I/art (27335): Explicit concurrent mark sweep GC freed 13(416B) AllocSpace objects, 0(0B) LOS objects, 72% free, 1526KB/5MB, paused 117us total 5.123ms
I/art (27335): Explicit concurrent mark sweep GC freed 667(47KB) AllocSpace objects, 0(0B) LOS objects, 72% free, 1528KB/5MB, paused 133us total 5.873ms
I/art (27335): Explicit concurrent mark sweep GC freed 25(800B) AllocSpace objects, 0(0B) LOS objects, 72% free, 1527KB/5MB, paused 128us total 5.729ms
I/Zygote (27335): ...preloaded 3004 classes in 821ms.
I/art (27335): VMRuntime.preloadDexCaches starting
I/art (27335): VMRuntime.preloadDexCaches strings total=223573 before=41006 after=41006
I/art (27335): VMRuntime.preloadDexCaches types total=19030 before=6653 after=6697
I/art (27335): VMRuntime.preloadDexCaches fields total=88636 before=32658 after=33035
I/art (27335): VMRuntime.preloadDexCaches methods total=156114 before=67685 after=68621
I/art (27335): VMRuntime.preloadDexCaches finished
I/art (27335): Counter: 0
I/art (27335): Counter: 1
I/art (27335): Explicit concurrent mark sweep GC freed 41(15KB) AllocSpace objects, 0(0B) LOS objects, 73% free, 1514KB/5MB, paused 119us total 6.566ms
D/idmap (27433): error: no read access to /vendor/overlay: No such file or directory
I/Zygote (27335): Preloading resources...
W/Resources(27335): Preloaded drawable resource #0x1080096 (android:drawable/toast_frame) that varies with configuration!!
W/Resources(27335): Preloaded drawable resource #0x108010d (android:drawable/btn_check_on_pressed_holo_light) that varies with configuration!!
W/Resources(27335): Preloaded drawable resource #0x108010c (android:drawable/btn_check_on_pressed_holo_dark) that varies with configuration!!
W/Resources(27335): Preloaded drawable resource #0x108010a (android:drawable/btn_check_on_holo_light) that varies with configuration!!
W/Resources(27335): Preloaded drawable resource #0x1080109 (android:drawable/btn_check_on_holo_dark) that varies with configuration!!
W/Resources(27335): Preloaded drawable resource #0x1080107 (android:drawable/btn_check_on_focused_holo_light) that varies with configuration!!
W/Resources(27335): Preloaded drawable resource #0x1080106 (android:drawable/btn_check_on_focused_holo_dark) that varies with configuration!!
V/WLAN_PSA( 673): NL MSG, len[048], NL type[0x11] WNI type[0x5050] len[028]
V/WLAN_PSA( 673): NL MSG, PID: 673
W/Resources(27335): Preloaded drawable resource #0x1080105 (android:drawable/btn_check_on_disabled_holo_light) that varies with configuration!!
W/Resources(27335): Preloaded drawable resource #0x1080104 (android:drawable/btn_check_on_disabled_holo_dark) that varies with configuration!!
W/Resources(27335): Preloaded drawable resource #0x1080103 (android:drawable/btn_check_on_disabled_focused_holo_light) that varies with configuration!!
W/Resources(27335): Preloaded drawable resource #0x1080102 (android:drawable/btn_check_on_disabled_focused_holo_dark) that varies with configuration!!
W/Resources(27335): Preloaded drawable resource #0x10800fa (android:drawable/btn_check_off_pressed_holo_light) that varies with configuration!!
W/Resources(27335): Preloaded drawable resource #0x10800f9 (android:drawable/btn_check_off_pressed_holo_dark) that varies with configuration!!
W/Resources(27335): Preloaded drawable resource #0x10800f5 (android:drawable/btn_check_off_holo_light) that varies with configuration!!
W/Resources(27335): Preloaded drawable resource #0x10800f4 (android:drawable/btn_check_off_holo_dark) that varies with configuration!!
W/Resources(27335): Preloaded drawable resource #0x10800f2 (android:drawable/btn_check_off_focused_holo_light) that varies with configuration!!
W/Resources(27335): Preloaded drawable resource #0x10800f1 (android:drawable/btn_check_off_focused_holo_dark) that varies with configuration!!
W/Resources(27335): Preloaded drawable resource #0x10800f0 (android:drawable/btn_check_off_disabled_holo_light) that varies with configuration!!
W/Resources(27335): Preloaded drawable resource #0x10800ef (android:drawable/btn_check_off_disabled_holo_dark) that varies with configuration!!
W/Resources(27335): Preloaded drawable resource #0x10800ee (android:drawable/btn_check_off_disabled_focused_holo_light) that varies with configuration!!
W/Resources(27335): Preloaded drawable resource #0x10800ed (android:drawable/btn_check_off_disabled_focused_holo_dark) that varies with configuration!!
W/Resources(27335): Preloaded drawable resource #0x108010a (android:drawable/btn_check_on_holo_light) that varies with configuration!!
W/Resources(27335): Preloaded drawable resource #0x10800f5 (android:drawable/btn_check_off_holo_light) that varies with configuration!!
W/Resources(27335): Preloaded drawable resource #0x108010d (android:drawable/btn_check_on_pressed_holo_light) that varies with configuration!!
W/Resources(27335): Preloaded drawable resource #0x10800fa (android:drawable/btn_check_off_pressed_holo_light) that varies with configuration!!
W/Resources(27335): Preloaded drawable resource #0x1080107 (android:drawable/btn_check_on_focused_holo_light) that varies with configuration!!
W/Resources(27335): Preloaded drawable resource #0x10800f2 (android:drawable/btn_check_off_focused_holo_light) that varies with configuration!!
W/Resources(27335): Preloaded drawable resource #0x10800f5 (android:drawable/btn_check_off_holo_light) that varies with configuration!!
W/Resources(27335): Preloaded drawable resource #0x108010a (android:drawable/btn_check_on_holo_light) that varies with configuration!!
W/Resources(27335): Preloaded drawable resource #0x1080105 (android:drawable/btn_check_on_disabled_holo_light) that varies with configuration!!
W/Resources(27335): Preloaded drawable resource #0x10800f0 (android:drawable/btn_check_off_disabled_holo_light) that varies with configuration!!
W/Resources(27335): Preloaded drawable resource #0x1080103 (android:drawable/btn_check_on_disabled_focused_holo_light) that varies with configuration!!
W/Resources(27335): Preloaded drawable resource #0x10800ee (android:drawable/btn_check_off_disabled_focused_holo_light) that varies with configuration!!
W/Resources(27335): Preloaded drawable resource #0x10800f0 (android:drawable/btn_check_off_disabled_holo_light) that varies with configuration!!
W/Resources(27335): Preloaded drawable resource #0x1080105 (android:drawable/btn_check_on_disabled_holo_light) that varies with configuration!!
W/Resources(27335): Preloaded drawable resource #0x10800e3 (android:drawable/btn_check_holo_light) that varies with configuration!!
W/Resources(27335): Preloaded drawable resource #0x1080109 (android:drawable/btn_check_on_holo_dark) that varies with configuration!!
W/Resources(27335): Preloaded drawable resource #0x10800f4 (android:drawable/btn_check_off_holo_dark) that varies with configuration!!
W/Resources(27335): Preloaded drawable resource #0x108010c (android:drawable/btn_check_on_pressed_holo_dark) that varies with configuration!!
W/Resources(27335): Preloaded drawable resource #0x10800f9 (android:drawable/btn_check_off_pressed_holo_dark) that varies with configuration!!
W/Resources(27335): Preloaded drawable resource #0x1080106 (android:drawable/btn_check_on_focused_holo_dark) that varies with configuration!!
W/Resources(27335): Preloaded drawable resource #0x10800f1 (android:drawable/btn_check_off_focused_holo_dark) that varies with configuration!!
W/Resources(27335): Preloaded drawable resource #0x10800f4 (android:drawable/btn_check_off_holo_dark) that varies with configuration!!
W/Resources(27335): Preloaded drawable resource #0x1080109 (android:drawable/btn_check_on_holo_dark) that varies with configuration!!
W/Resources(27335): Preloaded drawable resource #0x1080104 (android:drawable/btn_check_on_disabled_holo_dark) that varies with configuration!!
W/Resources(27335): Preloaded drawable resource #0x10800ef (android:drawable/btn_check_off_disabled_holo_dark) that varies with configuration!!
W/Resources(27335): Preloaded drawable resource #0x1080102 (android:drawable/btn_check_on_disabled_focused_holo_dark) that varies with configuration!!
W/Resources(27335): Preloaded drawable resource #0x10800ed (android:drawable/btn_check_off_disabled_focused_holo_dark) that varies with configuration!!
W/Resources(27335): Preloaded drawable resource #0x10800ef (android:drawable/btn_check_off_disabled_holo_dark) that varies with configuration!!
W/Resources(27335): Preloaded drawable resource #0x1080104 (android:drawable/btn_check_on_disabled_holo_dark) that varies with configuration!!
W/Resources(27335): Preloaded drawable resource #0x10800e2 (android:drawable/btn_check_holo_dark) that varies with configuration!!
W/Resources(27335): Preloaded drawable resource #0x10801bd (android:drawable/btn_radio_on_pressed_holo_light) that varies with configuration!!
W/Resources(27335): Preloaded drawable resource #0x10801bc (android:drawable/btn_radio_on_pressed_holo_dark) that varies with configuration!!
W/Resources(27335): Preloaded drawable resource #0x10801b9 (android:drawable/btn_radio_on_holo_light) that varies with configuration!!
W/Resources(27335): Preloaded drawable resource #0x10801b8 (android:drawable/btn_radio_on_holo_dark) that varies with configuration!!
W/Resources(27335): Preloaded drawable resource #0x10801b6 (android:drawable/btn_radio_on_focused_holo_light) that varies with configuration!!
W/Resources(27335): Preloaded drawable resource #0x10801b5 (android:drawable/btn_radio_on_focused_holo_dark) that varies with configuration!!
W/Resources(27335): Preloaded drawable resource #0x10801b4 (android:drawable/btn_radio_on_disabled_holo_light) that varies with configuration!!
W/Resources(27335): Preloaded drawable resource #0x10801b3 (android:drawable/btn_radio_on_disabled_holo_dark) that varies with configuration!!
W/Resources(27335): Preloaded drawable resource #0x10801b2 (android:drawable/btn_radio_on_disabled_focused_holo_light) that varies with configuration!!
W/Resources(27335): Preloaded drawable resource #0x10801b1 (android:drawable/btn_radio_on_disabled_focused_holo_dark) that varies with configuration!!
W/Resources(27335): Preloaded drawable resource #0x10801ae (android:drawable/btn_radio_off_pressed_holo_light) that varies with configuration!!
W/Resources(27335): Preloaded drawable resource #0x10801ad (android:drawable/btn_radio_off_pressed_holo_dark) that varies with configuration!!
W/Resources(27335): Preloaded drawable resource #0x10801ab (android:drawable/btn_radio_off_holo_light) that varies with configuration!!
W/Resources(27335): Preloaded drawable resource #0x10801aa (android:drawable/btn_radio_off_holo_dark) that varies with configuration!!
W/Resources(27335): Preloaded drawable resource #0x10801a8 (android:drawable/btn_radio_off_focused_holo_light) that varies with configuration!!
W/Resources(27335): Preloaded drawable resource #0x10801a7 (android:drawable/btn_radio_off_focused_holo_dark) that varies with configuration!!
W/Resources(27335): Preloaded drawable resource #0x10801a6 (android:drawable/btn_radio_off_disabled_holo_light) that varies with configuration!!
W/Resources(27335): Preloaded drawable resource #0x10801a5 (android:drawable/btn_radio_off_disabled_holo_dark) that varies with configuration!!
W/Resources(27335): Preloaded drawable resource #0x10801a4 (android:drawable/btn_radio_off_disabled_focused_holo_light) that varies with configuration!!
W/Resources(27335): Preloaded drawable resource #0x10801a3 (android:drawable/btn_radio_off_disabled_focused_holo_dark) that varies with configuration!!
W/Resources(27335): Preloaded drawable resource #0x108014e (android:drawable/btn_default_pressed_holo_light) that varies with configuration!!
W/Resources(27335): Preloaded drawable resource #0x108014d (android:drawable/btn_default_pressed_holo_dark) that varies with configuration!!
W/Resources(27335): Preloaded drawable resource #0x108014a (android:drawable/btn_default_normal_holo_light) that varies with configuration!!
W/Resources(27335): Preloaded drawable resource #0x1080149 (android:drawable/btn_default_normal_holo_dark) that varies with configuration!!
W/Resources(27335): Preloaded drawable resource #0x1080140 (android:drawable/btn_default_focused_holo_light) that varies with configuration!!
W/Resources(27335): Preloaded drawable resource #0x108013f (android:drawable/btn_default_focused_holo_dark) that varies with configuration!!
W/Resources(27335): Preloaded drawable resource #0x108013d (android:drawable/btn_default_disabled_holo_light) that varies with configuration!!
W/Resources(27335): Preloaded drawable resource #0x108013c (android:drawable/btn_default_disabled_holo_dark) that varies with configuration!!
W/Resources(27335): Preloaded drawable resource #0x108013a (android:drawable/btn_default_disabled_focused_holo_light) that varies with configuration!!
W/Resources(27335): Preloaded drawable resource #0x1080139 (android:drawable/btn_default_disabled_focused_holo_dark) that varies with configuration!!
W/Resources(27335): Preloaded drawable resource #0x1080149 (android:drawable/btn_default_normal_holo_dark) that varies with configuration!!
W/Resources(27335): Preloaded drawable resource #0x108013c (android:drawable/btn_default_disabled_holo_dark) that varies with configuration!!
W/Resources(27335): Preloaded drawable resource #0x108014d (android:drawable/btn_default_pressed_holo_dark) that varies with configuration!!
W/Resources(27335): Preloaded drawable resource #0x108013f (android:drawable/btn_default_focused_holo_dark) that varies with configuration!!
W/Resources(27335): Preloaded drawable resource #0x1080149 (android:drawable/btn_default_normal_holo_dark) that varies with configuration!!
W/Resources(27335): Preloaded drawable resource #0x1080139 (android:drawable/btn_default_disabled_focused_holo_dark) that varies with configuration!!
W/Resources(27335): Preloaded drawable resource #0x108013c (android:drawable/btn_default_disabled_holo_dark) that varies with configuration!!
W/Resources(27335): Preloaded drawable resource #0x1080141 (android:drawable/btn_default_holo_dark) that varies with configuration!!
W/Resources(27335): Preloaded drawable resource #0x108014a (android:drawable/btn_default_normal_holo_light) that varies with configuration!!
W/Resources(27335): Preloaded drawable resource #0x108013d (android:drawable/btn_default_disabled_holo_light) that varies with configuration!!
W/Resources(27335): Preloaded drawable resource #0x108014e (android:drawable/btn_default_pressed_holo_light) that varies with configuration!!
W/Resources(27335): Preloaded drawable resource #0x1080140 (android:drawable/btn_default_focused_holo_light) that varies with configuration!!
W/Resources(27335): Preloaded drawable resource #0x108014a (android:drawable/btn_default_normal_holo_light) that varies with configuration!!
W/Resources(27335): Preloaded drawable resource #0x108013a (android:drawable/btn_default_disabled_focused_holo_light) that varies with configuration!!
W/Resources(27335): Preloaded drawable resource #0x108013d (android:drawable/btn_default_disabled_holo_light) that varies with configuration!!
W/Resources(27335): Preloaded drawable resource #0x1080142 (android:drawable/btn_default_holo_light) that varies with configuration!!
W/Resources(27335): Preloaded drawable resource #0x108021e (android:drawable/btn_star_off_normal_holo_light) that varies with configuration!!
W/Resources(27335): Preloaded drawable resource #0x1080228 (android:drawable/btn_star_on_normal_holo_light) that varies with configuration!!
W/Resources(27335): Preloaded drawable resource #0x1080224 (android:drawable/btn_star_on_disabled_holo_light) that varies with configuration!!
W/Resources(27335): Preloaded drawable resource #0x108021a (android:drawable/btn_star_off_disabled_holo_light) that varies with configuration!!
W/Resources(27335): Preloaded drawable resource #0x108022a (android:drawable/btn_star_on_pressed_holo_light) that varies with configuration!!
W/Resources(27335): Preloaded drawable resource #0x1080220 (android:drawable/btn_star_off_pressed_holo_light) that varies with configuration!!
W/Resources(27335): Preloaded drawable resource #0x1080226 (android:drawable/btn_star_on_focused_holo_light) that varies with configuration!!
W/Resources(27335): Preloaded drawable resource #0x108021c (android:drawable/btn_star_off_focused_holo_light) that varies with configuration!!
W/Resources(27335): Preloaded drawable resource #0x1080222 (android:drawable/btn_star_on_disabled_focused_holo_light) that varies with configuration!!
W/Resources(27335): Preloaded drawable resource #0x1080218 (android:drawable/btn_star_off_disabled_focused_holo_light) that varies with configuration!!
W/Resources(27335): Preloaded drawable resource #0x108021e (android:drawable/btn_star_off_normal_holo_light) that varies with configuration!!
W/Resources(27335): Preloaded drawable resource #0x1080228 (android:drawable/btn_star_on_normal_holo_light) that varies with configuration!!
W/Resources(27335): Preloaded drawable resource #0x1080224 (android:drawable/btn_star_on_disabled_holo_light) that varies with configuration!!
W/Resources(27335): Preloaded drawable resource #0x108021a (android:drawable/btn_star_off_disabled_holo_light) that varies with configuration!!
W/Resources(27335): Preloaded drawable resource #0x108022a (android:drawable/btn_star_on_pressed_holo_light) that varies with configuration!!
W/Resources(27335): Preloaded drawable resource #0x1080220 (android:drawable/btn_star_off_pressed_holo_light) that varies with configuration!!
W/Resources(27335): Preloaded drawable resource #0x1080226 (android:drawable/btn_star_on_focused_holo_light) that varies with configuration!!
W/Resources(27335): Preloaded drawable resource #0x108021c (android:drawable/btn_star_off_focused_holo_light) that varies with configuration!!
W/Resources(27335): Preloaded drawable resource #0x1080222 (android:drawable/btn_star_on_disabled_focused_holo_light) that varies with configuration!!
W/Resources(27335): Preloaded drawable resource #0x1080224 (android:drawable/btn_star_on_disabled_holo_light) that varies with configuration!!
W/Resources(27335): Preloaded drawable resource #0x1080218 (android:drawable/btn_star_off_disabled_focused_holo_light) that varies with configuration!!
W/Resources(27335): Preloaded drawable resource #0x108021a (android:drawable/btn_star_off_disabled_holo_light) that varies with configuration!!
W/Resources(27335): Preloaded drawable resource #0x108021e (android:drawable/btn_star_off_normal_holo_light) that varies with configuration!!
W/Resources(27335): Preloaded drawable resource #0x1080228 (android:drawable/btn_star_on_normal_holo_light) that varies with configuration!!
W/Resources(27335): Preloaded drawable resource #0x1080213 (android:drawable/btn_star_holo_light) that varies with configuration!!
W/Resources(27335): Preloaded drawable resource #0x108021d (android:drawable/btn_star_off_normal_holo_dark) that varies with configuration!!
W/Resources(27335): Preloaded drawable resource #0x1080227 (android:drawable/btn_star_on_normal_holo_dark) that varies with configuration!!
W/Resources(27335): Preloaded drawable resource #0x1080223 (android:drawable/btn_star_on_disabled_holo_dark) that varies with configuration!!
W/Resources(27335): Preloaded drawable resource #0x1080219 (android:drawable/btn_star_off_disabled_holo_dark) that varies with configuration!!
W/Resources(27335): Preloaded drawable resource #0x1080229 (android:drawable/btn_star_on_pressed_holo_dark) that varies with configuration!!
W/Resources(27335): Preloaded drawable resource #0x108021f (android:drawable/btn_star_off_pressed_holo_dark) that varies with configuration!!
W/Resources(27335): Preloaded drawable resource #0x1080225 (android:drawable/btn_star_on_focused_holo_dark) that varies with configuration!!
W/Resources(27335): Preloaded drawable resource #0x108021b (android:drawable/btn_star_off_focused_holo_dark) that varies with configuration!!
W/Resources(27335): Preloaded drawable resource #0x1080221 (android:drawable/btn_star_on_disabled_focused_holo_dark) that varies with configuration!!
W/Resources(27335): Preloaded drawable resource #0x1080217 (android:drawable/btn_star_off_disabled_focused_holo_dark) that varies with configuration!!
W/Resources(27335): Preloaded drawable resource #0x108021d (android:drawable/btn_star_off_normal_holo_dark) that varies with configuration!!
W/Resources(27335): Preloaded drawable resource #0x1080227 (android:drawable/btn_star_on_normal_holo_dark) that varies with configuration!!
W/Resources(27335): Preloaded drawable resource #0x1080223 (android:drawable/btn_star_on_disabled_holo_dark) that varies with configuration!!
W/Resources(27335): Preloaded drawable resource #0x1080219 (android:drawable/btn_star_off_disabled_holo_dark) that varies with configuration!!
W/Resources(27335): Preloaded drawable resource #0x1080229 (android:drawable/btn_star_on_pressed_holo_dark) that varies with configuration!!
W/Resources(27335): Preloaded drawable resource #0x108021f (android:drawable/btn_star_off_pressed_holo_dark) that varies with configuration!!
W/Resources(27335): Preloaded drawable resource #0x1080225 (android:drawable/btn_star_on_focused_holo_dark) that varies with configuration!!
W/Resources(27335): Preloaded drawable resource #0x108021b (android:drawable/btn_star_off_focused_holo_dark) that varies with configuration!!
W/Resources(27335): Preloaded drawable resource #0x1080221 (android:drawable/btn_star_on_disabled_focused_holo_dark) that varies with configuration!!
W/Resources(27335): Preloaded drawable resource #0x1080223 (android:drawable/btn_star_on_disabled_holo_dark) that varies with configuration!!
W/Resources(27335): Preloaded drawable resource #0x1080217 (android:drawable/btn_star_off_disabled_focused_holo_dark) that varies with configuration!!
W/Resources(27335): Preloaded drawable resource #0x1080219 (android:drawable/btn_star_off_disabled_holo_dark) that varies with configuration!!
W/Resources(27335): Preloaded drawable resource #0x108021d (android:drawable/btn_star_off_normal_holo_dark) that varies with configuration!!
W/Resources(27335): Preloaded drawable resource #0x1080227 (android:drawable/btn_star_on_normal_holo_dark) that varies with configuration!!
W/Resources(27335): Preloaded drawable resource #0x1080212 (android:drawable/btn_star_holo_dark) that varies with configuration!!
W/Resources(27335): Preloaded drawable resource #0x108025e (android:drawable/btn_toggle_on_pressed_holo_light) that varies with configuration!!
W/Resources(27335): Preloaded drawable resource #0x108025d (android:drawable/btn_toggle_on_pressed_holo_dark) that varies with configuration!!
W/Resources(27335): Preloaded drawable resource #0x108025c (android:drawable/btn_toggle_on_normal_holo_light) that varies with configuration!!
W/Resources(27335): Preloaded drawable resource #0x108025b (android:drawable/btn_toggle_on_normal_holo_dark) that varies with configuration!!
W/Resources(27335): Preloaded drawable resource #0x108025a (android:drawable/btn_toggle_on_focused_holo_light) that varies with configuration!!
W/Resources(27335): Preloaded drawable resource #0x1080259 (android:drawable/btn_toggle_on_focused_holo_dark) that varies with configuration!!
W/Resources(27335): Preloaded drawable resource #0x1080258 (android:drawable/btn_toggle_on_disabled_holo_light) that varies with configuration!!
W/Resources(27335): Preloaded drawable resource #0x1080257 (android:drawable/btn_toggle_on_disabled_holo_dark) that varies with configuration!!
W/Resources(27335): Preloaded drawable resource #0x1080256 (android:drawable/btn_toggle_on_disabled_focused_holo_light) that varies with configuration!!
W/Resources(27335): Preloaded drawable resource #0x1080255 (android:drawable/btn_toggle_on_disabled_focused_holo_dark) that varies with configuration!!
W/Resources(27335): Preloaded drawable resource #0x1080253 (android:drawable/btn_toggle_off_pressed_holo_light) that varies with configuration!!
W/Resources(27335): Preloaded drawable resource #0x1080252 (android:drawable/btn_toggle_off_pressed_holo_dark) that varies with configuration!!
W/Resources(27335): Preloaded drawable resource #0x1080251 (android:drawable/btn_toggle_off_normal_holo_light) that varies with configuration!!
W/Resources(27335): Preloaded drawable resource #0x1080250 (android:drawable/btn_toggle_off_normal_holo_dark) that varies with configuration!!
W/Resources(27335): Preloaded drawable resource #0x108024f (android:drawable/btn_toggle_off_focused_holo_light) that varies with configuration!!
W/Resources(27335): Preloaded drawable resource #0x108024e (android:drawable/btn_toggle_off_focused_holo_dark) that varies with configuration!!
W/Resources(27335): Preloaded drawable resource #0x108024d (android:drawable/btn_toggle_off_disabled_holo_light) that varies with configuration!!
W/Resources(27335): Preloaded drawable resource #0x108024c (android:drawable/btn_toggle_off_disabled_holo_dark) that varies with configuration!!
W/Resources(27335): Preloaded drawable resource #0x108024b (android:drawable/btn_toggle_off_disabled_focused_holo_light) that varies with configuration!!
W/Resources(27335): Preloaded drawable resource #0x108024a (android:drawable/btn_toggle_off_disabled_focused_holo_dark) that varies with configuration!!
W/Resources(27335): Preloaded drawable resource #0x108025c (android:drawable/btn_toggle_on_normal_holo_light) that varies with configuration!!
W/Resources(27335): Preloaded drawable resource #0x1080258 (android:drawable/btn_toggle_on_disabled_holo_light) that varies with configuration!!
W/Resources(27335): Preloaded drawable resource #0x108025e (android:drawable/btn_toggle_on_pressed_holo_light) that varies with configuration!!
W/Resources(27335): Preloaded drawable resource #0x108025a (android:drawable/btn_toggle_on_focused_holo_light) that varies with configuration!!
W/Resources(27335): Preloaded drawable resource #0x108025c (android:drawable/btn_toggle_on_normal_holo_light) that varies with configuration!!
W/Resources(27335): Preloaded drawable resource #0x1080256 (android:drawable/btn_toggle_on_disabled_focused_holo_light) that varies with configuration!!
W/Resources(27335): Preloaded drawable resource #0x1080258 (android:drawable/btn_toggle_on_disabled_holo_light) that varies with configuration!!
V/WLAN_PSA( 673): NL MSG, len[4039], NL type[0x1C] WNI type[0x5900] len[44815]
V/WLAN_PSA( 673): NL MSG, PID: 673
W/Resources(27335): Preloaded drawable resource #0x1080251 (android:drawable/btn_toggle_off_normal_holo_light) that varies with configuration!!
W/Resources(27335): Preloaded drawable resource #0x108024d (android:drawable/btn_toggle_off_disabled_holo_light) that varies with configuration!!
W/Resources(27335): Preloaded drawable resource #0x1080253 (android:drawable/btn_toggle_off_pressed_holo_light) that varies with configuration!!
W/Resources(27335): Preloaded drawable resource #0x108024f (android:drawable/btn_toggle_off_focused_holo_light) that varies with configuration!!
W/Resources(27335): Preloaded drawable resource #0x1080251 (android:drawable/btn_toggle_off_normal_holo_light) that varies with configuration!!
W/Resources(27335): Preloaded drawable resource #0x108024b (android:drawable/btn_toggle_off_disabled_focused_holo_light) that varies with configuration!!
W/Resources(27335): Preloaded drawable resource #0x108024d (android:drawable/btn_toggle_off_disabled_holo_light) that varies with configuration!!
W/Resources(27335): Preloaded drawable resource #0x1080246 (android:drawable/btn_toggle_holo_light) that varies with configuration!!
W/Resources(27335): Preloaded drawable resource #0x108025b (android:drawable/btn_toggle_on_normal_holo_dark) that varies with configuration!!
W/Resources(27335): Preloaded drawable resource #0x1080257 (android:drawable/btn_toggle_on_disabled_holo_dark) that varies with configuration!!
W/Resources(27335): Preloaded drawable resource #0x108025d (android:drawable/btn_toggle_on_pressed_holo_dark) that varies with configuration!!
W/Resources(27335): Preloaded drawable resource #0x1080259 (android:drawable/btn_toggle_on_focused_holo_dark) that varies with configuration!!
W/Resources(27335): Preloaded drawable resource #0x108025b (android:drawable/btn_toggle_on_normal_holo_dark) that varies with configuration!!
W/Resources(27335): Preloaded drawable resource #0x1080255 (android:drawable/btn_toggle_on_disabled_focused_holo_dark) that varies with configuration!!
W/Resources(27335): Preloaded drawable resource #0x1080257 (android:drawable/btn_toggle_on_disabled_holo_dark) that varies with configuration!!
W/Resources(27335): Preloaded drawable resource #0x1080250 (android:drawable/btn_toggle_off_normal_holo_dark) that varies with configuration!!
W/Resources(27335): Preloaded drawable resource #0x108024c (android:drawable/btn_toggle_off_disabled_holo_dark) that varies with configuration!!
W/Resources(27335): Preloaded drawable resource #0x1080252 (android:drawable/btn_toggle_off_pressed_holo_dark) that varies with configuration!!
W/Resources(27335): Preloaded drawable resource #0x108024e (android:drawable/btn_toggle_off_focused_holo_dark) that varies with configuration!!
W/Resources(27335): Preloaded drawable resource #0x1080250 (android:drawable/btn_toggle_off_normal_holo_dark) that varies with configuration!!
W/Resources(27335): Preloaded drawable resource #0x108024a (android:drawable/btn_toggle_off_disabled_focused_holo_dark) that varies with configuration!!
W/Resources(27335): Preloaded drawable resource #0x108024c (android:drawable/btn_toggle_off_disabled_holo_dark) that varies with configuration!!
W/Resources(27335): Preloaded drawable resource #0x1080245 (android:drawable/btn_toggle_holo_dark) that varies with configuration!!
W/Resources(27335): Preloaded drawable resource #0x1080727 (android:drawable/textfield_multiline_default_holo_light) that varies with configuration!!
W/Resources(27335): Preloaded drawable resource #0x108072b (android:drawable/textfield_multiline_disabled_holo_light) that varies with configuration!!
W/Resources(27335): Preloaded drawable resource #0x1080725 (android:drawable/textfield_multiline_activated_holo_light) that varies with configuration!!
W/Resources(27335): Preloaded drawable resource #0x108072d (android:drawable/textfield_multiline_focused_holo_light) that varies with configuration!!
W/Resources(27335): Preloaded drawable resource #0x1080727 (android:drawable/textfield_multiline_default_holo_light) that varies with configuration!!
W/Resources(27335): Preloaded drawable resource #0x1080729 (android:drawable/textfield_multiline_disabled_focused_holo_light) that varies with configuration!!
W/Resources(27335): Preloaded drawable resource #0x108072b (android:drawable/textfield_multiline_disabled_holo_light) that varies with configuration!!
W/Resources(27335): Preloaded drawable resource #0x1080719 (android:drawable/textfield_default_holo_light) that varies with configuration!!
W/Resources(27335): Preloaded drawable resource #0x108071f (android:drawable/textfield_disabled_holo_light) that varies with configuration!!
W/Resources(27335): Preloaded drawable resource #0x1080710 (android:drawable/textfield_activated_holo_light) that varies with configuration!!
W/Resources(27335): Preloaded drawable resource #0x1080722 (android:drawable/textfield_focused_holo_light) that varies with configuration!!
W/Resources(27335): Preloaded drawable resource #0x1080719 (android:drawable/textfield_default_holo_light) that varies with configuration!!
W/Resources(27335): Preloaded drawable resource #0x108071d (android:drawable/textfield_disabled_focused_holo_light) that varies with configuration!!
W/Resources(27335): Preloaded drawable resource #0x108071f (android:drawable/textfield_disabled_holo_light) that varies with configuration!!
W/Resources(27335): Preloaded drawable resource #0x10802c6 (android:drawable/edit_text_holo_light) that varies with configuration!!
W/Resources(27335): Preloaded drawable resource #0x1080726 (android:drawable/textfield_multiline_default_holo_dark) that varies with configuration!!
W/Resources(27335): Preloaded drawable resource #0x108072a (android:drawable/textfield_multiline_disabled_holo_dark) that varies with configuration!!
W/Resources(27335): Preloaded drawable resource #0x1080724 (android:drawable/textfield_multiline_activated_holo_dark) that varies with configuration!!
W/Resources(27335): Preloaded drawable resource #0x108072c (android:drawable/textfield_multiline_focused_holo_dark) that varies with configuration!!
W/Resources(27335): Preloaded drawable resource #0x1080726 (android:drawable/textfield_multiline_default_holo_dark) that varies with configuration!!
W/Resources(27335): Preloaded drawable resource #0x1080728 (android:drawable/textfield_multiline_disabled_focused_holo_dark) that varies with configuration!!
W/Resources(27335): Preloaded drawable resource #0x108072a (android:drawable/textfield_multiline_disabled_holo_dark) that varies with configuration!!
W/Resources(27335): Preloaded drawable resource #0x1080718 (android:drawable/textfield_default_holo_dark) that varies with configuration!!
W/Resources(27335): Preloaded drawable resource #0x108071e (android:drawable/textfield_disabled_holo_dark) that varies with configuration!!
W/Resources(27335): Preloaded drawable resource #0x108070f (android:drawable/textfield_activated_holo_dark) that varies with configuration!!
W/Resources(27335): Preloaded drawable resource #0x1080721 (android:drawable/textfield_focused_holo_dark) that varies with configuration!!
W/Resources(27335): Preloaded drawable resource #0x1080718 (android:drawable/textfield_default_holo_dark) that varies with configuration!!
W/Resources(27335): Preloaded drawable resource #0x108071c (android:drawable/textfield_disabled_focused_holo_dark) that varies with configuration!!
W/Resources(27335): Preloaded drawable resource #0x108071e (android:drawable/textfield_disabled_holo_dark) that varies with configuration!!
W/Resources(27335): Preloaded drawable resource #0x10802c5 (android:drawable/edit_text_holo_dark) that varies with configuration!!
W/Resources(27335): Preloaded drawable resource #0x1080706 (android:drawable/text_select_handle_left) that varies with configuration!!
W/Resources(27335): Preloaded drawable resource #0x108070c (android:drawable/text_select_handle_right) that varies with configuration!!
W/Resources(27335): Preloaded drawable resource #0x1080703 (android:drawable/text_edit_paste_window) that varies with configuration!!
W/Resources(27335): Preloaded drawable resource #0x10802dd (android:drawable/expander_close_holo_dark) that varies with configuration!!
W/Resources(27335): Preloaded drawable resource #0x10802de (android:drawable/expander_close_holo_light) that varies with configuration!!
W/Resources(27335): Preloaded drawable resource #0x10802dd (android:drawable/expander_close_holo_dark) that varies with configuration!!
W/Resources(27335): Preloaded drawable resource #0x10802e6 (android:drawable/expander_open_holo_dark) that varies with configuration!!
W/Resources(27335): Preloaded drawable resource #0x10802e1 (android:drawable/expander_group_holo_dark) that varies with configuration!!
W/Resources(27335): Preloaded drawable resource #0x10802de (android:drawable/expander_close_holo_light) that varies with configuration!!
W/Resources(27335): Preloaded drawable resource #0x10802e7 (android:drawable/expander_open_holo_light) that varies with configuration!!
W/Resources(27335): Preloaded drawable resource #0x10802e2 (android:drawable/expander_group_holo_light) that varies with configuration!!
W/Resources(27335): Preloaded drawable resource #0x10804c5 (android:drawable/list_selector_disabled_holo_dark) that varies with configuration!!
W/Resources(27335): Preloaded drawable resource #0x10804c5 (android:drawable/list_selector_disabled_holo_dark) that varies with configuration!!
W/Resources(27335): Preloaded drawable resource #0x10804a4 (android:drawable/list_pressed_holo_dark) that varies with configuration!!
W/Resources(27335): Preloaded drawable resource #0x10804a2 (android:drawable/list_longpressed_holo_dark) that varies with configuration!!
W/Resources(27335): Preloaded drawable resource #0x10804c2 (android:drawable/list_selector_background_transition_holo_dark) that varies with configuration!!
W/Resources(27335): Preloaded drawable resource #0x10804a4 (android:drawable/list_pressed_holo_dark) that varies with configuration!!
W/Resources(27335): Preloaded drawable resource #0x10804a2 (android:drawable/list_longpressed_holo_dark) that varies with configuration!!
W/Resources(27335): Preloaded drawable resource #0x10804c2 (android:drawable/list_selector_background_transition_holo_dark) that varies with configuration!!
W/Resources(27335): Preloaded drawable resource #0x108049d (android:drawable/list_focused_holo) that varies with configuration!!
W/Resources(27335): Preloaded drawable resource #0x10804c9 (android:drawable/list_selector_holo_dark) that varies with configuration!!
W/Resources(27335): Preloaded drawable resource #0x10804c6 (android:drawable/list_selector_disabled_holo_light) that varies with configuration!!
W/Resources(27335): Preloaded drawable resource #0x10804c6 (android:drawable/list_selector_disabled_holo_light) that varies with configuration!!
W/Resources(27335): Preloaded drawable resource #0x10804a5 (android:drawable/list_pressed_holo_light) that varies with configuration!!
W/Resources(27335): Preloaded drawable resource #0x10804a3 (android:drawable/list_longpressed_holo_light) that varies with configuration!!
W/Resources(27335): Preloaded drawable resource #0x10804c3 (android:drawable/list_selector_background_transition_holo_light) that varies with configuration!!
W/Resources(27335): Preloaded drawable resource #0x10804a5 (android:drawable/list_pressed_holo_light) that varies with configuration!!
W/Resources(27335): Preloaded drawable resource #0x10804a3 (android:drawable/list_longpressed_holo_light) that varies with configuration!!
W/Resources(27335): Preloaded drawable resource #0x10804c3 (android:drawable/list_selector_background_transition_holo_light) that varies with configuration!!
W/Resources(27335): Preloaded drawable resource #0x108049d (android:drawable/list_focused_holo) that varies with configuration!!
W/Resources(27335): Preloaded drawable resource #0x10804ca (android:drawable/list_selector_holo_light) that varies with configuration!!
W/Resources(27335): Preloaded drawable resource #0x10804a7 (android:drawable/list_section_divider_holo_light) that varies with configuration!!
W/Resources(27335): Preloaded drawable resource #0x10804a6 (android:drawable/list_section_divider_holo_dark) that varies with configuration!!
W/Resources(27335): Preloaded drawable resource #0x10804da (android:drawable/menu_hardkey_panel_holo_dark) that varies with configuration!!
W/Resources(27335): Preloaded drawable resource #0x10804db (android:drawable/menu_hardkey_panel_holo_light) that varies with configuration!!
W/Resources(27335): Preloaded drawable resource #0x10804e2 (android:drawable/menu_submenu_background) that varies with configuration!!
