E/Sensors ( 1076): sns_acm_mr.c(432):Transport error -45
E/Sensors ( 1076): sns_acm_mr.c(432):Transport error -45
E/Sensors ( 1076): sns_acm_mr.c(432):Transport error -45
E/Sensors ( 1076): sns_acm_mr.c(432):Transport error -45
E/Sensors ( 1076): sns_acm_mr.c(432):Transport error -45
E/Sensors ( 1076): sns_acm_mr.c(432):Transport error -45
E/Sensors ( 1076): sns_acm_mr.c(432):Transport error -45
E/Sensors ( 1076): sns_acm_mr.c(734):Request made to disabled service
E/Sensors ( 1076): sns_main.c(1331):Error writing request. sns_err 3 error 0 qmi_err 0
E/qti_sensors_hal(25895): SAMSensor_sensor1_cb: attributes request failed for handle 55
E/qti_sensors_hal(25895): processResp: Msg 36; Result: 1, Error: 3
W/qti_sensors_hal(25895): addSensor : Not supported sensor with handle 31!
W/qti_sensors_hal(25895): addSensor : Not supported sensor with handle 32!
I/XXXXXX (25895): choosing minFree values for 32 Bit
I/XXXXXX (25895): choosing minFree values for 32 Bit
I/XXXXXX (25895): choosing minFree values for 32 Bit
I/XXXXXX (25895): choosing minFree values for 32 Bit
I/XXXXXX (25895): choosing minFree values for 32 Bit
I/XXXXXX (25895): choosing minFree values for 32 Bit
E/Sensors ( 1076): sns_acm_mr.c(432):Transport error -45
E/Sensors ( 1076): sns_acm_mr.c(432):Transport error -45
E/Sensors ( 1076): sns_acm_mr.c(432):Transport error -45
E/Sensors ( 1076): sns_acm_mr.c(432):Transport error -45
E/Sensors ( 1076): sns_acm_mr.c(432):Transport error -45
I/ActivityManager(25895): Memory class: 128
E/Sensors ( 1076): sns_acm_mr.c(432):Transport error -45
I/ServiceThread(25895): Enabled StrictMode logging for ActivityManager looper.
E/Sensors ( 1076): sns_acm_mr.c(432):Transport error -45
E/Sensors ( 1076): sns_acm_mr.c(432):Transport error -45
E/Sensors ( 1076): sns_acm_mr.c(734):Request made to disabled service
E/Sensors ( 1076): sns_main.c(1331):Error writing request. sns_err 3 error 0 qmi_err 0
E/qti_sensors_hal(25895): SAMSensor_sensor1_cb: attributes request failed for handle 46
E/qti_sensors_hal(25895): processResp: Msg 36; Result: 1, Error: 3
E/qti_sensors_hal(25895): processSingleSensorInfoResp: either handle_wakeup is -1 or error is true or mSensors[handle_wakeup] is NULL!
E/qti_sensors_hal(25895): processSingleSensorInfoResp: either handle_wakeup is -1 or error is true or mSensors[handle_wakeup] is NULL!
E/qti_sensors_hal(25895): processSingleSensorInfoResp: either handle_wakeup is -1 or error is true or mSensors[handle_wakeup] is NULL!
E/qti_sensors_hal(25895): processSingleSensorInfoResp: either handle is -1 or error is true or mSensors[handle] is NULL!
E/qti_sensors_hal(25895): processSingleSensorInfoResp: either handle_wakeup is -1 or error is true or mSensors[handle_wakeup] is NULL!
E/qti_sensors_hal(25895): OEMAddSensors : The OEM_module is NULL!
I/AppOps (25895): No existing app ops /data/system/appops.xml; starting empty
W/qti_sensors_hal(25895): sensors_get_sensors_list: handle 51 is not registered!
W/qti_sensors_hal(25895): sensors_get_sensors_list: handle 52 is not registered!
W/qti_sensors_hal(25895): sensors_get_sensors_list: handle 17 is not registered!
W/qti_sensors_hal(25895): sensors_get_sensors_list: handle 26 is not registered!
W/qti_sensors_hal(25895): sensors_get_sensors_list: handle 27 is not registered!
W/qti_sensors_hal(25895): sensors_get_sensors_list: handle 65 is not registered!
W/qti_sensors_hal(25895): sensors_get_sensors_list: handle 66 is not registered!
W/qti_sensors_hal(25895): sensors_get_sensors_list: handle 19 is not registered!
W/qti_sensors_hal(25895): sensors_get_sensors_list: handle 24 is not registered!
W/qti_sensors_hal(25895): sensors_get_sensors_list: handle 64 is not registered!
W/qti_sensors_hal(25895): sensors_get_sensors_list: handle 18 is not registered!
W/qti_sensors_hal(25895): sensors_get_sensors_list: handle 20 is not registered!
W/qti_sensors_hal(25895): sensors_get_sensors_list: handle 25 is not registered!
W/qti_sensors_hal(25895): sensors_get_sensors_list: handle 28 is not registered!
W/qti_sensors_hal(25895): sensors_get_sensors_list: handle 57 is not registered!
W/qti_sensors_hal(25895): sensors_get_sensors_list: handle 58 is not registered!
W/qti_sensors_hal(25895): sensors_get_sensors_list: handle 59 is not registered!
W/qti_sensors_hal(25895): sensors_get_sensors_list: handle 62 is not registered!
W/qti_sensors_hal(25895): sensors_get_sensors_list: handle 63 is not registered!
W/qti_sensors_hal(25895): sensors_get_sensors_list: handle 60 is not registered!
W/qti_sensors_hal(25895): sensors_get_sensors_list: handle 61 is not registered!
W/qti_sensors_hal(25895): sensors_get_sensors_list: handle 56 is not registered!
W/qti_sensors_hal(25895): sensors_get_sensors_list: handle 21 is not registered!
W/qti_sensors_hal(25895): sensors_get_sensors_list: handle 22 is not registered!
W/qti_sensors_hal(25895): sensors_get_sensors_list: handle 23 is not registered!
W/qti_sensors_hal(25895): sensors_get_sensors_list: handle 31 is not registered!
W/qti_sensors_hal(25895): sensors_get_sensors_list: handle 32 is not registered!
W/qti_sensors_hal(25895): sensors_get_sensors_list: handle 35 is not registered!
W/qti_sensors_hal(25895): sensors_get_sensors_list: handle 41 is not registered!
W/qti_sensors_hal(25895): sensors_get_sensors_list: handle 54 is not registered!
I/ (25895): System server: sensor init done.
D/SensorService(25895): new thread SensorEventAckReceiver
D/SensorService(25895): nuSensorService thread starting...
I/IntentFirewall(25895): Read new rules (A:0 B:0 S:0)
I/ServiceThread(25895): Enabled StrictMode logging for android.ui looper.
I/ServiceThread(25895): Enabled StrictMode logging for android.display looper.
E/ServiceManager(25792): add_service('appops',9) uid=1000 - ALREADY REGISTERED, OVERRIDE
I/ServiceManager(25792): service 'appops' died
D/AppOps (25895): AppOpsService published
I/SystemServiceManager(25895): Starting com.android.server.power.PowerManagerService
I/ServiceThread(25895): Enabled StrictMode logging for PowerManagerService looper.
E/PowerManagerService-JNI(25895): Couldn't load power module (Operation not permitted)
W/libsuspend(25895): Error writing 'on' to /sys/power/state: Invalid argument
I/libsuspend(25895): Selected wakeup count
I/SystemServiceManager(25895): Starting com.android.server.display.DisplayManagerService
E/BatteryStatsService(25895): Failed to open /sys/kernel/wakeup_reasons/last_resume_reason
I/DisplayManagerService(25895): Display device added: DisplayDeviceInfo{"Built-in Screen": uniqueId="local:0", 1080 x 1920, 0.466 fps, supportedRefreshRates [0.466], density 480, 160.42105 x 159.89508 dpi, appVsyncOff 0, presDeadline 2146922789, touch INTERNAL, rotation 0, type BUILT_IN, state UNKNOWN, FLAG_DEFAULT_DISPLAY, FLAG_ROTATES_WITH_CONTENT, FLAG_SECURE, FLAG_SUPPORTS_PROTECTED_BUFFERS}
I/SystemServiceManager(25895): Starting phase 100
I/SystemServer(25895): Package Manager
E/SELinuxMMAC(25895): Error with hashing seapp_contexts.
E/SELinuxMMAC(25895): java.io.FileNotFoundException: /seapp_contexts: open failed: ENOENT (No such file or directory)
E/SELinuxMMAC(25895): at libcore.io.IoBridge.open(IoBridge.java:456)
E/SELinuxMMAC(25895): at libcore.io.IoUtils$FileReader.(IoUtils.java:209)
E/SELinuxMMAC(25895): at libcore.io.IoUtils.readFileAsByteArray(IoUtils.java:109)
E/SELinuxMMAC(25895): at com.android.server.pm.SELinuxMMAC.returnHash(SELinuxMMAC.java:456)
E/SELinuxMMAC(25895): at com.android.server.pm.SELinuxMMAC.shouldRestorecon(SELinuxMMAC.java:389)
E/SELinuxMMAC(25895): at com.android.server.pm.PackageManagerService.(PackageManagerService.java:419)
E/SELinuxMMAC(25895): at com.android.server.pm.PackageManagerService.main(PackageManagerService.java:1261)
E/SELinuxMMAC(25895): at com.android.server.SystemServer.startBootstrapServices(SystemServer.java:358)
E/SELinuxMMAC(25895): at com.android.server.SystemServer.run(SystemServer.java:263)
E/SELinuxMMAC(25895): at com.android.server.SystemServer.main(SystemServer.java:179)
E/SELinuxMMAC(25895): at java.lang.reflect.Method.invoke(Native Method)
E/SELinuxMMAC(25895): at java.lang.reflect.Method.invoke(Method.java:372)
E/SELinuxMMAC(25895): at com.android.internal.os.ZygoteInit$MethodAndArgsCaller.run(ZygoteInit.java:904)
E/SELinuxMMAC(25895): at com.android.internal.os.ZygoteInit.main(ZygoteInit.java:699)
E/SELinuxMMAC(25895): Caused by: android.system.ErrnoException: open failed: ENOENT (No such file or directory)
E/SELinuxMMAC(25895): at libcore.io.Posix.open(Native Method)
E/SELinuxMMAC(25895): at libcore.io.BlockGuardOs.open(BlockGuardOs.java:186)
E/SELinuxMMAC(25895): at libcore.io.IoBridge.open(IoBridge.java:442)
E/SELinuxMMAC(25895): ... 13 more
D/EntSec (25895): [QSB ] [QSB_CLIENT ] QualcommSecurityBridge: PackageManager
I/EntSec (25895): [QSB ] [PORT_SWITCH] QSB Client Thread created
I/EntSec (25895): [QSB ] [PORT_SWITCH] QSB Port Switching Thread start running...
D/EntSec (25895): [QSB ] [PORT_SWITCH] Creating NQS Communicator instance
D/EntSec (25895): [QSB ] [NQS_CONECTOR] Trying to open a local socket
E/EntSec (25895): [QSB ] [NQS_CONECTOR] Failed to create and connect a local socket. [Error Description: No such file or directory ]
W/SystemConfig(25895): No directory /system/etc/sysconfig, skipping
E/EntSec (25895): [QSB ] [NQS_CONECTOR] Failed to connect to the NQS [Error Description: No such file or directory ]
D/EntSec (25895): [QSB ] [PORT_SWITCH] NQS Communicator is disconnected
E/EntSec (25895): [QSB ] [PORT_SWITCH] No connection with the NQS; QSB initializes with the default port
I/EntSec (25895): [QSB ] [QSB_CLIENT ] Revert Loading port completed successfully
E/EntSec (25895): [QSB ] [PORT_SWITCH] QSB Port Switching Thread stop running.
D/SELinuxMMAC(25895): Using policy file /system/etc/security/mac_permissions.xml
E/art (25895): DexFile_isDexOptNeeded file '/system/framework/com.google.widevine.software.drm.jar' does not exist
W/PackageManager(25895): Library not found: /system/framework/com.google.widevine.software.drm.jar
E/art (25895): DexFile_isDexOptNeeded file '/system/framework/com.google.android.media.effects.jar' does not exist
W/PackageManager(25895): Library not found: /system/framework/com.google.android.media.effects.jar
E/art (25895): DexFile_isDexOptNeeded file '/system/framework/com.google.android.maps.jar' does not exist
W/PackageManager(25895): Library not found: /system/framework/com.google.android.maps.jar
E/art (25895): DexFile_isDexOptNeeded file '/system/framework/com.fairphone.hiccup.jar' does not exist
W/PackageManager(25895): Library not found: /system/framework/com.fairphone.hiccup.jar
D/PackageManager(25895): No files in app dir /vendor/overlay
E/LocSvc_ApiV02(24797): I/<--- void globalEventCb(locClientHandleType, uint32_t, locClientEventIndUnionType, void*) line 81 QMI_LOC_EVENT_POSITION_REPORT_IND_V02
I/PackageManager(25895): /usr/libexec/sfdroid/system/priv-app/Settings changed; collecting certs
W/PackageManager(25895): Trying to update system app code path from /system/priv-app/Settings to /usr/libexec/sfdroid/system/priv-app/Settings
W/PackageManager(25895): Failed to parse /usr/libexec/sfdroid/system/priv-app/Settings: Signature mismatch for shared user : SharedUserSetting{c7fd0c9 android.uid.system/1000}
I/PackageManager(25895): /system/priv-app/CNEService changed; collecting certs
W/PackageManager(25895): Failed to parse /system/priv-app/CNEService: Signature mismatch for shared user : SharedUserSetting{c7fd0c9 android.uid.system/1000}
E/MediaPlayerFactory(25798): calling dlopen on FACTORY_LIB
W/ResourceType(25895): Failure getting entry for 0x7f0b0232 (t=10 e=562) (error -75)
W/PackageParser(25895): No actions in intent filter at /system/priv-app/Contacts/Contacts.apk Binary XML file line #364
E/MediaPlayerFactory(25798): calling dlsym on pFactoryLib for FACTORY_CREATE_FN
E/MediaPlayerFactory(25798): registering DASH Player factory...
I/CameraService(25798): CameraService started (pid=25798)
D/mm-camera-intf(25798): get_num_of_cameras gMmCameraIntfLogLevel=1
E/mm-camera-intf(25798): entity id 1
E/mm-camera-intf(25798): entity name video0 type 65537 group id 2
E/mm-camera-intf(25798): entity id 2
E/mm-camera-intf(25798): entity name msm_cci type 131072 group id 0
E/mm-camera-intf(25798): entity id 3
E/mm-camera-intf(25798): entity name v4l-subdev0 type 131072 group id 0
E/mm-camera-intf(25798): entity id 4
E/mm-camera-intf(25798): entity name v4l-subdev1 type 131072 group id 0
E/mm-camera-intf(25798): entity id 5
E/mm-camera-intf(25798): entity name v4l-subdev2 type 131072 group id 0
E/mm-camera-intf(25798): entity id 6
E/mm-camera-intf(25798): entity name v4l-subdev3 type 131072 group id 1
E/mm-camera-intf(25798): entity id 7
E/mm-camera-intf(25798): entity name v4l-subdev4 type 131072 group id 1
E/mm-camera-intf(25798): entity id 8
E/mm-camera-intf(25798): entity name v4l-subdev5 type 131072 group id 1
E/mm-camera-intf(25798): entity id 9
E/mm-camera-intf(25798): entity name v4l-subdev6 type 131072 group id 1
E/mm-camera-intf(25798): entity id 10
E/mm-camera-intf(25798): entity name v4l-subdev7 type 131072 group id 7
E/mm-camera-intf(25798): entity id 11
E/mm-camera-intf(25798): entity name v4l-subdev8 type 131072 group id 7
E/mm-camera-intf(25798): entity id 12
E/mm-camera-intf(25798): entity name v4l-subdev9 type 131072 group id 11
E/mm-camera-intf(25798): entity id 13
E/mm-camera-intf(25798): entity name v4l-subdev10 type 131072 group id 8
E/mm-camera-intf(25798): entity id 14
E/mm-camera-intf(25798): entity name v4l-subdev11 type 131072 group id 14
E/mm-camera-intf(25798): entity id 1
E/mm-camera-intf(25798): entity name video1 type 65537 group id 2
E/mm-camera-intf(25798): entity id 2
E/mm-camera-intf(25798): Done enumerating media entities
E/mm-camera-intf(25798): entity id 1
E/mm-camera-intf(25798): entity name video2 type 65537 group id 2
E/mm-camera-intf(25798): entity id 2
E/mm-camera-intf(25798): Done enumerating media entities
D/mm-camera-intf(25798): index = 0 flag = 1 mount_angle = 90 facing = 0
D/mm-camera-intf(25798): index = 1 flag = 103 mount_angle = 270 facing = 1
I/CameraService(25798): Loaded "QCamera Module" camera module
I/AudioPolicyService(25798): AudioPolicyService CSTOR in new mode
I/AudioPolicyManager(25798): loadAudioPolicyConfig() loaded /system/etc/audio_policy.conf
W/PackageParser(25895): No actions in intent filter at /system/priv-app/Dialer/Dialer.apk Binary XML file line #168
W/PackageParser(25895): No actions in intent filter at /system/priv-app/ProximitySensorTools/ProximitySensorTools.apk Binary XML file line #54
W/PackageManager(25895): Failed to parse /system/priv-app/Settings: Signature mismatch for shared user : SharedUserSetting{c7fd0c9 android.uid.system/1000}
W/ResourceType(25895): Failure getting entry for 0x7f08031d (t=7 e=797) (error -75)
W/PackageParser(25895): Unknown element under : android at /system/priv-app/Telecom/Telecom.apk Binary XML file line #233
I/PackageManager(25895): /system/priv-app/com.qualcomm.location changed; collecting certs
W/PackageManager(25895): Failed to parse /system/priv-app/com.qualcomm.location: Signature mismatch for shared user : SharedUserSetting{c7fd0c9 android.uid.system/1000}
I/PackageManager(25895): /system/priv-app/com.qualcomm.msapm changed; collecting certs
W/PackageManager(25895): Failed to parse /system/priv-app/com.qualcomm.msapm: Signature mismatch for shared user : SharedUserSetting{c7fd0c9 android.uid.system/1000}
W/PackageParser(25895): No actions in intent filter at /system/app/Bluetooth/Bluetooth.apk Binary XML file line #229
W/PackageParser(25895): Unknown element under : uses-feature at /system/app/BluetoothExt/BluetoothExt.apk Binary XML file line #57
W/PackageParser(25895): No actions in intent filter at /system/app/BluetoothExt/BluetoothExt.apk Binary XML file line #110
W/PackageParser(25895): No actions in intent filter at /system/app/BluetoothExt/BluetoothExt.apk Binary XML file line #134
W/PackageParser(25895): No actions in intent filter at /system/app/BluetoothExt/BluetoothExt.apk Binary XML file line #161
I/PackageManager(25895): /system/app/CABLService changed; collecting certs
W/PackageManager(25895): Failed to parse /system/app/CABLService: Signature mismatch for shared user : SharedUserSetting{c7fd0c9 android.uid.system/1000}
W/PackageParser(25895): Unknown element under : permission at /system/app/Gallery2/Gallery2.apk Binary XML file line #254
W/PackageParser(25895): Unknown element under : permission at /system/app/Gallery2/Gallery2.apk Binary XML file line #257
I/PackageManager(25895): /system/app/GsmTuneAway changed; collecting certs
W/PackageManager(25895): Failed to parse /system/app/GsmTuneAway: Signature mismatch for shared user : SharedUserSetting{39b7e1d0 android.uid.phone/1001}
I/PackageParser(25895): com.qualcomm.interfacepermissions: compat added android.permission.WRITE_EXTERNAL_STORAGE android.permission.READ_PHONE_STATE
I/PackageManager(25895): /system/app/NetworkSetting changed; collecting certs
W/PackageManager(25895): Failed to parse /system/app/NetworkSetting: Signature mismatch for shared user : SharedUserSetting{39b7e1d0 android.uid.phone/1001}
I/PackageParser(25895): com.qualcomm.qcom_qmi: compat added android.permission.WRITE_EXTERNAL_STORAGE android.permission.READ_PHONE_STATE
E/LocSvc_ApiV02(24797): I/<--- void globalEventCb(locClientHandleType, uint32_t, locClientEventIndUnionType, void*) line 81 QMI_LOC_EVENT_POSITION_REPORT_IND_V02
I/PackageManager(25895): /system/app/SVIService changed; collecting certs
W/PackageManager(25895): Failed to parse /system/app/SVIService: Signature mismatch for shared user : SharedUserSetting{c7fd0c9 android.uid.system/1000}
I/PackageManager(25895): /system/app/TimeService changed; collecting certs
W/PackageManager(25895): Failed to parse /system/app/TimeService: Signature mismatch for shared user : SharedUserSetting{c7fd0c9 android.uid.system/1000}
I/PackageManager(25895): /system/app/WfdService changed; collecting certs
W/PackageManager(25895): Failed to parse /system/app/WfdService: Signature mismatch for shared user : SharedUserSetting{c7fd0c9 android.uid.system/1000}
I/PackageManager(25895): /system/app/btmultisim changed; collecting certs
W/PackageManager(25895): Failed to parse /system/app/btmultisim: Signature mismatch for shared user : SharedUserSetting{39b7e1d0 android.uid.phone/1001}
I/PackageManager(25895): /system/app/com.qualcomm.qti.services.secureui changed; collecting certs
W/PackageManager(25895): Failed to parse /system/app/com.qualcomm.qti.services.secureui: Signature mismatch for shared user : SharedUserSetting{c7fd0c9 android.uid.system/1000}
I/PackageManager(25895): /system/app/fastdormancy changed; collecting certs
W/PackageManager(25895): Failed to parse /system/app/fastdormancy: Signature mismatch for shared user : SharedUserSetting{c7fd0c9 android.uid.system/1000}
I/PackageManager(25895): /system/app/qcrilmsgtunnel changed; collecting certs
W/PackageManager(25895): Failed to parse /system/app/qcrilmsgtunnel: Signature mismatch for shared user : SharedUserSetting{39b7e1d0 android.uid.phone/1001}
I/PackageManager(25895): /system/vendor/app/ims changed; collecting certs
W/PackageManager(25895): Failed to parse /system/vendor/app/ims: Signature mismatch for shared user : SharedUserSetting{39b7e1d0 android.uid.phone/1001}
D/PackageManager(25895): No files in app dir /oem/app
W/PackageManager(25895): System package com.android.settings no longer exists; wiping its data
D/PackageManager(25895): No files in app dir /data/app
D/PackageManager(25895): No files in app dir /data/app-private
W/PackageManager(25895): Package org.codeaurora.bluetooth desires unavailable shared library com.quicinc.wbc; ignoring!
W/PackageManager(25895): Package com.android.email desires unavailable shared library org.apache.http.legacy; ignoring!
I/PackageManager(25895): Adjusting ABI for : com.android.server.telecom to armeabi-v7a
I/PackageManager(25895): Adjusting ABI for : com.android.inputdevices to armeabi-v7a
I/PackageManager(25895): Adjusting ABI for : com.fairphone.setupwizard to armeabi-v7a
I/PackageManager(25895): Adjusting ABI for : com.android.soundrecorder to armeabi-v7a
I/PackageManager(25895): Adjusting ABI for : com.codeaurora.fmrecording to armeabi-v7a
I/PackageManager(25895): Adjusting ABI for : com.dsi.ant.server to armeabi-v7a
I/PackageManager(25895): Adjusting ABI for : com.fairphone.privacyimpact to armeabi-v7a
I/PackageManager(25895): Adjusting ABI for : com.android.location.fused to armeabi-v7a
I/PackageManager(25895): Adjusting ABI for : com.android.dialer to armeabi-v7a
I/PackageManager(25895): Adjusting ABI for : com.fairphone.psensor to armeabi-v7a
I/PackageManager(25895): Adjusting ABI for : com.android.providers.settings to armeabi-v7a
I/PackageManager(25895): Adjusting ABI for : com.android.keychain to armeabi-v7a
I/PackageManager(25895): Time to scan packages: 1.213 seconds
W/PackageManager(25895): Unknown permission com.google.android.googleapps.permission.GOOGLE_AUTH in package com.android.providers.calendar
W/PackageManager(25895): Unknown permission com.google.android.googleapps.permission.GOOGLE_AUTH.cl in package com.android.providers.calendar
W/PackageManager(25895): Unknown permission com.qualcomm.permission.USE_QCRIL_MSG_TUNNEL in package com.qualcomm.shutdownlistner
W/PackageManager(25895): Unknown permission android.permission.PREVENT_POWER_KEY in package com.fairphone.checkup
W/PackageManager(25895): Not granting permission android.permission.GLOBAL_SEARCH to package com.android.quicksearchbox (protectionLevel=18 flags=0x48be45)
W/PackageManager(25895): Not granting permission android.permission.ACCESS_DOWNLOAD_MANAGER to package com.android.browser (protectionLevel=18 flags=0x9be45)
W/PackageManager(25895): Not granting permission android.permission.SEND_DOWNLOAD_COMPLETED_INTENTS to package com.android.browser (protectionLevel=2 flags=0x9be45)
W/PackageManager(25895): Unknown permission android.permission.MMS_PUSH in package org.codeaurora.bluetooth
W/PackageManager(25895): Not granting permission android.permission.BIND_WALLPAPER to package com.android.camera2 (protectionLevel=18 flags=0x58bc45)
W/PackageManager(25895): Unknown permission android.permission.INSTALL_DRM in package com.android.mms
W/PackageManager(25895): Unknown permission com.google.android.googleapps.permission.GOOGLE_AUTH.mail in package com.android.calendar
W/PackageManager(25895): Unknown permission com.android.launcher.permission.READ_SETTINGS in package com.android.onetimeinitializer
W/PackageManager(25895): Unknown permission com.android.launcher.permission.WRITE_SETTINGS in package com.android.onetimeinitializer
W/PackageManager(25895): Not granting permission android.permission.DELETE_PACKAGES to package com.svox.pico (protectionLevel=18 flags=0x8be45)
W/PackageManager(25895): Unknown permission android.permission.ACCESS_THEME_MANAGER in package com.fairphone.setupwizard
W/PackageManager(25895): Unknown permission com.google.android.gallery3d.permission.PICASA_STORE in package com.android.dreams.phototable
W/PackageManager(25895): Unknown permission android.permission.ACCESS_SUPERUSER in package com.amaze.filemanager
W/PackageManager(25895): Unknown permission com.android.launcher.permission.READ_SETTINGS in package com.fairphone.fplauncher3
W/PackageManager(25895): Unknown permission com.android.launcher.permission.WRITE_SETTINGS in package com.fairphone.fplauncher3
W/PackageManager(25895): Unknown permission android.permission.ACCESS_SUPERUSER in package com.fairphone.updater
W/PackageManager(25895): Not granting permission android.permission.DEVICE_POWER to package com.android.deskclock (protectionLevel=2 flags=0x48be45)
W/PackageManager(25895): Unknown permission com.google.android.gallery3d.permission.GALLERY_PROVIDER in package com.android.bluetooth
I/art (25895): Explicit concurrent mark sweep GC freed 66705(3MB) AllocSpace objects, 17(492KB) LOS objects, 57% free, 2MB/6MB, paused 1.735ms total 29.474ms
I/SystemServer(25895): User Service
E/ServiceManager(25792): add_service('permission',15) uid=1000 - ALREADY REGISTERED, OVERRIDE
I/ServiceManager(25792): service 'permission' died
I/lowmemorykiller( 744): ActivityManager connected
I/SystemServiceManager(25895): Starting com.android.server.lights.LightsService
I/SystemServiceManager(25895): Starting com.android.server.BatteryService
I/SystemServiceManager(25895): Starting com.android.server.usage.UsageStatsService
I/UsageStatsService(25895): User[0] Rollover scheduled @ 2016-12-11 00:00:00(1481414400000)
I/SystemServiceManager(25895): Starting com.android.server.webkit.WebViewUpdateService
I/SystemServer(25895): Reading configuration...
I/SystemServer(25895): Scheduling Policy
I/SystemServiceManager(25895): Starting com.android.server.telecom.TelecomLoaderService
I/SystemServer(25895): Telephony Registry
I/SystemServer(25895): Entropy Mixer
I/EntropyMixer(25895): Writing entropy...
I/SystemServer(25895): Account Manager
I/SystemServer(25895): Content Manager
I/SystemServer(25895): System Content Providers
I/SystemServer(25895): Vibrator Service
I/SystemServer(25895): Consumer IR Service
E/ConsumerIrService(25895): Can't open consumer IR HW Module, error: sfdroid disabled
I/SystemServiceManager(25895): Starting com.android.server.AlarmManagerService
W/AlarmManager(25895): Failed to open alarm driver. Falling back to a handler.
I/SystemServer(25895): Init Watchdog
I/SystemServer(25895): Input Manager
I/InputManager(25895): Initializing input manager, mUseDevInputEventForAudioJack=true
I/SystemServer(25895): Window Manager
I/WindowManager(25895): No existing display settings /data/system/display_settings.xml; starting empty
W/ServiceManager(25799): Permission failure: android.permission.ACCESS_SURFACE_FLINGER from uid=1000 pid=25895
D/PermissionCache(25799): checking android.permission.ACCESS_SURFACE_FLINGER for uid=1000 => denied (235 us)
E/SurfaceFlinger(25799): Permission Denial: can't access SurfaceFlinger pid=25895, uid=1000
E/SurfaceFlinger(25799): Permission Denial: can't access SurfaceFlinger pid=25895, uid=1000
E/WindowManager(25895): Exception creating Dim surface
E/WindowManager(25895): android.view.Surface$OutOfResourcesException
E/WindowManager(25895): at android.view.SurfaceControl.nativeCreate(Native Method)
E/WindowManager(25895): at android.view.SurfaceControl.(SurfaceControl.java:292)
E/WindowManager(25895): at com.android.server.wm.DimLayer.(DimLayer.java:81)
E/WindowManager(25895): at com.android.server.wm.TaskStack.attachDisplayContent(TaskStack.java:233)
E/WindowManager(25895): at com.android.server.wm.WindowManagerService.attachStack(WindowManagerService.java:5158)
E/WindowManager(25895): at com.android.server.am.ActivityStackSupervisor$ActivityContainer.attachToDisplayLocked(ActivityStackSupervisor.java:3766)
E/WindowManager(25895): at com.android.server.am.ActivityStackSupervisor.createStackOnDisplay(ActivityStackSupervisor.java:2649)
E/WindowManager(25895): at com.android.server.am.ActivityStackSupervisor.setWindowManager(ActivityStackSupervisor.java:394)
E/WindowManager(25895): at com.android.server.am.ActivityManagerService.setWindowManager(ActivityManagerService.java:1943)
E/WindowManager(25895): at com.android.server.SystemServer.startOtherServices(SystemServer.java:498)
E/WindowManager(25895): at com.android.server.SystemServer.run(SystemServer.java:265)
E/WindowManager(25895): at com.android.server.SystemServer.main(SystemServer.java:179)
E/WindowManager(25895): at java.lang.reflect.Method.invoke(Native Method)
E/WindowManager(25895): at java.lang.reflect.Method.invoke(Method.java:372)
E/WindowManager(25895): at com.android.internal.os.ZygoteInit$MethodAndArgsCaller.run(ZygoteInit.java:904)
E/WindowManager(25895): at com.android.internal.os.ZygoteInit.main(ZygoteInit.java:699)
E/SurfaceFlinger(25799): Permission Denial: can't access SurfaceFlinger pid=25895, uid=1000
E/WindowManager(25895): Exception creating Dim surface
E/WindowManager(25895): android.view.Surface$OutOfResourcesException
E/WindowManager(25895): at android.view.SurfaceControl.nativeCreate(Native Method)
E/WindowManager(25895): at android.view.SurfaceControl.(SurfaceControl.java:292)
E/WindowManager(25895): at com.android.server.wm.DimLayer.(DimLayer.java:81)
E/WindowManager(25895): at com.android.server.wm.TaskStack.attachDisplayContent(TaskStack.java:234)
E/WindowManager(25895): at com.android.server.wm.WindowManagerService.attachStack(WindowManagerService.java:5158)
E/WindowManager(25895): at com.android.server.am.ActivityStackSupervisor$ActivityContainer.attachToDisplayLocked(ActivityStackSupervisor.java:3766)
E/WindowManager(25895): at com.android.server.am.ActivityStackSupervisor.createStackOnDisplay(ActivityStackSupervisor.java:2649)
E/WindowManager(25895): at com.android.server.am.ActivityStackSupervisor.setWindowManager(ActivityStackSupervisor.java:394)
E/WindowManager(25895): at com.android.server.am.ActivityManagerService.setWindowManager(ActivityManagerService.java:1943)
E/WindowManager(25895): at com.android.server.SystemServer.startOtherServices(SystemServer.java:498)
E/WindowManager(25895): at com.android.server.SystemServer.run(SystemServer.java:265)
E/WindowManager(25895): at com.android.server.SystemServer.main(SystemServer.java:179)
E/WindowManager(25895): at java.lang.reflect.Method.invoke(Native Method)
E/WindowManager(25895): at java.lang.reflect.Method.invoke(Method.java:372)
E/WindowManager(25895): at com.android.internal.os.ZygoteInit$MethodAndArgsCaller.run(ZygoteInit.java:904)
E/WindowManager(25895): at com.android.internal.os.ZygoteInit.main(ZygoteInit.java:699)
E/SurfaceFlinger(25799): Permission Denial: can't access SurfaceFlinger pid=25895, uid=1000
I/InputManager(25895): Starting input manager
I/SystemServer(25895): sfdroid: Bluetooth Service disabled
I/SystemServer(25895): Input Method Service
E/EventHub(25895): could not open /dev/input/event4, Permission denied
E/EventHub(25895): could not open /dev/input/event3, Permission denied
E/EventHub(25895): could not open /dev/input/by-path, Is a directory
E/EventHub(25895): could not open /dev/input/event2, Permission denied
E/EventHub(25895): could not open /dev/input/event1, Permission denied
E/EventHub(25895): could not open /dev/input/event0, Permission denied
E/EventHub(25895): could not open /dev/input/mice, Permission denied
W/InputMethodManagerService(25895): Couldn't create dir.: /data/system/inputmethod
I/InputReader(25895): Device added: id=-1, name='Virtual', sources=0x00000301
I/SystemServer(25895): Accessibility Manager
I/XXXXXX (25895): choosing minFree values for 32 Bit
I/XXXXXX (25895): choosing minFree values for 32 Bit
I/XXXXXX (25895): choosing minFree values for 32 Bit
I/XXXXXX (25895): choosing minFree values for 32 Bit
I/XXXXXX (25895): choosing minFree values for 32 Bit
I/XXXXXX (25895): choosing minFree values for 32 Bit
I/ActivityManager(25895): Config changes=1df8 {1.0 ?mcc?mnc en_US ?layoutDir sw360dp w360dp h640dp 480dpi nrml long port ?uimode ?night -touch -keyb/v/h -nav/h s.2}
E/SurfaceFlinger(25799): Permission Denial: can't access SurfaceFlinger pid=25895, uid=1000
E/SurfaceFlinger(25799): Permission Denial: can't access SurfaceFlinger pid=25895, uid=1000
I/InputReader(25895): Reconfiguring input devices. changes=0x00000004
E/SurfaceFlinger(25799): Permission Denial: can't access SurfaceFlinger pid=25895, uid=1000
E/SurfaceFlinger(25799): Permission Denial: can't access SurfaceFlinger pid=25895, uid=1000
I/ActivityManager(25895): Config changes=500 {1.0 ?mcc?mnc en_US ?layoutDir sw360dp w360dp h567dp 480dpi nrml port ?uimode ?night -touch -keyb/v/h -nav/h s.3}
E/SurfaceFlinger(25799): Permission Denial: can't access SurfaceFlinger pid=25895, uid=1000
E/SurfaceFlinger(25799): Permission Denial: can't access SurfaceFlinger pid=25895, uid=1000
I/SystemServer(25895): Mount Service
D/MountService(25895): got storage path: /storage/sdcard0 description: Internal storage primary: true removable: false emulated: true mtpReserve: 100 allowMassStorage: false maxFileSize: 0 allowMtp: true
D/MountService(25895): addVolumeLocked() StorageVolume:
D/MountService(25895): mStorageId=65537 mPath=/storage/emulated/0 mDescriptionId=17040829
D/MountService(25895): mPrimary=true mRemovable=false mEmulated=true mMtpReserveSpace=100
D/MountService(25895): mAllowMassStorage=false mMaxFileSize=0 mOwner=UserHandle{0} mUuid=null
D/MountService(25895): mUserLabel=null mState=null mAllowMtp=true
D/MountService(25895): got storage path: /storage/sdcard1 description: SD card primary: false removable: true emulated: false mtpReserve: 0 allowMassStorage: true maxFileSize: 0 allowMtp: true
D/MountService(25895): addVolumeLocked() StorageVolume:
D/MountService(25895): mStorageId=0 mPath=/storage/sdcard1 mDescriptionId=17040830 mPrimary=false
D/MountService(25895): mRemovable=true mEmulated=false mMtpReserveSpace=0 mAllowMassStorage=true
D/MountService(25895): mMaxFileSize=0 mOwner=null mUuid=null mUserLabel=null mState=null
D/MountService(25895): mAllowMtp=true
D/MountService(25895): got storage path: /storage/usbotg description: USB storage primary: false removable: true emulated: false mtpReserve: 0 allowMassStorage: false maxFileSize: 0 allowMtp: true
D/MountService(25895): addVolumeLocked() StorageVolume:
D/MountService(25895): mStorageId=0 mPath=/storage/usbotg mDescriptionId=17040831 mPrimary=false
D/MountService(25895): mRemovable=true mEmulated=false mMtpReserveSpace=0 mAllowMassStorage=false
D/MountService(25895): mMaxFileSize=0 mOwner=null mUuid=null mUserLabel=null mState=null
D/MountService(25895): mAllowMtp=true
F/WindowAnimator(25895): Unhandled exception in Window Manager
F/WindowAnimator(25895): java.lang.NullPointerException: Attempt to invoke virtual method 'void android.view.SurfaceControl.setLayer(int)' on a null object reference
F/WindowAnimator(25895): at com.android.server.wm.FocusedStackFrame.setLayer(FocusedStackFrame.java:140)
F/WindowAnimator(25895): at com.android.server.wm.WindowManagerService.setFocusedStackLayer(WindowManagerService.java:3985)
F/WindowAnimator(25895): at com.android.server.wm.WindowAnimator.animateLocked(WindowAnimator.java:708)
F/WindowAnimator(25895): at com.android.server.wm.WindowAnimator.access$000(WindowAnimator.java:54)
F/WindowAnimator(25895): at com.android.server.wm.WindowAnimator$1.run(WindowAnimator.java:126)
F/WindowAnimator(25895): at android.view.Choreographer$CallbackRecord.run(Choreographer.java:767)
F/WindowAnimator(25895): at android.view.Choreographer.doCallbacks(Choreographer.java:580)
F/WindowAnimator(25895): at android.view.Choreographer.doFrame(Choreographer.java:549)
F/WindowAnimator(25895): at android.view.Choreographer$FrameDisplayEventReceiver.run(Choreographer.java:753)
F/WindowAnimator(25895): at android.os.Handler.handleCallback(Handler.java:739)
F/WindowAnimator(25895): at android.os.Handler.dispatchMessage(Handler.java:95)
F/WindowAnimator(25895): at android.os.Looper.loop(Looper.java:135)
F/WindowAnimator(25895): at android.os.HandlerThread.run(HandlerThread.java:61)
F/WindowAnimator(25895): at com.android.server.ServiceThread.run(ServiceThread.java:46)
E/SurfaceFlinger(25799): Permission Denial: can't access SurfaceFlinger pid=25895, uid=1000
I/PackageManager(25895): No secure containers found
W/PackageManager(25895): Unknown permission com.google.android.googleapps.permission.GOOGLE_AUTH in package com.android.providers.calendar
W/PackageManager(25895): Unknown permission com.google.android.googleapps.permission.GOOGLE_AUTH.cl in package com.android.providers.calendar
W/PackageManager(25895): Unknown permission com.qualcomm.permission.USE_QCRIL_MSG_TUNNEL in package com.qualcomm.shutdownlistner
W/PackageManager(25895): Unknown permission android.permission.PREVENT_POWER_KEY in package com.fairphone.checkup
W/PackageManager(25895): Not granting permission android.permission.GLOBAL_SEARCH to package com.android.quicksearchbox (protectionLevel=18 flags=0x48be45)
W/PackageManager(25895): Not granting permission android.permission.ACCESS_DOWNLOAD_MANAGER to package com.android.browser (protectionLevel=18 flags=0x9be45)
W/PackageManager(25895): Not granting permission android.permission.SEND_DOWNLOAD_COMPLETED_INTENTS to package com.android.browser (protectionLevel=2 flags=0x9be45)
W/PackageManager(25895): Unknown permission android.permission.MMS_PUSH in package org.codeaurora.bluetooth
W/PackageManager(25895): Not granting permission android.permission.BIND_WALLPAPER to package com.android.camera2 (protectionLevel=18 flags=0x58bc45)
W/PackageManager(25895): Unknown permission android.permission.INSTALL_DRM in package com.android.mms
W/PackageManager(25895): Unknown permission com.google.android.googleapps.permission.GOOGLE_AUTH.mail in package com.android.calendar
W/PackageManager(25895): Unknown permission com.android.launcher.permission.READ_SETTINGS in package com.android.onetimeinitializer
W/PackageManager(25895): Unknown permission com.android.launcher.permission.WRITE_SETTINGS in package com.android.onetimeinitializer
I/PackageManager(25895): Running dexopt on: /system/priv-app/Mms/Mms.apk pkg=com.android.mms isa=arm vmSafeMode=false
W/PackageManager(25895): Not granting permission android.permission.DELETE_PACKAGES to package com.svox.pico (protectionLevel=18 flags=0x8be45)
W/PackageManager(25895): Unknown permission android.permission.ACCESS_THEME_MANAGER in package com.fairphone.setupwizard
W/PackageManager(25895): Unknown permission com.google.android.gallery3d.permission.PICASA_STORE in package com.android.dreams.phototable
W/PackageManager(25895): Unknown permission android.permission.ACCESS_SUPERUSER in package com.amaze.filemanager
W/PackageManager(25895): Unknown permission com.android.launcher.permission.READ_SETTINGS in package com.fairphone.fplauncher3
W/PackageManager(25895): Unknown permission com.android.launcher.permission.WRITE_SETTINGS in package com.fairphone.fplauncher3
W/PackageManager(25895): Unknown permission android.permission.ACCESS_SUPERUSER in package com.fairphone.updater
W/PackageManager(25895): Not granting permission android.permission.DEVICE_POWER to package com.android.deskclock (protectionLevel=2 flags=0x48be45)
W/PackageManager(25895): Unknown permission com.google.android.gallery3d.permission.GALLERY_PROVIDER in package com.android.bluetooth
D/OpenGLRenderer(25895): Use EGL_SWAP_BEHAVIOR_PRESERVED: true
E/SurfaceFlinger(25799): Permission Denial: can't access SurfaceFlinger pid=25895, uid=1000
W/WindowStateAnimator(25895): OutOfResourcesException creating surface
I/WindowManager(25895): Out of memory for surface! Looking for leaks...
W/WindowManager(25895): No leaked surfaces; killing applicatons!
W/WindowManager(25895): Due to memory failure, waiting a bit for next layout
I/dex2oat (25990): /system/bin/dex2oat --zip-fd=5 --zip-location=/system/priv-app/Mms/Mms.apk --oat-fd=6 --oat-location=/data/dalvik-cache/arm/system@priv-app@Mms@Mms.apk@classes.dex --instruction-set=arm --instruction-set-features=div --runtime-arg -Xms64m --runtime-arg -Xmx512m --swap-fd=10
I/dex2oat (25990): Decided to run without swap.
E/AudioPolicyManager(25801): unknown stream type 13
E/AudioPolicyManager(25801): unknown stream type 13
E/AudioPolicyManager(25801): unknown stream type 13
E/AudioPolicyManager(25801): unknown stream type 13
I/AudioFlinger(25801): AudioFlinger's thread 0xb5a2e000 ready to run
D/audio_hw_primary(25801): out_set_parameters: enter: usecase(1: low-latency-playback) kvpairs: routing=2
D/audio_hw_primary(25801): out_standby: enter: stream (0xb5880b00) usecase(1: low-latency-playback)
E/AudioPolicyManager(25801): unknown stream type 13
D/audio_hw_primary(25801): adev_open_input_stream: enter: sample_rate(48000) channel_mask(0xc) devices(0x80000004) stream_handle(0xb586da20)
I/AudioFlinger(25801): AudioFlinger's thread 0xb5ac7000 ready to run
D/audio_hw_primary(25801): adev_close_input_stream: enter:stream_handle(0xb586da20)
D/audio_hw_primary(25801): in_standby: enter: stream (0xb586da20) usecase(7: audio-record)
I/audio_a2dp_hw(25801): adev_open: adev_open in A2dp_hw module
I/AudioFlinger(25801): loadHwModule() Loaded a2dp audio interface from A2DP Audio HW HAL (audio) handle 7
I/AudioFlinger(25801): loadHwModule() Loaded usb audio interface from USB audio HW HAL (audio) handle 8
I/r_submix(25801): adev_open(name=audio_hw_if)
I/r_submix(25801): adev_init_check()
I/AudioFlinger(25801): loadHwModule() Loaded r_submix audio interface from Wifi Display audio HAL (audio) handle 9
D/r_submix(25801): adev_open_input_stream(addr=0)
D/r_submix(25801): submix_audio_device_create_pipe_l(addr=0, idx=9)
D/r_submix(25801): now using address 0 for route 9
I/AudioFlinger(25801): AudioFlinger's thread 0xb5af8000 ready to run
D/r_submix(25801): adev_close_input_stream()
D/r_submix(25801): submix_audio_device_release_pipe_l(idx=9) addr=0
D/r_submix(25801): submix_audio_device_destroy_pipe_l(): pipe destroyed
E/AudioPolicyManager(25801): unknown stream type 13
E/AudioPolicyManager(25801): unknown stream type 13
E/SoundTriggerHwService(25801): couldn't load sound trigger module sound_trigger.primary (No such file or directory)
W/AudioFlinger(25801): loadHwModule() module primary already loaded
D/audio_hw_primary(25801): adev_open_output_stream: enter: sample_rate(48000) channel_mask(0x3) devices(0x2) flags(0x2) stream_handle(0xb4c34140)
E/audio_hw_primary(25801): adev_open_output_stream: Primary output is already opened
D/audio_hw_primary(25801): adev_open_output_stream: exit: ret -17
W/AudioPolicyManager(25798): Cannot open output stream for device 00000002 on hw module primary
D/audio_hw_primary(25801): adev_open_output_stream: enter: sample_rate(48000) channel_mask(0x3) devices(0x2) flags(0x4) stream_handle(0xb5880c40)
D/audio_hw_primary(25801): adev_open_output_stream: Stream (0xb5880c40) picks up usecase (low-latency-playback)
I/AudioFlinger(25801): HAL output buffer size 240 frames, normal sink buffer size 960 frames
E/AudioPolicyManager(25798): unknown stream type 13
E/AudioPolicyManager(25798): unknown stream type 13
E/AudioPolicyManager(25798): unknown stream type 13
I/AudioFlinger(25801): AudioFlinger's thread 0xb5b00000 ready to run
D/audio_hw_primary(25801): out_set_parameters: enter: usecase(1: low-latency-playback) kvpairs: routing=2
D/audio_hw_primary(25801): out_standby: enter: stream (0xb5880c40) usecase(1: low-latency-playback)
W/AudioFlinger(25801): setStreamVolume() pid 25798 cannot use internal stream type 10
W/AudioFlinger(25801): setStreamVolume() pid 25798 cannot use internal stream type 11
E/AudioPolicyManager(25798): unknown stream type 13
W/AudioFlinger(25801): setStreamVolume() pid 25798 cannot use internal stream type 13
D/audio_hw_primary(25801): adev_open_input_stream: enter: sample_rate(48000) channel_mask(0xc) devices(0x80000004) stream_handle(0xb586dac0)
I/AudioFlinger(25801): AudioFlinger's thread 0xb5b87000 ready to run
D/audio_hw_primary(25801): in_standby: enter: stream (0xb586dac0) usecase(7: audio-record)
D/audio_hw_primary(25801): in_standby: enter: stream (0xb586dac0) usecase(7: audio-record)
D/audio_hw_primary(25801): adev_close_input_stream: enter:stream_handle(0xb586dac0)
D/audio_hw_primary(25801): in_standby: enter: stream (0xb586dac0) usecase(7: audio-record)
W/AudioFlinger(25801): loadHwModule() module a2dp already loaded
W/AudioFlinger(25801): loadHwModule() module usb already loaded
W/AudioFlinger(25801): loadHwModule() module r_submix already loaded
D/r_submix(25801): adev_open_input_stream(addr=0)
D/r_submix(25801): submix_audio_device_create_pipe_l(addr=0, idx=9)
D/r_submix(25801): now using address 0 for route 9
I/AudioFlinger(25801): AudioFlinger's thread 0xb4c4d000 ready to run
I/r_submix(25801): in_standby()
I/r_submix(25801): in_standby()
D/r_submix(25801): adev_close_input_stream()
D/r_submix(25801): submix_audio_device_release_pipe_l(idx=9) addr=0
D/r_submix(25801): submix_audio_device_destroy_pipe_l(): pipe destroyed
E/AudioPolicyManager(25798): Failed to open primary output
E/AudioPolicyManager(25798): unknown stream type 13
E/ServiceManager(25792): add_service('media.audio_policy',28) uid=1013 - ALREADY REGISTERED, OVERRIDE
I/ServiceManager(25792): service 'media.audio_policy' died
D/audio_hw_primary(25801): out_set_parameters: enter: usecase(0: deep-buffer-playback) kvpairs: exiting=1
D/audio_hw_extn(25801): audio_extn_set_anc_parameters: anc_enabled:0
D/audio_hw_primary(25801): adev_close_output_stream: enter:stream_handle(0xb58809c0)
D/audio_hw_primary(25801): out_standby: enter: stream (0xb58809c0) usecase(0: deep-buffer-playback)
D/audio_hw_primary(25801): out_set_parameters: enter: usecase(1: low-latency-playback) kvpairs: exiting=1
D/audio_hw_primary(25801): adev_close_output_stream: enter:stream_handle(0xb5880b00)
D/audio_hw_primary(25801): out_standby: enter: stream (0xb5880b00) usecase(1: low-latency-playback)
E/NetlinkListener(25802): recvmsg failed (I/O error)
E/NetlinkListener( 741): recvmsg failed (I/O error)
E/NetlinkListener(25802): recvmsg failed (I/O error)
E/NetlinkListener( 741): recvmsg failed (I/O error)
E/SurfaceFlinger(25799): Permission Denial: can't access SurfaceFlinger pid=25895, uid=1000
E/SurfaceFlinger(25799): Permission Denial: can't access SurfaceFlinger pid=25895, uid=1000
W/art (25895): Long monitor contention event with owner method=int com.android.server.wm.WindowManagerService.relayoutWindow(com.android.server.wm.Session, android.view.IWindow, int, android.view.WindowManager$LayoutParams, int, int, int, int, android.graphics.Rect, android.graphics.Rect, android.graphics.Rect, android.graphics.Rect, android.graphics.Rect, android.content.res.Configuration, android.view.Surface) from WindowManagerService.java:3013 waiters=0 for 252ms
F/WindowAnimator(25895): Unhandled exception in Window Manager
F/WindowAnimator(25895): java.lang.NullPointerException: Attempt to invoke virtual method 'void android.view.SurfaceControl.setLayer(int)' on a null object reference
F/WindowAnimator(25895): at com.android.server.wm.FocusedStackFrame.setLayer(FocusedStackFrame.java:140)
F/WindowAnimator(25895): at com.android.server.wm.WindowManagerService.setFocusedStackLayer(WindowManagerService.java:3985)
F/WindowAnimator(25895): at com.android.server.wm.WindowAnimator.animateLocked(WindowAnimator.java:708)
F/WindowAnimator(25895): at com.android.server.wm.WindowAnimator.access$000(WindowAnimator.java:54)
F/WindowAnimator(25895): at com.android.server.wm.WindowAnimator$1.run(WindowAnimator.java:126)
F/WindowAnimator(25895): at android.view.Choreographer$CallbackRecord.run(Choreographer.java:767)
F/WindowAnimator(25895): at android.view.Choreographer.doCallbacks(Choreographer.java:580)
F/WindowAnimator(25895): at android.view.Choreographer.doFrame(Choreographer.java:549)
F/WindowAnimator(25895): at android.view.Choreographer$FrameDisplayEventReceiver.run(Choreographer.java:753)
F/WindowAnimator(25895): at android.os.Handler.handleCallback(Handler.java:739)
F/WindowAnimator(25895): at android.os.Handler.dispatchMessage(Handler.java:95)
F/WindowAnimator(25895): at android.os.Looper.loop(Looper.java:135)
F/WindowAnimator(25895): at android.os.HandlerThread.run(HandlerThread.java:61)
F/WindowAnimator(25895): at com.android.server.ServiceThread.run(ServiceThread.java:46)
E/SurfaceFlinger(25799): Permission Denial: can't access SurfaceFlinger pid=25895, uid=1000
E/SurfaceFlinger(25799): Permission Denial: can't access SurfaceFlinger pid=25895, uid=1000
E/SurfaceFlinger(25799): Permission Denial: can't access SurfaceFlinger pid=25895, uid=1000
F/WindowAnimator(25895): Unhandled exception in Window Manager
F/WindowAnimator(25895): java.lang.NullPointerException: Attempt to invoke virtual method 'void android.view.SurfaceControl.setLayer(int)' on a null object reference
F/WindowAnimator(25895): at com.android.server.wm.FocusedStackFrame.setLayer(FocusedStackFrame.java:140)
F/WindowAnimator(25895): at com.android.server.wm.WindowManagerService.setFocusedStackLayer(WindowManagerService.java:3985)
F/WindowAnimator(25895): at com.android.server.wm.WindowAnimator.animateLocked(WindowAnimator.java:708)
F/WindowAnimator(25895): at com.android.server.wm.WindowAnimator.access$000(WindowAnimator.java:54)
F/WindowAnimator(25895): at com.android.server.wm.WindowAnimator$1.run(WindowAnimator.java:126)
F/WindowAnimator(25895): at android.view.Choreographer$CallbackRecord.run(Choreographer.java:767)
F/WindowAnimator(25895): at android.view.Choreographer.doCallbacks(Choreographer.java:580)
F/WindowAnimator(25895): at android.view.Choreographer.doFrame(Choreographer.java:549)
F/WindowAnimator(25895): at android.view.Choreographer$FrameDisplayEventReceiver.run(Choreographer.java:753)
F/WindowAnimator(25895): at android.os.Handler.handleCallback(Handler.java:739)
F/WindowAnimator(25895): at android.os.Handler.dispatchMessage(Handler.java:95)
F/WindowAnimator(25895): at android.os.Looper.loop(Looper.java:135)
F/WindowAnimator(25895): at android.os.HandlerThread.run(HandlerThread.java:61)
F/WindowAnimator(25895): at com.android.server.ServiceThread.run(ServiceThread.java:46)
E/SurfaceFlinger(25799): Permission Denial: can't access SurfaceFlinger pid=25895, uid=1000
E/NetlinkListener(25802): recvmsg failed (I/O error)
E/NetlinkListener( 741): recvmsg failed (I/O error)
E/LocSvc_ApiV02(24797): I/<--- void globalEventCb(locClientHandleType, uint32_t, locClientEventIndUnionType, void*) line 81 QMI_LOC_EVENT_POSITION_REPORT_IND_V02
V/WLAN_PSA( 673): NL MSG, len[048], NL type[0x11] WNI type[0x5050] len[028]
V/WLAN_PSA( 673): NL MSG, PID: 673
E/NetlinkListener(25802): recvmsg failed (I/O error)
E/NetlinkListener( 741): recvmsg failed (I/O error)
E/LocSvc_ApiV02(24797): I/<--- void globalEventCb(locClientHandleType, uint32_t, locClientEventIndUnionType, void*) line 81 QMI_LOC_EVENT_POSITION_REPORT_IND_V02
I/dex2oat (25990): dex2oat took 1.505s (threads: 4) arena alloc=365KB java alloc=2019KB native alloc=4MB free=3MB
