E/NetlinkListener( 741): recvmsg failed (I/O error)
E/NetlinkListener( 741): recvmsg failed (I/O error)
E/NetlinkListener(23553): recvmsg failed (I/O error)
E/NetlinkListener(23553): recvmsg failed (I/O error)
E/NetlinkListener( 741): recvmsg failed (I/O error)
E/NetlinkListener(23553): recvmsg failed (I/O error)
E/NetlinkListener( 741): recvmsg failed (I/O error)
V/WLAN_PSA( 673): NL MSG, len[048], NL type[0x11] WNI type[0x5050] len[028]
V/WLAN_PSA( 673): NL MSG, PID: 673
E/NetlinkListener( 741): recvmsg failed (I/O error)
E/NetlinkListener(23553): recvmsg failed (I/O error)
E/NetlinkListener( 741): recvmsg failed (I/O error)
E/NetlinkListener(23553): recvmsg failed (I/O error)
E/NetlinkListener( 741): recvmsg failed (I/O error)
E/NetlinkListener(23553): recvmsg failed (I/O error)
E/NetlinkListener(23553): recvmsg failed (I/O error)
E/NetlinkListener( 741): recvmsg failed (I/O error)
I/dex2oat (24051): dex2oat took 3.035s (threads: 4) arena alloc=184KB java alloc=3MB native alloc=6MB free=9MB
I/PackageManager(23638): Running dexopt on: /system/priv-app/MyContactsWidget/MyContactsWidget.apk pkg=com.fairphone.mycontacts isa=arm vmSafeMode=false
I/dex2oat (24100): /system/bin/dex2oat --zip-fd=5 --zip-location=/system/priv-app/MyContactsWidget/MyContactsWidget.apk --oat-fd=6 --oat-location=/data/dalvik-cache/arm/system@priv-app@MyContactsWidget@MyContactsWidget.apk@classes.dex --instruction-set=arm --instruction-set-features=div --runtime-arg -Xms64m --runtime-arg -Xmx512m --swap-fd=7
I/dex2oat (24100): Decided to run without swap.
V/WLAN_PSA( 673): NL MSG, len[4009], NL type[0x1C] WNI type[0x5900] len[37135]
V/WLAN_PSA( 673): NL MSG, PID: 673
W/dex2oat (24100): Before Android 4.1, method int android.support.v7.internal.widget.ListViewCompat.lookForSelectablePosition(int, boolean) would have incorrectly overridden the package-private method in android.widget.ListView
E/NetlinkListener(23553): recvmsg failed (I/O error)
E/NetlinkListener( 741): recvmsg failed (I/O error)
E/NetlinkListener(23553): recvmsg failed (I/O error)
E/NetlinkListener( 741): recvmsg failed (I/O error)
E/qdhwcomposer( 1520): isValidDimension: layer handle is NULL
E/qdhwcomposer( 1520): isValidDimension: layer handle is NULL
E/qdoverlay( 1520): Bad ov dump: mdp_overlay z=0 fg=0 alpha=255 mask=-1 flags=0x220000 id=16
E/qdoverlay( 1520): src msmfb_img w=1152 h=1920 format=13 MDP_RGBA_8888
E/qdoverlay( 1520): src_rect mdp_rect x=0 y=0 w=1080 h=1920
E/qdoverlay( 1520): dst_rect mdp_rect x=0 y=0 w=1080 h=1920
E/NetlinkListener(23553): recvmsg failed (I/O error)
E/NetlinkListener( 741): recvmsg failed (I/O error)
E/NetlinkListener( 741): recvmsg failed (I/O error)
E/NetlinkListener(23553): recvmsg failed (I/O error)
E/NetlinkListener(23553): recvmsg failed (I/O error)
E/NetlinkListener( 741): recvmsg failed (I/O error)
E/NetlinkListener(23553): recvmsg failed (I/O error)
E/NetlinkListener( 741): recvmsg failed (I/O error)
I/dex2oat (24100): dex2oat took 1.023s (threads: 4) arena alloc=162KB java alloc=1456KB native alloc=3MB free=4MB
I/PackageManager(23638): Running dexopt on: /system/priv-app/VpnDialogs/VpnDialogs.apk pkg=com.android.vpndialogs isa=arm vmSafeMode=false
I/dex2oat (24119): /system/bin/dex2oat --zip-fd=5 --zip-location=/system/priv-app/VpnDialogs/VpnDialogs.apk --oat-fd=6 --oat-location=/data/dalvik-cache/arm/system@priv-app@VpnDialogs@VpnDialogs.apk@classes.dex --instruction-set=arm --instruction-set-features=div --runtime-arg -Xms64m --runtime-arg -Xmx512m --swap-fd=7
I/dex2oat (24119): Decided to run without swap.
E/NetlinkListener( 741): recvmsg failed (I/O error)
E/NetlinkListener(23553): recvmsg failed (I/O error)
I/dex2oat (24119): dex2oat took 90.056ms (threads: 4) arena alloc=142KB java alloc=32KB native alloc=904KB free=7MB
I/PackageManager(23638): Running dexopt on: /system/app/HTMLViewer/HTMLViewer.apk pkg=com.android.htmlviewer isa=arm vmSafeMode=false
E/NetlinkListener(23553): recvmsg failed (I/O error)
E/NetlinkListener( 741): recvmsg failed (I/O error)
I/dex2oat (24128): /system/bin/dex2oat --zip-fd=5 --zip-location=/system/app/HTMLViewer/HTMLViewer.apk --oat-fd=6 --oat-location=/data/dalvik-cache/arm/system@app@HTMLViewer@HTMLViewer.apk@classes.dex --instruction-set=arm --instruction-set-features=div --runtime-arg -Xms64m --runtime-arg -Xmx512m --swap-fd=7
I/dex2oat (24128): Decided to run without swap.
I/dex2oat (24128): dex2oat took 103.531ms (threads: 4) arena alloc=65KB java alloc=75KB native alloc=1117KB free=6MB
I/PackageManager(23638): Running dexopt on: /system/app/PrintSpooler/PrintSpooler.apk pkg=com.android.printspooler isa=arm vmSafeMode=false
I/dex2oat (24136): /system/bin/dex2oat --zip-fd=5 --zip-location=/system/app/PrintSpooler/PrintSpooler.apk --oat-fd=6 --oat-location=/data/dalvik-cache/arm/system@app@PrintSpooler@PrintSpooler.apk@classes.dex --instruction-set=arm --instruction-set-features=div --runtime-arg -Xms64m --runtime-arg -Xmx512m --swap-fd=7
I/dex2oat (24136): Decided to run without swap.
E/NetlinkListener(23553): recvmsg failed (I/O error)
E/NetlinkListener( 741): recvmsg failed (I/O error)
E/NetlinkListener( 741): recvmsg failed (I/O error)
E/NetlinkListener(23553): recvmsg failed (I/O error)
E/qdhwcomposer( 1520): isValidDimension: layer handle is NULL
E/qdhwcomposer( 1520): isValidDimension: layer handle is NULL
E/qdoverlay( 1520): Bad ov dump: mdp_overlay z=0 fg=0 alpha=255 mask=-1 flags=0x220000 id=16
E/qdoverlay( 1520): src msmfb_img w=1152 h=1920 format=13 MDP_RGBA_8888
E/qdoverlay( 1520): src_rect mdp_rect x=0 y=0 w=1080 h=1920
E/qdoverlay( 1520): dst_rect mdp_rect x=0 y=0 w=1080 h=1920
I/dex2oat (24136): dex2oat took 889.939ms (threads: 4) arena alloc=536KB java alloc=972KB native alloc=3MB free=4MB
I/PackageManager(23638): Running dexopt on: /system/app/CaptivePortalLogin/CaptivePortalLogin.apk pkg=com.android.captiveportallogin isa=arm vmSafeMode=false
I/dex2oat (24154): /system/bin/dex2oat --zip-fd=5 --zip-location=/system/app/CaptivePortalLogin/CaptivePortalLogin.apk --oat-fd=6 --oat-location=/data/dalvik-cache/arm/system@app@CaptivePortalLogin@CaptivePortalLogin.apk@classes.dex --instruction-set=arm --instruction-set-features=div --runtime-arg -Xms64m --runtime-arg -Xmx512m --swap-fd=7
I/dex2oat (24154): Decided to run without swap.
E/NetlinkListener(23553): recvmsg failed (I/O error)
E/NetlinkListener( 741): recvmsg failed (I/O error)
E/NetlinkListener(23553): recvmsg failed (I/O error)
E/NetlinkListener( 741): recvmsg failed (I/O error)
I/dex2oat (24154): dex2oat took 132.348ms (threads: 4) arena alloc=109KB java alloc=79KB native alloc=1384KB free=6MB
I/PackageManager(23638): Running dexopt on: /system/app/HoloSpiralWallpaper/HoloSpiralWallpaper.apk pkg=com.android.wallpaper.holospiral isa=arm vmSafeMode=false
I/dex2oat (24165): /system/bin/dex2oat --zip-fd=5 --zip-location=/system/app/HoloSpiralWallpaper/HoloSpiralWallpaper.apk --oat-fd=6 --oat-location=/data/dalvik-cache/arm/system@app@HoloSpiralWallpaper@HoloSpiralWallpaper.apk@classes.dex --instruction-set=arm --instruction-set-features=div --runtime-arg -Xms64m --runtime-arg -Xmx512m --swap-fd=7
I/dex2oat (24165): Decided to run without swap.
I/dex2oat (24165): dex2oat took 96.426ms (threads: 4) arena alloc=106KB java alloc=130KB native alloc=1146KB free=6MB
I/PackageManager(23638): Running dexopt on: /system/priv-app/Mms/Mms.apk pkg=com.android.mms isa=arm vmSafeMode=false
I/dex2oat (24170): /system/bin/dex2oat --zip-fd=5 --zip-location=/system/priv-app/Mms/Mms.apk --oat-fd=6 --oat-location=/data/dalvik-cache/arm/system@priv-app@Mms@Mms.apk@classes.dex --instruction-set=arm --instruction-set-features=div --runtime-arg -Xms64m --runtime-arg -Xmx512m --swap-fd=7
I/dex2oat (24170): Decided to run without swap.
E/NetlinkListener(23553): recvmsg failed (I/O error)
E/NetlinkListener( 741): recvmsg failed (I/O error)
E/NetlinkListener(23553): recvmsg failed (I/O error)
E/NetlinkListener( 741): recvmsg failed (I/O error)
V/WLAN_PSA( 673): NL MSG, len[048], NL type[0x11] WNI type[0x5050] len[028]
V/WLAN_PSA( 673): NL MSG, PID: 673
I/dex2oat (24170): dex2oat took 1.369s (threads: 4) arena alloc=382KB java alloc=2014KB native alloc=4MB free=3MB
I/PackageManager(23638): Running dexopt on: /system/app/BluetoothExt/BluetoothExt.apk pkg=org.codeaurora.bluetooth isa=arm vmSafeMode=false
I/dex2oat (24189): /system/bin/dex2oat --zip-fd=5 --zip-location=/system/app/BluetoothExt/BluetoothExt.apk --oat-fd=6 --oat-location=/data/dalvik-cache/arm/system@app@BluetoothExt@BluetoothExt.apk@classes.dex --instruction-set=arm --instruction-set-features=div --runtime-arg -Xms64m --runtime-arg -Xmx512m --swap-fd=7
E/NetlinkListener( 741): recvmsg failed (I/O error)
E/NetlinkListener(23553): recvmsg failed (I/O error)
E/NetlinkListener(23553): recvmsg failed (I/O error)
E/NetlinkListener( 741): recvmsg failed (I/O error)
I/dex2oat (24189): Decided to run without swap.
E/NetlinkListener(23553): recvmsg failed (I/O error)
E/NetlinkListener( 741): recvmsg failed (I/O error)
E/NetlinkListener(23553): recvmsg failed (I/O error)
E/NetlinkListener( 741): recvmsg failed (I/O error)
I/dex2oat (24189): dex2oat took 345.567ms (threads: 4) arena alloc=58KB java alloc=434KB native alloc=2033KB free=6MB
I/PackageManager(23638): Running dexopt on: /system/app/Stk/Stk.apk pkg=com.android.stk isa=arm vmSafeMode=false
I/dex2oat (24213): /system/bin/dex2oat --zip-fd=5 --zip-location=/system/app/Stk/Stk.apk --oat-fd=6 --oat-location=/data/dalvik-cache/arm/system@app@Stk@Stk.apk@classes.dex --instruction-set=arm --instruction-set-features=div --runtime-arg -Xms64m --runtime-arg -Xmx512m --swap-fd=7
I/dex2oat (24213): Decided to run without swap.
I/dex2oat (24213): dex2oat took 113.847ms (threads: 4) arena alloc=66KB java alloc=143KB native alloc=1502KB free=6MB
I/PackageManager(23638): Running dexopt on: /system/priv-app/ExternalStorageProvider/ExternalStorageProvider.apk pkg=com.android.externalstorage isa=arm vmSafeMode=false
I/dex2oat (24218): /system/bin/dex2oat --zip-fd=5 --zip-location=/system/priv-app/ExternalStorageProvider/ExternalStorageProvider.apk --oat-fd=6 --oat-location=/data/dalvik-cache/arm/system@priv-app@ExternalStorageProvider@ExternalStorageProvider.apk@classes.dex --instruction-set=arm --instruction-set-features=div --runtime-arg -Xms64m --runtime-arg -Xmx512m --swap-fd=7
I/dex2oat (24218): Decided to run without swap.
I/dex2oat (24218): dex2oat took 75.573ms (threads: 4) arena alloc=92KB java alloc=37KB native alloc=1177KB free=6MB
I/PackageManager(23638): Running dexopt on: /system/app/DownloadProviderUi/DownloadProviderUi.apk pkg=com.android.providers.downloads.ui isa=arm vmSafeMode=false
I/dex2oat (24225): /system/bin/dex2oat --zip-fd=5 --zip-location=/system/app/DownloadProviderUi/DownloadProviderUi.apk --oat-fd=6 --oat-location=/data/dalvik-cache/arm/system@app@DownloadProviderUi@DownloadProviderUi.apk@classes.dex --instruction-set=arm --instruction-set-features=div --runtime-arg -Xms64m --runtime-arg -Xmx512m --swap-fd=7
I/dex2oat (24225): Decided to run without swap.
I/dex2oat (24225): dex2oat took 79.050ms (threads: 4) arena alloc=76KB java alloc=48KB native alloc=1383KB free=6MB
E/NetlinkListener(23553): recvmsg failed (I/O error)
E/NetlinkListener( 741): recvmsg failed (I/O error)
I/PackageManager(23638): Running dexopt on: /system/app/PhotoTable/PhotoTable.apk pkg=com.android.dreams.phototable isa=arm vmSafeMode=false
I/dex2oat (24233): /system/bin/dex2oat --zip-fd=5 --zip-location=/system/app/PhotoTable/PhotoTable.apk --oat-fd=6 --oat-location=/data/dalvik-cache/arm/system@app@PhotoTable@PhotoTable.apk@classes.dex --instruction-set=arm --instruction-set-features=div --runtime-arg -Xms64m --runtime-arg -Xmx512m --swap-fd=7
I/dex2oat (24233): Decided to run without swap.
I/dex2oat (24233): dex2oat took 218.638ms (threads: 4) arena alloc=94KB java alloc=154KB native alloc=1579KB free=6MB
I/PackageManager(23638): Running dexopt on: /system/app/QuickSearchBox/QuickSearchBox.apk pkg=com.android.quicksearchbox isa=arm vmSafeMode=false
I/dex2oat (24239): /system/bin/dex2oat --zip-fd=5 --zip-location=/system/app/QuickSearchBox/QuickSearchBox.apk --oat-fd=6 --oat-location=/data/dalvik-cache/arm/system@app@QuickSearchBox@QuickSearchBox.apk@classes.dex --instruction-set=arm --instruction-set-features=div --runtime-arg -Xms64m --runtime-arg -Xmx512m --swap-fd=7
I/dex2oat (24239): Decided to run without swap.
E/NetlinkListener(23553): recvmsg failed (I/O error)
E/NetlinkListener( 741): recvmsg failed (I/O error)
I/dex2oat (24239): dex2oat took 463.010ms (threads: 4) arena alloc=83KB java alloc=596KB native alloc=2MB free=5MB
I/PackageManager(23638): Running dexopt on: /system/app/UserDictionaryProvider/UserDictionaryProvider.apk pkg=com.android.providers.userdictionary isa=arm vmSafeMode=false
I/dex2oat (24250): /system/bin/dex2oat --zip-fd=5 --zip-location=/system/app/UserDictionaryProvider/UserDictionaryProvider.apk --oat-fd=6 --oat-location=/data/dalvik-cache/arm/system@app@UserDictionaryProvider@UserDictionaryProvider.apk@classes.dex --instruction-set=arm --instruction-set-features=div --runtime-arg -Xms64m --runtime-arg -Xmx512m --swap-fd=7
I/dex2oat (24250): Decided to run without swap.
I/dex2oat (24250): dex2oat took 102.988ms (threads: 4) arena alloc=108KB java alloc=20KB native alloc=1125KB free=6MB
I/PackageManager(23638): Running dexopt on: /system/app/Protips/Protips.apk pkg=com.android.protips isa=arm vmSafeMode=false
E/NetlinkListener(23553): recvmsg failed (I/O error)
E/NetlinkListener( 741): recvmsg failed (I/O error)
I/dex2oat (24255): /system/bin/dex2oat --zip-fd=5 --zip-location=/system/app/Protips/Protips.apk --oat-fd=6 --oat-location=/data/dalvik-cache/arm/system@app@Protips@Protips.apk@classes.dex --instruction-set=arm --instruction-set-features=div --runtime-arg -Xms64m --runtime-arg -Xmx512m --swap-fd=7
E/NetlinkListener(23553): recvmsg failed (I/O error)
E/NetlinkListener( 741): recvmsg failed (I/O error)
I/dex2oat (24255): Decided to run without swap.
I/dex2oat (24255): dex2oat took 88.060ms (threads: 4) arena alloc=111KB java alloc=5KB native alloc=859KB free=7MB
I/PackageManager(23638): Running dexopt on: /system/app/Camera2/Camera2.apk pkg=com.android.camera2 isa=arm vmSafeMode=false
I/dex2oat (24266): /system/bin/dex2oat --zip-fd=5 --zip-location=/system/app/Camera2/Camera2.apk --oat-fd=6 --oat-location=/data/dalvik-cache/arm/system@app@Camera2@Camera2.apk@classes.dex --instruction-set=arm --instruction-set-features=div --runtime-arg -Xms64m --runtime-arg -Xmx512m --swap-fd=7
I/dex2oat (24266): Decided to run without swap.
V/WLAN_PSA( 673): NL MSG, len[4091], NL type[0x1C] WNI type[0x5900] len[58127]
V/WLAN_PSA( 673): NL MSG, PID: 673
E/NetlinkListener( 741): recvmsg failed (I/O error)
E/NetlinkListener(23553): recvmsg failed (I/O error)
E/NetlinkListener( 741): recvmsg failed (I/O error)
E/NetlinkListener(23553): recvmsg failed (I/O error)
E/NetlinkListener(23553): recvmsg failed (I/O error)
E/NetlinkListener( 741): recvmsg failed (I/O error)
E/NetlinkListener(23553): recvmsg failed (I/O error)
E/NetlinkListener( 741): recvmsg failed (I/O error)
I/dex2oat (24266): dex2oat took 1.559s (threads: 4) arena alloc=166KB java alloc=2MB native alloc=4MB free=7MB
I/PackageManager(23638): Running dexopt on: /system/app/Email/Email.apk pkg=com.android.email isa=arm vmSafeMode=false
E/NetlinkListener(23553): recvmsg failed (I/O error)
E/NetlinkListener( 741): recvmsg failed (I/O error)
I/dex2oat (24293): /system/bin/dex2oat --zip-fd=5 --zip-location=/system/app/Email/Email.apk --oat-fd=6 --oat-location=/data/dalvik-cache/arm/system@app@Email@Email.apk@classes.dex --instruction-set=arm --instruction-set-features=div --runtime-arg -Xms64m --runtime-arg -Xmx512m --swap-fd=7
E/NetlinkListener(23553): recvmsg failed (I/O error)
E/NetlinkListener( 741): recvmsg failed (I/O error)
I/dex2oat (24293): Decided to run without swap.
E/NetlinkListener(23553): recvmsg failed (I/O error)
E/NetlinkListener( 741): recvmsg failed (I/O error)
E/NetlinkListener(23553): recvmsg failed (I/O error)
E/NetlinkListener( 741): recvmsg failed (I/O error)
V/WLAN_PSA( 673): NL MSG, len[048], NL type[0x11] WNI type[0x5050] len[028]
V/WLAN_PSA( 673): NL MSG, PID: 673
E/NetlinkListener( 741): recvmsg failed (I/O error)
E/NetlinkListener(23553): recvmsg failed (I/O error)
E/NetlinkListener(23553): recvmsg failed (I/O error)
E/NetlinkListener( 741): recvmsg failed (I/O error)
E/NetlinkListener(23553): recvmsg failed (I/O error)
E/NetlinkListener( 741): recvmsg failed (I/O error)
E/NetlinkListener(23553): recvmsg failed (I/O error)
E/NetlinkListener( 741): recvmsg failed (I/O error)
E/NetlinkListener(23553): recvmsg failed (I/O error)
E/NetlinkListener( 741): recvmsg failed (I/O error)
V/WLAN_PSA( 673): NL MSG, len[4031], NL type[0x1C] WNI type[0x5900] len[42767]
V/WLAN_PSA( 673): NL MSG, PID: 673
E/NetlinkListener(23553): recvmsg failed (I/O error)
E/NetlinkListener( 741): recvmsg failed (I/O error)
I/dex2oat (24293): dex2oat took 3.862s (threads: 4) arena alloc=212KB java alloc=5MB native alloc=10MB free=5MB
I/PackageManager(23638): Running dexopt on: /system/app/CertInstaller/CertInstaller.apk pkg=com.android.certinstaller isa=arm vmSafeMode=false
I/dex2oat (24343): /system/bin/dex2oat --zip-fd=5 --zip-location=/system/app/CertInstaller/CertInstaller.apk --oat-fd=6 --oat-location=/data/dalvik-cache/arm/system@app@CertInstaller@CertInstaller.apk@classes.dex --instruction-set=arm --instruction-set-features=div --runtime-arg -Xms64m --runtime-arg -Xmx512m --swap-fd=7
I/dex2oat (24343): Decided to run without swap.
I/dex2oat (24343): dex2oat took 74.589ms (threads: 4) arena alloc=125KB java alloc=82KB native alloc=1296KB free=6MB
I/PackageManager(23638): Running dexopt on: /system/app/Calculator/Calculator.apk pkg=com.android.calculator2 isa=arm vmSafeMode=false
I/dex2oat (24348): /system/bin/dex2oat --zip-fd=5 --zip-location=/system/app/Calculator/Calculator.apk --oat-fd=6 --oat-location=/data/dalvik-cache/arm/system@app@Calculator@Calculator.apk@classes.dex --instruction-set=arm --instruction-set-features=div --runtime-arg -Xms64m --runtime-arg -Xmx512m --swap-fd=7
I/dex2oat (24348): Decided to run without swap.
E/qdhwcomposer( 1520): isValidDimension: layer handle is NULL
E/qdhwcomposer( 1520): isValidDimension: layer handle is NULL
E/qdoverlay( 1520): Bad ov dump: mdp_overlay z=0 fg=0 alpha=255 mask=-1 flags=0x220000 id=16
E/qdoverlay( 1520): src msmfb_img w=1152 h=1920 format=13 MDP_RGBA_8888
E/qdoverlay( 1520): src_rect mdp_rect x=0 y=0 w=1080 h=1920
E/qdoverlay( 1520): dst_rect mdp_rect x=0 y=0 w=1080 h=1920
E/NetlinkListener( 741): recvmsg failed (I/O error)
E/NetlinkListener(23553): recvmsg failed (I/O error)
E/NetlinkListener( 741): recvmsg failed (I/O error)
E/NetlinkListener(23553): recvmsg failed (I/O error)
I/dex2oat (24348): dex2oat took 1.071s (threads: 4) arena alloc=124KB java alloc=758KB native alloc=2MB free=5MB
I/PackageManager(23638): Running dexopt on: /system/priv-app/VoiceDialer/VoiceDialer.apk pkg=com.android.voicedialer isa=arm vmSafeMode=false
I/dex2oat (24368): /system/bin/dex2oat --zip-fd=5 --zip-location=/system/priv-app/VoiceDialer/VoiceDialer.apk --oat-fd=6 --oat-location=/data/dalvik-cache/arm/system@priv-app@VoiceDialer@VoiceDialer.apk@classes.dex --instruction-set=arm --instruction-set-features=div --runtime-arg -Xms64m --runtime-arg -Xmx512m --swap-fd=7
I/dex2oat (24368): Decided to run without swap.
I/dex2oat (24368): dex2oat took 195.191ms (threads: 4) arena alloc=337KB java alloc=90KB native alloc=1765KB free=6MB
I/PackageManager(23638): Running dexopt on: /system/priv-app/ProgrammableButton/ProgrammableButton.apk pkg=com.fairphone.programmablebutton isa=arm vmSafeMode=false
I/dex2oat (24373): /system/bin/dex2oat --zip-fd=5 --zip-location=/system/priv-app/ProgrammableButton/ProgrammableButton.apk --oat-fd=6 --oat-location=/data/dalvik-cache/arm/system@priv-app@ProgrammableButton@ProgrammableButton.apk@classes.dex --instruction-set=arm --instruction-set-features=div --runtime-arg -Xms64m --runtime-arg -Xmx512m --swap-fd=7
I/dex2oat (24373): Decided to run without swap.
V/WLAN_PSA( 673): NL MSG, len[048], NL type[0x11] WNI type[0x5050] len[028]
V/WLAN_PSA( 673): NL MSG, PID: 673
I/dex2oat (24373): dex2oat took 598.490ms (threads: 4) arena alloc=221KB java alloc=392KB native alloc=2MB free=5MB
I/PackageManager(23638): Running dexopt on: /system/app/LiveWallpapersPicker/LiveWallpapersPicker.apk pkg=com.android.wallpaper.livepicker isa=arm vmSafeMode=false
I/dex2oat (24378): /system/bin/dex2oat --zip-fd=5 --zip-location=/system/app/LiveWallpapersPicker/LiveWallpapersPicker.apk --oat-fd=6 --oat-location=/data/dalvik-cache/arm/system@app@LiveWallpapersPicker@LiveWallpapersPicker.apk@classes.dex --instruction-set=arm --instruction-set-features=div --runtime-arg -Xms64m --runtime-arg -Xmx512m --swap-fd=7
I/dex2oat (24378): Decided to run without swap.
I/dex2oat (24378): dex2oat took 70.086ms (threads: 4) arena alloc=91KB java alloc=57KB native alloc=1402KB free=6MB
I/PackageManager(23638): Running dexopt on: /system/app/Exchange2/Exchange2.apk pkg=com.android.exchange isa=arm vmSafeMode=false
I/dex2oat (24383): /system/bin/dex2oat --zip-fd=5 --zip-location=/system/app/Exchange2/Exchange2.apk --oat-fd=6 --oat-location=/data/dalvik-cache/arm/system@app@Exchange2@Exchange2.apk@classes.dex --instruction-set=arm --instruction-set-features=div --runtime-arg -Xms64m --runtime-arg -Xmx512m --swap-fd=7
E/NetlinkListener( 741): recvmsg failed (I/O error)
E/NetlinkListener(23553): recvmsg failed (I/O error)
E/NetlinkListener(23553): recvmsg failed (I/O error)
E/NetlinkListener( 741): recvmsg failed (I/O error)
I/dex2oat (24383): Decided to run without swap.
E/NetlinkListener(23553): recvmsg failed (I/O error)
E/NetlinkListener( 741): recvmsg failed (I/O error)
E/NetlinkListener(23553): recvmsg failed (I/O error)
E/NetlinkListener( 741): recvmsg failed (I/O error)
E/NetlinkListener(23553): recvmsg failed (I/O error)
E/NetlinkListener( 741): recvmsg failed (I/O error)
E/NetlinkListener( 741): recvmsg failed (I/O error)
E/NetlinkListener(23553): recvmsg failed (I/O error)
V/WLAN_PSA( 673): NL MSG, len[4006], NL type[0x1C] WNI type[0x5900] len[36367]
V/WLAN_PSA( 673): NL MSG, PID: 673
E/NetlinkListener(23553): recvmsg failed (I/O error)
E/NetlinkListener( 741): recvmsg failed (I/O error)
I/dex2oat (24383): dex2oat took 2.852s (threads: 4) arena alloc=357KB java alloc=3MB native alloc=6MB free=9MB
I/PackageManager(23638): Running dexopt on: /system/app/Provision/Provision.apk pkg=com.android.provision isa=arm vmSafeMode=false
I/dex2oat (24420): /system/bin/dex2oat --zip-fd=5 --zip-location=/system/app/Provision/Provision.apk --oat-fd=6 --oat-location=/data/dalvik-cache/arm/system@app@Provision@Provision.apk@classes.dex --instruction-set=arm --instruction-set-features=div --runtime-arg -Xms64m --runtime-arg -Xmx512m --swap-fd=7
I/dex2oat (24420): Decided to run without swap.
I/dex2oat (24420): dex2oat took 49.568ms (threads: 4) arena alloc=35KB java alloc=7KB native alloc=586KB free=7MB
I/PackageManager(23638): Running dexopt on: /system/app/Calendar/Calendar.apk pkg=com.android.calendar isa=arm vmSafeMode=false
I/dex2oat (24425): /system/bin/dex2oat --zip-fd=5 --zip-location=/system/app/Calendar/Calendar.apk --oat-fd=6 --oat-location=/data/dalvik-cache/arm/system@app@Calendar@Calendar.apk@classes.dex --instruction-set=arm --instruction-set-features=div --runtime-arg -Xms64m --runtime-arg -Xmx512m --swap-fd=7
E/NetlinkListener( 741): recvmsg failed (I/O error)
E/NetlinkListener(23553): recvmsg failed (I/O error)
I/dex2oat (24425): Decided to run without swap.
E/NetlinkListener( 741): recvmsg failed (I/O error)
E/NetlinkListener(23553): recvmsg failed (I/O error)
E/NetlinkListener( 741): recvmsg failed (I/O error)
E/NetlinkListener(23553): recvmsg failed (I/O error)
I/dex2oat (24425): dex2oat took 1.243s (threads: 4) arena alloc=61KB java alloc=1981KB native alloc=4MB free=3MB
I/PackageManager(23638): Running dexopt on: /system/priv-app/FairphoneUpdater/FairphoneUpdater.apk pkg=com.fairphone.updater isa=arm vmSafeMode=false
I/dex2oat (24446): /system/bin/dex2oat --zip-fd=5 --zip-location=/system/priv-app/FairphoneUpdater/FairphoneUpdater.apk --oat-fd=6 --oat-location=/data/dalvik-cache/arm/system@priv-app@FairphoneUpdater@FairphoneUpdater.apk@classes.dex --instruction-set=arm --instruction-set-features=div --runtime-arg -Xms64m --runtime-arg -Xmx512m --swap-fd=7
E/NetlinkListener(23553): recvmsg failed (I/O error)
E/NetlinkListener( 741): recvmsg failed (I/O error)
E/NetlinkListener(23553): recvmsg failed (I/O error)
E/NetlinkListener( 741): recvmsg failed (I/O error)
I/dex2oat (24446): Decided to run without swap.
E/NetlinkListener( 741): recvmsg failed (I/O error)
E/NetlinkListener(23553): recvmsg failed (I/O error)
E/NetlinkListener(23553): recvmsg failed (I/O error)
E/NetlinkListener( 741): recvmsg failed (I/O error)
E/NetlinkListener(23553): recvmsg failed (I/O error)
E/NetlinkListener( 741): recvmsg failed (I/O error)
V/WLAN_PSA( 673): NL MSG, len[048], NL type[0x11] WNI type[0x5050] len[028]
V/WLAN_PSA( 673): NL MSG, PID: 673
E/NetlinkListener(23553): recvmsg failed (I/O error)
E/NetlinkListener( 741): recvmsg failed (I/O error)
I/dex2oat (24446): dex2oat took 947.610ms (threads: 4) arena alloc=242KB java alloc=846KB native alloc=2MB free=5MB
I/PackageManager(23638): Running dexopt on: /system/priv-app/MusicFX/MusicFX.apk pkg=com.android.musicfx isa=arm vmSafeMode=false
I/dex2oat (24479): /system/bin/dex2oat --zip-fd=5 --zip-location=/system/priv-app/MusicFX/MusicFX.apk --oat-fd=6 --oat-location=/data/dalvik-cache/arm/system@priv-app@MusicFX@MusicFX.apk@classes.dex --instruction-set=arm --instruction-set-features=div --runtime-arg -Xms64m --runtime-arg -Xmx512m --swap-fd=7
I/dex2oat (24479): Decided to run without swap.
E/NetlinkListener(23553): recvmsg failed (I/O error)
E/NetlinkListener( 741): recvmsg failed (I/O error)
I/dex2oat (24479): dex2oat took 245.588ms (threads: 4) arena alloc=1113KB java alloc=106KB native alloc=1639KB free=6MB
I/PackageManager(23638): Running dexopt on: /system/app/DocumentsUI/DocumentsUI.apk pkg=com.android.documentsui isa=arm vmSafeMode=false
I/dex2oat (24487): /system/bin/dex2oat --zip-fd=5 --zip-location=/system/app/DocumentsUI/DocumentsUI.apk --oat-fd=6 --oat-location=/data/dalvik-cache/arm/system@app@DocumentsUI@DocumentsUI.apk@classes.dex --instruction-set=arm --instruction-set-features=div --runtime-arg -Xms64m --runtime-arg -Xmx512m --swap-fd=7
I/dex2oat (24487): Decided to run without swap.
E/NetlinkListener(23553): recvmsg failed (I/O error)
E/NetlinkListener( 741): recvmsg failed (I/O error)
E/NetlinkListener(23553): recvmsg failed (I/O error)
E/NetlinkListener( 741): recvmsg failed (I/O error)
E/NetlinkListener( 741): recvmsg failed (I/O error)
E/NetlinkListener(23553): recvmsg failed (I/O error)
I/dex2oat (24487): dex2oat took 1.044s (threads: 4) arena alloc=56KB java alloc=974KB native alloc=2MB free=5MB
I/PackageManager(23638): Running dexopt on: /system/priv-app/BackupRestoreConfirmation/BackupRestoreConfirmation.apk pkg=com.android.backupconfirm isa=arm vmSafeMode=false
I/dex2oat (24507): /system/bin/dex2oat --zip-fd=5 --zip-location=/system/priv-app/BackupRestoreConfirmation/BackupRestoreConfirmation.apk --oat-fd=6 --oat-location=/data/dalvik-cache/arm/system@priv-app@BackupRestoreConfirmation@BackupRestoreConfirmation.apk@classes.dex --instruction-set=arm --instruction-set-features=div --runtime-arg -Xms64m --runtime-arg -Xmx512m --swap-fd=7
I/dex2oat (24507): Decided to run without swap.
I/dex2oat (24507): dex2oat took 97.455ms (threads: 4) arena alloc=97KB java alloc=25KB native alloc=1376KB free=6MB
I/PackageManager(23638): Running dexopt on: /system/app/Amaze/Amaze.apk pkg=com.amaze.filemanager isa=arm vmSafeMode=false
E/NetlinkListener(23553): recvmsg failed (I/O error)
E/NetlinkListener( 741): recvmsg failed (I/O error)
I/dex2oat (24516): /system/bin/dex2oat --zip-fd=5 --zip-location=/system/app/Amaze/Amaze.apk --oat-fd=6 --oat-location=/data/dalvik-cache/arm/system@app@Amaze@Amaze.apk@classes.dex --instruction-set=arm --instruction-set-features=div --runtime-arg -Xms64m --runtime-arg -Xmx512m --swap-fd=7
E/NetlinkListener( 741): recvmsg failed (I/O error)
E/NetlinkListener(23553): recvmsg failed (I/O error)
E/NetlinkListener(23553): recvmsg failed (I/O error)
E/NetlinkListener( 741): recvmsg failed (I/O error)
E/NetlinkListener( 741): recvmsg failed (I/O error)
E/NetlinkListener(23553): recvmsg failed (I/O error)
I/dex2oat (24516): Decided to run without swap.
E/NetlinkListener(23553): recvmsg failed (I/O error)
E/NetlinkListener( 741): recvmsg failed (I/O error)
W/dex2oat (24516): Before Android 4.1, method int android.support.v7.internal.widget.ListViewCompat.lookForSelectablePosition(int, boolean) would have incorrectly overridden the package-private method in android.widget.ListView
E/NetlinkListener(23553): recvmsg failed (I/O error)
E/NetlinkListener( 741): recvmsg failed (I/O error)
V/WLAN_PSA( 673): NL MSG, len[4025], NL type[0x1C] WNI type[0x5900] len[41231]
V/WLAN_PSA( 673): NL MSG, PID: 673
V/WLAN_PSA( 673): NL MSG, len[048], NL type[0x11] WNI type[0x5050] len[028]
V/WLAN_PSA( 673): NL MSG, PID: 673
E/NetlinkListener(23553): recvmsg failed (I/O error)
E/NetlinkListener( 741): recvmsg failed (I/O error)
E/NetlinkListener(23553): recvmsg failed (I/O error)
E/NetlinkListener( 741): recvmsg failed (I/O error)
I/dex2oat (24516): dex2oat took 3.775s (threads: 4) arena alloc=592KB java alloc=6MB native alloc=11MB free=8MB
I/PackageManager(23638): Running dexopt on: /system/priv-app/SharedStorageBackup/SharedStorageBackup.apk pkg=com.android.sharedstoragebackup isa=arm vmSafeMode=false
I/dex2oat (24544): /system/bin/dex2oat --zip-fd=5 --zip-location=/system/priv-app/SharedStorageBackup/SharedStorageBackup.apk --oat-fd=6 --oat-location=/data/dalvik-cache/arm/system@priv-app@SharedStorageBackup@SharedStorageBackup.apk@classes.dex --instruction-set=arm --instruction-set-features=div --runtime-arg -Xms64m --runtime-arg -Xmx512m --swap-fd=7
I/dex2oat (24544): Decided to run without swap.
I/dex2oat (24544): dex2oat took 45.230ms (threads: 4) arena alloc=71KB java alloc=22KB native alloc=740KB free=7MB
I/PackageManager(23638): Running dexopt on: /system/app/PackageInstaller/PackageInstaller.apk pkg=com.android.packageinstaller isa=arm vmSafeMode=false
I/dex2oat (24549): /system/bin/dex2oat --zip-fd=5 --zip-location=/system/app/PackageInstaller/PackageInstaller.apk --oat-fd=6 --oat-location=/data/dalvik-cache/arm/system@app@PackageInstaller@PackageInstaller.apk@classes.dex --instruction-set=arm --instruction-set-features=div --runtime-arg -Xms64m --runtime-arg -Xmx512m --swap-fd=7
I/dex2oat (24549): Decided to run without swap.
E/NetlinkListener(23553): recvmsg failed (I/O error)
E/NetlinkListener( 741): recvmsg failed (I/O error)
E/NetlinkListener(23553): recvmsg failed (I/O error)
E/NetlinkListener( 741): recvmsg failed (I/O error)
I/dex2oat (24549): dex2oat took 682.709ms (threads: 4) arena alloc=61KB java alloc=542KB native alloc=2MB free=5MB
I/PackageManager(23638): Running dexopt on: /system/app/BasicDreams/BasicDreams.apk pkg=com.android.dreams.basic isa=arm vmSafeMode=false
I/dex2oat (24567): /system/bin/dex2oat --zip-fd=5 --zip-location=/system/app/BasicDreams/BasicDreams.apk --oat-fd=6 --oat-location=/data/dalvik-cache/arm/system@app@BasicDreams@BasicDreams.apk@classes.dex --instruction-set=arm --instruction-set-features=div --runtime-arg -Xms64m --runtime-arg -Xmx512m --swap-fd=7
I/dex2oat (24567): Decided to run without swap.
I/dex2oat (24567): dex2oat took 101.801ms (threads: 4) arena alloc=53KB java alloc=29KB native alloc=1392KB free=6MB
I/SystemServer(23638): LockSettingsService
I/SystemServiceManager(23638): Starting com.android.server.devicepolicy.DevicePolicyManagerService$Lifecycle
E/NetlinkListener(23553): recvmsg failed (I/O error)
E/NetlinkListener( 741): recvmsg failed (I/O error)
I/SystemServer(23638): Status Bar
I/SystemServer(23638): Clipboard Service
D/EntSec (23638): [QSB ] [QSB_CLIENT ] QualcommSecurityBridge: ClipboardManager
I/EntSec (23638): [QSB ] [PORT_SWITCH] QSB Client Thread created
I/SystemServer(23638): Text Service Manager Service
I/EntSec (23638): [QSB ] [PORT_SWITCH] QSB Port Switching Thread start running...
D/EntSec (23638): [QSB ] [PORT_SWITCH] Creating NQS Communicator instance
D/EntSec (23638): [QSB ] [NQS_CONECTOR] Trying to open a local socket
E/EntSec (23638): [QSB ] [NQS_CONECTOR] Failed to create and connect a local socket. [Error Description: No such file or directory ]
E/EntSec (23638): [QSB ] [NQS_CONECTOR] Failed to connect to the NQS [Error Description: No such file or directory ]
D/EntSec (23638): [QSB ] [PORT_SWITCH] NQS Communicator is disconnected
E/EntSec (23638): [QSB ] [PORT_SWITCH] No connection with the NQS; QSB initializes with the default port
I/EntSec (23638): [QSB ] [QSB_CLIENT ] Revert Loading port completed successfully
E/EntSec (23638): [QSB ] [PORT_SWITCH] QSB Port Switching Thread stop running.
I/SystemServer(23638): Network Score Service
I/SystemServer(23638): NetworkStats Service
I/SystemServer(23638): NetworkPolicy Service
I/SystemServiceManager(23638): Starting com.android.server.wifi.p2p.WifiP2pService
I/WifiP2pService(23638): Registering wifip2p
I/SystemServiceManager(23638): Starting com.android.server.wifi.WifiService
E/WifiConfigStore(23638): associatedPartialScanPeriodMilli set to 20000
E/WifiStateMachine(23638): completeConstruction: E
E/WifiStateMachine(23638): completeConstruction: maxDepth=3
E/WifiStateMachine(23638): setupInitialStateStack: E mInitialState=InitialState
E/WifiStateMachine(23638): moveTempStackToStateStack: i=1,j=0
E/WifiStateMachine(23638): moveTempStackToStateStack: i=0,j=1
E/WifiStateMachine(23638): moveTempStackToStateStack: X mStateStackTop=1,startingIndex=0,Top=InitialState
E/WifiStateMachine(23638): completeConstruction: X
E/WifiStateMachine(23638): handleMessage: E msg.what=-2
E/WifiStateMachine(23638): invokeEnterMethods: DefaultState
E/WifiStateMachine(23638): invokeEnterMethods: InitialState
E/WifiStateMachine(23638): transitionTo: destState=ConnectedState
E/WifiStateMachine(23638): handleMessage: new destination call exit/enter
E/WifiStateMachine(23638): setupTempStateStackWithStatesToEnter: X mTempStateStackCount=1,curStateInfo: state=InitialState,active=true,parent=DefaultState
E/WifiStateMachine(23638): moveTempStackToStateStack: i=0,j=2
E/WifiStateMachine(23638): moveTempStackToStateStack: X mStateStackTop=2,startingIndex=2,Top=ConnectedState
E/WifiStateMachine(23638): invokeEnterMethods: ConnectedState
E/WifiStateMachine(23638): ConnectedState Enter mScreenOn=false scanperiod=20000
E/WifiStateMachine(23638): handleMessage: X
E/WifiStateMachine(23638): handleMessage: E msg.what=131154
E/WifiStateMachine(23638): processMsg: ConnectedState
E/WifiStateMachine(23638): handleMessage: X
I/WifiService(23638): Registering wifi
I/SystemServiceManager(23638): Starting com.android.server.wifi.WifiScanningService
I/WifiScanningService(23638): Creating wifiscanner
I/WifiScanningService(23638): Starting wifiscanner
I/SystemServiceManager(23638): Starting com.android.server.wifi.RttService
I/RttService(23638): Creating rttmanager
I/RttService(23638): Starting rttmanager
I/SystemServer(23638): Connectivity Service
D/ConnectivityService(23638): ConnectivityService starting up
D/ConnectivityService(23638): wifiOnly=true
D/ConnectivityService(23638): networkAttributes - ignoring mobile as this dev is wifiOnly 0
D/ConnectivityService(23638): networkAttributes - ignoring mobile as this dev is wifiOnly 2
D/ConnectivityService(23638): networkAttributes - ignoring mobile as this dev is wifiOnly 3
D/ConnectivityService(23638): networkAttributes - ignoring mobile as this dev is wifiOnly 4
D/ConnectivityService(23638): networkAttributes - ignoring mobile as this dev is wifiOnly 5
D/ConnectivityService(23638): networkAttributes - ignoring mobile as this dev is wifiOnly 10
D/ConnectivityService(23638): networkAttributes - ignoring mobile as this dev is wifiOnly 11
D/ConnectivityService(23638): networkAttributes - ignoring mobile as this dev is wifiOnly 12
E/ConnectivityService(23638): Ignoring protectedNetwork 10
E/ConnectivityService(23638): Ignoring protectedNetwork 11
E/ConnectivityService(23638): Ignoring protectedNetwork 12
E/ConnectivityService(23638): Ignoring protectedNetwork 14
E/ConnectivityService(23638): Ignoring protectedNetwork 15
I/SystemServer(23638): Network Service Discovery Service
D/NsdService(23638): Network service discovery enabled true
I/SystemServer(23638): DPM Service
I/SystemServer(23638): DPM configuration set to 0
I/SystemServer(23638): UpdateLock Service
I/SystemServiceManager(23638): Starting com.android.server.notification.NotificationManagerService
D/ZenLog (23638): set_zen_mode: off,setting
I/SystemServiceManager(23638): Starting com.android.server.storage.DeviceStorageMonitorService
I/SystemServer(23638): Location Manager
I/SystemServer(23638): Country Detector
I/SystemServer(23638): Search Service
I/SystemServer(23638): DropBox Service
I/SystemServer(23638): Wallpaper Service
I/SystemServer(23638): Audio Service
E/AudioPolicyManager(23550): unknown stream type 13
E/AudioPolicyManager(23550): unknown stream type 13
E/AudioPolicyManager(23550): unknown stream type 13
E/AudioPolicyManager(23550): unknown stream type 13
E/AudioPolicyManager(23550): unknown stream type 13
E/AudioPolicyManager(23550): unknown stream type 13
F/libc (23550): Fatal signal 11 (SIGSEGV), code 1, fault addr 0xc4 in tid 23759 (Binder_2)
W/TelecomManager(23638): Telecom Service not found.
D/audio_hw_primary(23552): adev_set_mic_mute state 0
I/DEBUG ( 666): *** *** *** *** *** *** *** *** *** *** *** *** *** *** *** ***
I/DEBUG ( 666): Build fingerprint: 'Fairphone/FP2/FP2:5.1/FP2/fp2-sibon-16.11.0:userdebug/release-keys'
I/DEBUG ( 666): Revision: '0'
I/DEBUG ( 666): ABI: 'arm'
I/DEBUG ( 666): pid: 23550, tid: 23759, name: Binder_2 >>> /usr/libexec/droid-hybris/system/bin/minimediaservice <<<
I/DEBUG ( 666): signal 11 (SIGSEGV), code 1 (SEGV_MAPERR), fault addr 0xc4
I/DEBUG ( 666): r0 00000000 r1 00000002 r2 00000000 r3 00000008
I/DEBUG ( 666): r4 00000000 r5 00000000 r6 00000002 r7 00000000
I/DEBUG ( 666): r8 00000000 r9 00000000 sl 00000001 fp 00005bfe
I/DEBUG ( 666): ip b55ff7e0 sp b55ffc90 lr b68488eb pc b684884e cpsr 600f0030
I/DEBUG ( 666):
I/DEBUG ( 666): backtrace:
I/DEBUG ( 666): #00 pc 0000f84e /system/lib/libaudiopolicymanagerdefault.so (_ZNK7android18AudioPolicyManager21AudioOutputDescriptor14isStreamActiveE19audio_stream_type_tjx+9)
I/DEBUG ( 666): #01 pc 0000f8e7 /system/lib/libaudiopolicymanagerdefault.so (_ZNK7android18AudioPolicyManager21AudioOutputDescriptor16isStrategyActiveENS0_16routing_strategyEjx+62)
I/DEBUG ( 666): #02 pc 000139f1 /system/lib/libaudiopolicymanagerdefault.so (_ZN7android18AudioPolicyManager18getNewOutputDeviceEib+260)
I/DEBUG ( 666): #03 pc 00017651 /system/lib/libaudiopolicymanagerdefault.so (_ZN7android18AudioPolicyManager11setForceUseE24audio_policy_force_use_t25audio_policy_forced_cfg_t+296)
I/DEBUG ( 666): #04 pc 00008e49 /system/lib/libaudiopolicyservice.so
I/DEBUG ( 666): #05 pc 0006667d /system/lib/libmedia.so (_ZN7android20BnAudioPolicyService10onTransactEjRKNS_6ParcelEPS1_j+1464)
I/DEBUG ( 666): #06 pc 00017fad /system/lib/libbinder.so (_ZN7android7BBinder8transactEjRKNS_6ParcelEPS1_j+60)
I/DEBUG ( 666): #07 pc 0001cf89 /system/lib/libbinder.so (_ZN7android14IPCThreadState14executeCommandEi+564)
I/DEBUG ( 666): #08 pc 0001d0bb /system/lib/libbinder.so (_ZN7android14IPCThreadState20getAndExecuteCommandEv+38)
I/DEBUG ( 666): #09 pc 0001d0fd /system/lib/libbinder.so (_ZN7android14IPCThreadState14joinThreadPoolEb+48)
I/DEBUG ( 666): #10 pc 0002127f /system/lib/libbinder.so
I/DEBUG ( 666): #11 pc 0000ef5d /system/lib/libutils.so (_ZN7android6Thread11_threadLoopEPv+112)
I/DEBUG ( 666): #12 pc 0000eacd /system/lib/libutils.so
I/DEBUG ( 666): #13 pc 00013fc3 /system/lib/libc.so (_ZL15__pthread_startPv+30)
I/DEBUG ( 666): #14 pc 00011f0b /system/lib/libc.so (__start_thread+6)
E/NetlinkListener(23553): recvmsg failed (I/O error)
E/NetlinkListener( 741): recvmsg failed (I/O error)
I/DEBUG ( 666):
I/DEBUG ( 666): Tombstone written to: /data/tombstones/tombstone_02
I/ServiceManager(23544): service 'media.player' died
I/ServiceManager(23544): service 'media.audio_policy' died
I/ServiceManager(23544): service 'media.camera' died
W/AudioSystem(23638): AudioPolicyService server died!
I/ServiceManager(23638): Waiting for service media.audio_policy...
V/WLAN_PSA( 673): NL MSG, len[4009], NL type[0x1C] WNI type[0x5900] len[37135]
V/WLAN_PSA( 673): NL MSG, PID: 673
E/MediaPlayerFactory(24595): calling dlopen on FACTORY_LIB
E/MediaPlayerFactory(24595): calling dlsym on pFactoryLib for FACTORY_CREATE_FN
E/MediaPlayerFactory(24595): registering DASH Player factory...
I/CameraService(24595): CameraService started (pid=24595)
D/mm-camera-intf(24595): get_num_of_cameras gMmCameraIntfLogLevel=1
E/mm-camera-intf(24595): entity id 1
E/mm-camera-intf(24595): entity name video0 type 65537 group id 2
E/mm-camera-intf(24595): entity id 2
E/mm-camera-intf(24595): entity name msm_cci type 131072 group id 0
E/mm-camera-intf(24595): entity id 3
E/mm-camera-intf(24595): entity name v4l-subdev0 type 131072 group id 0
E/mm-camera-intf(24595): entity id 4
E/mm-camera-intf(24595): entity name v4l-subdev1 type 131072 group id 0
E/mm-camera-intf(24595): entity id 5
E/mm-camera-intf(24595): entity name v4l-subdev2 type 131072 group id 0
E/mm-camera-intf(24595): entity id 6
E/mm-camera-intf(24595): entity name v4l-subdev3 type 131072 group id 1
E/mm-camera-intf(24595): entity id 7
E/mm-camera-intf(24595): entity name v4l-subdev4 type 131072 group id 1
E/mm-camera-intf(24595): entity id 8
E/mm-camera-intf(24595): entity name v4l-subdev5 type 131072 group id 1
E/mm-camera-intf(24595): entity id 9
E/mm-camera-intf(24595): entity name v4l-subdev6 type 131072 group id 1
E/mm-camera-intf(24595): entity id 10
E/mm-camera-intf(24595): entity name v4l-subdev7 type 131072 group id 7
E/mm-camera-intf(24595): entity id 11
E/mm-camera-intf(24595): entity name v4l-subdev8 type 131072 group id 7
E/mm-camera-intf(24595): entity id 12
E/mm-camera-intf(24595): entity name v4l-subdev9 type 131072 group id 11
E/mm-camera-intf(24595): entity id 13
E/mm-camera-intf(24595): entity name v4l-subdev10 type 131072 group id 8
E/mm-camera-intf(24595): entity id 14
E/mm-camera-intf(24595): entity name v4l-subdev11 type 131072 group id 14
E/mm-camera-intf(24595): entity id 1
E/mm-camera-intf(24595): entity name video1 type 65537 group id 2
E/mm-camera-intf(24595): entity id 2
E/mm-camera-intf(24595): Done enumerating media entities
E/mm-camera-intf(24595): entity id 1
E/mm-camera-intf(24595): entity name video2 type 65537 group id 2
E/mm-camera-intf(24595): entity id 2
E/mm-camera-intf(24595): Done enumerating media entities
D/mm-camera-intf(24595): index = 0 flag = 1 mount_angle = 90 facing = 0
D/mm-camera-intf(24595): index = 1 flag = 103 mount_angle = 270 facing = 1
I/CameraService(24595): Loaded "QCamera Module" camera module
I/AudioPolicyService(24595): AudioPolicyService CSTOR in new mode
I/AudioPolicyManager(24595): loadAudioPolicyConfig() loaded /system/etc/audio_policy.conf
W/AudioFlinger(23552): loadHwModule() module primary already loaded
D/audio_hw_primary(23552): adev_open_output_stream: enter: sample_rate(48000) channel_mask(0x3) devices(0x2) flags(0x2) stream_handle(0xb4c49140)
E/audio_hw_primary(23552): adev_open_output_stream: Primary output is already opened
D/audio_hw_primary(23552): adev_open_output_stream: exit: ret -17
W/AudioPolicyManager(24595): Cannot open output stream for device 00000002 on hw module primary
D/audio_hw_primary(23552): adev_open_output_stream: enter: sample_rate(48000) channel_mask(0x3) devices(0x2) flags(0x4) stream_handle(0xb5afb3c0)
D/audio_hw_primary(23552): adev_open_output_stream: Stream (0xb5afb3c0) picks up usecase (low-latency-playback)
I/AudioFlinger(23552): HAL output buffer size 240 frames, normal sink buffer size 960 frames
I/AudioFlinger(23552): AudioFlinger's thread 0xb5b9b000 ready to run
E/AudioPolicyManager(24595): unknown stream type 13
E/AudioPolicyManager(24595): unknown stream type 13
E/AudioPolicyManager(24595): unknown stream type 13
D/audio_hw_primary(23552): out_standby: enter: stream (0xb5afb3c0) usecase(1: low-latency-playback)
D/audio_hw_primary(23552): out_set_parameters: enter: usecase(1: low-latency-playback) kvpairs: routing=2
W/AudioFlinger(23552): setStreamVolume() pid 24595 cannot use internal stream type 10
W/AudioFlinger(23552): setStreamVolume() pid 24595 cannot use internal stream type 11
E/AudioPolicyManager(24595): unknown stream type 13
W/AudioFlinger(23552): setStreamVolume() pid 24595 cannot use internal stream type 13
D/audio_hw_primary(23552): adev_open_input_stream: enter: sample_rate(48000) channel_mask(0xc) devices(0x80000004) stream_handle(0xb586e1a0)
I/AudioFlinger(23552): AudioFlinger's thread 0xb59e5000 ready to run
D/audio_hw_primary(23552): in_standby: enter: stream (0xb586e1a0) usecase(7: audio-record)
D/audio_hw_primary(23552): in_standby: enter: stream (0xb586e1a0) usecase(7: audio-record)
D/audio_hw_primary(23552): adev_close_input_stream: enter:stream_handle(0xb586e1a0)
D/audio_hw_primary(23552): in_standby: enter: stream (0xb586e1a0) usecase(7: audio-record)
W/AudioFlinger(23552): loadHwModule() module a2dp already loaded
W/AudioFlinger(23552): loadHwModule() module usb already loaded
W/AudioFlinger(23552): loadHwModule() module r_submix already loaded
D/r_submix(23552): adev_open_input_stream(addr=0)
D/r_submix(23552): submix_audio_device_create_pipe_l(addr=0, idx=9)
D/r_submix(23552): now using address 0 for route 9
I/AudioFlinger(23552): AudioFlinger's thread 0xb59e5000 ready to run
I/r_submix(23552): in_standby()
I/r_submix(23552): in_standby()
D/r_submix(23552): adev_close_input_stream()
D/r_submix(23552): submix_audio_device_release_pipe_l(idx=9) addr=0
D/r_submix(23552): submix_audio_device_destroy_pipe_l(): pipe destroyed
E/AudioPolicyManager(24595): Failed to open primary output
E/AudioPolicyManager(24595): unknown stream type 13
W/SurfaceComposerClient(23638): ComposerService remote (surfaceflinger) died [0xafc31240]
E/DisplayEventReceiver(23638): Display event receiver pipe was closed or an error occurred. events=0x9
E/DisplayEventReceiver(23638): Display event receiver pipe was closed or an error occurred. events=0x9
E/DisplayEventReceiver(23638): Display event receiver pipe was closed or an error occurred. events=0x9
E/OpenGLRenderer(23638): Display event receiver pipe was closed or an error occurred. events=0x9
I/Netd (24611): Netd 1.0 starting
D/MDnsDS (24611): MDnsSdListener::Hander starting up
E/NetlinkListener( 741): recvmsg failed (I/O error)
E/NetlinkListener(24611): recvmsg failed (I/O error)
D/MDnsDS (24611): MDnsSdListener starting to monitor
D/MDnsDS (24611): Going to poll with pollCount 1
E/NetlinkListener(24611): recvmsg failed (I/O error)
E/NetlinkListener( 741): recvmsg failed (I/O error)
E/installd(23575): eof
E/installd(23575): failed to read size
I/installd(23575): closing connection
I/SurfaceFlinger(24609): SurfaceFlinger is starting
I/SurfaceFlinger(24609): SurfaceFlinger's main thread ready to run. Initializing graphics H/W...
D/libEGL (24609): loaded /vendor/lib/egl/libEGL_adreno.so
D/libEGL (24609): loaded /vendor/lib/egl/libGLESv1_CM_adreno.so
D/libEGL (24609): loaded /vendor/lib/egl/libGLESv2_adreno.so
I/Adreno-EGL(24609): : EGL 1.4 QUALCOMM build: ()
I/Adreno-EGL(24609): OpenGL ES Shader Compiler Version: E031.25.03.06
I/Adreno-EGL(24609): Build Date: 01/14/16 Thu I/Adreno-EGL(24609): Local Branch:
I/Adreno-EGL(24609): Remote Branch:
I/Adreno-EGL(24609): Local Patches:
I/Adreno-EGL(24609): Reconstruct Branch:
I/sharebuffer(24609): using (fd=11)
I/sharebuffer(24609): id = mdssfb_90000
I/sharebuffer(24609): xres = 1080 px
I/sharebuffer(24609): yres = 1920 px
I/sharebuffer(24609): xres_virtual = 1080 px
I/sharebuffer(24609): yres_virtual = 3840 px
I/sharebuffer(24609): bpp = 32
I/sharebuffer(24609): r = 24:8
I/sharebuffer(24609): g = 16:8
I/sharebuffer(24609): b = 8:8
I/sharebuffer(24609): width = 171 mm (160.421051 dpi)
I/sharebuffer(24609): height = 305 mm (159.895081 dpi)
I/sharebuffer(24609): refresh rate = 0.47 Hz
I/SurfaceFlinger(24609): EGL information:
I/SurfaceFlinger(24609): vendor : Android
I/SurfaceFlinger(24609): version : 1.4 Android META-EGL
I/SurfaceFlinger(24609): extensions: EGL_KHR_get_all_proc_addresses EGL_ANDROID_presentation_time EGL_KHR_image EGL_KHR_image_base EGL_KHR_lock_surface EGL_KHR_gl_texture_2D_image EGL_KHR_gl_texture_cubemap_image EGL_KHR_gl_renderbuffer_image EGL_KHR_fence_sync EGL_KHR_create_context EGL_EXT_create_context_robustness EGL_ANDROID_image_native_buffer EGL_KHR_wait_sync EGL_ANDROID_recordable
I/SurfaceFlinger(24609): Client API: OpenGL_ES
I/SurfaceFlinger(24609): EGLSurface: 8-8-8-8, config=0x5
I/SurfaceFlinger(24609): OpenGL ES informations:
I/SurfaceFlinger(24609): vendor : Qualcomm
I/SurfaceFlinger(24609): renderer : Adreno (TM) 330
I/SurfaceFlinger(24609): version : OpenGL ES 3.0 V@95.0 AU@ (CL@)
