E/NetlinkListener(25802): recvmsg failed (I/O error)
E/NetlinkListener( 741): recvmsg failed (I/O error)
E/LocSvc_ApiV02(24797): I/<--- void globalEventCb(locClientHandleType, uint32_t, locClientEventIndUnionType, void*) line 81 QMI_LOC_EVENT_POSITION_REPORT_IND_V02
E/NetlinkListener(25802): recvmsg failed (I/O error)
E/NetlinkListener( 741): recvmsg failed (I/O error)
E/NetlinkListener( 741): recvmsg failed (I/O error)
E/NetlinkListener(25802): recvmsg failed (I/O error)
E/LocSvc_ApiV02(24797): I/<--- void globalEventCb(locClientHandleType, uint32_t, locClientEventIndUnionType, void*) line 81 QMI_LOC_EVENT_POSITION_REPORT_IND_V02
E/NetlinkListener( 741): recvmsg failed (I/O error)
E/NetlinkListener(25802): recvmsg failed (I/O error)
E/NetlinkListener(25802): recvmsg failed (I/O error)
E/NetlinkListener( 741): recvmsg failed (I/O error)
E/NetlinkListener(25802): recvmsg failed (I/O error)
E/NetlinkListener( 741): recvmsg failed (I/O error)
I/dex2oat (26718): dex2oat took 2.283s (threads: 4) arena alloc=91KB java alloc=2MB native alloc=5MB free=2MB
I/PackageManager(25895): Running dexopt on: /system/priv-app/CellBroadcastReceiver/CellBroadcastReceiver.apk pkg=com.android.cellbroadcastreceiver isa=arm vmSafeMode=false
I/dex2oat (26754): /system/bin/dex2oat --zip-fd=5 --zip-location=/system/priv-app/CellBroadcastReceiver/CellBroadcastReceiver.apk --oat-fd=6 --oat-location=/data/dalvik-cache/arm/system@priv-app@CellBroadcastReceiver@CellBroadcastReceiver.apk@classes.dex --instruction-set=arm --instruction-set-features=div --runtime-arg -Xms64m --runtime-arg -Xmx512m --swap-fd=10
E/LocSvc_ApiV02(24797): I/<--- void globalEventCb(locClientHandleType, uint32_t, locClientEventIndUnionType, void*) line 81 QMI_LOC_EVENT_POSITION_REPORT_IND_V02
I/dex2oat (26754): Decided to run without swap.
I/dex2oat (26754): dex2oat took 176.419ms (threads: 4) arena alloc=779KB java alloc=217KB native alloc=1662KB free=6MB
I/PackageManager(25895): Running dexopt on: /system/app/Email/Email.apk pkg=com.android.email isa=arm vmSafeMode=false
I/dex2oat (26759): /system/bin/dex2oat --zip-fd=5 --zip-location=/system/app/Email/Email.apk --oat-fd=6 --oat-location=/data/dalvik-cache/arm/system@app@Email@Email.apk@classes.dex --instruction-set=arm --instruction-set-features=div --runtime-arg -Xms64m --runtime-arg -Xmx512m --swap-fd=10
V/WLAN_PSA( 673): NL MSG, len[048], NL type[0x11] WNI type[0x5050] len[028]
V/WLAN_PSA( 673): NL MSG, PID: 673
E/NetlinkListener( 741): recvmsg failed (I/O error)
E/NetlinkListener(25802): recvmsg failed (I/O error)
I/dex2oat (26759): Decided to run without swap.
E/NetlinkListener(25802): recvmsg failed (I/O error)
E/NetlinkListener( 741): recvmsg failed (I/O error)
E/NetlinkListener(25802): recvmsg failed (I/O error)
E/NetlinkListener( 741): recvmsg failed (I/O error)
E/NetlinkListener( 741): recvmsg failed (I/O error)
E/NetlinkListener(25802): recvmsg failed (I/O error)
E/LocSvc_ApiV02(24797): I/<--- void globalEventCb(locClientHandleType, uint32_t, locClientEventIndUnionType, void*) line 81 QMI_LOC_EVENT_POSITION_REPORT_IND_V02
E/NetlinkListener(25802): recvmsg failed (I/O error)
E/NetlinkListener( 741): recvmsg failed (I/O error)
E/NetlinkListener(25802): recvmsg failed (I/O error)
E/NetlinkListener( 741): recvmsg failed (I/O error)
E/NetlinkListener(25802): recvmsg failed (I/O error)
E/NetlinkListener( 741): recvmsg failed (I/O error)
E/NetlinkListener( 741): recvmsg failed (I/O error)
E/NetlinkListener(25802): recvmsg failed (I/O error)
E/LocSvc_ApiV02(24797): I/<--- void globalEventCb(locClientHandleType, uint32_t, locClientEventIndUnionType, void*) line 81 QMI_LOC_EVENT_POSITION_REPORT_IND_V02
E/NetlinkListener(25802): recvmsg failed (I/O error)
E/NetlinkListener( 741): recvmsg failed (I/O error)
E/NetlinkListener(25802): recvmsg failed (I/O error)
E/NetlinkListener( 741): recvmsg failed (I/O error)
E/NetlinkListener( 741): recvmsg failed (I/O error)
E/NetlinkListener(25802): recvmsg failed (I/O error)
E/LocSvc_ApiV02(24797): I/<--- void globalEventCb(locClientHandleType, uint32_t, locClientEventIndUnionType, void*) line 81 QMI_LOC_EVENT_POSITION_REPORT_IND_V02
V/WLAN_PSA( 673): NL MSG, len[4077], NL type[0x1C] WNI type[0x5900] len[54543]
V/WLAN_PSA( 673): NL MSG, PID: 673
E/LocSvc_ApiV02(24797): I/<--- void globalEventCb(locClientHandleType, uint32_t, locClientEventIndUnionType, void*) line 81 QMI_LOC_EVENT_POSITION_REPORT_IND_V02
E/NetlinkListener(25802): recvmsg failed (I/O error)
E/NetlinkListener( 741): recvmsg failed (I/O error)
E/NetlinkListener(25802): recvmsg failed (I/O error)
E/NetlinkListener( 741): recvmsg failed (I/O error)
I/dex2oat (26759): dex2oat took 4.334s (threads: 4) arena alloc=505KB java alloc=5MB native alloc=10MB free=5MB
I/PackageManager(25895): Running dexopt on: /system/priv-app/ExternalStorageProvider/ExternalStorageProvider.apk pkg=com.android.externalstorage isa=arm vmSafeMode=false
I/dex2oat (26823): /system/bin/dex2oat --zip-fd=5 --zip-location=/system/priv-app/ExternalStorageProvider/ExternalStorageProvider.apk --oat-fd=6 --oat-location=/data/dalvik-cache/arm/system@priv-app@ExternalStorageProvider@ExternalStorageProvider.apk@classes.dex --instruction-set=arm --instruction-set-features=div --runtime-arg -Xms64m --runtime-arg -Xmx512m --swap-fd=10
I/dex2oat (26823): Decided to run without swap.
I/dex2oat (26823): dex2oat took 69.557ms (threads: 4) arena alloc=59KB java alloc=37KB native alloc=1441KB free=6MB
I/PackageManager(25895): Running dexopt on: /system/app/Galaxy4/Galaxy4.apk pkg=com.android.galaxy4 isa=arm vmSafeMode=false
I/dex2oat (26828): /system/bin/dex2oat --zip-fd=5 --zip-location=/system/app/Galaxy4/Galaxy4.apk --oat-fd=6 --oat-location=/data/dalvik-cache/arm/system@app@Galaxy4@Galaxy4.apk@classes.dex --instruction-set=arm --instruction-set-features=div --runtime-arg -Xms64m --runtime-arg -Xmx512m --swap-fd=10
I/dex2oat (26828): Decided to run without swap.
E/LocSvc_eng(24797): I/===> int loc_eng_inject_location(loc_eng_data_s_type&, double, double, float) line 2033
E/LocSvc_eng(24797): I/===> int loc_eng_inject_location(loc_eng_data_s_type&, double, double, float) line 2033
E/LocSvc_eng(24797): I/===> int loc_eng_inject_location(loc_eng_data_s_type&, double, double, float) line 2033
I/dex2oat (26828): dex2oat took 68.026ms (threads: 4) arena alloc=132KB java alloc=135KB native alloc=1393KB free=6MB
I/PackageManager(25895): Running dexopt on: /system/app/HTMLViewer/HTMLViewer.apk pkg=com.android.htmlviewer isa=arm vmSafeMode=false
I/dex2oat (26833): /system/bin/dex2oat --zip-fd=5 --zip-location=/system/app/HTMLViewer/HTMLViewer.apk --oat-fd=6 --oat-location=/data/dalvik-cache/arm/system@app@HTMLViewer@HTMLViewer.apk@classes.dex --instruction-set=arm --instruction-set-features=div --runtime-arg -Xms64m --runtime-arg -Xmx512m --swap-fd=10
I/dex2oat (26833): Decided to run without swap.
I/dex2oat (26833): dex2oat took 77.912ms (threads: 4) arena alloc=61KB java alloc=75KB native alloc=989KB free=7MB
I/PackageManager(25895): Running dexopt on: /system/priv-app/OneTimeInitializer/OneTimeInitializer.apk pkg=com.android.onetimeinitializer isa=arm vmSafeMode=false
I/dex2oat (26838): /system/bin/dex2oat --zip-fd=5 --zip-location=/system/priv-app/OneTimeInitializer/OneTimeInitializer.apk --oat-fd=6 --oat-location=/data/dalvik-cache/arm/system@priv-app@OneTimeInitializer@OneTimeInitializer.apk@classes.dex --instruction-set=arm --instruction-set-features=div --runtime-arg -Xms64m --runtime-arg -Xmx512m --swap-fd=10
I/dex2oat (26838): Decided to run without swap.
I/dex2oat (26838): dex2oat took 97.395ms (threads: 4) arena alloc=179KB java alloc=62KB native alloc=1323KB free=6MB
I/PackageManager(25895): Running dexopt on: /system/priv-app/Checkup/Checkup.apk pkg=com.fairphone.checkup isa=arm vmSafeMode=false
I/dex2oat (26843): /system/bin/dex2oat --zip-fd=5 --zip-location=/system/priv-app/Checkup/Checkup.apk --oat-fd=6 --oat-location=/data/dalvik-cache/arm/system@priv-app@Checkup@Checkup.apk@classes.dex --instruction-set=arm --instruction-set-features=div --runtime-arg -Xms64m --runtime-arg -Xmx512m --swap-fd=10
E/LocSvc_ApiV02(24797): I/<--- void globalEventCb(locClientHandleType, uint32_t, locClientEventIndUnionType, void*) line 81 QMI_LOC_EVENT_POSITION_REPORT_IND_V02
I/dex2oat (26843): Decided to run without swap.
V/WLAN_PSA( 673): NL MSG, len[048], NL type[0x11] WNI type[0x5050] len[028]
V/WLAN_PSA( 673): NL MSG, PID: 673
I/dex2oat (26843): dex2oat took 660.945ms (threads: 4) arena alloc=289KB java alloc=881KB native alloc=2MB free=5MB
I/PackageManager(25895): Running dexopt on: /system/app/PacProcessor/PacProcessor.apk pkg=com.android.pacprocessor isa=arm vmSafeMode=false
I/dex2oat (26848): /system/bin/dex2oat --zip-fd=5 --zip-location=/system/app/PacProcessor/PacProcessor.apk --oat-fd=6 --oat-location=/data/dalvik-cache/arm/system@app@PacProcessor@PacProcessor.apk@classes.dex --instruction-set=arm --instruction-set-features=div --runtime-arg -Xms64m --runtime-arg -Xmx512m --swap-fd=10
I/dex2oat (26848): Decided to run without swap.
I/dex2oat (26848): dex2oat took 42.800ms (threads: 4) arena alloc=99KB java alloc=8KB native alloc=1112KB free=6MB
I/PackageManager(25895): Running dexopt on: /system/app/LiveWallpapersPicker/LiveWallpapersPicker.apk pkg=com.android.wallpaper.livepicker isa=arm vmSafeMode=false
I/dex2oat (26853): /system/bin/dex2oat --zip-fd=5 --zip-location=/system/app/LiveWallpapersPicker/LiveWallpapersPicker.apk --oat-fd=6 --oat-location=/data/dalvik-cache/arm/system@app@LiveWallpapersPicker@LiveWallpapersPicker.apk@classes.dex --instruction-set=arm --instruction-set-features=div --runtime-arg -Xms64m --runtime-arg -Xmx512m --swap-fd=10
I/dex2oat (26853): Decided to run without swap.
I/dex2oat (26853): dex2oat took 63.205ms (threads: 4) arena alloc=151KB java alloc=57KB native alloc=1405KB free=6MB
I/SystemServer(25895): LockSettingsService
I/SystemServiceManager(25895): Starting com.android.server.devicepolicy.DevicePolicyManagerService$Lifecycle
I/SystemServer(25895): Status Bar
I/SystemServer(25895): Clipboard Service
D/EntSec (25895): [QSB ] [QSB_CLIENT ] QualcommSecurityBridge: ClipboardManager
I/EntSec (25895): [QSB ] [PORT_SWITCH] QSB Client Thread created
I/SystemServer(25895): Text Service Manager Service
I/EntSec (25895): [QSB ] [PORT_SWITCH] QSB Port Switching Thread start running...
D/EntSec (25895): [QSB ] [PORT_SWITCH] Creating NQS Communicator instance
D/EntSec (25895): [QSB ] [NQS_CONECTOR] Trying to open a local socket
E/EntSec (25895): [QSB ] [NQS_CONECTOR] Failed to create and connect a local socket. [Error Description: No such file or directory ]
E/EntSec (25895): [QSB ] [NQS_CONECTOR] Failed to connect to the NQS [Error Description: No such file or directory ]
D/EntSec (25895): [QSB ] [PORT_SWITCH] NQS Communicator is disconnected
E/EntSec (25895): [QSB ] [PORT_SWITCH] No connection with the NQS; QSB initializes with the default port
I/EntSec (25895): [QSB ] [QSB_CLIENT ] Revert Loading port completed successfully
E/EntSec (25895): [QSB ] [PORT_SWITCH] QSB Port Switching Thread stop running.
I/SystemServer(25895): Network Score Service
I/SystemServer(25895): NetworkStats Service
I/SystemServer(25895): NetworkPolicy Service
I/SystemServiceManager(25895): Starting com.android.server.wifi.p2p.WifiP2pService
I/WifiP2pService(25895): Registering wifip2p
I/SystemServiceManager(25895): Starting com.android.server.wifi.WifiService
E/LocSvc_ApiV02(24797): I/<--- void globalEventCb(locClientHandleType, uint32_t, locClientEventIndUnionType, void*) line 81 QMI_LOC_EVENT_POSITION_REPORT_IND_V02
E/WifiConfigStore(25895): associatedPartialScanPeriodMilli set to 20000
E/WifiStateMachine(25895): completeConstruction: E
E/WifiStateMachine(25895): completeConstruction: maxDepth=3
E/WifiStateMachine(25895): setupInitialStateStack: E mInitialState=InitialState
E/WifiStateMachine(25895): moveTempStackToStateStack: i=1,j=0
E/WifiStateMachine(25895): moveTempStackToStateStack: i=0,j=1
E/WifiStateMachine(25895): moveTempStackToStateStack: X mStateStackTop=1,startingIndex=0,Top=InitialState
E/WifiStateMachine(25895): completeConstruction: X
E/WifiStateMachine(25895): handleMessage: E msg.what=-2
E/WifiStateMachine(25895): invokeEnterMethods: DefaultState
E/WifiStateMachine(25895): invokeEnterMethods: InitialState
E/WifiStateMachine(25895): transitionTo: destState=ConnectedState
E/WifiStateMachine(25895): handleMessage: new destination call exit/enter
E/WifiStateMachine(25895): setupTempStateStackWithStatesToEnter: X mTempStateStackCount=1,curStateInfo: state=InitialState,active=true,parent=DefaultState
E/WifiStateMachine(25895): moveTempStackToStateStack: i=0,j=2
E/WifiStateMachine(25895): moveTempStackToStateStack: X mStateStackTop=2,startingIndex=2,Top=ConnectedState
E/WifiStateMachine(25895): invokeEnterMethods: ConnectedState
E/WifiStateMachine(25895): ConnectedState Enter mScreenOn=false scanperiod=20000
E/WifiStateMachine(25895): handleMessage: X
E/WifiStateMachine(25895): handleMessage: E msg.what=131154
E/WifiStateMachine(25895): processMsg: ConnectedState
E/WifiStateMachine(25895): handleMessage: X
I/WifiService(25895): Registering wifi
I/SystemServiceManager(25895): Starting com.android.server.wifi.WifiScanningService
I/WifiScanningService(25895): Creating wifiscanner
I/WifiScanningService(25895): Starting wifiscanner
I/SystemServiceManager(25895): Starting com.android.server.wifi.RttService
I/RttService(25895): Creating rttmanager
I/RttService(25895): Starting rttmanager
I/SystemServer(25895): Connectivity Service
D/ConnectivityService(25895): ConnectivityService starting up
D/ConnectivityService(25895): wifiOnly=true
D/ConnectivityService(25895): networkAttributes - ignoring mobile as this dev is wifiOnly 0
D/ConnectivityService(25895): networkAttributes - ignoring mobile as this dev is wifiOnly 2
D/ConnectivityService(25895): networkAttributes - ignoring mobile as this dev is wifiOnly 3
D/ConnectivityService(25895): networkAttributes - ignoring mobile as this dev is wifiOnly 4
D/ConnectivityService(25895): networkAttributes - ignoring mobile as this dev is wifiOnly 5
D/ConnectivityService(25895): networkAttributes - ignoring mobile as this dev is wifiOnly 10
D/ConnectivityService(25895): networkAttributes - ignoring mobile as this dev is wifiOnly 11
D/ConnectivityService(25895): networkAttributes - ignoring mobile as this dev is wifiOnly 12
E/ConnectivityService(25895): Ignoring protectedNetwork 10
E/ConnectivityService(25895): Ignoring protectedNetwork 11
E/ConnectivityService(25895): Ignoring protectedNetwork 12
E/ConnectivityService(25895): Ignoring protectedNetwork 14
E/ConnectivityService(25895): Ignoring protectedNetwork 15
I/SystemServer(25895): Network Service Discovery Service
D/NsdService(25895): Network service discovery enabled true
I/SystemServer(25895): DPM Service
I/SystemServer(25895): DPM configuration set to 0
I/SystemServer(25895): UpdateLock Service
I/SystemServiceManager(25895): Starting com.android.server.notification.NotificationManagerService
D/ZenLog (25895): set_zen_mode: off,setting
I/SystemServiceManager(25895): Starting com.android.server.storage.DeviceStorageMonitorService
I/SystemServer(25895): Location Manager
I/SystemServer(25895): Country Detector
I/SystemServer(25895): Search Service
I/SystemServer(25895): DropBox Service
I/SystemServer(25895): Wallpaper Service
I/SystemServer(25895): Audio Service
E/AudioPolicyManager(25798): unknown stream type 13
E/AudioPolicyManager(25798): unknown stream type 13
E/AudioPolicyManager(25798): unknown stream type 13
E/AudioPolicyManager(25798): unknown stream type 13
E/AudioPolicyManager(25798): unknown stream type 13
E/AudioPolicyManager(25798): unknown stream type 13
F/libc (25798): Fatal signal 11 (SIGSEGV), code 1, fault addr 0xc4 in tid 26008 (Binder_2)
W/TelecomManager(25895): Telecom Service not found.
D/audio_hw_primary(25801): adev_set_mic_mute state 0
I/DEBUG ( 666): *** *** *** *** *** *** *** *** *** *** *** *** *** *** *** ***
I/DEBUG ( 666): Build fingerprint: 'Fairphone/FP2/FP2:5.1/FP2/fp2-sibon-16.11.0:userdebug/release-keys'
I/DEBUG ( 666): Revision: '0'
I/DEBUG ( 666): ABI: 'arm'
I/DEBUG ( 666): pid: 25798, tid: 26008, name: Binder_2 >>> /usr/libexec/droid-hybris/system/bin/minimediaservice <<<
I/DEBUG ( 666): signal 11 (SIGSEGV), code 1 (SEGV_MAPERR), fault addr 0xc4
I/DEBUG ( 666): r0 00000000 r1 00000002 r2 00000000 r3 00000008
I/DEBUG ( 666): r4 00000000 r5 00000000 r6 00000002 r7 00000000
I/DEBUG ( 666): r8 00000000 r9 00000000 sl 00000001 fp 000064c6
I/DEBUG ( 666): ip b56017e0 sp b5601c90 lr b68158eb pc b681584e cpsr 600f0030
I/DEBUG ( 666):
I/DEBUG ( 666): backtrace:
I/DEBUG ( 666): #00 pc 0000f84e /system/lib/libaudiopolicymanagerdefault.so (_ZNK7android18AudioPolicyManager21AudioOutputDescriptor14isStreamActiveE19audio_stream_type_tjx+9)
I/DEBUG ( 666): #01 pc 0000f8e7 /system/lib/libaudiopolicymanagerdefault.so (_ZNK7android18AudioPolicyManager21AudioOutputDescriptor16isStrategyActiveENS0_16routing_strategyEjx+62)
I/DEBUG ( 666): #02 pc 000139f1 /system/lib/libaudiopolicymanagerdefault.so (_ZN7android18AudioPolicyManager18getNewOutputDeviceEib+260)
I/DEBUG ( 666): #03 pc 00017651 /system/lib/libaudiopolicymanagerdefault.so (_ZN7android18AudioPolicyManager11setForceUseE24audio_policy_force_use_t25audio_policy_forced_cfg_t+296)
I/DEBUG ( 666): #04 pc 00008e49 /system/lib/libaudiopolicyservice.so
I/DEBUG ( 666): #05 pc 0006667d /system/lib/libmedia.so (_ZN7android20BnAudioPolicyService10onTransactEjRKNS_6ParcelEPS1_j+1464)
I/DEBUG ( 666): #06 pc 00017fad /system/lib/libbinder.so (_ZN7android7BBinder8transactEjRKNS_6ParcelEPS1_j+60)
I/DEBUG ( 666): #07 pc 0001cf89 /system/lib/libbinder.so (_ZN7android14IPCThreadState14executeCommandEi+564)
I/DEBUG ( 666): #08 pc 0001d0bb /system/lib/libbinder.so (_ZN7android14IPCThreadState20getAndExecuteCommandEv+38)
I/DEBUG ( 666): #09 pc 0001d0fd /system/lib/libbinder.so (_ZN7android14IPCThreadState14joinThreadPoolEb+48)
I/DEBUG ( 666): #10 pc 0002127f /system/lib/libbinder.so
I/DEBUG ( 666): #11 pc 0000ef5d /system/lib/libutils.so (_ZN7android6Thread11_threadLoopEPv+112)
I/DEBUG ( 666): #12 pc 0000eacd /system/lib/libutils.so
I/DEBUG ( 666): #13 pc 00013fc3 /system/lib/libc.so (_ZL15__pthread_startPv+30)
I/DEBUG ( 666): #14 pc 00011f0b /system/lib/libc.so (__start_thread+6)
I/DEBUG ( 666):
I/DEBUG ( 666): Tombstone written to: /data/tombstones/tombstone_05
W/AudioSystem(25895): AudioPolicyService server died!
I/ServiceManager(25792): service 'media.player' died
I/ServiceManager(25792): service 'media.audio_policy' died
I/ServiceManager(25792): service 'media.camera' died
I/ServiceManager(25895): Waiting for service media.audio_policy...
E/MediaPlayerFactory(26873): calling dlopen on FACTORY_LIB
E/MediaPlayerFactory(26873): calling dlsym on pFactoryLib for FACTORY_CREATE_FN
E/MediaPlayerFactory(26873): registering DASH Player factory...
I/CameraService(26873): CameraService started (pid=26873)
D/mm-camera-intf(26873): get_num_of_cameras gMmCameraIntfLogLevel=1
E/mm-camera-intf(26873): entity id 1
E/mm-camera-intf(26873): entity name video0 type 65537 group id 2
E/mm-camera-intf(26873): entity id 2
E/mm-camera-intf(26873): entity name msm_cci type 131072 group id 0
E/mm-camera-intf(26873): entity id 3
E/mm-camera-intf(26873): entity name v4l-subdev0 type 131072 group id 0
E/mm-camera-intf(26873): entity id 4
E/mm-camera-intf(26873): entity name v4l-subdev1 type 131072 group id 0
E/mm-camera-intf(26873): entity id 5
E/mm-camera-intf(26873): entity name v4l-subdev2 type 131072 group id 0
E/mm-camera-intf(26873): entity id 6
E/mm-camera-intf(26873): entity name v4l-subdev3 type 131072 group id 1
E/mm-camera-intf(26873): entity id 7
E/mm-camera-intf(26873): entity name v4l-subdev4 type 131072 group id 1
E/mm-camera-intf(26873): entity id 8
E/mm-camera-intf(26873): entity name v4l-subdev5 type 131072 group id 1
E/mm-camera-intf(26873): entity id 9
E/mm-camera-intf(26873): entity name v4l-subdev6 type 131072 group id 1
E/mm-camera-intf(26873): entity id 10
E/mm-camera-intf(26873): entity name v4l-subdev7 type 131072 group id 7
E/mm-camera-intf(26873): entity id 11
E/mm-camera-intf(26873): entity name v4l-subdev8 type 131072 group id 7
E/mm-camera-intf(26873): entity id 12
E/mm-camera-intf(26873): entity name v4l-subdev9 type 131072 group id 11
E/mm-camera-intf(26873): entity id 13
E/mm-camera-intf(26873): entity name v4l-subdev10 type 131072 group id 8
E/mm-camera-intf(26873): entity id 14
E/mm-camera-intf(26873): entity name v4l-subdev11 type 131072 group id 14
E/mm-camera-intf(26873): entity id 1
E/mm-camera-intf(26873): entity name video1 type 65537 group id 2
E/mm-camera-intf(26873): entity id 2
E/mm-camera-intf(26873): Done enumerating media entities
E/mm-camera-intf(26873): entity id 1
E/mm-camera-intf(26873): entity name video2 type 65537 group id 2
E/mm-camera-intf(26873): entity id 2
E/mm-camera-intf(26873): Done enumerating media entities
D/mm-camera-intf(26873): index = 0 flag = 1 mount_angle = 90 facing = 0
D/mm-camera-intf(26873): index = 1 flag = 103 mount_angle = 270 facing = 1
I/CameraService(26873): Loaded "QCamera Module" camera module
I/AudioPolicyService(26873): AudioPolicyService CSTOR in new mode
I/AudioPolicyManager(26873): loadAudioPolicyConfig() loaded /system/etc/audio_policy.conf
W/AudioFlinger(25801): loadHwModule() module primary already loaded
D/audio_hw_primary(25801): adev_open_output_stream: enter: sample_rate(48000) channel_mask(0x3) devices(0x2) flags(0x2) stream_handle(0xb5880d80)
E/audio_hw_primary(25801): adev_open_output_stream: Primary output is already opened
D/audio_hw_primary(25801): adev_open_output_stream: exit: ret -17
W/AudioPolicyManager(26873): Cannot open output stream for device 00000002 on hw module primary
D/audio_hw_primary(25801): adev_open_output_stream: enter: sample_rate(48000) channel_mask(0x3) devices(0x2) flags(0x4) stream_handle(0xb5880380)
D/audio_hw_primary(25801): adev_open_output_stream: Stream (0xb5880380) picks up usecase (low-latency-playback)
I/AudioFlinger(25801): HAL output buffer size 240 frames, normal sink buffer size 960 frames
E/AudioPolicyManager(26873): unknown stream type 13
E/AudioPolicyManager(26873): unknown stream type 13
E/AudioPolicyManager(26873): unknown stream type 13
I/AudioFlinger(25801): AudioFlinger's thread 0xb5b87000 ready to run
D/audio_hw_primary(25801): out_set_parameters: enter: usecase(1: low-latency-playback) kvpairs: routing=2
D/audio_hw_primary(25801): out_standby: enter: stream (0xb5880380) usecase(1: low-latency-playback)
W/AudioFlinger(25801): setStreamVolume() pid 26873 cannot use internal stream type 10
W/AudioFlinger(25801): setStreamVolume() pid 26873 cannot use internal stream type 11
E/AudioPolicyManager(26873): unknown stream type 13
W/AudioFlinger(25801): setStreamVolume() pid 26873 cannot use internal stream type 13
D/audio_hw_primary(25801): adev_open_input_stream: enter: sample_rate(48000) channel_mask(0xc) devices(0x80000004) stream_handle(0xb586dac0)
I/AudioFlinger(25801): AudioFlinger's thread 0xb5a2e000 ready to run
D/audio_hw_primary(25801): adev_close_input_stream: enter:stream_handle(0xb586dac0)
D/audio_hw_primary(25801): in_standby: enter: stream (0xb586dac0) usecase(7: audio-record)
W/AudioFlinger(25801): loadHwModule() module a2dp already loaded
W/AudioFlinger(25801): loadHwModule() module usb already loaded
W/AudioFlinger(25801): loadHwModule() module r_submix already loaded
D/r_submix(25801): adev_open_input_stream(addr=0)
D/r_submix(25801): submix_audio_device_create_pipe_l(addr=0, idx=9)
D/r_submix(25801): now using address 0 for route 9
I/AudioFlinger(25801): AudioFlinger's thread 0xb4c58000 ready to run
D/r_submix(25801): adev_close_input_stream()
D/r_submix(25801): submix_audio_device_release_pipe_l(idx=9) addr=0
D/r_submix(25801): submix_audio_device_destroy_pipe_l(): pipe destroyed
E/AudioPolicyManager(26873): Failed to open primary output
E/AudioPolicyManager(26873): unknown stream type 13
E/NetlinkListener(25802): recvmsg failed (I/O error)
E/NetlinkListener( 741): recvmsg failed (I/O error)
E/NetlinkListener(25802): recvmsg failed (I/O error)
E/NetlinkListener( 741): recvmsg failed (I/O error)
E/LocSvc_ApiV02(24797): I/<--- void globalEventCb(locClientHandleType, uint32_t, locClientEventIndUnionType, void*) line 81 QMI_LOC_EVENT_POSITION_REPORT_IND_V02
E/AudioPolicyManager(26873): unknown stream type 13
E/AudioPolicyManager(26873): unknown stream type 13
E/AudioPolicyManager(26873): unknown stream type 13
E/AudioPolicyManager(26873): unknown stream type 13
E/AudioPolicyManager(26873): unknown stream type 13
E/AudioPolicyManager(26873): unknown stream type 13
F/libc (26873): Fatal signal 11 (SIGSEGV), code 1, fault addr 0xc4 in tid 26883 (Binder_3)
I/DEBUG ( 666): *** *** *** *** *** *** *** *** *** *** *** *** *** *** *** ***
I/DEBUG ( 666): Build fingerprint: 'Fairphone/FP2/FP2:5.1/FP2/fp2-sibon-16.11.0:userdebug/release-keys'
I/DEBUG ( 666): Revision: '0'
I/DEBUG ( 666): ABI: 'arm'
I/DEBUG ( 666): pid: 26873, tid: 26883, name: Binder_3 >>> /usr/libexec/droid-hybris/system/bin/minimediaservice <<<
I/DEBUG ( 666): signal 11 (SIGSEGV), code 1 (SEGV_MAPERR), fault addr 0xc4
I/DEBUG ( 666): r0 00000000 r1 00000002 r2 00000000 r3 00000008
I/DEBUG ( 666): r4 00000000 r5 00000000 r6 00000002 r7 00000000
I/DEBUG ( 666): r8 00000000 r9 00000000 sl 00000001 fp 000068f9
I/DEBUG ( 666): ip b556a7e0 sp b556ac90 lr b68638eb pc b686384e cpsr 600f0030
I/DEBUG ( 666):
I/DEBUG ( 666): backtrace:
I/DEBUG ( 666): #00 pc 0000f84e /system/lib/libaudiopolicymanagerdefault.so (_ZNK7android18AudioPolicyManager21AudioOutputDescriptor14isStreamActiveE19audio_stream_type_tjx+9)
I/DEBUG ( 666): #01 pc 0000f8e7 /system/lib/libaudiopolicymanagerdefault.so (_ZNK7android18AudioPolicyManager21AudioOutputDescriptor16isStrategyActiveENS0_16routing_strategyEjx+62)
I/DEBUG ( 666): #02 pc 000139f1 /system/lib/libaudiopolicymanagerdefault.so (_ZN7android18AudioPolicyManager18getNewOutputDeviceEib+260)
I/DEBUG ( 666): #03 pc 00017651 /system/lib/libaudiopolicymanagerdefault.so (_ZN7android18AudioPolicyManager11setForceUseE24audio_policy_force_use_t25audio_policy_forced_cfg_t+296)
I/DEBUG ( 666): #04 pc 00008e49 /system/lib/libaudiopolicyservice.so
I/DEBUG ( 666): #05 pc 0006667d /system/lib/libmedia.so (_ZN7android20BnAudioPolicyService10onTransactEjRKNS_6ParcelEPS1_j+1464)
I/DEBUG ( 666): #06 pc 00017fad /system/lib/libbinder.so (_ZN7android7BBinder8transactEjRKNS_6ParcelEPS1_j+60)
I/DEBUG ( 666): #07 pc 0001cf89 /system/lib/libbinder.so (_ZN7android14IPCThreadState14executeCommandEi+564)
I/DEBUG ( 666): #08 pc 0001d0bb /system/lib/libbinder.so (_ZN7android14IPCThreadState20getAndExecuteCommandEv+38)
I/DEBUG ( 666): #09 pc 0001d0fd /system/lib/libbinder.so (_ZN7android14IPCThreadState14joinThreadPoolEb+48)
I/DEBUG ( 666): #10 pc 0002127f /system/lib/libbinder.so
I/DEBUG ( 666): #11 pc 0000ef5d /system/lib/libutils.so (_ZN7android6Thread11_threadLoopEPv+112)
I/DEBUG ( 666): #12 pc 0000eacd /system/lib/libutils.so
I/DEBUG ( 666): #13 pc 00013fc3 /system/lib/libc.so (_ZL15__pthread_startPv+30)
I/DEBUG ( 666): #14 pc 00011f0b /system/lib/libc.so (__start_thread+6)
I/DEBUG ( 666):
I/DEBUG ( 666): Tombstone written to: /data/tombstones/tombstone_06
W/AudioSystem(25895): AudioPolicyService server died!
I/ServiceManager(25792): service 'media.player' died
I/ServiceManager(25792): service 'media.audio_policy' died
I/ServiceManager(25792): service 'media.camera' died
I/ServiceManager(25895): Waiting for service media.audio_policy...
E/LocSvc_ApiV02(24797): I/<--- void globalEventCb(locClientHandleType, uint32_t, locClientEventIndUnionType, void*) line 81 QMI_LOC_EVENT_POSITION_REPORT_IND_V02
I/ServiceManager(25895): Waiting for service media.audio_policy...
E/LocSvc_ApiV02(24797): I/<--- void globalEventCb(locClientHandleType, uint32_t, locClientEventIndUnionType, void*) line 81 QMI_LOC_EVENT_POSITION_REPORT_IND_V02
V/WLAN_PSA( 673): NL MSG, len[4026], NL type[0x1C] WNI type[0x5900] len[41487]
V/WLAN_PSA( 673): NL MSG, PID: 673
I/ServiceManager(25895): Waiting for service media.audio_policy...
E/LocSvc_ApiV02(24797): I/<--- void globalEventCb(locClientHandleType, uint32_t, locClientEventIndUnionType, void*) line 81 QMI_LOC_EVENT_POSITION_REPORT_IND_V02
V/WLAN_PSA( 673): NL MSG, len[048], NL type[0x11] WNI type[0x5050] len[028]
V/WLAN_PSA( 673): NL MSG, PID: 673
I/ServiceManager(25895): Waiting for service media.audio_policy...
E/LocSvc_ApiV02(24797): I/<--- void globalEventCb(locClientHandleType, uint32_t, locClientEventIndUnionType, void*) line 81 QMI_LOC_EVENT_POSITION_REPORT_IND_V02
I/ServiceManager(25895): Waiting for service media.audio_policy...
E/LocSvc_ApiV02(24797): I/<--- void globalEventCb(locClientHandleType, uint32_t, locClientEventIndUnionType, void*) line 81 QMI_LOC_EVENT_POSITION_REPORT_IND_V02
E/MediaPlayerFactory(26889): calling dlopen on FACTORY_LIB
E/MediaPlayerFactory(26889): calling dlsym on pFactoryLib for FACTORY_CREATE_FN
E/MediaPlayerFactory(26889): registering DASH Player factory...
I/CameraService(26889): CameraService started (pid=26889)
D/mm-camera-intf(26889): get_num_of_cameras gMmCameraIntfLogLevel=1
E/mm-camera-intf(26889): entity id 1
E/mm-camera-intf(26889): entity name video0 type 65537 group id 2
E/mm-camera-intf(26889): entity id 2
E/mm-camera-intf(26889): entity name msm_cci type 131072 group id 0
E/mm-camera-intf(26889): entity id 3
E/mm-camera-intf(26889): entity name v4l-subdev0 type 131072 group id 0
E/mm-camera-intf(26889): entity id 4
E/mm-camera-intf(26889): entity name v4l-subdev1 type 131072 group id 0
E/mm-camera-intf(26889): entity id 5
E/mm-camera-intf(26889): entity name v4l-subdev2 type 131072 group id 0
E/mm-camera-intf(26889): entity id 6
E/mm-camera-intf(26889): entity name v4l-subdev3 type 131072 group id 1
E/mm-camera-intf(26889): entity id 7
E/mm-camera-intf(26889): entity name v4l-subdev4 type 131072 group id 1
E/mm-camera-intf(26889): entity id 8
E/mm-camera-intf(26889): entity name v4l-subdev5 type 131072 group id 1
E/mm-camera-intf(26889): entity id 9
E/mm-camera-intf(26889): entity name v4l-subdev6 type 131072 group id 1
E/mm-camera-intf(26889): entity id 10
E/mm-camera-intf(26889): entity name v4l-subdev7 type 131072 group id 7
E/mm-camera-intf(26889): entity id 11
E/mm-camera-intf(26889): entity name v4l-subdev8 type 131072 group id 7
E/mm-camera-intf(26889): entity id 12
E/mm-camera-intf(26889): entity name v4l-subdev9 type 131072 group id 11
E/mm-camera-intf(26889): entity id 13
E/mm-camera-intf(26889): entity name v4l-subdev10 type 131072 group id 8
E/mm-camera-intf(26889): entity id 14
E/mm-camera-intf(26889): entity name v4l-subdev11 type 131072 group id 14
E/mm-camera-intf(26889): entity id 1
E/mm-camera-intf(26889): entity name video1 type 65537 group id 2
E/mm-camera-intf(26889): entity id 2
E/mm-camera-intf(26889): Done enumerating media entities
E/mm-camera-intf(26889): entity id 1
E/mm-camera-intf(26889): entity name video2 type 65537 group id 2
E/mm-camera-intf(26889): entity id 2
E/mm-camera-intf(26889): Done enumerating media entities
D/mm-camera-intf(26889): index = 0 flag = 1 mount_angle = 90 facing = 0
D/mm-camera-intf(26889): index = 1 flag = 103 mount_angle = 270 facing = 1
I/CameraService(26889): Loaded "QCamera Module" camera module
I/AudioPolicyService(26889): AudioPolicyService CSTOR in new mode
I/AudioPolicyManager(26889): loadAudioPolicyConfig() loaded /system/etc/audio_policy.conf
W/AudioFlinger(25801): loadHwModule() module primary already loaded
D/audio_hw_primary(25801): adev_open_output_stream: enter: sample_rate(48000) channel_mask(0x3) devices(0x2) flags(0x2) stream_handle(0xb5880d80)
E/audio_hw_primary(25801): adev_open_output_stream: Primary output is already opened
D/audio_hw_primary(25801): adev_open_output_stream: exit: ret -17
W/AudioPolicyManager(26889): Cannot open output stream for device 00000002 on hw module primary
D/audio_hw_primary(25801): adev_open_output_stream: enter: sample_rate(48000) channel_mask(0x3) devices(0x2) flags(0x4) stream_handle(0xb4c34140)
D/audio_hw_primary(25801): adev_open_output_stream: Stream (0xb4c34140) picks up usecase (low-latency-playback)
I/AudioFlinger(25801): HAL output buffer size 240 frames, normal sink buffer size 960 frames
I/AudioFlinger(25801): AudioFlinger's thread 0xb4c58000 ready to run
D/audio_hw_primary(25801): out_standby: enter: stream (0xb4c34140) usecase(1: low-latency-playback)
E/AudioPolicyManager(26889): unknown stream type 13
E/AudioPolicyManager(26889): unknown stream type 13
E/AudioPolicyManager(26889): unknown stream type 13
D/audio_hw_primary(25801): out_set_parameters: enter: usecase(1: low-latency-playback) kvpairs: routing=2
W/AudioFlinger(25801): setStreamVolume() pid 26889 cannot use internal stream type 10
W/AudioFlinger(25801): setStreamVolume() pid 26889 cannot use internal stream type 11
E/AudioPolicyManager(26889): unknown stream type 13
W/AudioFlinger(25801): setStreamVolume() pid 26889 cannot use internal stream type 13
D/audio_hw_primary(25801): adev_open_input_stream: enter: sample_rate(48000) channel_mask(0xc) devices(0x80000004) stream_handle(0xb586dac0)
I/AudioFlinger(25801): AudioFlinger's thread 0xb5a2e000 ready to run
D/audio_hw_primary(25801): in_standby: enter: stream (0xb586dac0) usecase(7: audio-record)
D/audio_hw_primary(25801): in_standby: enter: stream (0xb586dac0) usecase(7: audio-record)
D/audio_hw_primary(25801): adev_close_input_stream: enter:stream_handle(0xb586dac0)
D/audio_hw_primary(25801): in_standby: enter: stream (0xb586dac0) usecase(7: audio-record)
W/AudioFlinger(25801): loadHwModule() module a2dp already loaded
W/AudioFlinger(25801): loadHwModule() module usb already loaded
W/AudioFlinger(25801): loadHwModule() module r_submix already loaded
D/r_submix(25801): adev_open_input_stream(addr=0)
D/r_submix(25801): submix_audio_device_create_pipe_l(addr=0, idx=9)
D/r_submix(25801): now using address 0 for route 9
I/AudioFlinger(25801): AudioFlinger's thread 0xb5a2e000 ready to run
D/r_submix(25801): adev_close_input_stream()
D/r_submix(25801): submix_audio_device_release_pipe_l(idx=9) addr=0
D/r_submix(25801): submix_audio_device_destroy_pipe_l(): pipe destroyed
E/AudioPolicyManager(26889): Failed to open primary output
E/AudioPolicyManager(26889): unknown stream type 13
W/AudioSystem(25895): AudioPolicyService not published, waiting...
E/LocSvc_ApiV02(24797): I/<--- void globalEventCb(locClientHandleType, uint32_t, locClientEventIndUnionType, void*) line 81 QMI_LOC_EVENT_POSITION_REPORT_IND_V02
W/AudioFlinger(25801): setStreamVolume() pid 26889 cannot use internal stream type 10
W/AudioFlinger(25801): setStreamVolume() pid 26889 cannot use internal stream type 10
W/AudioFlinger(25801): setStreamVolume() pid 26889 cannot use internal stream type 10
W/AudioFlinger(25801): setStreamVolume() pid 26889 cannot use internal stream type 10
W/AudioFlinger(25801): setStreamVolume() pid 26889 cannot use internal stream type 10
W/AudioFlinger(25801): setStreamVolume() pid 26889 cannot use internal stream type 10
E/AudioPolicyManager(26889): unknown stream type 13
W/AudioFlinger(25801): setStreamVolume() pid 26889 cannot use internal stream type 10
I/SystemServiceManager(25895): Starting com.android.server.DockObserver
W/DockObserver(25895): This kernel does not have dock station support
I/SystemServer(25895): Wired Accessory Manager
W/WiredAccessoryManager(25895): This kernel does not have usb audio support
W/WiredAccessoryManager(25895): This kernel does not have HDMI audio support
I/SystemServer(25895): Serial Service
I/SystemServiceManager(25895): Starting com.android.server.twilight.TwilightService
I/SystemServiceManager(25895): Starting com.android.server.UiModeManagerService
I/SystemServiceManager(25895): Starting com.android.server.job.JobSchedulerService
V/WLAN_PSA( 673): NL MSG, len[4023], NL type[0x1C] WNI type[0x5900] len[40719]
V/WLAN_PSA( 673): NL MSG, PID: 673
D/WifiService(25895): New client listening to asynchronous messages
E/WifiStateMachine(25895): handleMessage: E msg.what=131223
E/WifiStateMachine(25895): processMsg: ConnectedState
E/dbus_Helpers(25895): unhandled: name: MaxRate type: u
E/dbus_Helpers(25895): unhandled: name: Frequency type: q
D/ConnectivityService(25895): registerNetworkAgent NetworkAgentInfo{ ni{[type: WIFI[], state: UNKNOWN/IDLE, reason: (unspecified), extra: (none), roaming: false, failover: false, isAvailable: true, isConnectedToProvisioningNetwork: false]} network{null} lp{{InterfaceName: wlan0 LinkAddresses: [192.168.1.59/24,] Routes: [0.0.0.0/0 -> 192.168.1.1 wlan0,] DnsAddresses: [195.197.54.100,192.168.1.1,] Domains: null MTU: 1500}} nc{[ Transports: WIFI Capabilities: INTERNET&NOT_RESTRICTED&TRUSTED&NOT_VPN LinkUpBandwidth>=1048576Kbps LinkDnBandwidth>=1048576Kbps]} Score{20} everValidated{false} lastValidated{false} created{false} explicitlySelected{false} }
E/WifiStateMachine(25895): setDetailed state, old =IDLE and new state=CONNECTED hidden=false
D/ConnectivityService(25895): NetworkAgentInfo [WIFI () - 100] EVENT_NETWORK_INFO_CHANGED, going from null to UNKNOWN
E/WifiStateMachine(25895): setWifiState: enabled
E/WifiStateMachine(25895): wifi info recent enough
I/SystemServiceManager(25895): Starting com.android.server.backup.BackupManagerService$Lifecycle
I/SystemServiceManager(25895): Starting com.android.server.appwidget.AppWidgetService
E/WifiStateMachine(25895): handleMessage: X
D/ConnectivityService(25895): NetworkAgentInfo [WIFI () - 100] EVENT_NETWORK_INFO_CHANGED, going from UNKNOWN to CONNECTED
D/ConnectivityService(25895): notifyType IP_CHANGED for NetworkAgentInfo [WIFI () - 100]
D/ConnectivityService(25895): notifyType PRECHECK for NetworkAgentInfo [WIFI () - 100] D/NetworkMonitor/NetworkAgentInfo [WIFI () - 100](25895): DefaultState{ when=-1ms what=532481 target=com.android.internal.util.StateMachine$SmHandler } D/NetworkMonitor/NetworkAgentInfo [WIFI () - 100](25895): Connected
D/ConnectivityService(25895): rematching NetworkAgentInfo [WIFI () - 100] D/NetworkMonitor/NetworkAgentInfo [WIFI () - 100](25895): EvaluatingState{ when=0 what=532486 arg1=1 target=com.android.internal.util.StateMachine$SmHandler }
D/ConnectivityService(25895): accepting network in place of null D/NetworkMonitor/NetworkAgentInfo [WIFI () - 100](25895): Validated
I/SystemServiceManager(25895): Starting com.android.server.voiceinteraction.VoiceInteractionManagerService
D/ConnectivityService(25895): Switching to new default network: NetworkAgentInfo{ ni{[type: WIFI[], state: CONNECTED/CONNECTED, reason: (unspecified), extra: "marsu", roaming: false, failover: false, isAvailable: true, isConnectedToProvisioningNetwork: false]} network{100} lp{{InterfaceName: wlan0 LinkAddresses: [192.168.1.59/24,] Routes: [0.0.0.0/0 -> 192.168.1.1 wlan0,] DnsAddresses: [195.197.54.100,192.168.1.1,] Domains: null MTU: 1500}} nc{[ Transports: WIFI Capabilities: INTERNET&NOT_RESTRICTED&TRUSTED&NOT_VPN LinkUpBandwidth>=1048576Kbps LinkDnBandwidth>=1048576Kbps]} Score{100} everValidated{false} lastValidated{false} created{true} explicitlySelected{true} }
D/ConnectivityService(25895): Invalid tcpBufferSizes string: null, using defaults
D/ConnectivityService(25895): Setting tx/rx TCP buffers to 4096,87380,110208,4096,16384,110208
D/ConnectivityService(25895): notifyType AVAILABLE for NetworkAgentInfo [WIFI () - 100]
D/CSLegacyTypeTracker(25895): Sending connected broadcast for type 1 NetworkAgentInfo [WIFI () - 100] isDefaultNetwork=true
D/ConnectivityService(25895): sendStickyBroadcast: action=android.net.conn.CONNECTIVITY_CHANGE_IMMEDIATE
D/ConnectivityService(25895): sendStickyBroadcast: action=android.net.conn.CONNECTIVITY_CHANGE
W/SoundTriggerHelper(25895): listModules status=0, # of modules=0
I/SystemServer(25895): DiskStats Service
I/SystemServer(25895): SamplingProfiler Service
D/ConnectivityService(25895): setProvNotificationVisibleIntent: E visible=false networkType=0 extraInfo=null
D/ConnectivityService(25895): Validated NetworkAgentInfo [WIFI () - 100]
D/ConnectivityService(25895): rematching NetworkAgentInfo [WIFI () - 100]
D/ConnectivityService(25895): Network NetworkAgentInfo [WIFI () - 100] was already satisfying request 1. No change.
D/ConnectivityService(25895): notifyType AVAILABLE for NetworkAgentInfo [WIFI () - 100]
D/ConnectivityService(25895): sendStickyBroadcast: action=android.net.conn.INET_CONDITION_ACTION
D/WifiNetworkAgent(25895): NetworkAgent: WifiNetworkAgent -> Wifi networkStatus valid, score= 0
E/WifiStateMachine(25895): handleMessage: E msg.what=131220
E/WifiStateMachine(25895): processMsg: ConnectedState
E/WifiStateMachine(25895): handleMessage: X
I/SystemServer(25895): NetworkTimeUpdateService
I/SystemServer(25895): CommonTimeManagementService
I/SystemServer(25895): CertBlacklister
I/SystemServiceManager(25895): Starting com.android.server.dreams.DreamManagerService
I/SystemServer(25895): Assets Atlas Service
I/SystemServiceManager(25895): Starting com.android.server.print.PrintManagerService
D/AssetAtlas(25895): Loaded configuration: SliceMinArea (768x768) flags=0x2 count=2
I/SystemServiceManager(25895): Starting com.android.server.restrictions.RestrictionsManagerService
I/SystemServiceManager(25895): Starting com.android.server.media.MediaSessionService
I/SystemServer(25895): Media Router Service
I/SystemServiceManager(25895): Starting com.android.server.trust.TrustManagerService
I/Adreno-EGL(25895): : EGL 1.4 QUALCOMM build: ()
I/Adreno-EGL(25895): OpenGL ES Shader Compiler Version: E031.25.03.06
I/Adreno-EGL(25895): Build Date: 01/14/16 Thu I/Adreno-EGL(25895): Local Branch:
I/Adreno-EGL(25895): Remote Branch:
I/Adreno-EGL(25895): Local Patches:
I/Adreno-EGL(25895): Reconstruct Branch:
I/SystemServiceManager(25895): Starting com.android.server.fingerprint.FingerprintService
V/Fingerprint-JNI(25895): nativeInit()
V/Fingerprint-JNI(25895): nativeOpenHal()
E/Fingerprint-JNI(25895): Can't open fingerprint HW Module, error: -2
I/SystemServer(25895): BackgroundDexOptService
I/SystemServiceManager(25895): Starting com.android.server.pm.LauncherAppsService
D/SystemServer(25895): Wipower not supported
I/SystemServer(25895): Digital Pen Service
E/NetlinkListener(25802): recvmsg failed (I/O error)
E/NetlinkListener( 741): recvmsg failed (I/O error)
E/NetlinkListener(25802): recvmsg failed (I/O error)
E/NetlinkListener( 741): recvmsg failed (I/O error)
D/DigitalPenService(25895): Loaded DigitalPenService library
I/DigitalPenService(25895): startPostBootThread called
I/SystemServer(25895): Successfully loaded DigitalPenService class
D/AssetAtlas(25895): Rendered atlas in 46.28ms (0.11+46.17ms)
I/SystemServiceManager(25895): Starting com.android.server.media.projection.MediaProjectionManagerService
I/SystemServer(25895): PrivacyImpactService
I/PrivacyImpactService(25895): Starting PrivacyImpactService
D/PrivacyImpactService(25895): Started PrivacyImpactService
I/WindowManager(25895): SAFE MODE not enabled
E/GlobalSettingsPersister(25895): FileNotFoundException while opening xml
I/SystemServiceManager(25895): Starting com.android.server.MmsServiceBroker
W/System.err(25895): java.io.FileNotFoundException: /data/usf/epos/cfg_mtp/service_settings_mtp.xml: open failed: ENOENT (No such file or directory)
W/System.err(25895): at libcore.io.IoBridge.open(IoBridge.java:456)
W/System.err(25895): at java.io.FileInputStream.(FileInputStream.java:76)
W/System.err(25895): at android.util.AtomicFile.openRead(AtomicFile.java:199)
W/System.err(25895): at com.qti.snapdragon.digitalpen.GlobalSettingsPersister.deserialize(GlobalSettingsPersister.java:69)
W/System.err(25895): at com.qti.snapdragon.digitalpen.DigitalPenService.setGlobalConfigFromPersister(DigitalPenService.java:1008)
W/System.err(25895): at com.qti.snapdragon.digitalpen.DigitalPenService.access$1600(DigitalPenService.java:68)
W/System.err(25895): at com.qti.snapdragon.digitalpen.DigitalPenService$PollingPostBootThread.run(DigitalPenService.java:902)
W/System.err(25895): Caused by: android.system.ErrnoException: open failed: ENOENT (No such file or directory)
W/System.err(25895): at libcore.io.Posix.open(Native Method)
W/System.err(25895): at libcore.io.BlockGuardOs.open(BlockGuardOs.java:186)
W/System.err(25895): at libcore.io.IoBridge.open(IoBridge.java:442)
W/System.err(25895): ... 6 more
E/GlobalSettingsPersister(25895): Error deserializing XML: /data/usf/epos/service_settings.xml getting default DigitalPenConfig
I/DigitalPenService(25895): isEnabled called
W/DigitalPenService(25895): Ignoring changeConfig when service not enabled
E/DigitalPenService(25895): Could not set off screen display dimensions since callback is null
E/SQLiteLog(25895): (283) recovered 14 frames from WAL file /data/system/locksettings.db-wal
E/LockSettingsStorage(25895): Cannot read file java.io.FileNotFoundException: /data/system/password.key: open failed: ENOENT (No such file or directory)
E/LockSettingsStorage(25895): Cannot read file java.io.FileNotFoundException: /data/system/gesture.key: open failed: ENOENT (No such file or directory)
I/SystemServiceManager(25895): Starting phase 480
I/SystemServiceManager(25895): Starting phase 500
I/WifiService(25895): WifiService starting up with Wi-Fi enabled
D/WifiService(25895): setWifiEnabled: true pid=25895, uid=1000
E/WifiService(25895): Invoking mWifiStateMachine.setWifiEnabled
I/WifiScanningService(25895): Registering wifiscanner
D/WifiScanningService(25895): New client, channel: null messenger: null
I/RttService(25895): Registering rttmanager
D/WifiChangeStateMachine(25895): Entering IdleState
D/WifiScanningService(25895): DefaultState
I/ActivityManager(25895): Config changes=200 {1.0 ?mcc?mnc en_US ?layoutDir sw360dp w360dp h567dp 480dpi nrml port -touch -keyb/v/h -nav/h s.4}
E/SurfaceFlinger(25799): Permission Denial: can't access SurfaceFlinger pid=25895, uid=1000
E/SurfaceFlinger(25799): Permission Denial: can't access SurfaceFlinger pid=25895, uid=1000
V/BackupManagerService(25895): No ancestral data
D/BackupManagerService(25895): Now staging backup of com.android.browser
F/WindowAnimator(25895): Unhandled exception in Window Manager
F/WindowAnimator(25895): java.lang.NullPointerException: Attempt to invoke virtual method 'void android.view.SurfaceControl.setLayer(int)' on a null object reference
F/WindowAnimator(25895): at com.android.server.wm.FocusedStackFrame.setLayer(FocusedStackFrame.java:140)
F/WindowAnimator(25895): at com.android.server.wm.WindowManagerService.setFocusedStackLayer(WindowManagerService.java:3985)
F/WindowAnimator(25895): at com.android.server.wm.WindowAnimator.animateLocked(WindowAnimator.java:708)
F/WindowAnimator(25895): at com.android.server.wm.WindowAnimator.access$000(WindowAnimator.java:54)
F/WindowAnimator(25895): at com.android.server.wm.WindowAnimator$1.run(WindowAnimator.java:126)
F/WindowAnimator(25895): at android.view.Choreographer$CallbackRecord.run(Choreographer.java:767)
F/WindowAnimator(25895): at android.view.Choreographer.doCallbacks(Choreographer.java:580)
F/WindowAnimator(25895): at android.view.Choreographer.doFrame(Choreographer.java:549)
F/WindowAnimator(25895): at android.view.Choreographer$FrameDisplayEventReceiver.run(Choreographer.java:753)
F/WindowAnimator(25895): at android.os.Handler.handleCallback(Handler.java:739)
F/WindowAnimator(25895): at android.os.Handler.dispatchMessage(Handler.java:95)
F/WindowAnimator(25895): at android.os.Looper.loop(Looper.java:135)
F/WindowAnimator(25895): at android.os.HandlerThread.run(HandlerThread.java:61)
F/WindowAnimator(25895): at com.android.server.ServiceThread.run(ServiceThread.java:46)
E/SurfaceFlinger(25799): Permission Denial: can't access SurfaceFlinger pid=25895, uid=1000
D/BackupManagerService(25895): Now staging backup of android
D/BackupManagerService(25895): Now staging backup of com.android.mms
D/BackupManagerService(25895): Now staging backup of com.android.calendar
D/BackupManagerService(25895): Now staging backup of com.android.providers.settings
D/BackupManagerService(25895): Now staging backup of com.android.sharedstoragebackup
D/BackupManagerService(25895): Now staging backup of com.android.dialer
D/BackupManagerService(25895): Now staging backup of com.qti.backupagent
D/BackupManagerService(25895): Now staging backup of com.android.providers.userdictionary
V/BackupManagerService(25895): Starting with transport android/com.android.internal.backup.LocalTransport
V/BackupManagerService(25895): Found transports: 1
I/BackupManagerService(25895): Binding to transport host ComponentInfo{android/com.android.internal.backup.LocalTransportService}
I/BackupManagerService(25895): Found stale backup journal, scheduling
E/SurfaceFlinger(25799): Permission Denial: can't access SurfaceFlinger pid=25895, uid=1000
I/DropBoxManagerService(25895): Cleaning temp file: /data/system/dropbox/drop18.tmp
W/DisplayPowerController(25895): config_screenBrightnessDark (10) should be less than or equal to the first value of config_autoBrightnessLcdBacklightValues (3).
E/SurfaceFlinger(25799): Permission Denial: can't access SurfaceFlinger pid=25895, uid=1000
E/SurfaceFlinger(25799): Permission Denial: can't access SurfaceFlinger pid=25895, uid=1000
I/DigitalPenService(25895): registerOffScreenDimensionsCallback called
I/ActivityManager(25895): System now ready
E/SurfaceFlinger(25799): Permission Denial: can't access SurfaceFlinger pid=25895, uid=1000
E/SurfaceFlinger(25799): Permission Denial: can't access SurfaceFlinger pid=25895, uid=1000
I/SystemServer(25895): Making services ready
I/SystemServiceManager(25895): Starting phase 550
I/DigitalPenOffScreenDisplayAdapter(25895): mInfo is null, getting a new one
I/DisplayManagerService(25895): Display device added: DisplayDeviceInfo{"Digital Pen off-screen display": uniqueId="null", 480 x 640, 60.0 fps, supportedRefreshRates [], density 160, 160.0 x 160.0 dpi, appVsyncOff 0, presDeadline 0, touch EXTERNAL, rotation 0, type BUILT_IN, state ON, FLAG_ROTATES_WITH_CONTENT}
