E/qdhwcomposer( 1520): isValidDimension: layer handle is NULL
E/qdoverlay( 1520): Bad ov dump: mdp_overlay z=0 fg=0 alpha=255 mask=-1 flags=0x220000 id=16
E/qdoverlay( 1520): src msmfb_img w=1152 h=1920 format=13 MDP_RGBA_8888
E/qdoverlay( 1520): src_rect mdp_rect x=0 y=0 w=1080 h=1920
E/qdoverlay( 1520): dst_rect mdp_rect x=0 y=0 w=1080 h=1920
E/qdhwcomposer( 1520): isValidDimension: layer handle is NULL
E/qdhwcomposer( 1520): isValidDimension: layer handle is NULL
E/qdoverlay( 1520): Bad ov dump: mdp_overlay z=0 fg=0 alpha=255 mask=-1 flags=0x220000 id=16
E/qdoverlay( 1520): src msmfb_img w=1152 h=1920 format=13 MDP_RGBA_8888
E/qdoverlay( 1520): src_rect mdp_rect x=0 y=0 w=1080 h=1920
E/qdoverlay( 1520): dst_rect mdp_rect x=0 y=0 w=1080 h=1920
E/qdhwcomposer( 1520): isValidDimension: layer handle is NULL
E/qdhwcomposer( 1520): isValidDimension: layer handle is NULL
E/qdoverlay( 1520): Bad ov dump: mdp_overlay z=0 fg=0 alpha=255 mask=-1 flags=0x220000 id=16
E/qdoverlay( 1520): src msmfb_img w=1152 h=1920 format=13 MDP_RGBA_8888
E/qdoverlay( 1520): src_rect mdp_rect x=0 y=0 w=1080 h=1920
E/qdoverlay( 1520): dst_rect mdp_rect x=0 y=0 w=1080 h=1920
E/qdhwcomposer( 1520): isValidDimension: layer handle is NULL
E/qdhwcomposer( 1520): isValidDimension: layer handle is NULL
E/qdoverlay( 1520): Bad ov dump: mdp_overlay z=0 fg=0 alpha=255 mask=-1 flags=0x220000 id=16
E/qdoverlay( 1520): src msmfb_img w=1152 h=1920 format=13 MDP_RGBA_8888
E/qdoverlay( 1520): src_rect mdp_rect x=0 y=0 w=1080 h=1920
E/qdoverlay( 1520): dst_rect mdp_rect x=0 y=0 w=1080 h=1920
I/dex2oat (23734): dex2oat took 2.208s (threads: 4) arena alloc=68KB java alloc=2MB native alloc=5MB free=6MB
E/NetlinkListener(23553): recvmsg failed (I/O error)
E/NetlinkListener( 741): recvmsg failed (I/O error)
E/qdhwcomposer( 1520): isValidDimension: layer handle is NULL
E/qdhwcomposer( 1520): isValidDimension: layer handle is NULL
E/qdoverlay( 1520): Bad ov dump: mdp_overlay z=0 fg=0 alpha=255 mask=-1 flags=0x220000 id=16
E/qdoverlay( 1520): src msmfb_img w=1152 h=1920 format=13 MDP_RGBA_8888
E/qdoverlay( 1520): src_rect mdp_rect x=0 y=0 w=1080 h=1920
E/qdoverlay( 1520): dst_rect mdp_rect x=0 y=0 w=1080 h=1920
I/PackageManager(23638): Running dexopt on: /system/app/webview/webview.apk pkg=com.android.webview isa=arm vmSafeMode=false
E/qdhwcomposer( 1520): isValidDimension: layer handle is NULL
E/qdhwcomposer( 1520): isValidDimension: layer handle is NULL
E/qdoverlay( 1520): Bad ov dump: mdp_overlay z=0 fg=0 alpha=255 mask=-1 flags=0x220000 id=16
E/qdoverlay( 1520): src msmfb_img w=1152 h=1920 format=13 MDP_RGBA_8888
E/qdoverlay( 1520): src_rect mdp_rect x=0 y=0 w=1080 h=1920
E/qdoverlay( 1520): dst_rect mdp_rect x=0 y=0 w=1080 h=1920
E/qdhwcomposer( 1520): isValidDimension: layer handle is NULL
E/qdhwcomposer( 1520): isValidDimension: layer handle is NULL
E/qdoverlay( 1520): Bad ov dump: mdp_overlay z=0 fg=0 alpha=255 mask=-1 flags=0x220000 id=16
E/qdoverlay( 1520): src msmfb_img w=1152 h=1920 format=13 MDP_RGBA_8888
E/qdoverlay( 1520): src_rect mdp_rect x=0 y=0 w=1080 h=1920
E/qdoverlay( 1520): dst_rect mdp_rect x=0 y=0 w=1080 h=1920
I/dex2oat (23771): /system/bin/dex2oat --zip-fd=5 --zip-location=/system/app/webview/webview.apk --oat-fd=6 --oat-location=/data/dalvik-cache/arm/system@app@webview@webview.apk@classes.dex --instruction-set=arm --instruction-set-features=div --runtime-arg -Xms64m --runtime-arg -Xmx512m --swap-fd=7
E/qdhwcomposer( 1520): isValidDimension: layer handle is NULL
E/qdhwcomposer( 1520): isValidDimension: layer handle is NULL
E/qdoverlay( 1520): Bad ov dump: mdp_overlay z=0 fg=0 alpha=255 mask=-1 flags=0x220000 id=16
E/qdoverlay( 1520): src msmfb_img w=1152 h=1920 format=13 MDP_RGBA_8888
E/qdoverlay( 1520): src_rect mdp_rect x=0 y=0 w=1080 h=1920
E/qdoverlay( 1520): dst_rect mdp_rect x=0 y=0 w=1080 h=1920
E/qdhwcomposer( 1520): isValidDimension: layer handle is NULL
E/qdhwcomposer( 1520): isValidDimension: layer handle is NULL
E/qdoverlay( 1520): Bad ov dump: mdp_overlay z=0 fg=0 alpha=255 mask=-1 flags=0x220000 id=16
E/qdoverlay( 1520): src msmfb_img w=1152 h=1920 format=13 MDP_RGBA_8888
E/qdoverlay( 1520): src_rect mdp_rect x=0 y=0 w=1080 h=1920
E/qdoverlay( 1520): dst_rect mdp_rect x=0 y=0 w=1080 h=1920
E/qdhwcomposer( 1520): isValidDimension: layer handle is NULL
E/qdhwcomposer( 1520): isValidDimension: layer handle is NULL
E/qdoverlay( 1520): Bad ov dump: mdp_overlay z=0 fg=0 alpha=255 mask=-1 flags=0x220000 id=16
E/qdoverlay( 1520): src msmfb_img w=1152 h=1920 format=13 MDP_RGBA_8888
E/qdoverlay( 1520): src_rect mdp_rect x=0 y=0 w=1080 h=1920
E/qdoverlay( 1520): dst_rect mdp_rect x=0 y=0 w=1080 h=1920
E/qdhwcomposer( 1520): isValidDimension: layer handle is NULL
E/qdhwcomposer( 1520): isValidDimension: layer handle is NULL
E/qdoverlay( 1520): Bad ov dump: mdp_overlay z=0 fg=0 alpha=255 mask=-1 flags=0x220000 id=16
E/qdoverlay( 1520): src msmfb_img w=1152 h=1920 format=13 MDP_RGBA_8888
E/qdoverlay( 1520): src_rect mdp_rect x=0 y=0 w=1080 h=1920
E/qdoverlay( 1520): dst_rect mdp_rect x=0 y=0 w=1080 h=1920
E/qdhwcomposer( 1520): isValidDimension: layer handle is NULL
E/qdhwcomposer( 1520): isValidDimension: layer handle is NULL
E/qdoverlay( 1520): Bad ov dump: mdp_overlay z=0 fg=0 alpha=255 mask=-1 flags=0x220000 id=16
E/qdoverlay( 1520): src msmfb_img w=1152 h=1920 format=13 MDP_RGBA_8888
E/qdoverlay( 1520): src_rect mdp_rect x=0 y=0 w=1080 h=1920
E/qdoverlay( 1520): dst_rect mdp_rect x=0 y=0 w=1080 h=1920
E/qdhwcomposer( 1520): isValidDimension: layer handle is NULL
E/qdhwcomposer( 1520): isValidDimension: layer handle is NULL
E/qdoverlay( 1520): Bad ov dump: mdp_overlay z=0 fg=0 alpha=255 mask=-1 flags=0x220000 id=16
E/qdoverlay( 1520): src msmfb_img w=1152 h=1920 format=13 MDP_RGBA_8888
E/qdoverlay( 1520): src_rect mdp_rect x=0 y=0 w=1080 h=1920
E/qdoverlay( 1520): dst_rect mdp_rect x=0 y=0 w=1080 h=1920
E/NetlinkListener(23553): recvmsg failed (I/O error)
E/NetlinkListener( 741): recvmsg failed (I/O error)
E/qdhwcomposer( 1520): isValidDimension: layer handle is NULL
E/qdhwcomposer( 1520): isValidDimension: layer handle is NULL
E/qdoverlay( 1520): Bad ov dump: mdp_overlay z=0 fg=0 alpha=255 mask=-1 flags=0x220000 id=16
E/qdoverlay( 1520): src msmfb_img w=1152 h=1920 format=13 MDP_RGBA_8888
E/qdoverlay( 1520): src_rect mdp_rect x=0 y=0 w=1080 h=1920
E/qdoverlay( 1520): dst_rect mdp_rect x=0 y=0 w=1080 h=1920
I/dex2oat (23771): Decided to run without swap.
E/qdhwcomposer( 1520): isValidDimension: layer handle is NULL
E/qdhwcomposer( 1520): isValidDimension: layer handle is NULL
E/qdoverlay( 1520): Bad ov dump: mdp_overlay z=0 fg=0 alpha=255 mask=-1 flags=0x220000 id=16
E/qdoverlay( 1520): src msmfb_img w=1152 h=1920 format=13 MDP_RGBA_8888
E/qdoverlay( 1520): src_rect mdp_rect x=0 y=0 w=1080 h=1920
E/qdoverlay( 1520): dst_rect mdp_rect x=0 y=0 w=1080 h=1920
E/qdhwcomposer( 1520): isValidDimension: layer handle is NULL
E/qdhwcomposer( 1520): isValidDimension: layer handle is NULL
E/qdoverlay( 1520): Bad ov dump: mdp_overlay z=0 fg=0 alpha=255 mask=-1 flags=0x220000 id=16
E/qdoverlay( 1520): src msmfb_img w=1152 h=1920 format=13 MDP_RGBA_8888
E/qdoverlay( 1520): src_rect mdp_rect x=0 y=0 w=1080 h=1920
E/qdoverlay( 1520): dst_rect mdp_rect x=0 y=0 w=1080 h=1920
E/NetlinkListener(23553): recvmsg failed (I/O error)
E/NetlinkListener( 741): recvmsg failed (I/O error)
E/qdhwcomposer( 1520): isValidDimension: layer handle is NULL
E/qdhwcomposer( 1520): isValidDimension: layer handle is NULL
E/qdoverlay( 1520): Bad ov dump: mdp_overlay z=0 fg=0 alpha=255 mask=-1 flags=0x220000 id=16
E/qdoverlay( 1520): src msmfb_img w=1152 h=1920 format=13 MDP_RGBA_8888
E/qdoverlay( 1520): src_rect mdp_rect x=0 y=0 w=1080 h=1920
E/qdoverlay( 1520): dst_rect mdp_rect x=0 y=0 w=1080 h=1920
E/qdhwcomposer( 1520): isValidDimension: layer handle is NULL
E/qdhwcomposer( 1520): isValidDimension: layer handle is NULL
E/qdoverlay( 1520): Bad ov dump: mdp_overlay z=0 fg=0 alpha=255 mask=-1 flags=0x220000 id=16
E/qdoverlay( 1520): src msmfb_img w=1152 h=1920 format=13 MDP_RGBA_8888
E/qdoverlay( 1520): src_rect mdp_rect x=0 y=0 w=1080 h=1920
E/qdoverlay( 1520): dst_rect mdp_rect x=0 y=0 w=1080 h=1920
E/qdhwcomposer( 1520): isValidDimension: layer handle is NULL
E/qdhwcomposer( 1520): isValidDimension: layer handle is NULL
E/qdoverlay( 1520): Bad ov dump: mdp_overlay z=0 fg=0 alpha=255 mask=-1 flags=0x220000 id=16
E/qdoverlay( 1520): src msmfb_img w=1152 h=1920 format=13 MDP_RGBA_8888
E/qdoverlay( 1520): src_rect mdp_rect x=0 y=0 w=1080 h=1920
E/qdoverlay( 1520): dst_rect mdp_rect x=0 y=0 w=1080 h=1920
E/qdhwcomposer( 1520): isValidDimension: layer handle is NULL
E/qdhwcomposer( 1520): isValidDimension: layer handle is NULL
E/qdoverlay( 1520): Bad ov dump: mdp_overlay z=0 fg=0 alpha=255 mask=-1 flags=0x220000 id=16
E/qdoverlay( 1520): src msmfb_img w=1152 h=1920 format=13 MDP_RGBA_8888
E/qdoverlay( 1520): src_rect mdp_rect x=0 y=0 w=1080 h=1920
E/qdoverlay( 1520): dst_rect mdp_rect x=0 y=0 w=1080 h=1920
E/qdhwcomposer( 1520): isValidDimension: layer handle is NULL
E/qdhwcomposer( 1520): isValidDimension: layer handle is NULL
E/qdoverlay( 1520): Bad ov dump: mdp_overlay z=0 fg=0 alpha=255 mask=-1 flags=0x220000 id=16
E/qdoverlay( 1520): src msmfb_img w=1152 h=1920 format=13 MDP_RGBA_8888
E/qdoverlay( 1520): src_rect mdp_rect x=0 y=0 w=1080 h=1920
E/qdoverlay( 1520): dst_rect mdp_rect x=0 y=0 w=1080 h=1920
E/qdhwcomposer( 1520): isValidDimension: layer handle is NULL
E/qdhwcomposer( 1520): isValidDimension: layer handle is NULL
E/qdoverlay( 1520): Bad ov dump: mdp_overlay z=0 fg=0 alpha=255 mask=-1 flags=0x220000 id=16
E/qdoverlay( 1520): src msmfb_img w=1152 h=1920 format=13 MDP_RGBA_8888
E/qdoverlay( 1520): src_rect mdp_rect x=0 y=0 w=1080 h=1920
E/qdoverlay( 1520): dst_rect mdp_rect x=0 y=0 w=1080 h=1920
E/qdhwcomposer( 1520): isValidDimension: layer handle is NULL
E/qdhwcomposer( 1520): isValidDimension: layer handle is NULL
E/qdoverlay( 1520): Bad ov dump: mdp_overlay z=0 fg=0 alpha=255 mask=-1 flags=0x220000 id=16
E/qdoverlay( 1520): src msmfb_img w=1152 h=1920 format=13 MDP_RGBA_8888
E/qdoverlay( 1520): src_rect mdp_rect x=0 y=0 w=1080 h=1920
E/qdoverlay( 1520): dst_rect mdp_rect x=0 y=0 w=1080 h=1920
E/NetlinkListener( 741): recvmsg failed (I/O error)
E/NetlinkListener(23553): recvmsg failed (I/O error)
E/qdhwcomposer( 1520): isValidDimension: layer handle is NULL
E/qdhwcomposer( 1520): isValidDimension: layer handle is NULL
E/qdoverlay( 1520): Bad ov dump: mdp_overlay z=0 fg=0 alpha=255 mask=-1 flags=0x220000 id=16
E/qdoverlay( 1520): src msmfb_img w=1152 h=1920 format=13 MDP_RGBA_8888
E/qdoverlay( 1520): src_rect mdp_rect x=0 y=0 w=1080 h=1920
E/qdoverlay( 1520): dst_rect mdp_rect x=0 y=0 w=1080 h=1920
E/qdhwcomposer( 1520): isValidDimension: layer handle is NULL
E/qdhwcomposer( 1520): isValidDimension: layer handle is NULL
E/qdoverlay( 1520): Bad ov dump: mdp_overlay z=0 fg=0 alpha=255 mask=-1 flags=0x220000 id=16
E/qdoverlay( 1520): src msmfb_img w=1152 h=1920 format=13 MDP_RGBA_8888
E/qdoverlay( 1520): src_rect mdp_rect x=0 y=0 w=1080 h=1920
E/qdoverlay( 1520): dst_rect mdp_rect x=0 y=0 w=1080 h=1920
E/qdhwcomposer( 1520): isValidDimension: layer handle is NULL
E/qdhwcomposer( 1520): isValidDimension: layer handle is NULL
E/qdoverlay( 1520): Bad ov dump: mdp_overlay z=0 fg=0 alpha=255 mask=-1 flags=0x220000 id=16
E/qdoverlay( 1520): src msmfb_img w=1152 h=1920 format=13 MDP_RGBA_8888
E/qdoverlay( 1520): src_rect mdp_rect x=0 y=0 w=1080 h=1920
E/qdoverlay( 1520): dst_rect mdp_rect x=0 y=0 w=1080 h=1920
E/qdhwcomposer( 1520): isValidDimension: layer handle is NULL
E/qdhwcomposer( 1520): isValidDimension: layer handle is NULL
E/qdoverlay( 1520): Bad ov dump: mdp_overlay z=0 fg=0 alpha=255 mask=-1 flags=0x220000 id=16
E/qdoverlay( 1520): src msmfb_img w=1152 h=1920 format=13 MDP_RGBA_8888
E/qdoverlay( 1520): src_rect mdp_rect x=0 y=0 w=1080 h=1920
E/qdoverlay( 1520): dst_rect mdp_rect x=0 y=0 w=1080 h=1920
E/qdhwcomposer( 1520): isValidDimension: layer handle is NULL
E/qdhwcomposer( 1520): isValidDimension: layer handle is NULL
E/qdoverlay( 1520): Bad ov dump: mdp_overlay z=0 fg=0 alpha=255 mask=-1 flags=0x220000 id=16
E/qdoverlay( 1520): src msmfb_img w=1152 h=1920 format=13 MDP_RGBA_8888
E/qdoverlay( 1520): src_rect mdp_rect x=0 y=0 w=1080 h=1920
E/qdoverlay( 1520): dst_rect mdp_rect x=0 y=0 w=1080 h=1920
E/qdhwcomposer( 1520): isValidDimension: layer handle is NULL
E/qdhwcomposer( 1520): isValidDimension: layer handle is NULL
E/qdoverlay( 1520): Bad ov dump: mdp_overlay z=0 fg=0 alpha=255 mask=-1 flags=0x220000 id=16
E/qdoverlay( 1520): src msmfb_img w=1152 h=1920 format=13 MDP_RGBA_8888
E/qdoverlay( 1520): src_rect mdp_rect x=0 y=0 w=1080 h=1920
E/qdoverlay( 1520): dst_rect mdp_rect x=0 y=0 w=1080 h=1920
E/qdhwcomposer( 1520): isValidDimension: layer handle is NULL
E/qdhwcomposer( 1520): isValidDimension: layer handle is NULL
E/qdoverlay( 1520): Bad ov dump: mdp_overlay z=0 fg=0 alpha=255 mask=-1 flags=0x220000 id=16
E/qdoverlay( 1520): src msmfb_img w=1152 h=1920 format=13 MDP_RGBA_8888
E/qdoverlay( 1520): src_rect mdp_rect x=0 y=0 w=1080 h=1920
E/qdoverlay( 1520): dst_rect mdp_rect x=0 y=0 w=1080 h=1920
E/qdhwcomposer( 1520): isValidDimension: layer handle is NULL
E/qdhwcomposer( 1520): isValidDimension: layer handle is NULL
E/qdoverlay( 1520): Bad ov dump: mdp_overlay z=0 fg=0 alpha=255 mask=-1 flags=0x220000 id=16
E/qdoverlay( 1520): src msmfb_img w=1152 h=1920 format=13 MDP_RGBA_8888
E/qdoverlay( 1520): src_rect mdp_rect x=0 y=0 w=1080 h=1920
E/qdoverlay( 1520): dst_rect mdp_rect x=0 y=0 w=1080 h=1920
E/qdhwcomposer( 1520): isValidDimension: layer handle is NULL
E/qdhwcomposer( 1520): isValidDimension: layer handle is NULL
E/qdoverlay( 1520): Bad ov dump: mdp_overlay z=0 fg=0 alpha=255 mask=-1 flags=0x220000 id=16
E/qdoverlay( 1520): src msmfb_img w=1152 h=1920 format=13 MDP_RGBA_8888
E/qdoverlay( 1520): src_rect mdp_rect x=0 y=0 w=1080 h=1920
E/qdoverlay( 1520): dst_rect mdp_rect x=0 y=0 w=1080 h=1920
E/qdhwcomposer( 1520): isValidDimension: layer handle is NULL
E/qdhwcomposer( 1520): isValidDimension: layer handle is NULL
E/qdoverlay( 1520): Bad ov dump: mdp_overlay z=0 fg=0 alpha=255 mask=-1 flags=0x220000 id=16
E/qdoverlay( 1520): src msmfb_img w=1152 h=1920 format=13 MDP_RGBA_8888
E/qdoverlay( 1520): src_rect mdp_rect x=0 y=0 w=1080 h=1920
E/qdoverlay( 1520): dst_rect mdp_rect x=0 y=0 w=1080 h=1920
E/qdhwcomposer( 1520): isValidDimension: layer handle is NULL
E/qdhwcomposer( 1520): isValidDimension: layer handle is NULL
E/qdoverlay( 1520): Bad ov dump: mdp_overlay z=0 fg=0 alpha=255 mask=-1 flags=0x220000 id=16
E/qdoverlay( 1520): src msmfb_img w=1152 h=1920 format=13 MDP_RGBA_8888
E/qdoverlay( 1520): src_rect mdp_rect x=0 y=0 w=1080 h=1920
E/qdoverlay( 1520): dst_rect mdp_rect x=0 y=0 w=1080 h=1920
E/qdhwcomposer( 1520): isValidDimension: layer handle is NULL
E/qdhwcomposer( 1520): isValidDimension: layer handle is NULL
E/qdoverlay( 1520): Bad ov dump: mdp_overlay z=0 fg=0 alpha=255 mask=-1 flags=0x220000 id=16
E/qdoverlay( 1520): src msmfb_img w=1152 h=1920 format=13 MDP_RGBA_8888
E/qdoverlay( 1520): src_rect mdp_rect x=0 y=0 w=1080 h=1920
E/qdoverlay( 1520): dst_rect mdp_rect x=0 y=0 w=1080 h=1920
E/qdhwcomposer( 1520): isValidDimension: layer handle is NULL
E/qdhwcomposer( 1520): isValidDimension: layer handle is NULL
E/qdoverlay( 1520): Bad ov dump: mdp_overlay z=0 fg=0 alpha=255 mask=-1 flags=0x220000 id=16
E/qdoverlay( 1520): src msmfb_img w=1152 h=1920 format=13 MDP_RGBA_8888
E/qdoverlay( 1520): src_rect mdp_rect x=0 y=0 w=1080 h=1920
E/qdoverlay( 1520): dst_rect mdp_rect x=0 y=0 w=1080 h=1920
E/qdhwcomposer( 1520): isValidDimension: layer handle is NULL
E/qdhwcomposer( 1520): isValidDimension: layer handle is NULL
E/qdoverlay( 1520): Bad ov dump: mdp_overlay z=0 fg=0 alpha=255 mask=-1 flags=0x220000 id=16
E/qdoverlay( 1520): src msmfb_img w=1152 h=1920 format=13 MDP_RGBA_8888
E/qdoverlay( 1520): src_rect mdp_rect x=0 y=0 w=1080 h=1920
E/qdoverlay( 1520): dst_rect mdp_rect x=0 y=0 w=1080 h=1920
E/qdhwcomposer( 1520): isValidDimension: layer handle is NULL
E/qdhwcomposer( 1520): isValidDimension: layer handle is NULL
E/qdoverlay( 1520): Bad ov dump: mdp_overlay z=0 fg=0 alpha=255 mask=-1 flags=0x220000 id=16
E/qdoverlay( 1520): src msmfb_img w=1152 h=1920 format=13 MDP_RGBA_8888
E/qdoverlay( 1520): src_rect mdp_rect x=0 y=0 w=1080 h=1920
E/qdoverlay( 1520): dst_rect mdp_rect x=0 y=0 w=1080 h=1920
E/qdhwcomposer( 1520): isValidDimension: layer handle is NULL
E/qdhwcomposer( 1520): isValidDimension: layer handle is NULL
E/qdoverlay( 1520): Bad ov dump: mdp_overlay z=0 fg=0 alpha=255 mask=-1 flags=0x220000 id=16
E/qdoverlay( 1520): src msmfb_img w=1152 h=1920 format=13 MDP_RGBA_8888
E/qdoverlay( 1520): src_rect mdp_rect x=0 y=0 w=1080 h=1920
E/qdoverlay( 1520): dst_rect mdp_rect x=0 y=0 w=1080 h=1920
E/qdhwcomposer( 1520): isValidDimension: layer handle is NULL
E/qdhwcomposer( 1520): isValidDimension: layer handle is NULL
E/qdoverlay( 1520): Bad ov dump: mdp_overlay z=0 fg=0 alpha=255 mask=-1 flags=0x220000 id=16
E/qdoverlay( 1520): src msmfb_img w=1152 h=1920 format=13 MDP_RGBA_8888
E/qdoverlay( 1520): src_rect mdp_rect x=0 y=0 w=1080 h=1920
E/qdoverlay( 1520): dst_rect mdp_rect x=0 y=0 w=1080 h=1920
E/qdhwcomposer( 1520): isValidDimension: layer handle is NULL
E/qdhwcomposer( 1520): isValidDimension: layer handle is NULL
E/qdoverlay( 1520): Bad ov dump: mdp_overlay z=0 fg=0 alpha=255 mask=-1 flags=0x220000 id=16
E/qdoverlay( 1520): src msmfb_img w=1152 h=1920 format=13 MDP_RGBA_8888
E/qdoverlay( 1520): src_rect mdp_rect x=0 y=0 w=1080 h=1920
E/qdoverlay( 1520): dst_rect mdp_rect x=0 y=0 w=1080 h=1920
E/qdhwcomposer( 1520): isValidDimension: layer handle is NULL
E/qdhwcomposer( 1520): isValidDimension: layer handle is NULL
E/qdoverlay( 1520): Bad ov dump: mdp_overlay z=0 fg=0 alpha=255 mask=-1 flags=0x220000 id=16
E/qdoverlay( 1520): src msmfb_img w=1152 h=1920 format=13 MDP_RGBA_8888
E/qdoverlay( 1520): src_rect mdp_rect x=0 y=0 w=1080 h=1920
E/qdoverlay( 1520): dst_rect mdp_rect x=0 y=0 w=1080 h=1920
E/qdhwcomposer( 1520): isValidDimension: layer handle is NULL
E/qdhwcomposer( 1520): isValidDimension: layer handle is NULL
E/qdoverlay( 1520): Bad ov dump: mdp_overlay z=0 fg=0 alpha=255 mask=-1 flags=0x220000 id=16
E/qdoverlay( 1520): src msmfb_img w=1152 h=1920 format=13 MDP_RGBA_8888
E/qdoverlay( 1520): src_rect mdp_rect x=0 y=0 w=1080 h=1920
E/qdoverlay( 1520): dst_rect mdp_rect x=0 y=0 w=1080 h=1920
E/qdhwcomposer( 1520): isValidDimension: layer handle is NULL
E/qdhwcomposer( 1520): isValidDimension: layer handle is NULL
E/qdoverlay( 1520): Bad ov dump: mdp_overlay z=0 fg=0 alpha=255 mask=-1 flags=0x220000 id=16
E/qdoverlay( 1520): src msmfb_img w=1152 h=1920 format=13 MDP_RGBA_8888
E/qdoverlay( 1520): src_rect mdp_rect x=0 y=0 w=1080 h=1920
E/qdoverlay( 1520): dst_rect mdp_rect x=0 y=0 w=1080 h=1920
E/qdhwcomposer( 1520): isValidDimension: layer handle is NULL
E/qdhwcomposer( 1520): isValidDimension: layer handle is NULL
E/qdoverlay( 1520): Bad ov dump: mdp_overlay z=0 fg=0 alpha=255 mask=-1 flags=0x220000 id=16
E/qdoverlay( 1520): src msmfb_img w=1152 h=1920 format=13 MDP_RGBA_8888
E/qdoverlay( 1520): src_rect mdp_rect x=0 y=0 w=1080 h=1920
E/qdoverlay( 1520): dst_rect mdp_rect x=0 y=0 w=1080 h=1920
E/qdhwcomposer( 1520): isValidDimension: layer handle is NULL
E/qdhwcomposer( 1520): isValidDimension: layer handle is NULL
E/qdoverlay( 1520): Bad ov dump: mdp_overlay z=0 fg=0 alpha=255 mask=-1 flags=0x220000 id=16
E/qdoverlay( 1520): src msmfb_img w=1152 h=1920 format=13 MDP_RGBA_8888
E/qdoverlay( 1520): src_rect mdp_rect x=0 y=0 w=1080 h=1920
E/qdoverlay( 1520): dst_rect mdp_rect x=0 y=0 w=1080 h=1920
E/qdhwcomposer( 1520): isValidDimension: layer handle is NULL
E/qdhwcomposer( 1520): isValidDimension: layer handle is NULL
E/qdoverlay( 1520): Bad ov dump: mdp_overlay z=0 fg=0 alpha=255 mask=-1 flags=0x220000 id=16
E/qdoverlay( 1520): src msmfb_img w=1152 h=1920 format=13 MDP_RGBA_8888
E/qdoverlay( 1520): src_rect mdp_rect x=0 y=0 w=1080 h=1920
E/qdoverlay( 1520): dst_rect mdp_rect x=0 y=0 w=1080 h=1920
E/qdhwcomposer( 1520): isValidDimension: layer handle is NULL
E/qdhwcomposer( 1520): isValidDimension: layer handle is NULL
E/qdoverlay( 1520): Bad ov dump: mdp_overlay z=0 fg=0 alpha=255 mask=-1 flags=0x220000 id=16
E/qdoverlay( 1520): src msmfb_img w=1152 h=1920 format=13 MDP_RGBA_8888
E/qdoverlay( 1520): src_rect mdp_rect x=0 y=0 w=1080 h=1920
E/qdoverlay( 1520): dst_rect mdp_rect x=0 y=0 w=1080 h=1920
E/qdhwcomposer( 1520): isValidDimension: layer handle is NULL
E/qdhwcomposer( 1520): isValidDimension: layer handle is NULL
E/qdoverlay( 1520): Bad ov dump: mdp_overlay z=0 fg=0 alpha=255 mask=-1 flags=0x220000 id=16
E/qdoverlay( 1520): src msmfb_img w=1152 h=1920 format=13 MDP_RGBA_8888
E/qdoverlay( 1520): src_rect mdp_rect x=0 y=0 w=1080 h=1920
E/qdoverlay( 1520): dst_rect mdp_rect x=0 y=0 w=1080 h=1920
E/qdhwcomposer( 1520): isValidDimension: layer handle is NULL
E/qdhwcomposer( 1520): isValidDimension: layer handle is NULL
E/qdoverlay( 1520): Bad ov dump: mdp_overlay z=0 fg=0 alpha=255 mask=-1 flags=0x220000 id=16
E/qdoverlay( 1520): src msmfb_img w=1152 h=1920 format=13 MDP_RGBA_8888
E/qdoverlay( 1520): src_rect mdp_rect x=0 y=0 w=1080 h=1920
E/qdoverlay( 1520): dst_rect mdp_rect x=0 y=0 w=1080 h=1920
E/qdhwcomposer( 1520): isValidDimension: layer handle is NULL
E/qdhwcomposer( 1520): isValidDimension: layer handle is NULL
E/qdoverlay( 1520): Bad ov dump: mdp_overlay z=0 fg=0 alpha=255 mask=-1 flags=0x220000 id=16
E/qdoverlay( 1520): src msmfb_img w=1152 h=1920 format=13 MDP_RGBA_8888
E/qdoverlay( 1520): src_rect mdp_rect x=0 y=0 w=1080 h=1920
E/qdoverlay( 1520): dst_rect mdp_rect x=0 y=0 w=1080 h=1920
E/qdhwcomposer( 1520): isValidDimension: layer handle is NULL
E/qdhwcomposer( 1520): isValidDimension: layer handle is NULL
E/qdoverlay( 1520): Bad ov dump: mdp_overlay z=0 fg=0 alpha=255 mask=-1 flags=0x220000 id=16
E/qdoverlay( 1520): src msmfb_img w=1152 h=1920 format=13 MDP_RGBA_8888
E/qdoverlay( 1520): src_rect mdp_rect x=0 y=0 w=1080 h=1920
E/qdoverlay( 1520): dst_rect mdp_rect x=0 y=0 w=1080 h=1920
E/qdhwcomposer( 1520): isValidDimension: layer handle is NULL
E/qdhwcomposer( 1520): isValidDimension: layer handle is NULL
E/qdoverlay( 1520): Bad ov dump: mdp_overlay z=0 fg=0 alpha=255 mask=-1 flags=0x220000 id=16
E/qdoverlay( 1520): src msmfb_img w=1152 h=1920 format=13 MDP_RGBA_8888
E/qdoverlay( 1520): src_rect mdp_rect x=0 y=0 w=1080 h=1920
E/qdoverlay( 1520): dst_rect mdp_rect x=0 y=0 w=1080 h=1920
E/qdhwcomposer( 1520): isValidDimension: layer handle is NULL
E/qdhwcomposer( 1520): isValidDimension: layer handle is NULL
E/qdoverlay( 1520): Bad ov dump: mdp_overlay z=0 fg=0 alpha=255 mask=-1 flags=0x220000 id=16
E/qdoverlay( 1520): src msmfb_img w=1152 h=1920 format=13 MDP_RGBA_8888
E/qdoverlay( 1520): src_rect mdp_rect x=0 y=0 w=1080 h=1920
E/qdoverlay( 1520): dst_rect mdp_rect x=0 y=0 w=1080 h=1920
E/qdhwcomposer( 1520): isValidDimension: layer handle is NULL
E/qdhwcomposer( 1520): isValidDimension: layer handle is NULL
E/qdoverlay( 1520): Bad ov dump: mdp_overlay z=0 fg=0 alpha=255 mask=-1 flags=0x220000 id=16
E/qdoverlay( 1520): src msmfb_img w=1152 h=1920 format=13 MDP_RGBA_8888
E/qdoverlay( 1520): src_rect mdp_rect x=0 y=0 w=1080 h=1920
E/qdoverlay( 1520): dst_rect mdp_rect x=0 y=0 w=1080 h=1920
E/qdhwcomposer( 1520): isValidDimension: layer handle is NULL
E/qdhwcomposer( 1520): isValidDimension: layer handle is NULL
E/qdoverlay( 1520): Bad ov dump: mdp_overlay z=0 fg=0 alpha=255 mask=-1 flags=0x220000 id=16
E/qdoverlay( 1520): src msmfb_img w=1152 h=1920 format=13 MDP_RGBA_8888
E/qdoverlay( 1520): src_rect mdp_rect x=0 y=0 w=1080 h=1920
E/qdoverlay( 1520): dst_rect mdp_rect x=0 y=0 w=1080 h=1920
E/qdhwcomposer( 1520): isValidDimension: layer handle is NULL
E/qdhwcomposer( 1520): isValidDimension: layer handle is NULL
E/qdoverlay( 1520): Bad ov dump: mdp_overlay z=0 fg=0 alpha=255 mask=-1 flags=0x220000 id=16
E/qdoverlay( 1520): src msmfb_img w=1152 h=1920 format=13 MDP_RGBA_8888
E/qdoverlay( 1520): src_rect mdp_rect x=0 y=0 w=1080 h=1920
E/qdoverlay( 1520): dst_rect mdp_rect x=0 y=0 w=1080 h=1920
E/qdhwcomposer( 1520): isValidDimension: layer handle is NULL
E/qdhwcomposer( 1520): isValidDimension: layer handle is NULL
E/qdoverlay( 1520): Bad ov dump: mdp_overlay z=0 fg=0 alpha=255 mask=-1 flags=0x220000 id=16
E/qdoverlay( 1520): src msmfb_img w=1152 h=1920 format=13 MDP_RGBA_8888
E/qdoverlay( 1520): src_rect mdp_rect x=0 y=0 w=1080 h=1920
E/qdoverlay( 1520): dst_rect mdp_rect x=0 y=0 w=1080 h=1920
E/qdhwcomposer( 1520): isValidDimension: layer handle is NULL
E/qdhwcomposer( 1520): isValidDimension: layer handle is NULL
E/qdoverlay( 1520): Bad ov dump: mdp_overlay z=0 fg=0 alpha=255 mask=-1 flags=0x220000 id=16
E/qdoverlay( 1520): src msmfb_img w=1152 h=1920 format=13 MDP_RGBA_8888
E/qdoverlay( 1520): src_rect mdp_rect x=0 y=0 w=1080 h=1920
E/qdoverlay( 1520): dst_rect mdp_rect x=0 y=0 w=1080 h=1920
E/qdhwcomposer( 1520): isValidDimension: layer handle is NULL
E/qdhwcomposer( 1520): isValidDimension: layer handle is NULL
E/qdoverlay( 1520): Bad ov dump: mdp_overlay z=0 fg=0 alpha=255 mask=-1 flags=0x220000 id=16
E/qdoverlay( 1520): src msmfb_img w=1152 h=1920 format=13 MDP_RGBA_8888
E/qdoverlay( 1520): src_rect mdp_rect x=0 y=0 w=1080 h=1920
E/qdoverlay( 1520): dst_rect mdp_rect x=0 y=0 w=1080 h=1920
E/qdhwcomposer( 1520): isValidDimension: layer handle is NULL
E/qdhwcomposer( 1520): isValidDimension: layer handle is NULL
E/qdoverlay( 1520): Bad ov dump: mdp_overlay z=0 fg=0 alpha=255 mask=-1 flags=0x220000 id=16
E/qdoverlay( 1520): src msmfb_img w=1152 h=1920 format=13 MDP_RGBA_8888
E/qdoverlay( 1520): src_rect mdp_rect x=0 y=0 w=1080 h=1920
E/qdoverlay( 1520): dst_rect mdp_rect x=0 y=0 w=1080 h=1920
E/qdhwcomposer( 1520): isValidDimension: layer handle is NULL
E/qdhwcomposer( 1520): isValidDimension: layer handle is NULL
E/qdoverlay( 1520): Bad ov dump: mdp_overlay z=0 fg=0 alpha=255 mask=-1 flags=0x220000 id=16
E/qdoverlay( 1520): src msmfb_img w=1152 h=1920 format=13 MDP_RGBA_8888
E/qdoverlay( 1520): src_rect mdp_rect x=0 y=0 w=1080 h=1920
E/qdoverlay( 1520): dst_rect mdp_rect x=0 y=0 w=1080 h=1920
E/qdhwcomposer( 1520): isValidDimension: layer handle is NULL
E/qdhwcomposer( 1520): isValidDimension: layer handle is NULL
E/qdoverlay( 1520): Bad ov dump: mdp_overlay z=0 fg=0 alpha=255 mask=-1 flags=0x220000 id=16
E/qdoverlay( 1520): src msmfb_img w=1152 h=1920 format=13 MDP_RGBA_8888
E/qdoverlay( 1520): src_rect mdp_rect x=0 y=0 w=1080 h=1920
E/qdoverlay( 1520): dst_rect mdp_rect x=0 y=0 w=1080 h=1920
E/qdhwcomposer( 1520): isValidDimension: layer handle is NULL
E/qdhwcomposer( 1520): isValidDimension: layer handle is NULL
E/qdoverlay( 1520): Bad ov dump: mdp_overlay z=0 fg=0 alpha=255 mask=-1 flags=0x220000 id=16
E/qdoverlay( 1520): src msmfb_img w=1152 h=1920 format=13 MDP_RGBA_8888
E/qdoverlay( 1520): src_rect mdp_rect x=0 y=0 w=1080 h=1920
E/qdoverlay( 1520): dst_rect mdp_rect x=0 y=0 w=1080 h=1920
E/qdhwcomposer( 1520): isValidDimension: layer handle is NULL
E/qdhwcomposer( 1520): isValidDimension: layer handle is NULL
E/qdoverlay( 1520): Bad ov dump: mdp_overlay z=0 fg=0 alpha=255 mask=-1 flags=0x220000 id=16
E/qdoverlay( 1520): src msmfb_img w=1152 h=1920 format=13 MDP_RGBA_8888
E/qdoverlay( 1520): src_rect mdp_rect x=0 y=0 w=1080 h=1920
E/qdoverlay( 1520): dst_rect mdp_rect x=0 y=0 w=1080 h=1920
E/qdhwcomposer( 1520): isValidDimension: layer handle is NULL
E/qdhwcomposer( 1520): isValidDimension: layer handle is NULL
E/qdoverlay( 1520): Bad ov dump: mdp_overlay z=0 fg=0 alpha=255 mask=-1 flags=0x220000 id=16
E/qdoverlay( 1520): src msmfb_img w=1152 h=1920 format=13 MDP_RGBA_8888
E/qdoverlay( 1520): src_rect mdp_rect x=0 y=0 w=1080 h=1920
E/qdoverlay( 1520): dst_rect mdp_rect x=0 y=0 w=1080 h=1920
E/qdhwcomposer( 1520): isValidDimension: layer handle is NULL
E/qdhwcomposer( 1520): isValidDimension: layer handle is NULL
E/qdoverlay( 1520): Bad ov dump: mdp_overlay z=0 fg=0 alpha=255 mask=-1 flags=0x220000 id=16
E/qdoverlay( 1520): src msmfb_img w=1152 h=1920 format=13 MDP_RGBA_8888
E/qdoverlay( 1520): src_rect mdp_rect x=0 y=0 w=1080 h=1920
E/qdoverlay( 1520): dst_rect mdp_rect x=0 y=0 w=1080 h=1920
E/qdhwcomposer( 1520): isValidDimension: layer handle is NULL
E/qdhwcomposer( 1520): isValidDimension: layer handle is NULL
E/qdoverlay( 1520): Bad ov dump: mdp_overlay z=0 fg=0 alpha=255 mask=-1 flags=0x220000 id=16
E/qdoverlay( 1520): src msmfb_img w=1152 h=1920 format=13 MDP_RGBA_8888
E/qdoverlay( 1520): src_rect mdp_rect x=0 y=0 w=1080 h=1920
E/qdoverlay( 1520): dst_rect mdp_rect x=0 y=0 w=1080 h=1920
E/qdhwcomposer( 1520): isValidDimension: layer handle is NULL
E/qdhwcomposer( 1520): isValidDimension: layer handle is NULL
E/qdoverlay( 1520): Bad ov dump: mdp_overlay z=0 fg=0 alpha=255 mask=-1 flags=0x220000 id=16
E/qdoverlay( 1520): src msmfb_img w=1152 h=1920 format=13 MDP_RGBA_8888
E/qdoverlay( 1520): src_rect mdp_rect x=0 y=0 w=1080 h=1920
E/qdoverlay( 1520): dst_rect mdp_rect x=0 y=0 w=1080 h=1920
E/qdhwcomposer( 1520): isValidDimension: layer handle is NULL
E/qdhwcomposer( 1520): isValidDimension: layer handle is NULL
I/dex2oat (23771): dex2oat took 1.055s (threads: 4) arena alloc=64KB java alloc=1380KB native alloc=3MB free=4MB
E/qdoverlay( 1520): Bad ov dump: mdp_overlay z=0 fg=0 alpha=255 mask=-1 flags=0x220000 id=16
E/qdoverlay( 1520): src msmfb_img w=1152 h=1920 format=13 MDP_RGBA_8888
E/qdoverlay( 1520): src_rect mdp_rect x=0 y=0 w=1080 h=1920
E/qdoverlay( 1520): dst_rect mdp_rect x=0 y=0 w=1080 h=1920
E/qdhwcomposer( 1520): isValidDimension: layer handle is NULL
E/qdhwcomposer( 1520): isValidDimension: layer handle is NULL
I/PackageManager(23638): Running dexopt on: /system/app/OpenWnn/OpenWnn.apk pkg=jp.co.omronsoft.openwnn isa=arm vmSafeMode=false
E/qdoverlay( 1520): Bad ov dump: mdp_overlay z=0 fg=0 alpha=255 mask=-1 flags=0x220000 id=16
E/qdoverlay( 1520): src msmfb_img w=1152 h=1920 format=13 MDP_RGBA_8888
E/qdoverlay( 1520): src_rect mdp_rect x=0 y=0 w=1080 h=1920
E/qdoverlay( 1520): dst_rect mdp_rect x=0 y=0 w=1080 h=1920
E/qdhwcomposer( 1520): isValidDimension: layer handle is NULL
E/qdhwcomposer( 1520): isValidDimension: layer handle is NULL
E/qdoverlay( 1520): Bad ov dump: mdp_overlay z=0 fg=0 alpha=255 mask=-1 flags=0x220000 id=16
E/qdoverlay( 1520): src msmfb_img w=1152 h=1920 format=13 MDP_RGBA_8888
E/qdoverlay( 1520): src_rect mdp_rect x=0 y=0 w=1080 h=1920
E/qdoverlay( 1520): dst_rect mdp_rect x=0 y=0 w=1080 h=1920
E/qdhwcomposer( 1520): isValidDimension: layer handle is NULL
E/qdhwcomposer( 1520): isValidDimension: layer handle is NULL
I/dex2oat (23776): /system/bin/dex2oat --zip-fd=5 --zip-location=/system/app/OpenWnn/OpenWnn.apk --oat-fd=6 --oat-location=/data/dalvik-cache/arm/system@app@OpenWnn@OpenWnn.apk@classes.dex --instruction-set=arm --instruction-set-features=div --runtime-arg -Xms64m --runtime-arg -Xmx512m --swap-fd=7
E/qdoverlay( 1520): Bad ov dump: mdp_overlay z=0 fg=0 alpha=255 mask=-1 flags=0x220000 id=16
E/qdoverlay( 1520): src msmfb_img w=1152 h=1920 format=13 MDP_RGBA_8888
E/qdoverlay( 1520): src_rect mdp_rect x=0 y=0 w=1080 h=1920
E/qdoverlay( 1520): dst_rect mdp_rect x=0 y=0 w=1080 h=1920
E/qdhwcomposer( 1520): isValidDimension: layer handle is NULL
E/qdhwcomposer( 1520): isValidDimension: layer handle is NULL
E/qdoverlay( 1520): Bad ov dump: mdp_overlay z=0 fg=0 alpha=255 mask=-1 flags=0x220000 id=16
E/qdoverlay( 1520): src msmfb_img w=1152 h=1920 format=13 MDP_RGBA_8888
E/qdoverlay( 1520): src_rect mdp_rect x=0 y=0 w=1080 h=1920
E/qdoverlay( 1520): dst_rect mdp_rect x=0 y=0 w=1080 h=1920
E/qdhwcomposer( 1520): isValidDimension: layer handle is NULL
E/qdhwcomposer( 1520): isValidDimension: layer handle is NULL
E/qdoverlay( 1520): Bad ov dump: mdp_overlay z=0 fg=0 alpha=255 mask=-1 flags=0x220000 id=16
E/qdoverlay( 1520): src msmfb_img w=1152 h=1920 format=13 MDP_RGBA_8888
E/qdoverlay( 1520): src_rect mdp_rect x=0 y=0 w=1080 h=1920
E/qdoverlay( 1520): dst_rect mdp_rect x=0 y=0 w=1080 h=1920
E/qdhwcomposer( 1520): isValidDimension: layer handle is NULL
E/qdhwcomposer( 1520): isValidDimension: layer handle is NULL
E/NetlinkListener( 741): recvmsg failed (I/O error)
E/NetlinkListener(23553): recvmsg failed (I/O error)
I/dex2oat (23776): Decided to run without swap.
E/qdoverlay( 1520): Bad ov dump: mdp_overlay z=0 fg=0 alpha=255 mask=-1 flags=0x220000 id=16
E/qdoverlay( 1520): src msmfb_img w=1152 h=1920 format=13 MDP_RGBA_8888
E/qdoverlay( 1520): src_rect mdp_rect x=0 y=0 w=1080 h=1920
E/qdoverlay( 1520): dst_rect mdp_rect x=0 y=0 w=1080 h=1920
E/qdhwcomposer( 1520): isValidDimension: layer handle is NULL
E/qdhwcomposer( 1520): isValidDimension: layer handle is NULL
E/qdoverlay( 1520): Bad ov dump: mdp_overlay z=0 fg=0 alpha=255 mask=-1 flags=0x220000 id=16
E/qdoverlay( 1520): src msmfb_img w=1152 h=1920 format=13 MDP_RGBA_8888
E/qdoverlay( 1520): src_rect mdp_rect x=0 y=0 w=1080 h=1920
E/qdoverlay( 1520): dst_rect mdp_rect x=0 y=0 w=1080 h=1920
E/qdhwcomposer( 1520): isValidDimension: layer handle is NULL
E/qdhwcomposer( 1520): isValidDimension: layer handle is NULL
E/qdoverlay( 1520): Bad ov dump: mdp_overlay z=0 fg=0 alpha=255 mask=-1 flags=0x220000 id=16
E/qdoverlay( 1520): src msmfb_img w=1152 h=1920 format=13 MDP_RGBA_8888
E/qdoverlay( 1520): src_rect mdp_rect x=0 y=0 w=1080 h=1920
E/qdoverlay( 1520): dst_rect mdp_rect x=0 y=0 w=1080 h=1920
E/qdhwcomposer( 1520): isValidDimension: layer handle is NULL
E/qdhwcomposer( 1520): isValidDimension: layer handle is NULL
E/qdoverlay( 1520): Bad ov dump: mdp_overlay z=0 fg=0 alpha=255 mask=-1 flags=0x220000 id=16
E/qdoverlay( 1520): src msmfb_img w=1152 h=1920 format=13 MDP_RGBA_8888
E/qdoverlay( 1520): src_rect mdp_rect x=0 y=0 w=1080 h=1920
E/qdoverlay( 1520): dst_rect mdp_rect x=0 y=0 w=1080 h=1920
E/qdhwcomposer( 1520): isValidDimension: layer handle is NULL
E/qdhwcomposer( 1520): isValidDimension: layer handle is NULL
E/qdoverlay( 1520): Bad ov dump: mdp_overlay z=0 fg=0 alpha=255 mask=-1 flags=0x220000 id=16
E/qdoverlay( 1520): src msmfb_img w=1152 h=1920 format=13 MDP_RGBA_8888
E/qdoverlay( 1520): src_rect mdp_rect x=0 y=0 w=1080 h=1920
E/qdoverlay( 1520): dst_rect mdp_rect x=0 y=0 w=1080 h=1920
E/qdhwcomposer( 1520): isValidDimension: layer handle is NULL
E/qdhwcomposer( 1520): isValidDimension: layer handle is NULL
E/qdoverlay( 1520): Bad ov dump: mdp_overlay z=0 fg=0 alpha=255 mask=-1 flags=0x220000 id=16
E/qdoverlay( 1520): src msmfb_img w=1152 h=1920 format=13 MDP_RGBA_8888
E/qdoverlay( 1520): src_rect mdp_rect x=0 y=0 w=1080 h=1920
E/qdoverlay( 1520): dst_rect mdp_rect x=0 y=0 w=1080 h=1920
E/qdhwcomposer( 1520): isValidDimension: layer handle is NULL
E/qdhwcomposer( 1520): isValidDimension: layer handle is NULL
E/qdoverlay( 1520): Bad ov dump: mdp_overlay z=0 fg=0 alpha=255 mask=-1 flags=0x220000 id=16
E/qdoverlay( 1520): src msmfb_img w=1152 h=1920 format=13 MDP_RGBA_8888
E/qdoverlay( 1520): src_rect mdp_rect x=0 y=0 w=1080 h=1920
E/qdoverlay( 1520): dst_rect mdp_rect x=0 y=0 w=1080 h=1920
E/qdhwcomposer( 1520): isValidDimension: layer handle is NULL
E/qdhwcomposer( 1520): isValidDimension: layer handle is NULL
E/qdoverlay( 1520): Bad ov dump: mdp_overlay z=0 fg=0 alpha=255 mask=-1 flags=0x220000 id=16
E/qdoverlay( 1520): src msmfb_img w=1152 h=1920 format=13 MDP_RGBA_8888
E/qdoverlay( 1520): src_rect mdp_rect x=0 y=0 w=1080 h=1920
E/qdoverlay( 1520): dst_rect mdp_rect x=0 y=0 w=1080 h=1920
E/qdhwcomposer( 1520): isValidDimension: layer handle is NULL
E/qdhwcomposer( 1520): isValidDimension: layer handle is NULL
E/qdoverlay( 1520): Bad ov dump: mdp_overlay z=0 fg=0 alpha=255 mask=-1 flags=0x220000 id=16
E/qdoverlay( 1520): src msmfb_img w=1152 h=1920 format=13 MDP_RGBA_8888
E/qdoverlay( 1520): src_rect mdp_rect x=0 y=0 w=1080 h=1920
E/qdoverlay( 1520): dst_rect mdp_rect x=0 y=0 w=1080 h=1920
E/qdhwcomposer( 1520): isValidDimension: layer handle is NULL
E/qdhwcomposer( 1520): isValidDimension: layer handle is NULL
E/NetlinkListener(23553): recvmsg failed (I/O error)
E/NetlinkListener( 741): recvmsg failed (I/O error)
E/qdoverlay( 1520): Bad ov dump: mdp_overlay z=0 fg=0 alpha=255 mask=-1 flags=0x220000 id=16
E/qdoverlay( 1520): src msmfb_img w=1152 h=1920 format=13 MDP_RGBA_8888
E/qdoverlay( 1520): src_rect mdp_rect x=0 y=0 w=1080 h=1920
E/qdoverlay( 1520): dst_rect mdp_rect x=0 y=0 w=1080 h=1920
E/qdhwcomposer( 1520): isValidDimension: layer handle is NULL
E/qdhwcomposer( 1520): isValidDimension: layer handle is NULL
E/qdoverlay( 1520): Bad ov dump: mdp_overlay z=0 fg=0 alpha=255 mask=-1 flags=0x220000 id=16
E/qdoverlay( 1520): src msmfb_img w=1152 h=1920 format=13 MDP_RGBA_8888
E/qdoverlay( 1520): src_rect mdp_rect x=0 y=0 w=1080 h=1920
E/qdoverlay( 1520): dst_rect mdp_rect x=0 y=0 w=1080 h=1920
E/qdhwcomposer( 1520): isValidDimension: layer handle is NULL
E/qdhwcomposer( 1520): isValidDimension: layer handle is NULL
E/qdoverlay( 1520): Bad ov dump: mdp_overlay z=0 fg=0 alpha=255 mask=-1 flags=0x220000 id=16
E/qdoverlay( 1520): src msmfb_img w=1152 h=1920 format=13 MDP_RGBA_8888
E/qdoverlay( 1520): src_rect mdp_rect x=0 y=0 w=1080 h=1920
E/qdoverlay( 1520): dst_rect mdp_rect x=0 y=0 w=1080 h=1920
E/qdhwcomposer( 1520): isValidDimension: layer handle is NULL
E/qdhwcomposer( 1520): isValidDimension: layer handle is NULL
E/qdoverlay( 1520): Bad ov dump: mdp_overlay z=0 fg=0 alpha=255 mask=-1 flags=0x220000 id=16
E/qdoverlay( 1520): src msmfb_img w=1152 h=1920 format=13 MDP_RGBA_8888
E/qdoverlay( 1520): src_rect mdp_rect x=0 y=0 w=1080 h=1920
E/qdoverlay( 1520): dst_rect mdp_rect x=0 y=0 w=1080 h=1920
E/qdhwcomposer( 1520): isValidDimension: layer handle is NULL
E/qdhwcomposer( 1520): isValidDimension: layer handle is NULL
E/qdoverlay( 1520): Bad ov dump: mdp_overlay z=0 fg=0 alpha=255 mask=-1 flags=0x220000 id=16
E/qdoverlay( 1520): src msmfb_img w=1152 h=1920 format=13 MDP_RGBA_8888
E/qdoverlay( 1520): src_rect mdp_rect x=0 y=0 w=1080 h=1920
E/qdoverlay( 1520): dst_rect mdp_rect x=0 y=0 w=1080 h=1920
E/qdhwcomposer( 1520): isValidDimension: layer handle is NULL
E/qdhwcomposer( 1520): isValidDimension: layer handle is NULL
E/qdoverlay( 1520): Bad ov dump: mdp_overlay z=0 fg=0 alpha=255 mask=-1 flags=0x220000 id=16
E/qdoverlay( 1520): src msmfb_img w=1152 h=1920 format=13 MDP_RGBA_8888
E/qdoverlay( 1520): src_rect mdp_rect x=0 y=0 w=1080 h=1920
E/qdoverlay( 1520): dst_rect mdp_rect x=0 y=0 w=1080 h=1920
E/qdhwcomposer( 1520): isValidDimension: layer handle is NULL
E/qdhwcomposer( 1520): isValidDimension: layer handle is NULL
E/qdoverlay( 1520): Bad ov dump: mdp_overlay z=0 fg=0 alpha=255 mask=-1 flags=0x220000 id=16
E/qdoverlay( 1520): src msmfb_img w=1152 h=1920 format=13 MDP_RGBA_8888
E/qdoverlay( 1520): src_rect mdp_rect x=0 y=0 w=1080 h=1920
E/qdoverlay( 1520): dst_rect mdp_rect x=0 y=0 w=1080 h=1920
E/qdhwcomposer( 1520): isValidDimension: layer handle is NULL
E/qdhwcomposer( 1520): isValidDimension: layer handle is NULL
E/qdoverlay( 1520): Bad ov dump: mdp_overlay z=0 fg=0 alpha=255 mask=-1 flags=0x220000 id=16
E/qdoverlay( 1520): src msmfb_img w=1152 h=1920 format=13 MDP_RGBA_8888
E/qdoverlay( 1520): src_rect mdp_rect x=0 y=0 w=1080 h=1920
E/qdoverlay( 1520): dst_rect mdp_rect x=0 y=0 w=1080 h=1920
E/qdhwcomposer( 1520): isValidDimension: layer handle is NULL
E/qdhwcomposer( 1520): isValidDimension: layer handle is NULL
E/qdoverlay( 1520): Bad ov dump: mdp_overlay z=0 fg=0 alpha=255 mask=-1 flags=0x220000 id=16
E/qdoverlay( 1520): src msmfb_img w=1152 h=1920 format=13 MDP_RGBA_8888
E/qdoverlay( 1520): src_rect mdp_rect x=0 y=0 w=1080 h=1920
E/qdoverlay( 1520): dst_rect mdp_rect x=0 y=0 w=1080 h=1920
E/qdhwcomposer( 1520): isValidDimension: layer handle is NULL
E/qdhwcomposer( 1520): isValidDimension: layer handle is NULL
E/qdoverlay( 1520): Bad ov dump: mdp_overlay z=0 fg=0 alpha=255 mask=-1 flags=0x220000 id=16
E/qdoverlay( 1520): src msmfb_img w=1152 h=1920 format=13 MDP_RGBA_8888
E/qdoverlay( 1520): src_rect mdp_rect x=0 y=0 w=1080 h=1920
E/qdoverlay( 1520): dst_rect mdp_rect x=0 y=0 w=1080 h=1920
E/qdhwcomposer( 1520): isValidDimension: layer handle is NULL
E/qdhwcomposer( 1520): isValidDimension: layer handle is NULL
E/qdoverlay( 1520): Bad ov dump: mdp_overlay z=0 fg=0 alpha=255 mask=-1 flags=0x220000 id=16
E/qdoverlay( 1520): src msmfb_img w=1152 h=1920 format=13 MDP_RGBA_8888
E/qdoverlay( 1520): src_rect mdp_rect x=0 y=0 w=1080 h=1920
E/qdoverlay( 1520): dst_rect mdp_rect x=0 y=0 w=1080 h=1920
E/qdhwcomposer( 1520): isValidDimension: layer handle is NULL
E/qdhwcomposer( 1520): isValidDimension: layer handle is NULL
I/dex2oat (23776): dex2oat took 383.281ms (threads: 4) arena alloc=347KB java alloc=358KB native alloc=2MB free=5MB
E/qdoverlay( 1520): Bad ov dump: mdp_overlay z=0 fg=0 alpha=255 mask=-1 flags=0x220000 id=16
E/qdoverlay( 1520): src msmfb_img w=1152 h=1920 format=13 MDP_RGBA_8888
E/qdoverlay( 1520): src_rect mdp_rect x=0 y=0 w=1080 h=1920
E/qdoverlay( 1520): dst_rect mdp_rect x=0 y=0 w=1080 h=1920
E/qdhwcomposer( 1520): isValidDimension: layer handle is NULL
E/qdhwcomposer( 1520): isValidDimension: layer handle is NULL
I/PackageManager(23638): Running dexopt on: /system/priv-app/WallpaperCropper/WallpaperCropper.apk pkg=com.android.wallpapercropper isa=arm vmSafeMode=false
E/qdoverlay( 1520): Bad ov dump: mdp_overlay z=0 fg=0 alpha=255 mask=-1 flags=0x220000 id=16
E/qdoverlay( 1520): src msmfb_img w=1152 h=1920 format=13 MDP_RGBA_8888
E/qdoverlay( 1520): src_rect mdp_rect x=0 y=0 w=1080 h=1920
E/qdoverlay( 1520): dst_rect mdp_rect x=0 y=0 w=1080 h=1920
E/qdhwcomposer( 1520): isValidDimension: layer handle is NULL
E/qdhwcomposer( 1520): isValidDimension: layer handle is NULL
E/qdoverlay( 1520): Bad ov dump: mdp_overlay z=0 fg=0 alpha=255 mask=-1 flags=0x220000 id=16
E/qdoverlay( 1520): src msmfb_img w=1152 h=1920 format=13 MDP_RGBA_8888
E/qdoverlay( 1520): src_rect mdp_rect x=0 y=0 w=1080 h=1920
E/qdoverlay( 1520): dst_rect mdp_rect x=0 y=0 w=1080 h=1920
I/dex2oat (23791): /system/bin/dex2oat --zip-fd=5 --zip-location=/system/priv-app/WallpaperCropper/WallpaperCropper.apk --oat-fd=6 --oat-location=/data/dalvik-cache/arm/system@priv-app@WallpaperCropper@WallpaperCropper.apk@classes.dex --instruction-set=arm --instruction-set-features=div --runtime-arg -Xms64m --runtime-arg -Xmx512m --swap-fd=7
E/qdhwcomposer( 1520): isValidDimension: layer handle is NULL
E/qdhwcomposer( 1520): isValidDimension: layer handle is NULL
E/qdoverlay( 1520): Bad ov dump: mdp_overlay z=0 fg=0 alpha=255 mask=-1 flags=0x220000 id=16
E/qdoverlay( 1520): src msmfb_img w=1152 h=1920 format=13 MDP_RGBA_8888
E/qdoverlay( 1520): src_rect mdp_rect x=0 y=0 w=1080 h=1920
E/qdoverlay( 1520): dst_rect mdp_rect x=0 y=0 w=1080 h=1920
E/qdhwcomposer( 1520): isValidDimension: layer handle is NULL
E/qdhwcomposer( 1520): isValidDimension: layer handle is NULL
E/qdoverlay( 1520): Bad ov dump: mdp_overlay z=0 fg=0 alpha=255 mask=-1 flags=0x220000 id=16
E/qdoverlay( 1520): src msmfb_img w=1152 h=1920 format=13 MDP_RGBA_8888
E/qdoverlay( 1520): src_rect mdp_rect x=0 y=0 w=1080 h=1920
E/qdoverlay( 1520): dst_rect mdp_rect x=0 y=0 w=1080 h=1920
E/qdhwcomposer( 1520): isValidDimension: layer handle is NULL
E/qdhwcomposer( 1520): isValidDimension: layer handle is NULL
E/qdoverlay( 1520): Bad ov dump: mdp_overlay z=0 fg=0 alpha=255 mask=-1 flags=0x220000 id=16
E/qdoverlay( 1520): src msmfb_img w=1152 h=1920 format=13 MDP_RGBA_8888
E/qdoverlay( 1520): src_rect mdp_rect x=0 y=0 w=1080 h=1920
E/qdoverlay( 1520): dst_rect mdp_rect x=0 y=0 w=1080 h=1920
I/dex2oat (23791): Decided to run without swap.
E/qdhwcomposer( 1520): isValidDimension: layer handle is NULL
E/qdhwcomposer( 1520): isValidDimension: layer handle is NULL
E/qdoverlay( 1520): Bad ov dump: mdp_overlay z=0 fg=0 alpha=255 mask=-1 flags=0x220000 id=16
E/qdoverlay( 1520): src msmfb_img w=1152 h=1920 format=13 MDP_RGBA_8888
E/qdoverlay( 1520): src_rect mdp_rect x=0 y=0 w=1080 h=1920
E/qdoverlay( 1520): dst_rect mdp_rect x=0 y=0 w=1080 h=1920
E/qdhwcomposer( 1520): isValidDimension: layer handle is NULL
E/qdhwcomposer( 1520): isValidDimension: layer handle is NULL
E/qdoverlay( 1520): Bad ov dump: mdp_overlay z=0 fg=0 alpha=255 mask=-1 flags=0x220000 id=16
E/qdoverlay( 1520): src msmfb_img w=1152 h=1920 format=13 MDP_RGBA_8888
E/qdoverlay( 1520): src_rect mdp_rect x=0 y=0 w=1080 h=1920
E/qdoverlay( 1520): dst_rect mdp_rect x=0 y=0 w=1080 h=1920
E/qdhwcomposer( 1520): isValidDimension: layer handle is NULL
E/qdhwcomposer( 1520): isValidDimension: layer handle is NULL
E/qdoverlay( 1520): Bad ov dump: mdp_overlay z=0 fg=0 alpha=255 mask=-1 flags=0x220000 id=16
E/qdoverlay( 1520): src msmfb_img w=1152 h=1920 format=13 MDP_RGBA_8888
E/qdoverlay( 1520): src_rect mdp_rect x=0 y=0 w=1080 h=1920
E/qdoverlay( 1520): dst_rect mdp_rect x=0 y=0 w=1080 h=1920
E/qdhwcomposer( 1520): isValidDimension: layer handle is NULL
E/qdhwcomposer( 1520): isValidDimension: layer handle is NULL
E/qdoverlay( 1520): Bad ov dump: mdp_overlay z=0 fg=0 alpha=255 mask=-1 flags=0x220000 id=16
E/qdoverlay( 1520): src msmfb_img w=1152 h=1920 format=13 MDP_RGBA_8888
E/qdoverlay( 1520): src_rect mdp_rect x=0 y=0 w=1080 h=1920
E/qdoverlay( 1520): dst_rect mdp_rect x=0 y=0 w=1080 h=1920
E/qdhwcomposer( 1520): isValidDimension: layer handle is NULL
E/qdhwcomposer( 1520): isValidDimension: layer handle is NULL
E/qdoverlay( 1520): Bad ov dump: mdp_overlay z=0 fg=0 alpha=255 mask=-1 flags=0x220000 id=16
E/qdoverlay( 1520): src msmfb_img w=1152 h=1920 format=13 MDP_RGBA_8888
E/qdoverlay( 1520): src_rect mdp_rect x=0 y=0 w=1080 h=1920
E/qdoverlay( 1520): dst_rect mdp_rect x=0 y=0 w=1080 h=1920
E/qdhwcomposer( 1520): isValidDimension: layer handle is NULL
E/qdhwcomposer( 1520): isValidDimension: layer handle is NULL
E/qdoverlay( 1520): Bad ov dump: mdp_overlay z=0 fg=0 alpha=255 mask=-1 flags=0x220000 id=16
E/qdoverlay( 1520): src msmfb_img w=1152 h=1920 format=13 MDP_RGBA_8888
E/qdoverlay( 1520): src_rect mdp_rect x=0 y=0 w=1080 h=1920
E/qdoverlay( 1520): dst_rect mdp_rect x=0 y=0 w=1080 h=1920
E/qdhwcomposer( 1520): isValidDimension: layer handle is NULL
E/qdhwcomposer( 1520): isValidDimension: layer handle is NULL
E/qdoverlay( 1520): Bad ov dump: mdp_overlay z=0 fg=0 alpha=255 mask=-1 flags=0x220000 id=16
E/qdoverlay( 1520): src msmfb_img w=1152 h=1920 format=13 MDP_RGBA_8888
E/qdoverlay( 1520): src_rect mdp_rect x=0 y=0 w=1080 h=1920
E/qdoverlay( 1520): dst_rect mdp_rect x=0 y=0 w=1080 h=1920
E/qdhwcomposer( 1520): isValidDimension: layer handle is NULL
E/qdhwcomposer( 1520): isValidDimension: layer handle is NULL
E/qdoverlay( 1520): Bad ov dump: mdp_overlay z=0 fg=0 alpha=255 mask=-1 flags=0x220000 id=16
E/qdoverlay( 1520): src msmfb_img w=1152 h=1920 format=13 MDP_RGBA_8888
E/qdoverlay( 1520): src_rect mdp_rect x=0 y=0 w=1080 h=1920
E/qdoverlay( 1520): dst_rect mdp_rect x=0 y=0 w=1080 h=1920
E/qdhwcomposer( 1520): isValidDimension: layer handle is NULL
E/qdhwcomposer( 1520): isValidDimension: layer handle is NULL
E/qdoverlay( 1520): Bad ov dump: mdp_overlay z=0 fg=0 alpha=255 mask=-1 flags=0x220000 id=16
E/qdoverlay( 1520): src msmfb_img w=1152 h=1920 format=13 MDP_RGBA_8888
E/qdoverlay( 1520): src_rect mdp_rect x=0 y=0 w=1080 h=1920
E/qdoverlay( 1520): dst_rect mdp_rect x=0 y=0 w=1080 h=1920
E/qdhwcomposer( 1520): isValidDimension: layer handle is NULL
E/qdhwcomposer( 1520): isValidDimension: layer handle is NULL
E/qdoverlay( 1520): Bad ov dump: mdp_overlay z=0 fg=0 alpha=255 mask=-1 flags=0x220000 id=16
E/qdoverlay( 1520): src msmfb_img w=1152 h=1920 format=13 MDP_RGBA_8888
E/qdoverlay( 1520): src_rect mdp_rect x=0 y=0 w=1080 h=1920
E/qdoverlay( 1520): dst_rect mdp_rect x=0 y=0 w=1080 h=1920
E/qdhwcomposer( 1520): isValidDimension: layer handle is NULL
E/qdhwcomposer( 1520): isValidDimension: layer handle is NULL
E/qdoverlay( 1520): Bad ov dump: mdp_overlay z=0 fg=0 alpha=255 mask=-1 flags=0x220000 id=16
E/qdoverlay( 1520): src msmfb_img w=1152 h=1920 format=13 MDP_RGBA_8888
E/qdoverlay( 1520): src_rect mdp_rect x=0 y=0 w=1080 h=1920
E/qdoverlay( 1520): dst_rect mdp_rect x=0 y=0 w=1080 h=1920
E/qdhwcomposer( 1520): isValidDimension: layer handle is NULL
E/qdhwcomposer( 1520): isValidDimension: layer handle is NULL
E/qdoverlay( 1520): Bad ov dump: mdp_overlay z=0 fg=0 alpha=255 mask=-1 flags=0x220000 id=16
E/qdoverlay( 1520): src msmfb_img w=1152 h=1920 format=13 MDP_RGBA_8888
E/qdoverlay( 1520): src_rect mdp_rect x=0 y=0 w=1080 h=1920
E/qdoverlay( 1520): dst_rect mdp_rect x=0 y=0 w=1080 h=1920
E/qdhwcomposer( 1520): isValidDimension: layer handle is NULL
E/qdhwcomposer( 1520): isValidDimension: layer handle is NULL
E/qdoverlay( 1520): Bad ov dump: mdp_overlay z=0 fg=0 alpha=255 mask=-1 flags=0x220000 id=16
E/qdoverlay( 1520): src msmfb_img w=1152 h=1920 format=13 MDP_RGBA_8888
E/qdoverlay( 1520): src_rect mdp_rect x=0 y=0 w=1080 h=1920
E/qdoverlay( 1520): dst_rect mdp_rect x=0 y=0 w=1080 h=1920
E/qdhwcomposer( 1520): isValidDimension: layer handle is NULL
E/qdhwcomposer( 1520): isValidDimension: layer handle is NULL
E/qdoverlay( 1520): Bad ov dump: mdp_overlay z=0 fg=0 alpha=255 mask=-1 flags=0x220000 id=16
E/qdoverlay( 1520): src msmfb_img w=1152 h=1920 format=13 MDP_RGBA_8888
E/qdoverlay( 1520): src_rect mdp_rect x=0 y=0 w=1080 h=1920
E/qdoverlay( 1520): dst_rect mdp_rect x=0 y=0 w=1080 h=1920
E/qdhwcomposer( 1520): isValidDimension: layer handle is NULL
E/qdhwcomposer( 1520): isValidDimension: layer handle is NULL
E/qdoverlay( 1520): Bad ov dump: mdp_overlay z=0 fg=0 alpha=255 mask=-1 flags=0x220000 id=16
E/qdoverlay( 1520): src msmfb_img w=1152 h=1920 format=13 MDP_RGBA_8888
E/qdoverlay( 1520): src_rect mdp_rect x=0 y=0 w=1080 h=1920
E/qdoverlay( 1520): dst_rect mdp_rect x=0 y=0 w=1080 h=1920
E/qdhwcomposer( 1520): isValidDimension: layer handle is NULL
E/qdhwcomposer( 1520): isValidDimension: layer handle is NULL
