D/ConnectivityService(19919): Switching to new default network: NetworkAgentInfo{ ni{[type: WIFI[], state: CONNECTED/CONNECTED, reason: (unspecified), extra: "marsu", roaming: false, failover: false, isAvailable: true, isConnectedToProvisioningNetwork: false]} network{100} lp{{InterfaceName: wlan0 LinkAddresses: [192.168.1.59/24,] Routes: [0.0.0.0/0 -> 192.168.1.1 wlan0,] DnsAddresses: [195.197.54.100,192.168.1.1,] Domains: null MTU: 1500}} nc{[ Transports: WIFI Capabilities: INTERNET&NOT_RESTRICTED&TRUSTED&NOT_VPN LinkUpBandwidth>=1048576Kbps LinkDnBandwidth>=1048576Kbps]} Score{100} everValidated{false} lastValidated{false} created{true} explicitlySelected{true} }
D/ConnectivityService(19919): Invalid tcpBufferSizes string: null, using defaults
D/ConnectivityService(19919): Setting tx/rx TCP buffers to 4096,87380,110208,4096,16384,110208
I/SystemServiceManager(19919): Starting com.android.server.appwidget.AppWidgetService
D/ConnectivityService(19919): notifyType AVAILABLE for NetworkAgentInfo [WIFI () - 100]
D/CSLegacyTypeTracker(19919): Sending connected broadcast for type 1 NetworkAgentInfo [WIFI () - 100] isDefaultNetwork=true
D/ConnectivityService(19919): sendStickyBroadcast: action=android.net.conn.CONNECTIVITY_CHANGE_IMMEDIATE
D/ConnectivityService(19919): sendStickyBroadcast: action=android.net.conn.CONNECTIVITY_CHANGE
D/ConnectivityService(19919): setProvNotificationVisibleIntent: E visible=false networkType=0 extraInfo=null
I/SystemServiceManager(19919): Starting com.android.server.voiceinteraction.VoiceInteractionManagerService
D/ConnectivityService(19919): Validated NetworkAgentInfo [WIFI () - 100]
D/ConnectivityService(19919): rematching NetworkAgentInfo [WIFI () - 100]
D/ConnectivityService(19919): Network NetworkAgentInfo [WIFI () - 100] was already satisfying request 1. No change.
D/ConnectivityService(19919): notifyType AVAILABLE for NetworkAgentInfo [WIFI () - 100]
D/ConnectivityService(19919): sendStickyBroadcast: action=android.net.conn.INET_CONDITION_ACTION
W/SoundTriggerHelper(19919): listModules status=0, # of modules=0
I/SystemServer(19919): DiskStats Service
I/SystemServer(19919): SamplingProfiler Service
I/SystemServer(19919): NetworkTimeUpdateService
I/SystemServer(19919): CommonTimeManagementService
I/SystemServer(19919): CertBlacklister
I/SystemServiceManager(19919): Starting com.android.server.dreams.DreamManagerService
I/SystemServer(19919): Assets Atlas Service
I/SystemServiceManager(19919): Starting com.android.server.print.PrintManagerService
I/SystemServiceManager(19919): Starting com.android.server.restrictions.RestrictionsManagerService
I/SystemServiceManager(19919): Starting com.android.server.media.MediaSessionService
I/SystemServer(19919): Media Router Service
I/SystemServiceManager(19919): Starting com.android.server.trust.TrustManagerService
I/SystemServiceManager(19919): Starting com.android.server.fingerprint.FingerprintService
I/SystemServer(19919): BackgroundDexOptService
I/SystemServiceManager(19919): Starting com.android.server.pm.LauncherAppsService
D/SystemServer(19919): Wipower not supported
I/SystemServer(19919): Digital Pen Service
I/SystemServer(19919): Successfully loaded DigitalPenService class
I/SystemServiceManager(19919): Starting com.android.server.media.projection.MediaProjectionManagerService
I/SystemServer(19919): PrivacyImpactService
I/SystemServiceManager(19919): Starting com.android.server.MmsServiceBroker
E/LockSettingsStorage(19919): Cannot read file java.io.FileNotFoundException: /data/system/password.key: open failed: ENOENT (No such file or directory)
E/LockSettingsStorage(19919): Cannot read file java.io.FileNotFoundException: /data/system/gesture.key: open failed: ENOENT (No such file or directory)
I/SystemServiceManager(19919): Starting phase 480
I/SystemServiceManager(19919): Starting phase 500
I/WifiService(19919): WifiService starting up with Wi-Fi enabled
D/WifiService(19919): setWifiEnabled: true pid=19919, uid=1000
E/WifiService(19919): Invoking mWifiStateMachine.setWifiEnabled
D/WifiScanningService(19919): New client, channel: null messenger: null
I/ActivityManager(19919): Config changes=200 {1.0 ?mcc?mnc en_US ?layoutDir sw360dp w360dp h567dp 480dpi nrml port -touch -keyb/v/h -nav/h s.4}
V/BackupManagerService(19919): No ancestral data
D/BackupManagerService(19919): Now staging backup of com.android.browser
F/WindowAnimator(19919): Unhandled exception in Window Manager
F/WindowAnimator(19919): java.lang.NullPointerException: Attempt to invoke virtual method 'void android.view.SurfaceControl.setLayer(int)' on a null object reference
F/WindowAnimator(19919): at com.android.server.wm.FocusedStackFrame.setLayer(FocusedStackFrame.java:140)
F/WindowAnimator(19919): at com.android.server.wm.WindowManagerService.setFocusedStackLayer(WindowManagerService.java:3985)
F/WindowAnimator(19919): at com.android.server.wm.WindowAnimator.animateLocked(WindowAnimator.java:708)
F/WindowAnimator(19919): at com.android.server.wm.WindowAnimator.access$000(WindowAnimator.java:54)
F/WindowAnimator(19919): at com.android.server.wm.WindowAnimator$1.run(WindowAnimator.java:126)
F/WindowAnimator(19919): at android.view.Choreographer$CallbackRecord.run(Choreographer.java:767)
F/WindowAnimator(19919): at android.view.Choreographer.doCallbacks(Choreographer.java:580)
F/WindowAnimator(19919): at android.view.Choreographer.doFrame(Choreographer.java:549)
F/WindowAnimator(19919): at android.view.Choreographer$FrameDisplayEventReceiver.run(Choreographer.java:753)
F/WindowAnimator(19919): at android.os.Handler.handleCallback(Handler.java:739)
F/WindowAnimator(19919): at android.os.Handler.dispatchMessage(Handler.java:95)
F/WindowAnimator(19919): at android.os.Looper.loop(Looper.java:135)
F/WindowAnimator(19919): at android.os.HandlerThread.run(HandlerThread.java:61)
F/WindowAnimator(19919): at com.android.server.ServiceThread.run(ServiceThread.java:46)
D/BackupManagerService(19919): Now staging backup of android
D/BackupManagerService(19919): Now staging backup of com.android.mms
D/BackupManagerService(19919): Now staging backup of com.android.calendar
D/BackupManagerService(19919): Now staging backup of com.android.providers.settings
D/BackupManagerService(19919): Now staging backup of com.android.sharedstoragebackup
D/BackupManagerService(19919): Now staging backup of com.android.dialer
D/BackupManagerService(19919): Now staging backup of com.qti.backupagent
D/BackupManagerService(19919): Now staging backup of com.android.providers.userdictionary
V/BackupManagerService(19919): Starting with transport android/com.android.internal.backup.LocalTransport
V/BackupManagerService(19919): Found transports: 1
I/BackupManagerService(19919): Binding to transport host ComponentInfo{android/com.android.internal.backup.LocalTransportService}
I/BackupManagerService(19919): Found stale backup journal, scheduling
W/DisplayPowerController(19919): config_screenBrightnessDark (10) should be less than or equal to the first value of config_autoBrightnessLcdBacklightValues (3).
I/ActivityManager(19919): System now ready
I/SystemServer(19919): Making services ready
I/SystemServiceManager(19919): Starting phase 550
I/DigitalPenOffScreenDisplayAdapter(19919): mInfo is null, getting a new one
I/DisplayManagerService(19919): Display device added: DisplayDeviceInfo{"Digital Pen off-screen display": uniqueId="null", 480 x 640, 60.0 fps, supportedRefreshRates [], density 160, 160.0 x 160.0 dpi, appVsyncOff 0, presDeadline 0, touch EXTERNAL, rotation 0, type BUILT_IN, state ON, FLAG_ROTATES_WITH_CONTENT}
F/WindowAnimator(19919): Unhandled exception in Window Manager
F/WindowAnimator(19919): java.lang.NullPointerException: Attempt to invoke virtual method 'void android.view.SurfaceControl.setLayer(int)' on a null object reference
F/WindowAnimator(19919): at com.android.server.wm.FocusedStackFrame.setLayer(FocusedStackFrame.java:140)
F/WindowAnimator(19919): at com.android.server.wm.WindowManagerService.setFocusedStackLayer(WindowManagerService.java:3985)
F/WindowAnimator(19919): at com.android.server.wm.WindowAnimator.animateLocked(WindowAnimator.java:708)
F/WindowAnimator(19919): at com.android.server.wm.WindowAnimator.access$000(WindowAnimator.java:54)
F/WindowAnimator(19919): at com.android.server.wm.WindowAnimator$1.run(WindowAnimator.java:126)
F/WindowAnimator(19919): at android.view.Choreographer$CallbackRecord.run(Choreographer.java:767)
F/WindowAnimator(19919): at android.view.Choreographer.doCallbacks(Choreographer.java:580)
F/WindowAnimator(19919): at android.view.Choreographer.doFrame(Choreographer.java:549)
F/WindowAnimator(19919): at android.view.Choreographer$FrameDisplayEventReceiver.run(Choreographer.java:753)
F/WindowAnimator(19919): at android.os.Handler.handleCallback(Handler.java:739)
F/WindowAnimator(19919): at android.os.Handler.dispatchMessage(Handler.java:95)
F/WindowAnimator(19919): at android.os.Looper.loop(Looper.java:135)
F/WindowAnimator(19919): at android.os.HandlerThread.run(HandlerThread.java:61)
F/WindowAnimator(19919): at com.android.server.ServiceThread.run(ServiceThread.java:46)
I/SystemServer(19919): WebViewFactory preparation
F/WindowManager(19919): Unhandled exception in Window Manager
F/WindowManager(19919): java.lang.IllegalArgumentException: displayToken must not be null
F/WindowManager(19919): at android.view.SurfaceControl.setDisplayLayerStack(SurfaceControl.java:588)
F/WindowManager(19919): at com.android.server.display.DisplayDevice.setLayerStackInTransactionLocked(DisplayDevice.java:140)
F/WindowManager(19919): at com.android.server.display.LogicalDisplay.configureDisplayInTransactionLocked(LogicalDisplay.java:262)
F/WindowManager(19919): at com.android.server.display.DisplayManagerService.configureDisplayInTransactionLocked(DisplayManagerService.java:884)
F/WindowManager(19919): at com.android.server.display.DisplayManagerService.performTraversalInTransactionLocked(DisplayManagerService.java:806)
F/WindowManager(19919): at com.android.server.display.DisplayManagerService.performTraversalInTransactionFromWindowManagerInternal(DisplayManagerService.java:317)
F/WindowManager(19919): at com.android.server.display.DisplayManagerService.access$4200(DisplayManagerService.java:112)
F/WindowManager(19919): at com.android.server.display.DisplayManagerService$LocalService.performTraversalInTransactionFromWindowManager(DisplayManagerService.java:1539)
F/WindowManager(19919): at com.android.server.wm.WindowManagerService.performLayoutAndPlaceSurfacesLockedInner(WindowManagerService.java:9960)
F/WindowManager(19919): at com.android.server.wm.WindowManagerService.performLayoutAndPlaceSurfacesLockedLoop(WindowManagerService.java:8828)
F/WindowManager(19919): at com.android.server.wm.WindowManagerService.performLayoutAndPlaceSurfacesLocked(WindowManagerService.java:8770)
F/WindowManager(19919): at com.android.server.wm.WindowManagerService.access$400(WindowManagerService.java:163)
F/WindowManager(19919): at com.android.server.wm.WindowManagerService$H.handleMessage(WindowManagerService.java:7736)
F/WindowManager(19919): at android.os.Handler.dispatchMessage(Handler.java:102)
F/WindowManager(19919): at android.os.Looper.loop(Looper.java:135)
F/WindowManager(19919): at android.os.HandlerThread.run(HandlerThread.java:61)
F/WindowManager(19919): at com.android.server.ServiceThread.run(ServiceThread.java:46)
F/WindowAnimator(19919): Unhandled exception in Window Manager
F/WindowAnimator(19919): java.lang.NullPointerException: Attempt to invoke virtual method 'void android.view.SurfaceControl.setLayer(int)' on a null object reference
F/WindowAnimator(19919): at com.android.server.wm.FocusedStackFrame.setLayer(FocusedStackFrame.java:140)
F/WindowAnimator(19919): at com.android.server.wm.WindowManagerService.setFocusedStackLayer(WindowManagerService.java:3985)
F/WindowAnimator(19919): at com.android.server.wm.WindowAnimator.animateLocked(WindowAnimator.java:708)
F/WindowAnimator(19919): at com.android.server.wm.WindowAnimator.access$000(WindowAnimator.java:54)
F/WindowAnimator(19919): at com.android.server.wm.WindowAnimator$1.run(WindowAnimator.java:126)
F/WindowAnimator(19919): at android.view.Choreographer$CallbackRecord.run(Choreographer.java:767)
F/WindowAnimator(19919): at android.view.Choreographer.doCallbacks(Choreographer.java:580)
F/WindowAnimator(19919): at android.view.Choreographer.doFrame(Choreographer.java:549)
F/WindowAnimator(19919): at android.view.Choreographer$FrameDisplayEventReceiver.run(Choreographer.java:753)
F/WindowAnimator(19919): at android.os.Handler.handleCallback(Handler.java:739)
F/WindowAnimator(19919): at android.os.Handler.dispatchMessage(Handler.java:95)
F/WindowAnimator(19919): at android.os.Looper.loop(Looper.java:135)
F/WindowAnimator(19919): at android.os.HandlerThread.run(HandlerThread.java:61)
F/WindowAnimator(19919): at com.android.server.ServiceThread.run(ServiceThread.java:46)
E/libprocessgroup(21669): failed to open /acct/uid_1037/pid_21669/cgroup.procs: No such file or directory
I/ActivityManager(19919): Start proc 21669:WebViewLoader-armeabi-v7a/1037 [android.webkit.WebViewFactory$RelroFileCreator] for
I/ActivityManager(19919): Start proc 21687:com.android.systemui/u0a18 for service com.android.systemui/.SystemUIService
W/NetworkStats(19919): bandwidth controls disabled, unable to track stats
W/NetworkPolicy(19919): bandwidth controls disabled, unable to enforce policy
W/SystemServer(19919): ***********************************************
F/SystemServer(19919): BOOT FAILURE making Connectivity Service ready
F/SystemServer(19919): java.lang.NullPointerException: Attempt to invoke interface method 'int android.security.IKeystoreService.exist(java.lang.String, int)' on a null object reference
F/SystemServer(19919): at android.security.KeyStore.contains(KeyStore.java:137)
F/SystemServer(19919): at android.security.KeyStore.contains(KeyStore.java:145)
F/SystemServer(19919): at com.android.server.net.LockdownVpnTracker.isEnabled(LockdownVpnTracker.java:88)
F/SystemServer(19919): at com.android.server.ConnectivityService.updateLockdownVpn(ConnectivityService.java:3129)
F/SystemServer(19919): at com.android.server.ConnectivityService.systemReady(ConnectivityService.java:1629)
F/SystemServer(19919): at com.android.server.SystemServer$2.run(SystemServer.java:1181)
F/SystemServer(19919): at com.android.server.am.ActivityManagerService.systemReady(ActivityManagerService.java:11334)
F/SystemServer(19919): at com.android.server.SystemServer.startOtherServices(SystemServer.java:1134)
F/SystemServer(19919): at com.android.server.SystemServer.run(SystemServer.java:265)
F/SystemServer(19919): at com.android.server.SystemServer.main(SystemServer.java:179)
F/SystemServer(19919): at java.lang.reflect.Method.invoke(Native Method)
F/SystemServer(19919): at java.lang.reflect.Method.invoke(Method.java:372)
F/SystemServer(19919): at com.android.internal.os.ZygoteInit$MethodAndArgsCaller.run(ZygoteInit.java:904)
F/SystemServer(19919): at com.android.internal.os.ZygoteInit.main(ZygoteInit.java:699)
I/SystemServiceManager(19919): Starting phase 600
E/MountService(19919): Boot-time mount failed (-1)
E/MountService(19919): Boot-time mount failed (-1)
W/MountService(19919): Duplicate state transition (mounted -> mounted) for /storage/emulated/0
E/libprocessgroup(21687): failed to open /acct/uid_10018/pid_21687/cgroup.procs: No such file or directory
E/NetlinkListener( 741): recvmsg failed (I/O error)
E/NetlinkListener(19660): recvmsg failed (I/O error)
I/BackupManagerService(19919): Backup enabled => false
I/BackupManagerService(19919): Opting out of backup
E/InputMethodManagerService(19919): Ignoring setImeWindowStatus due to an invalid token. uid:1000 token:null
E/libprocessgroup(21716): failed to open /acct/uid_10039/pid_21716/cgroup.procs: No such file or directory
E/NetlinkListener(19660): recvmsg failed (I/O error)
E/NetlinkListener( 741): recvmsg failed (I/O error)
I/ActivityManager(19919): Start proc 21716:com.android.inputmethod.latin/u0a39 for service com.android.inputmethod.latin/.LatinIME
V/InputMethodManagerService(19919): Adding window token: android.os.Binder@15a85169
W/LocationManagerService(19919): no network location provider found
E/LocationManagerService(19919): no fused location provider found
E/LocationManagerService(19919): java.lang.IllegalStateException: Location service needs a fused location provider
E/LocationManagerService(19919): at com.android.server.LocationManagerService.loadProvidersLocked(LocationManagerService.java:504)
E/LocationManagerService(19919): at com.android.server.LocationManagerService.systemRunning(LocationManagerService.java:295)
E/LocationManagerService(19919): at com.android.server.SystemServer$2.run(SystemServer.java:1208)
E/LocationManagerService(19919): at com.android.server.am.ActivityManagerService.systemReady(ActivityManagerService.java:11334)
E/LocationManagerService(19919): at com.android.server.SystemServer.startOtherServices(SystemServer.java:1134)
E/LocationManagerService(19919): at com.android.server.SystemServer.run(SystemServer.java:265)
E/LocationManagerService(19919): at com.android.server.SystemServer.main(SystemServer.java:179)
E/LocationManagerService(19919): at java.lang.reflect.Method.invoke(Native Method)
E/LocationManagerService(19919): at java.lang.reflect.Method.invoke(Method.java:372)
E/LocationManagerService(19919): at com.android.internal.os.ZygoteInit$MethodAndArgsCaller.run(ZygoteInit.java:904)
E/LocationManagerService(19919): at com.android.internal.os.ZygoteInit.main(ZygoteInit.java:699)
E/LocationManagerService(19919): no geocoder provider found
E/LocationManagerService(19919): FLP HAL not supported
E/LocationManagerService(19919): Unable to bind FLP Geofence proxy.
E/LocationManagerService(19919): Unable to bind ActivityRecognitionProxy.
I/MmsServiceBroker(19919): systemRunning
W/VoiceInteractionManagerService(19919): no available voice interaction services found for user 0
W/VoiceInteractionManagerService(19919): no available voice recognition services found for user 0
E/NetlinkListener(19660): recvmsg failed (I/O error)
E/NetlinkListener( 741): recvmsg failed (I/O error)
E/NetlinkListener(19660): recvmsg failed (I/O error)
E/NetlinkListener( 741): recvmsg failed (I/O error)
E/libprocessgroup(21782): failed to open /acct/uid_1000/pid_21782/cgroup.procs: No such file or directory
I/ActivityManager(19919): Start proc 21782:com.android.server.telecom/1000 for added application com.android.server.telecom
E/NetlinkListener(19660): recvmsg failed (I/O error)
E/NetlinkListener( 741): recvmsg failed (I/O error)
E/NetlinkListener(19660): recvmsg failed (I/O error)
E/NetlinkListener( 741): recvmsg failed (I/O error)
E/NetlinkListener( 741): recvmsg failed (I/O error)
E/NetlinkListener(19660): recvmsg failed (I/O error)
E/libprocessgroup(21802): failed to open /acct/uid_1001/pid_21802/cgroup.procs: No such file or directory
E/NetlinkListener( 741): recvmsg failed (I/O error)
E/NetlinkListener(19660): recvmsg failed (I/O error)
I/ActivityManager(19919): Start proc 21802:com.android.phone/1001 for added application com.android.phone
E/NetlinkListener( 741): recvmsg failed (I/O error)
E/NetlinkListener(19660): recvmsg failed (I/O error)
I/ActivityManager(19919): START u0 {act=android.intent.action.MAIN cat=[android.intent.category.HOME] flg=0x10000000 cmp=com.android.settings/.CryptKeeper} from uid 0 on display 0
E/NetlinkListener( 741): recvmsg failed (I/O error)
E/NetlinkListener(19660): recvmsg failed (I/O error)
V/WindowManager(19919): addAppToken: AppWindowToken{35201499 token=Token{59939e0 ActivityRecord{2cec1be3 u0 com.android.settings/.CryptKeeper t1}}} to stack=0 task=1 at 0
E/libprocessgroup(21820): failed to open /acct/uid_1000/pid_21820/cgroup.procs: No such file or directory
I/ActivityManager(19919): Start proc 21820:com.android.settings/1000 for activity com.android.settings/.CryptKeeper
I/SystemServer(19919): Enabled StrictMode for system server main thread.
W/AlarmManager(19919): Not setting time since no alarm driver is available.
E/libprocessgroup(21839): failed to open /acct/uid_10050/pid_21839/cgroup.procs: No such file or directory
I/ActivityManager(19919): Start proc 21839:com.android.printspooler/u0a50 for service com.android.printspooler/.model.PrintSpoolerService
V/ActivityManager(19919): Display changed displayId=0
V/ActivityManager(19919): Display changed displayId=0
F/WindowManager(19919): Unhandled exception in Window Manager
F/WindowManager(19919): java.lang.IllegalArgumentException: displayToken must not be null
F/WindowManager(19919): at android.view.SurfaceControl.setDisplayProjection(SurfaceControl.java:573)
F/WindowManager(19919): at com.android.server.display.DisplayDevice.setProjectionInTransactionLocked(DisplayDevice.java:173)
F/WindowManager(19919): at com.android.server.display.LogicalDisplay.configureDisplayInTransactionLocked(LogicalDisplay.java:316)
F/WindowManager(19919): at com.android.server.display.DisplayManagerService.configureDisplayInTransactionLocked(DisplayManagerService.java:884)
F/WindowManager(19919): at com.android.server.display.DisplayManagerService.performTraversalInTransactionLocked(DisplayManagerService.java:806)
F/WindowManager(19919): at com.android.server.display.DisplayManagerService.performTraversalInTransactionFromWindowManagerInternal(DisplayManagerService.java:317)
F/WindowManager(19919): at com.android.server.display.DisplayManagerService.access$4200(DisplayManagerService.java:112)
F/WindowManager(19919): at com.android.server.display.DisplayManagerService$LocalService.performTraversalInTransactionFromWindowManager(DisplayManagerService.java:1539)
F/WindowManager(19919): at com.android.server.wm.WindowManagerService.performLayoutAndPlaceSurfacesLockedInner(WindowManagerService.java:9960)
F/WindowManager(19919): at com.android.server.wm.WindowManagerService.performLayoutAndPlaceSurfacesLockedLoop(WindowManagerService.java:8828)
F/WindowManager(19919): at com.android.server.wm.WindowManagerService.performLayoutAndPlaceSurfacesLocked(WindowManagerService.java:8770)
F/WindowManager(19919): at com.android.server.wm.WindowManagerService.executeAppTransition(WindowManagerService.java:4152)
F/WindowManager(19919): at com.android.server.am.ActivityStackSupervisor.reportResumedActivityLocked(ActivityStackSupervisor.java:2915)
F/WindowManager(19919): at com.android.server.am.ActivityStack.completeResumeLocked(ActivityStack.java:1067)
F/WindowManager(19919): at com.android.server.am.ActivityStack.minimalResumeActivityLocked(ActivityStack.java:650)
F/WindowManager(19919): at com.android.server.am.ActivityStackSupervisor.realStartActivityLocked(ActivityStackSupervisor.java:1265)
F/WindowManager(19919): at com.android.server.am.ActivityStackSupervisor.attachApplicationLocked(ActivityStackSupervisor.java:581)
F/WindowManager(19919): at com.android.server.am.ActivityManagerService.attachApplicationLocked(ActivityManagerService.java:6043)
F/WindowManager(19919): at com.android.server.am.ActivityManagerService.attachApplication(ActivityManagerService.java:6105)
F/WindowManager(19919): at android.app.ActivityManagerNative.onTransact(ActivityManagerNative.java:482)
F/WindowManager(19919): at com.android.server.am.ActivityManagerService.onTransact(ActivityManagerService.java:2211)
F/WindowManager(19919): at android.os.Binder.execTransact(Binder.java:446)
F/WindowAnimator(19919): Unhandled exception in Window Manager
F/WindowAnimator(19919): java.lang.NullPointerException: Attempt to invoke virtual method 'void android.view.SurfaceControl.setLayer(int)' on a null object reference
F/WindowAnimator(19919): at com.android.server.wm.FocusedStackFrame.setLayer(FocusedStackFrame.java:140)
F/WindowAnimator(19919): at com.android.server.wm.WindowManagerService.setFocusedStackLayer(WindowManagerService.java:3985)
F/WindowAnimator(19919): at com.android.server.wm.WindowAnimator.animateLocked(WindowAnimator.java:708)
F/WindowAnimator(19919): at com.android.server.wm.WindowAnimator.access$000(WindowAnimator.java:54)
F/WindowAnimator(19919): at com.android.server.wm.WindowAnimator$1.run(WindowAnimator.java:126)
F/WindowAnimator(19919): at android.view.Choreographer$CallbackRecord.run(Choreographer.java:767)
F/WindowAnimator(19919): at android.view.Choreographer.doCallbacks(Choreographer.java:580)
F/WindowAnimator(19919): at android.view.Choreographer.doFrame(Choreographer.java:549)
F/WindowAnimator(19919): at android.view.Choreographer$FrameDisplayEventReceiver.run(Choreographer.java:753)
F/WindowAnimator(19919): at android.os.Handler.handleCallback(Handler.java:739)
F/WindowAnimator(19919): at android.os.Handler.dispatchMessage(Handler.java:95)
F/WindowAnimator(19919): at android.os.Looper.loop(Looper.java:135)
F/WindowAnimator(19919): at android.os.HandlerThread.run(HandlerThread.java:61)
F/WindowAnimator(19919): at com.android.server.ServiceThread.run(ServiceThread.java:46)
V/FingerprintService(19919): startListening(android.service.fingerprint.IFingerprintServiceReceiver$Stub$Proxy@130bc3d3)
V/ActivityManager(19919): Display changed displayId=0
W/WindowStateAnimator(19919): OutOfResourcesException creating surface
I/WindowManager(19919): Out of memory for surface! Looking for leaks...
W/WindowManager(19919): No leaked surfaces; killing applicatons!
W/WindowManager(19919): Due to memory failure, waiting a bit for next layout
I/StatusBarManagerService(19919): registerStatusBar bar=com.android.internal.statusbar.IStatusBar$Stub$Proxy@1047c9b8
W/InputMethodManagerService(19919): Focus gain on non-focused client android.view.inputmethod.InputMethodManager$1@3cb2a3c2 (uid=1000 pid=19919)
D/Telecom (19919): TelecomService: onCreate
I/Telecom (19919): TelecomGlobals: TelecomGlobals initializing
D/Telecom (19919): MissedCallNotifier: updateOnStartup()...
F/WindowAnimator(19919): Unhandled exception in Window Manager
F/WindowAnimator(19919): java.lang.NullPointerException: Attempt to invoke virtual method 'void android.view.SurfaceControl.setLayer(int)' on a null object reference
F/WindowAnimator(19919): at com.android.server.wm.FocusedStackFrame.setLayer(FocusedStackFrame.java:140)
F/WindowAnimator(19919): at com.android.server.wm.WindowManagerService.setFocusedStackLayer(WindowManagerService.java:3985)
F/WindowAnimator(19919): at com.android.server.wm.WindowAnimator.animateLocked(WindowAnimator.java:708)
F/WindowAnimator(19919): at com.android.server.wm.WindowAnimator.access$000(WindowAnimator.java:54)
F/WindowAnimator(19919): at com.android.server.wm.WindowAnimator$1.run(WindowAnimator.java:126)
F/WindowAnimator(19919): at android.view.Choreographer$CallbackRecord.run(Choreographer.java:767)
F/WindowAnimator(19919): at android.view.Choreographer.doCallbacks(Choreographer.java:580)
F/WindowAnimator(19919): at android.view.Choreographer.doFrame(Choreographer.java:549)
F/WindowAnimator(19919): at android.view.Choreographer$FrameDisplayEventReceiver.run(Choreographer.java:753)
F/WindowAnimator(19919): at android.os.Handler.handleCallback(Handler.java:739)
F/WindowAnimator(19919): at android.os.Handler.dispatchMessage(Handler.java:95)
F/WindowAnimator(19919): at android.os.Looper.loop(Looper.java:135)
F/WindowAnimator(19919): at android.os.HandlerThread.run(HandlerThread.java:61)
F/WindowAnimator(19919): at com.android.server.ServiceThread.run(ServiceThread.java:46)
F/WindowAnimator(19919): Unhandled exception in Window Manager
F/WindowAnimator(19919): java.lang.NullPointerException: Attempt to invoke virtual method 'void android.view.SurfaceControl.setLayer(int)' on a null object reference
F/WindowAnimator(19919): at com.android.server.wm.FocusedStackFrame.setLayer(FocusedStackFrame.java:140)
F/WindowAnimator(19919): at com.android.server.wm.WindowManagerService.setFocusedStackLayer(WindowManagerService.java:3985)
F/WindowAnimator(19919): at com.android.server.wm.WindowAnimator.animateLocked(WindowAnimator.java:708)
F/WindowAnimator(19919): at com.android.server.wm.WindowAnimator.access$000(WindowAnimator.java:54)
F/WindowAnimator(19919): at com.android.server.wm.WindowAnimator$1.run(WindowAnimator.java:126)
F/WindowAnimator(19919): at android.view.Choreographer$CallbackRecord.run(Choreographer.java:767)
F/WindowAnimator(19919): at android.view.Choreographer.doCallbacks(Choreographer.java:580)
F/WindowAnimator(19919): at android.view.Choreographer.doFrame(Choreographer.java:549)
F/WindowAnimator(19919): at android.view.Choreographer$FrameDisplayEventReceiver.run(Choreographer.java:753)
F/WindowAnimator(19919): at android.os.Handler.handleCallback(Handler.java:739)
F/WindowAnimator(19919): at android.os.Handler.dispatchMessage(Handler.java:95)
F/WindowAnimator(19919): at android.os.Looper.loop(Looper.java:135)
F/WindowAnimator(19919): at android.os.HandlerThread.run(HandlerThread.java:61)
F/WindowAnimator(19919): at com.android.server.ServiceThread.run(ServiceThread.java:46)
E/libprocessgroup(21964): failed to open /acct/uid_10004/pid_21964/cgroup.procs: No such file or directory
I/ActivityManager(19919): Start proc 21964:android.process.acore/u0a4 for content provider com.android.providers.contacts/.CallLogProvider
I/ActivityManager(19919): START u0 {act=android.intent.action.MAIN cat=[android.intent.category.HOME] flg=0x10000000 cmp=com.fairphone.setupwizard/.ui.SetupWizardActivity} from uid 0 on display 0
V/WindowManager(19919): addAppToken: AppWindowToken{34265394 token=Token{3c437be7 ActivityRecord{1c395a6 u0 com.fairphone.setupwizard/.ui.SetupWizardActivity t2}}} to stack=0 task=2 at 0
F/WindowAnimator(19919): Unhandled exception in Window Manager
F/WindowAnimator(19919): java.lang.NullPointerException: Attempt to invoke virtual method 'void android.view.SurfaceControl.setLayer(int)' on a null object reference
F/WindowAnimator(19919): at com.android.server.wm.FocusedStackFrame.setLayer(FocusedStackFrame.java:140)
F/WindowAnimator(19919): at com.android.server.wm.WindowManagerService.setFocusedStackLayer(WindowManagerService.java:3985)
F/WindowAnimator(19919): at com.android.server.wm.WindowAnimator.animateLocked(WindowAnimator.java:708)
F/WindowAnimator(19919): at com.android.server.wm.WindowAnimator.access$000(WindowAnimator.java:54)
F/WindowAnimator(19919): at com.android.server.wm.WindowAnimator$1.run(WindowAnimator.java:126)
F/WindowAnimator(19919): at android.view.Choreographer$CallbackRecord.run(Choreographer.java:767)
F/WindowAnimator(19919): at android.view.Choreographer.doCallbacks(Choreographer.java:580)
F/WindowAnimator(19919): at android.view.Choreographer.doFrame(Choreographer.java:549)
F/WindowAnimator(19919): at android.view.Choreographer$FrameDisplayEventReceiver.run(Choreographer.java:753)
F/WindowAnimator(19919): at android.os.Handler.handleCallback(Handler.java:739)
F/WindowAnimator(19919): at android.os.Handler.dispatchMessage(Handler.java:95)
F/WindowAnimator(19919): at android.os.Looper.loop(Looper.java:135)
F/WindowAnimator(19919): at android.os.HandlerThread.run(HandlerThread.java:61)
F/WindowAnimator(19919): at com.android.server.ServiceThread.run(ServiceThread.java:46)
I/ActivityManager(19919): Start proc 22008:com.fairphone.setupwizard/1000 for activity com.fairphone.setupwizard/.ui.SetupWizardActivity
D/Telecom (19919): ProximitySensorManager: onCreate: mProximityWakeLock:
I/Telecom (19919): TelecomGlobals: CallsManager initialized
D/Telecom (19919): TelecomService: onBind
V/ActivityManager(19919): Display added displayId=1
D/ZenLog (19919): downtime: Autotrigger skipped: not in downtime
V/WiredAccessoryManager(19919): notifyWiredAccessoryChanged: when=0 bits= mask=54
V/WiredAccessoryManager(19919): newName=h2w newState=0 headsetState=0 prev headsetState=0
V/WiredAccessoryManager(19919): init()
E/libprocessgroup(22008): failed to open /acct/uid_1000/pid_22008/cgroup.procs: No such file or directory
F/WindowAnimator(19919): Unhandled exception in Window Manager
F/WindowAnimator(19919): java.lang.NullPointerException: Attempt to invoke virtual method 'void android.view.SurfaceControl.setLayer(int)' on a null object reference
F/WindowAnimator(19919): at com.android.server.wm.FocusedStackFrame.setLayer(FocusedStackFrame.java:140)
F/WindowAnimator(19919): at com.android.server.wm.WindowManagerService.setFocusedStackLayer(WindowManagerService.java:3985)
F/WindowAnimator(19919): at com.android.server.wm.WindowAnimator.animateLocked(WindowAnimator.java:708)
F/WindowAnimator(19919): at com.android.server.wm.WindowAnimator.access$000(WindowAnimator.java:54)
F/WindowAnimator(19919): at com.android.server.wm.WindowAnimator$1.run(WindowAnimator.java:126)
F/WindowAnimator(19919): at android.view.Choreographer$CallbackRecord.run(Choreographer.java:767)
F/WindowAnimator(19919): at android.view.Choreographer.doCallbacks(Choreographer.java:580)
F/WindowAnimator(19919): at android.view.Choreographer.doFrame(Choreographer.java:549)
F/WindowAnimator(19919): at android.view.Choreographer$FrameDisplayEventReceiver.run(Choreographer.java:753)
F/WindowAnimator(19919): at android.os.Handler.handleCallback(Handler.java:739)
F/WindowAnimator(19919): at android.os.Handler.dispatchMessage(Handler.java:95)
F/WindowAnimator(19919): at android.os.Looper.loop(Looper.java:135)
F/WindowAnimator(19919): at android.os.HandlerThread.run(HandlerThread.java:61)
F/WindowAnimator(19919): at com.android.server.ServiceThread.run(ServiceThread.java:46)
W/ResourcesManager(19919): Asset path '/system/framework/com.google.android.media.effects.jar' does not exist or contains no resources.
F/WindowAnimator(19919): Unhandled exception in Window Manager
F/WindowAnimator(19919): java.lang.NullPointerException: Attempt to invoke virtual method 'void android.view.SurfaceControl.setLayer(int)' on a null object reference
F/WindowAnimator(19919): at com.android.server.wm.FocusedStackFrame.setLayer(FocusedStackFrame.java:140)
F/WindowAnimator(19919): at com.android.server.wm.WindowManagerService.setFocusedStackLayer(WindowManagerService.java:3985)
F/WindowAnimator(19919): at com.android.server.wm.WindowAnimator.animateLocked(WindowAnimator.java:708)
F/WindowAnimator(19919): at com.android.server.wm.WindowAnimator.access$000(WindowAnimator.java:54)
F/WindowAnimator(19919): at com.android.server.wm.WindowAnimator$1.run(WindowAnimator.java:126)
F/WindowAnimator(19919): at android.view.Choreographer$CallbackRecord.run(Choreographer.java:767)
F/WindowAnimator(19919): at android.view.Choreographer.doCallbacks(Choreographer.java:580)
F/WindowAnimator(19919): at android.view.Choreographer.doFrame(Choreographer.java:549)
F/WindowAnimator(19919): at android.view.Choreographer$FrameDisplayEventReceiver.run(Choreographer.java:753)
F/WindowAnimator(19919): at android.os.Handler.handleCallback(Handler.java:739)
F/WindowAnimator(19919): at android.os.Handler.dispatchMessage(Handler.java:95)
F/WindowAnimator(19919): at android.os.Looper.loop(Looper.java:135)
F/WindowAnimator(19919): at android.os.HandlerThread.run(HandlerThread.java:61)
F/WindowAnimator(19919): at com.android.server.ServiceThread.run(ServiceThread.java:46)
W/AppWidgetServiceImpl(19919): Failed to read state: java.io.FileNotFoundException: /data/system/users/0/appwidgets.xml: open failed: ENOENT (No such file or directory)
V/AppWidgetServiceImpl(19919): Upgrading widget database from 0 to 1
E/AndroidRuntime(19919): *** FATAL EXCEPTION IN SYSTEM PROCESS: main
E/AndroidRuntime(19919): java.lang.RuntimeException: Error receiving broadcast Intent { act=android.intent.action.USER_SWITCHED flg=0x50000010 (has extras) } in com.android.server.accessibility.AccessibilityManagerService$2@1933d7b9
E/AndroidRuntime(19919): at android.app.LoadedApk$ReceiverDispatcher$Args.run(LoadedApk.java:876)
E/AndroidRuntime(19919): at android.os.Handler.handleCallback(Handler.java:739)
E/AndroidRuntime(19919): at android.os.Handler.dispatchMessage(Handler.java:95)
E/AndroidRuntime(19919): at android.os.Looper.loop(Looper.java:135)
E/AndroidRuntime(19919): at com.android.server.SystemServer.run(SystemServer.java:278)
E/AndroidRuntime(19919): at com.android.server.SystemServer.main(SystemServer.java:179)
E/AndroidRuntime(19919): at java.lang.reflect.Method.invoke(Native Method)
E/AndroidRuntime(19919): at java.lang.reflect.Method.invoke(Method.java:372)
E/AndroidRuntime(19919): at com.android.internal.os.ZygoteInit$MethodAndArgsCaller.run(ZygoteInit.java:904)
E/AndroidRuntime(19919): at com.android.internal.os.ZygoteInit.main(ZygoteInit.java:699)
E/AndroidRuntime(19919): Caused by: java.lang.SecurityException
E/AndroidRuntime(19919): at android.os.BinderProxy.transactNative(Native Method)
E/AndroidRuntime(19919): at android.os.BinderProxy.transact(Binder.java:496)
E/AndroidRuntime(19919): at com.android.server.accessibility.DisplayAdjustmentUtils.setDaltonizerMode(DisplayAdjustmentUtils.java:129)
E/AndroidRuntime(19919): at com.android.server.accessibility.DisplayAdjustmentUtils.applyAdjustments(DisplayAdjustmentUtils.java:101)
E/AndroidRuntime(19919): at com.android.server.accessibility.AccessibilityManagerService.updateDisplayColorAdjustmentSettingsLocked(AccessibilityManagerService.java:1604)
E/AndroidRuntime(19919): at com.android.server.accessibility.AccessibilityManagerService.onUserStateChangedLocked(AccessibilityManagerService.java:1330)
E/AndroidRuntime(19919): at com.android.server.accessibility.AccessibilityManagerService.switchUser(AccessibilityManagerService.java:844)
E/AndroidRuntime(19919): at com.android.server.accessibility.AccessibilityManagerService.access$800(AccessibilityManagerService.java:119)
E/AndroidRuntime(19919): at com.android.server.accessibility.AccessibilityManagerService$2.onReceive(AccessibilityManagerService.java:361)
E/AndroidRuntime(19919): at android.app.LoadedApk$ReceiverDispatcher$Args.run(LoadedApk.java:866)
E/AndroidRuntime(19919): ... 9 more
F/WindowAnimator(19919): Unhandled exception in Window Manager
F/WindowAnimator(19919): java.lang.NullPointerException: Attempt to invoke virtual method 'void android.view.SurfaceControl.setLayer(int)' on a null object reference
F/WindowAnimator(19919): at com.android.server.wm.FocusedStackFrame.setLayer(FocusedStackFrame.java:140)
F/WindowAnimator(19919): at com.android.server.wm.WindowManagerService.setFocusedStackLayer(WindowManagerService.java:3985)
F/WindowAnimator(19919): at com.android.server.wm.WindowAnimator.animateLocked(WindowAnimator.java:708)
F/WindowAnimator(19919): at com.android.server.wm.WindowAnimator.access$000(WindowAnimator.java:54)
F/WindowAnimator(19919): at com.android.server.wm.WindowAnimator$1.run(WindowAnimator.java:126)
F/WindowAnimator(19919): at android.view.Choreographer$CallbackRecord.run(Choreographer.java:767)
F/WindowAnimator(19919): at android.view.Choreographer.doCallbacks(Choreographer.java:580)
F/WindowAnimator(19919): at android.view.Choreographer.doFrame(Choreographer.java:549)
F/WindowAnimator(19919): at android.view.Choreographer$FrameDisplayEventReceiver.run(Choreographer.java:753)
F/WindowAnimator(19919): at android.os.Handler.handleCallback(Handler.java:739)
F/WindowAnimator(19919): at android.os.Handler.dispatchMessage(Handler.java:95)
F/WindowAnimator(19919): at android.os.Looper.loop(Looper.java:135)
F/WindowAnimator(19919): at android.os.HandlerThread.run(HandlerThread.java:61)
F/WindowAnimator(19919): at com.android.server.ServiceThread.run(ServiceThread.java:46)
E/AndroidRuntime(22008): FATAL EXCEPTION: main
E/AndroidRuntime(22008): Process: com.fairphone.setupwizard, PID: 22008
E/AndroidRuntime(22008): java.lang.RuntimeException: Unable to start activity ComponentInfo{com.fairphone.setupwizard/com.fairphone.setupwizard.ui.SetupWizardActivity}: java.lang.NullPointerException: Attempt to invoke virtual method 'void android.view.Display.getRealSize(android.graphics.Point)' on a null object reference
E/AndroidRuntime(22008): at android.app.ActivityThread.performLaunchActivity(ActivityThread.java:2325)
E/AndroidRuntime(22008): at android.app.ActivityThread.handleLaunchActivity(ActivityThread.java:2387)
E/AndroidRuntime(22008): at android.app.ActivityThread.access$800(ActivityThread.java:151)
E/AndroidRuntime(22008): at android.app.ActivityThread$H.handleMessage(ActivityThread.java:1303)
E/AndroidRuntime(22008): at android.os.Handler.dispatchMessage(Handler.java:102)
E/AndroidRuntime(22008): at android.os.Looper.loop(Looper.java:135)
E/AndroidRuntime(22008): at android.app.ActivityThread.main(ActivityThread.java:5254)
E/AndroidRuntime(22008): at java.lang.reflect.Method.invoke(Native Method)
E/AndroidRuntime(22008): at java.lang.reflect.Method.invoke(Method.java:372)
E/AndroidRuntime(22008): at com.android.internal.os.ZygoteInit$MethodAndArgsCaller.run(ZygoteInit.java:904)
E/AndroidRuntime(22008): at com.android.internal.os.ZygoteInit.main(ZygoteInit.java:699)
E/AndroidRuntime(22008): Caused by: java.lang.NullPointerException: Attempt to invoke virtual method 'void android.view.Display.getRealSize(android.graphics.Point)' on a null object reference
E/AndroidRuntime(22008): at android.view.ViewConfiguration.(ViewConfiguration.java:300)
E/AndroidRuntime(22008): at android.view.ViewConfiguration.get(ViewConfiguration.java:364)
E/AndroidRuntime(22008): at android.view.View.(View.java:3588)
E/AndroidRuntime(22008): at android.view.View.(View.java:3683)
E/AndroidRuntime(22008): at android.view.ViewGroup.(ViewGroup.java:498)
E/AndroidRuntime(22008): at android.view.ViewGroup.(ViewGroup.java:494)
E/AndroidRuntime(22008): at android.view.ViewGroup.(ViewGroup.java:490)
E/AndroidRuntime(22008): at android.view.ViewGroup.(ViewGroup.java:486)
E/AndroidRuntime(22008): at android.widget.FrameLayout.(FrameLayout.java:103)
E/AndroidRuntime(22008): at com.android.internal.policy.impl.PhoneWindow$DecorView.(PhoneWindow.java:2227)
E/AndroidRuntime(22008): at com.android.internal.policy.impl.PhoneWindow.generateDecor(PhoneWindow.java:3324)
E/AndroidRuntime(22008): at com.android.internal.policy.impl.PhoneWindow.installDecor(PhoneWindow.java:3677)
E/AndroidRuntime(22008): at com.android.internal.policy.impl.PhoneWindow.getDecorView(PhoneWindow.java:1944)
E/AndroidRuntime(22008): at com.fairphone.setupwizard.ui.SetupWizardActivity.onCreate(SetupWizardActivity.java:88)
E/AndroidRuntime(22008): at android.app.Activity.performCreate(Activity.java:5991)
E/AndroidRuntime(22008): at android.app.Instrumentation.callActivityOnCreate(Instrumentation.java:1106)
E/AndroidRuntime(22008): at android.app.ActivityThread.performLaunchActivity(ActivityThread.java:2278)
E/AndroidRuntime(22008): ... 10 more
E/AndroidRuntime(22008): Error reporting crash
E/AndroidRuntime(22008): android.os.DeadObjectException
E/AndroidRuntime(22008): at android.os.BinderProxy.transactNative(Native Method)
E/AndroidRuntime(22008): at android.os.BinderProxy.transact(Binder.java:496)
E/AndroidRuntime(22008): at android.app.ActivityManagerProxy.handleApplicationCrash(ActivityManagerNative.java:4207)
E/AndroidRuntime(22008): at com.android.internal.os.RuntimeInit$UncaughtHandler.uncaughtException(RuntimeInit.java:89)
E/AndroidRuntime(22008): at java.lang.ThreadGroup.uncaughtException(ThreadGroup.java:693)
E/AndroidRuntime(22008): at java.lang.ThreadGroup.uncaughtException(ThreadGroup.java:690)
E/AndroidRuntime(21687): FATAL EXCEPTION: main
E/AndroidRuntime(21687): Process: com.android.systemui, PID: 21687
E/AndroidRuntime(21687): java.lang.NullPointerException: Attempt to invoke interface method 'long com.android.internal.widget.ILockSettings.getLong(java.lang.String, long, int)' on a null object reference
E/AndroidRuntime(21687): at com.android.internal.widget.LockPatternUtils.getLong(LockPatternUtils.java:1487)
E/AndroidRuntime(21687): at com.android.internal.widget.LockPatternUtils.getKeyguardStoredPasswordQuality(LockPatternUtils.java:971)
E/AndroidRuntime(21687): at com.android.internal.widget.LockPatternUtils.isSecure(LockPatternUtils.java:1541)
E/AndroidRuntime(21687): at com.android.internal.widget.LockPatternUtils.isSecure(LockPatternUtils.java:1537)
E/AndroidRuntime(21687): at com.android.systemui.statusbar.phone.KeyguardBottomAreaView.getCameraIntent(KeyguardBottomAreaView.java:233)
E/AndroidRuntime(21687): at com.android.systemui.statusbar.phone.KeyguardBottomAreaView.updateCameraVisibility(KeyguardBottomAreaView.java:238)
E/AndroidRuntime(21687): at com.android.systemui.statusbar.phone.KeyguardBottomAreaView.onFinishInflate(KeyguardBottomAreaView.java:169)
E/AndroidRuntime(21687): at android.view.LayoutInflater.rInflate(LayoutInflater.java:814)
E/AndroidRuntime(21687): at android.view.LayoutInflater.parseInclude(LayoutInflater.java:916)
E/AndroidRuntime(21687): at android.view.LayoutInflater.rInflate(LayoutInflater.java:802)
E/AndroidRuntime(21687): at android.view.LayoutInflater.parseInclude(LayoutInflater.java:916)
E/AndroidRuntime(21687): at android.view.LayoutInflater.rInflate(LayoutInflater.java:802)
E/AndroidRuntime(21687): at android.view.LayoutInflater.rInflate(LayoutInflater.java:809)
E/AndroidRuntime(21687): at android.view.LayoutInflater.inflate(LayoutInflater.java:504)
E/AndroidRuntime(21687): at android.view.LayoutInflater.inflate(LayoutInflater.java:414)
E/AndroidRuntime(21687): at android.view.LayoutInflater.inflate(LayoutInflater.java:365)
E/AndroidRuntime(21687): at android.view.View.inflate(View.java:18540)
E/AndroidRuntime(21687): at com.android.systemui.statusbar.phone.PhoneStatusBar.makeStatusBarView(PhoneStatusBar.java:656)
E/AndroidRuntime(21687): at com.android.systemui.statusbar.phone.PhoneStatusBar.addStatusBarWindow(PhoneStatusBar.java:3138)
E/AndroidRuntime(21687): at com.android.systemui.statusbar.phone.PhoneStatusBar.createAndAddWindows(PhoneStatusBar.java:3134)
E/AndroidRuntime(21687): at com.android.systemui.statusbar.BaseStatusBar.start(BaseStatusBar.java:561)
E/AndroidRuntime(21687): at com.android.systemui.statusbar.phone.PhoneStatusBar.start(PhoneStatusBar.java:602)
E/AndroidRuntime(21687): at com.android.systemui.statusbar.SystemBars.createStatusBarFromConfig(SystemBars.java:106)
E/AndroidRuntime(21687): at com.android.systemui.statusbar.SystemBars.onNoService(SystemBars.java:58)
E/AndroidRuntime(21687): at com.android.systemui.statusbar.ServiceMonitor.startService(ServiceMonitor.java:228)
E/AndroidRuntime(21687): at com.android.systemui.statusbar.ServiceMonitor.access$000(ServiceMonitor.java:49)
E/AndroidRuntime(21687): at com.android.systemui.statusbar.ServiceMonitor$1.handleMessage(ServiceMonitor.java:73)
E/AndroidRuntime(21687): at android.os.Handler.dispatchMessage(Handler.java:102)
E/AndroidRuntime(21687): at android.os.Looper.loop(Looper.java:135)
E/AndroidRuntime(21687): at android.app.ActivityThread.main(ActivityThread.java:5254)
E/AndroidRuntime(21687): at java.lang.reflect.Method.invoke(Native Method)
E/AndroidRuntime(21687): at java.lang.reflect.Method.invoke(Method.java:372)
E/AndroidRuntime(21687): at com.android.internal.os.ZygoteInit$MethodAndArgsCaller.run(ZygoteInit.java:904)
E/AndroidRuntime(21687): at com.android.internal.os.ZygoteInit.main(ZygoteInit.java:699)
E/AndroidRuntime(21687): Error reporting crash
E/AndroidRuntime(21687): android.os.DeadObjectException
E/AndroidRuntime(21687): at android.os.BinderProxy.transactNative(Native Method)
E/AndroidRuntime(21687): at android.os.BinderProxy.transact(Binder.java:496)
E/AndroidRuntime(21687): at android.app.ActivityManagerProxy.handleApplicationCrash(ActivityManagerNative.java:4207)
E/AndroidRuntime(21687): at com.android.internal.os.RuntimeInit$UncaughtHandler.uncaughtException(RuntimeInit.java:89)
E/AndroidRuntime(21687): at java.lang.ThreadGroup.uncaughtException(ThreadGroup.java:693)
E/AndroidRuntime(21687): at java.lang.ThreadGroup.uncaughtException(ThreadGroup.java:690)
E/AndroidRuntime(21964): FATAL EXCEPTION: ContactsProviderWorker
E/AndroidRuntime(21964): Process: android.process.acore, PID: 21964
E/AndroidRuntime(21964): java.lang.NullPointerException: Attempt to invoke interface method 'android.accounts.Account[] android.accounts.IAccountManager.getAccounts(java.lang.String)' on a null object reference
E/AndroidRuntime(21964): at android.accounts.AccountManager.getAccounts(AccountManager.java:407)
E/AndroidRuntime(21964): at com.android.providers.contacts.ContactsProvider2.performBackgroundTask(ContactsProvider2.java:1667)
E/AndroidRuntime(21964): at com.android.providers.contacts.ContactsProvider2$1.handleMessage(ContactsProvider2.java:1496)
E/AndroidRuntime(21964): at android.os.Handler.dispatchMessage(Handler.java:102)
E/AndroidRuntime(21964): at android.os.Looper.loop(Looper.java:135)
E/AndroidRuntime(21964): at android.os.HandlerThread.run(HandlerThread.java:61)
E/AndroidRuntime(21964): Error reporting crash
E/AndroidRuntime(21964): android.os.DeadObjectException
E/AndroidRuntime(21964): at android.os.BinderProxy.transactNative(Native Method)
E/AndroidRuntime(21964): at android.os.BinderProxy.transact(Binder.java:496)
E/AndroidRuntime(21964): at android.app.ActivityManagerProxy.handleApplicationCrash(ActivityManagerNative.java:4207)
E/AndroidRuntime(21964): at com.android.internal.os.RuntimeInit$UncaughtHandler.uncaughtException(RuntimeInit.java:89)
E/AndroidRuntime(21964): at java.lang.ThreadGroup.uncaughtException(ThreadGroup.java:693)
E/AndroidRuntime(21964): at java.lang.ThreadGroup.uncaughtException(ThreadGroup.java:690)
E/AndroidRuntime(21716): FATAL EXCEPTION: Executor - contacts.en_US
E/AndroidRuntime(21716): Process: com.android.inputmethod.latin, PID: 21716
E/AndroidRuntime(21716): java.lang.SecurityException: Neither user 10039 nor current process has android.permission.READ_PROFILE.
E/AndroidRuntime(21716): at android.os.Parcel.readException(Parcel.java:1546)
E/AndroidRuntime(21716): at android.database.DatabaseUtils.readExceptionFromParcel(DatabaseUtils.java:185)
E/AndroidRuntime(21716): at android.database.DatabaseUtils.readExceptionFromParcel(DatabaseUtils.java:137)
E/AndroidRuntime(21716): at android.content.ContentProviderProxy.query(ContentProviderNative.java:421)
E/AndroidRuntime(21716): at android.content.ContentResolver.query(ContentResolver.java:478)
