I/WindowManager(17312): No existing display settings /data/system/display_settings.xml; starting empty
E/WindowManager(17312): Exception creating Dim surface
E/WindowManager(17312): android.view.Surface$OutOfResourcesException
E/WindowManager(17312): at android.view.SurfaceControl.nativeCreate(Native Method)
E/WindowManager(17312): at android.view.SurfaceControl.(SurfaceControl.java:292)
E/WindowManager(17312): at com.android.server.wm.DimLayer.(DimLayer.java:81)
E/WindowManager(17312): at com.android.server.wm.TaskStack.attachDisplayContent(TaskStack.java:233)
E/WindowManager(17312): at com.android.server.wm.WindowManagerService.attachStack(WindowManagerService.java:5158)
E/WindowManager(17312): at com.android.server.am.ActivityStackSupervisor$ActivityContainer.attachToDisplayLocked(ActivityStackSupervisor.java:3766)
E/WindowManager(17312): at com.android.server.am.ActivityStackSupervisor.createStackOnDisplay(ActivityStackSupervisor.java:2649)
E/WindowManager(17312): at com.android.server.am.ActivityStackSupervisor.setWindowManager(ActivityStackSupervisor.java:394)
E/WindowManager(17312): at com.android.server.am.ActivityManagerService.setWindowManager(ActivityManagerService.java:1943)
E/WindowManager(17312): at com.android.server.SystemServer.startOtherServices(SystemServer.java:498)
E/WindowManager(17312): at com.android.server.SystemServer.run(SystemServer.java:265)
E/WindowManager(17312): at com.android.server.SystemServer.main(SystemServer.java:179)
E/WindowManager(17312): at java.lang.reflect.Method.invoke(Native Method)
E/WindowManager(17312): at java.lang.reflect.Method.invoke(Method.java:372)
E/WindowManager(17312): at com.android.internal.os.ZygoteInit$MethodAndArgsCaller.run(ZygoteInit.java:904)
E/WindowManager(17312): at com.android.internal.os.ZygoteInit.main(ZygoteInit.java:699)
E/WindowManager(17312): Exception creating Dim surface
E/WindowManager(17312): android.view.Surface$OutOfResourcesException
E/WindowManager(17312): at android.view.SurfaceControl.nativeCreate(Native Method)
E/WindowManager(17312): at android.view.SurfaceControl.(SurfaceControl.java:292)
E/WindowManager(17312): at com.android.server.wm.DimLayer.(DimLayer.java:81)
E/WindowManager(17312): at com.android.server.wm.TaskStack.attachDisplayContent(TaskStack.java:234)
E/WindowManager(17312): at com.android.server.wm.WindowManagerService.attachStack(WindowManagerService.java:5158)
E/WindowManager(17312): at com.android.server.am.ActivityStackSupervisor$ActivityContainer.attachToDisplayLocked(ActivityStackSupervisor.java:3766)
E/WindowManager(17312): at com.android.server.am.ActivityStackSupervisor.createStackOnDisplay(ActivityStackSupervisor.java:2649)
E/WindowManager(17312): at com.android.server.am.ActivityStackSupervisor.setWindowManager(ActivityStackSupervisor.java:394)
E/WindowManager(17312): at com.android.server.am.ActivityManagerService.setWindowManager(ActivityManagerService.java:1943)
E/WindowManager(17312): at com.android.server.SystemServer.startOtherServices(SystemServer.java:498)
E/WindowManager(17312): at com.android.server.SystemServer.run(SystemServer.java:265)
E/WindowManager(17312): at com.android.server.SystemServer.main(SystemServer.java:179)
E/WindowManager(17312): at java.lang.reflect.Method.invoke(Native Method)
E/WindowManager(17312): at java.lang.reflect.Method.invoke(Method.java:372)
E/WindowManager(17312): at com.android.internal.os.ZygoteInit$MethodAndArgsCaller.run(ZygoteInit.java:904)
E/WindowManager(17312): at com.android.internal.os.ZygoteInit.main(ZygoteInit.java:699)
I/InputManager(17312): Starting input manager
I/SystemServer(17312): sfdroid: Bluetooth Service disabled
I/SystemServer(17312): Input Method Service
E/NetlinkListener( 741): recvmsg failed (I/O error)
E/NetlinkListener(17221): recvmsg failed (I/O error)
W/InputMethodManagerService(17312): Couldn't create dir.: /data/system/inputmethod
I/SystemServer(17312): Accessibility Manager
I/XXXXXX (17312): choosing minFree values for 32 Bit
I/XXXXXX (17312): choosing minFree values for 32 Bit
I/XXXXXX (17312): choosing minFree values for 32 Bit
I/XXXXXX (17312): choosing minFree values for 32 Bit
I/XXXXXX (17312): choosing minFree values for 32 Bit
I/XXXXXX (17312): choosing minFree values for 32 Bit
I/ActivityManager(17312): Config changes=1df8 {1.0 ?mcc?mnc en_US ?layoutDir sw360dp w360dp h640dp 480dpi nrml long port ?uimode ?night -touch -keyb/v/h -nav/h s.2}
I/ActivityManager(17312): Config changes=500 {1.0 ?mcc?mnc en_US ?layoutDir sw360dp w360dp h567dp 480dpi nrml port ?uimode ?night -touch -keyb/v/h -nav/h s.3}
I/SystemServer(17312): Mount Service
D/MountService(17312): got storage path: /storage/sdcard0 description: Internal storage primary: true removable: false emulated: true mtpReserve: 100 allowMassStorage: false maxFileSize: 0 allowMtp: true
D/MountService(17312): addVolumeLocked() StorageVolume:
D/MountService(17312): mStorageId=65537 mPath=/storage/emulated/0 mDescriptionId=17040829
D/MountService(17312): mPrimary=true mRemovable=false mEmulated=true mMtpReserveSpace=100
D/MountService(17312): mAllowMassStorage=false mMaxFileSize=0 mOwner=UserHandle{0} mUuid=null
D/MountService(17312): mUserLabel=null mState=null mAllowMtp=true
D/MountService(17312): got storage path: /storage/sdcard1 description: SD card primary: false removable: true emulated: false mtpReserve: 0 allowMassStorage: true maxFileSize: 0 allowMtp: true
D/MountService(17312): addVolumeLocked() StorageVolume:
D/MountService(17312): mStorageId=0 mPath=/storage/sdcard1 mDescriptionId=17040830 mPrimary=false
D/MountService(17312): mRemovable=true mEmulated=false mMtpReserveSpace=0 mAllowMassStorage=true
D/MountService(17312): mMaxFileSize=0 mOwner=null mUuid=null mUserLabel=null mState=null
D/MountService(17312): mAllowMtp=true
D/MountService(17312): got storage path: /storage/usbotg description: USB storage primary: false removable: true emulated: false mtpReserve: 0 allowMassStorage: false maxFileSize: 0 allowMtp: true
D/MountService(17312): addVolumeLocked() StorageVolume:
D/MountService(17312): mStorageId=0 mPath=/storage/usbotg mDescriptionId=17040831 mPrimary=false
D/MountService(17312): mRemovable=true mEmulated=false mMtpReserveSpace=0 mAllowMassStorage=false
D/MountService(17312): mMaxFileSize=0 mOwner=null mUuid=null mUserLabel=null mState=null
D/MountService(17312): mAllowMtp=true
F/WindowAnimator(17312): Unhandled exception in Window Manager
F/WindowAnimator(17312): java.lang.NullPointerException: Attempt to invoke virtual method 'void android.view.SurfaceControl.setLayer(int)' on a null object reference
F/WindowAnimator(17312): at com.android.server.wm.FocusedStackFrame.setLayer(FocusedStackFrame.java:140)
F/WindowAnimator(17312): at com.android.server.wm.WindowManagerService.setFocusedStackLayer(WindowManagerService.java:3985)
F/WindowAnimator(17312): at com.android.server.wm.WindowAnimator.animateLocked(WindowAnimator.java:708)
F/WindowAnimator(17312): at com.android.server.wm.WindowAnimator.access$000(WindowAnimator.java:54)
F/WindowAnimator(17312): at com.android.server.wm.WindowAnimator$1.run(WindowAnimator.java:126)
F/WindowAnimator(17312): at android.view.Choreographer$CallbackRecord.run(Choreographer.java:767)
F/WindowAnimator(17312): at android.view.Choreographer.doCallbacks(Choreographer.java:580)
F/WindowAnimator(17312): at android.view.Choreographer.doFrame(Choreographer.java:549)
F/WindowAnimator(17312): at android.view.Choreographer$FrameDisplayEventReceiver.run(Choreographer.java:753)
F/WindowAnimator(17312): at android.os.Handler.handleCallback(Handler.java:739)
F/WindowAnimator(17312): at android.os.Handler.dispatchMessage(Handler.java:95)
F/WindowAnimator(17312): at android.os.Looper.loop(Looper.java:135)
F/WindowAnimator(17312): at android.os.HandlerThread.run(HandlerThread.java:61)
F/WindowAnimator(17312): at com.android.server.ServiceThread.run(ServiceThread.java:46)
W/PackageManager(17312): Unknown permission com.google.android.googleapps.permission.GOOGLE_AUTH in package com.android.providers.calendar
W/PackageManager(17312): Unknown permission com.google.android.googleapps.permission.GOOGLE_AUTH.cl in package com.android.providers.calendar
W/PackageManager(17312): Unknown permission com.qualcomm.permission.USE_QCRIL_MSG_TUNNEL in package com.qualcomm.shutdownlistner
W/PackageManager(17312): Unknown permission android.permission.PREVENT_POWER_KEY in package com.fairphone.checkup
W/PackageManager(17312): Not granting permission android.permission.GLOBAL_SEARCH to package com.android.quicksearchbox (protectionLevel=18 flags=0x48be45)
W/PackageManager(17312): Not granting permission android.permission.ACCESS_DOWNLOAD_MANAGER to package com.android.browser (protectionLevel=18 flags=0x9be45)
W/PackageManager(17312): Not granting permission android.permission.SEND_DOWNLOAD_COMPLETED_INTENTS to package com.android.browser (protectionLevel=2 flags=0x9be45)
W/PackageManager(17312): Unknown permission android.permission.MMS_PUSH in package org.codeaurora.bluetooth
W/PackageManager(17312): Not granting permission android.permission.BIND_WALLPAPER to package com.android.camera2 (protectionLevel=18 flags=0x58bc45)
W/PackageManager(17312): Unknown permission android.permission.INSTALL_DRM in package com.android.mms
W/PackageManager(17312): Unknown permission com.google.android.googleapps.permission.GOOGLE_AUTH.mail in package com.android.calendar
W/PackageManager(17312): Unknown permission com.android.launcher.permission.READ_SETTINGS in package com.android.onetimeinitializer
W/PackageManager(17312): Unknown permission com.android.launcher.permission.WRITE_SETTINGS in package com.android.onetimeinitializer
W/PackageManager(17312): Not granting permission android.permission.DELETE_PACKAGES to package com.svox.pico (protectionLevel=18 flags=0x8be45)
W/PackageManager(17312): Unknown permission android.permission.ACCESS_THEME_MANAGER in package com.fairphone.setupwizard
W/PackageManager(17312): Unknown permission com.google.android.gallery3d.permission.PICASA_STORE in package com.android.dreams.phototable
W/PackageManager(17312): Unknown permission android.permission.ACCESS_SUPERUSER in package com.amaze.filemanager
W/PackageManager(17312): Unknown permission com.android.launcher.permission.READ_SETTINGS in package com.fairphone.fplauncher3
W/PackageManager(17312): Unknown permission com.android.launcher.permission.WRITE_SETTINGS in package com.fairphone.fplauncher3
W/PackageManager(17312): Unknown permission android.permission.ACCESS_SUPERUSER in package com.fairphone.updater
W/PackageManager(17312): Not granting permission android.permission.DEVICE_POWER to package com.android.deskclock (protectionLevel=2 flags=0x48be45)
W/PackageManager(17312): Unknown permission com.google.android.gallery3d.permission.GALLERY_PROVIDER in package com.android.bluetooth
W/WindowStateAnimator(17312): OutOfResourcesException creating surface
I/WindowManager(17312): Out of memory for surface! Looking for leaks...
W/WindowManager(17312): No leaked surfaces; killing applicatons!
W/WindowManager(17312): Due to memory failure, waiting a bit for next layout
E/NetlinkListener( 741): recvmsg failed (I/O error)
E/NetlinkListener(17221): recvmsg failed (I/O error)
E/NetlinkListener(17221): recvmsg failed (I/O error)
E/NetlinkListener( 741): recvmsg failed (I/O error)
F/WindowAnimator(17312): Unhandled exception in Window Manager
F/WindowAnimator(17312): java.lang.NullPointerException: Attempt to invoke virtual method 'void android.view.SurfaceControl.setLayer(int)' on a null object reference
F/WindowAnimator(17312): at com.android.server.wm.FocusedStackFrame.setLayer(FocusedStackFrame.java:140)
F/WindowAnimator(17312): at com.android.server.wm.WindowManagerService.setFocusedStackLayer(WindowManagerService.java:3985)
F/WindowAnimator(17312): at com.android.server.wm.WindowAnimator.animateLocked(WindowAnimator.java:708)
F/WindowAnimator(17312): at com.android.server.wm.WindowAnimator.access$000(WindowAnimator.java:54)
F/WindowAnimator(17312): at com.android.server.wm.WindowAnimator$1.run(WindowAnimator.java:126)
F/WindowAnimator(17312): at android.view.Choreographer$CallbackRecord.run(Choreographer.java:767)
F/WindowAnimator(17312): at android.view.Choreographer.doCallbacks(Choreographer.java:580)
F/WindowAnimator(17312): at android.view.Choreographer.doFrame(Choreographer.java:549)
F/WindowAnimator(17312): at android.view.Choreographer$FrameDisplayEventReceiver.run(Choreographer.java:753)
F/WindowAnimator(17312): at android.os.Handler.handleCallback(Handler.java:739)
F/WindowAnimator(17312): at android.os.Handler.dispatchMessage(Handler.java:95)
F/WindowAnimator(17312): at android.os.Looper.loop(Looper.java:135)
F/WindowAnimator(17312): at android.os.HandlerThread.run(HandlerThread.java:61)
F/WindowAnimator(17312): at com.android.server.ServiceThread.run(ServiceThread.java:46)
F/WindowAnimator(17312): Unhandled exception in Window Manager
F/WindowAnimator(17312): java.lang.NullPointerException: Attempt to invoke virtual method 'void android.view.SurfaceControl.setLayer(int)' on a null object reference
F/WindowAnimator(17312): at com.android.server.wm.FocusedStackFrame.setLayer(FocusedStackFrame.java:140)
F/WindowAnimator(17312): at com.android.server.wm.WindowManagerService.setFocusedStackLayer(WindowManagerService.java:3985)
F/WindowAnimator(17312): at com.android.server.wm.WindowAnimator.animateLocked(WindowAnimator.java:708)
F/WindowAnimator(17312): at com.android.server.wm.WindowAnimator.access$000(WindowAnimator.java:54)
F/WindowAnimator(17312): at com.android.server.wm.WindowAnimator$1.run(WindowAnimator.java:126)
F/WindowAnimator(17312): at android.view.Choreographer$CallbackRecord.run(Choreographer.java:767)
F/WindowAnimator(17312): at android.view.Choreographer.doCallbacks(Choreographer.java:580)
F/WindowAnimator(17312): at android.view.Choreographer.doFrame(Choreographer.java:549)
F/WindowAnimator(17312): at android.view.Choreographer$FrameDisplayEventReceiver.run(Choreographer.java:753)
F/WindowAnimator(17312): at android.os.Handler.handleCallback(Handler.java:739)
F/WindowAnimator(17312): at android.os.Handler.dispatchMessage(Handler.java:95)
F/WindowAnimator(17312): at android.os.Looper.loop(Looper.java:135)
F/WindowAnimator(17312): at android.os.HandlerThread.run(HandlerThread.java:61)
F/WindowAnimator(17312): at com.android.server.ServiceThread.run(ServiceThread.java:46)
E/NetlinkListener(17221): recvmsg failed (I/O error)
E/NetlinkListener( 741): recvmsg failed (I/O error)
E/NetlinkListener( 741): recvmsg failed (I/O error)
E/NetlinkListener(17221): recvmsg failed (I/O error)
E/NetlinkListener(17221): recvmsg failed (I/O error)
E/NetlinkListener( 741): recvmsg failed (I/O error)
E/NetlinkListener(17221): recvmsg failed (I/O error)
E/NetlinkListener( 741): recvmsg failed (I/O error)
E/NetlinkListener(17221): recvmsg failed (I/O error)
E/NetlinkListener( 741): recvmsg failed (I/O error)
E/NetlinkListener( 741): recvmsg failed (I/O error)
E/NetlinkListener(17221): recvmsg failed (I/O error)
E/NetlinkListener(17221): recvmsg failed (I/O error)
E/NetlinkListener( 741): recvmsg failed (I/O error)
E/NetlinkListener(17221): recvmsg failed (I/O error)
E/NetlinkListener( 741): recvmsg failed (I/O error)
E/NetlinkListener(17221): recvmsg failed (I/O error)
E/NetlinkListener( 741): recvmsg failed (I/O error)
E/NetlinkListener(17221): recvmsg failed (I/O error)
E/NetlinkListener( 741): recvmsg failed (I/O error)
E/NetlinkListener(17221): recvmsg failed (I/O error)
E/NetlinkListener( 741): recvmsg failed (I/O error)
E/NetlinkListener(17221): recvmsg failed (I/O error)
E/NetlinkListener( 741): recvmsg failed (I/O error)
E/NetlinkListener(17221): recvmsg failed (I/O error)
E/NetlinkListener( 741): recvmsg failed (I/O error)
E/NetlinkListener(17221): recvmsg failed (I/O error)
E/NetlinkListener( 741): recvmsg failed (I/O error)
E/NetlinkListener(17221): recvmsg failed (I/O error)
E/NetlinkListener( 741): recvmsg failed (I/O error)
E/NetlinkListener( 741): recvmsg failed (I/O error)
E/NetlinkListener(17221): recvmsg failed (I/O error)
E/NetlinkListener(17221): recvmsg failed (I/O error)
E/NetlinkListener( 741): recvmsg failed (I/O error)
E/NetlinkListener(17221): recvmsg failed (I/O error)
E/NetlinkListener( 741): recvmsg failed (I/O error)
E/NetlinkListener( 741): recvmsg failed (I/O error)
E/NetlinkListener(17221): recvmsg failed (I/O error)
E/NetlinkListener(17221): recvmsg failed (I/O error)
E/NetlinkListener( 741): recvmsg failed (I/O error)
E/NetlinkListener( 741): recvmsg failed (I/O error)
E/NetlinkListener(17221): recvmsg failed (I/O error)
E/NetlinkListener(17221): recvmsg failed (I/O error)
E/NetlinkListener( 741): recvmsg failed (I/O error)
E/NetlinkListener(17221): recvmsg failed (I/O error)
E/NetlinkListener( 741): recvmsg failed (I/O error)
E/NetlinkListener(17221): recvmsg failed (I/O error)
E/NetlinkListener( 741): recvmsg failed (I/O error)
E/NetlinkListener(17221): recvmsg failed (I/O error)
E/NetlinkListener( 741): recvmsg failed (I/O error)
E/NetlinkListener(17221): recvmsg failed (I/O error)
E/NetlinkListener( 741): recvmsg failed (I/O error)
E/NetlinkListener(17221): recvmsg failed (I/O error)
E/NetlinkListener( 741): recvmsg failed (I/O error)
E/NetlinkListener(17221): recvmsg failed (I/O error)
E/NetlinkListener( 741): recvmsg failed (I/O error)
E/NetlinkListener(17221): recvmsg failed (I/O error)
E/NetlinkListener( 741): recvmsg failed (I/O error)
E/NetlinkListener(17221): recvmsg failed (I/O error)
E/NetlinkListener( 741): recvmsg failed (I/O error)
E/NetlinkListener( 741): recvmsg failed (I/O error)
E/NetlinkListener(17221): recvmsg failed (I/O error)
E/NetlinkListener(17221): recvmsg failed (I/O error)
E/NetlinkListener( 741): recvmsg failed (I/O error)
E/NetlinkListener(17221): recvmsg failed (I/O error)
E/NetlinkListener( 741): recvmsg failed (I/O error)
E/NetlinkListener(17221): recvmsg failed (I/O error)
E/NetlinkListener( 741): recvmsg failed (I/O error)
E/NetlinkListener(17221): recvmsg failed (I/O error)
E/NetlinkListener( 741): recvmsg failed (I/O error)
E/NetlinkListener( 741): recvmsg failed (I/O error)
E/NetlinkListener(17221): recvmsg failed (I/O error)
E/NetlinkListener(17221): recvmsg failed (I/O error)
E/NetlinkListener( 741): recvmsg failed (I/O error)
E/NetlinkListener(17221): recvmsg failed (I/O error)
E/NetlinkListener( 741): recvmsg failed (I/O error)
E/NetlinkListener( 741): recvmsg failed (I/O error)
E/NetlinkListener(17221): recvmsg failed (I/O error)
E/NetlinkListener(17221): recvmsg failed (I/O error)
E/NetlinkListener( 741): recvmsg failed (I/O error)
E/NetlinkListener(17221): recvmsg failed (I/O error)
E/NetlinkListener( 741): recvmsg failed (I/O error)
E/NetlinkListener(17221): recvmsg failed (I/O error)
E/NetlinkListener( 741): recvmsg failed (I/O error)
E/NetlinkListener(17221): recvmsg failed (I/O error)
E/NetlinkListener( 741): recvmsg failed (I/O error)
E/NetlinkListener(17221): recvmsg failed (I/O error)
E/NetlinkListener( 741): recvmsg failed (I/O error)
E/NetlinkListener( 741): recvmsg failed (I/O error)
E/NetlinkListener(17221): recvmsg failed (I/O error)
E/NetlinkListener(17221): recvmsg failed (I/O error)
E/NetlinkListener( 741): recvmsg failed (I/O error)
E/NetlinkListener(17221): recvmsg failed (I/O error)
E/NetlinkListener( 741): recvmsg failed (I/O error)
E/NetlinkListener(17221): recvmsg failed (I/O error)
E/NetlinkListener( 741): recvmsg failed (I/O error)
E/NetlinkListener( 741): recvmsg failed (I/O error)
E/NetlinkListener(17221): recvmsg failed (I/O error)
E/NetlinkListener(17221): recvmsg failed (I/O error)
E/NetlinkListener( 741): recvmsg failed (I/O error)
E/NetlinkListener(17221): recvmsg failed (I/O error)
E/NetlinkListener( 741): recvmsg failed (I/O error)
E/NetlinkListener(17221): recvmsg failed (I/O error)
E/NetlinkListener( 741): recvmsg failed (I/O error)
E/NetlinkListener( 741): recvmsg failed (I/O error)
E/NetlinkListener(17221): recvmsg failed (I/O error)
E/NetlinkListener(17221): recvmsg failed (I/O error)
E/NetlinkListener( 741): recvmsg failed (I/O error)
E/NetlinkListener(17221): recvmsg failed (I/O error)
E/NetlinkListener( 741): recvmsg failed (I/O error)
E/NetlinkListener(17221): recvmsg failed (I/O error)
E/NetlinkListener( 741): recvmsg failed (I/O error)
E/NetlinkListener(17221): recvmsg failed (I/O error)
E/NetlinkListener( 741): recvmsg failed (I/O error)
E/NetlinkListener(17221): recvmsg failed (I/O error)
E/NetlinkListener( 741): recvmsg failed (I/O error)
E/NetlinkListener(17221): recvmsg failed (I/O error)
E/NetlinkListener( 741): recvmsg failed (I/O error)
E/NetlinkListener(17221): recvmsg failed (I/O error)
E/NetlinkListener( 741): recvmsg failed (I/O error)
E/NetlinkListener( 741): recvmsg failed (I/O error)
E/NetlinkListener(17221): recvmsg failed (I/O error)
E/NetlinkListener(17221): recvmsg failed (I/O error)
E/NetlinkListener( 741): recvmsg failed (I/O error)
E/NetlinkListener(17221): recvmsg failed (I/O error)
E/NetlinkListener( 741): recvmsg failed (I/O error)
E/NetlinkListener(17221): recvmsg failed (I/O error)
E/NetlinkListener( 741): recvmsg failed (I/O error)
E/NetlinkListener( 741): recvmsg failed (I/O error)
E/NetlinkListener(17221): recvmsg failed (I/O error)
E/NetlinkListener(17221): recvmsg failed (I/O error)
E/NetlinkListener( 741): recvmsg failed (I/O error)
E/NetlinkListener(17221): recvmsg failed (I/O error)
E/NetlinkListener( 741): recvmsg failed (I/O error)
E/NetlinkListener( 741): recvmsg failed (I/O error)
E/NetlinkListener(17221): recvmsg failed (I/O error)
E/NetlinkListener(17221): recvmsg failed (I/O error)
E/NetlinkListener( 741): recvmsg failed (I/O error)
E/NetlinkListener(17221): recvmsg failed (I/O error)
E/NetlinkListener( 741): recvmsg failed (I/O error)
E/NetlinkListener( 741): recvmsg failed (I/O error)
E/NetlinkListener(17221): recvmsg failed (I/O error)
E/NetlinkListener(17221): recvmsg failed (I/O error)
E/NetlinkListener( 741): recvmsg failed (I/O error)
E/NetlinkListener(17221): recvmsg failed (I/O error)
E/NetlinkListener( 741): recvmsg failed (I/O error)
E/NetlinkListener(17221): recvmsg failed (I/O error)
E/NetlinkListener( 741): recvmsg failed (I/O error)
E/NetlinkListener(17221): recvmsg failed (I/O error)
E/NetlinkListener( 741): recvmsg failed (I/O error)
E/NetlinkListener(17221): recvmsg failed (I/O error)
E/NetlinkListener( 741): recvmsg failed (I/O error)
E/NetlinkListener( 741): recvmsg failed (I/O error)
E/NetlinkListener(17221): recvmsg failed (I/O error)
E/NetlinkListener(17221): recvmsg failed (I/O error)
E/NetlinkListener( 741): recvmsg failed (I/O error)
E/NetlinkListener(17221): recvmsg failed (I/O error)
E/NetlinkListener( 741): recvmsg failed (I/O error)
E/NetlinkListener(17221): recvmsg failed (I/O error)
E/NetlinkListener( 741): recvmsg failed (I/O error)
E/NetlinkListener(17221): recvmsg failed (I/O error)
E/NetlinkListener( 741): recvmsg failed (I/O error)
E/NetlinkListener(17221): recvmsg failed (I/O error)
E/NetlinkListener( 741): recvmsg failed (I/O error)
E/NetlinkListener(17221): recvmsg failed (I/O error)
E/NetlinkListener( 741): recvmsg failed (I/O error)
E/NetlinkListener(17221): recvmsg failed (I/O error)
E/NetlinkListener( 741): recvmsg failed (I/O error)
E/NetlinkListener( 741): recvmsg failed (I/O error)
E/NetlinkListener(17221): recvmsg failed (I/O error)
E/NetlinkListener(17221): recvmsg failed (I/O error)
E/NetlinkListener( 741): recvmsg failed (I/O error)
E/NetlinkListener(17221): recvmsg failed (I/O error)
E/NetlinkListener( 741): recvmsg failed (I/O error)
E/NetlinkListener(17221): recvmsg failed (I/O error)
E/NetlinkListener( 741): recvmsg failed (I/O error)
E/NetlinkListener( 741): recvmsg failed (I/O error)
E/NetlinkListener(17221): recvmsg failed (I/O error)
E/NetlinkListener( 741): recvmsg failed (I/O error)
E/NetlinkListener(17221): recvmsg failed (I/O error)
E/NetlinkListener(17221): recvmsg failed (I/O error)
E/NetlinkListener( 741): recvmsg failed (I/O error)
E/NetlinkListener( 741): recvmsg failed (I/O error)
E/NetlinkListener(17221): recvmsg failed (I/O error)
E/NetlinkListener( 741): recvmsg failed (I/O error)
E/NetlinkListener(17221): recvmsg failed (I/O error)
E/NetlinkListener( 741): recvmsg failed (I/O error)
E/NetlinkListener(17221): recvmsg failed (I/O error)
E/NetlinkListener(17221): recvmsg failed (I/O error)
E/NetlinkListener( 741): recvmsg failed (I/O error)
E/NetlinkListener(17221): recvmsg failed (I/O error)
E/NetlinkListener( 741): recvmsg failed (I/O error)
E/NetlinkListener( 741): recvmsg failed (I/O error)
E/NetlinkListener(17221): recvmsg failed (I/O error)
E/NetlinkListener(17221): recvmsg failed (I/O error)
E/NetlinkListener( 741): recvmsg failed (I/O error)
E/NetlinkListener(17221): recvmsg failed (I/O error)
E/NetlinkListener( 741): recvmsg failed (I/O error)
E/NetlinkListener( 741): recvmsg failed (I/O error)
E/NetlinkListener(17221): recvmsg failed (I/O error)
E/NetlinkListener(17221): recvmsg failed (I/O error)
E/NetlinkListener( 741): recvmsg failed (I/O error)
E/NetlinkListener(17221): recvmsg failed (I/O error)
E/NetlinkListener( 741): recvmsg failed (I/O error)
E/NetlinkListener(17221): recvmsg failed (I/O error)
E/NetlinkListener( 741): recvmsg failed (I/O error)
E/NetlinkListener(17221): recvmsg failed (I/O error)
E/NetlinkListener( 741): recvmsg failed (I/O error)
E/NetlinkListener(17221): recvmsg failed (I/O error)
E/NetlinkListener( 741): recvmsg failed (I/O error)
E/NetlinkListener(17221): recvmsg failed (I/O error)
E/NetlinkListener( 741): recvmsg failed (I/O error)
E/NetlinkListener(17221): recvmsg failed (I/O error)
E/NetlinkListener( 741): recvmsg failed (I/O error)
E/NetlinkListener(17221): recvmsg failed (I/O error)
E/NetlinkListener( 741): recvmsg failed (I/O error)
E/NetlinkListener( 741): recvmsg failed (I/O error)
E/NetlinkListener(17221): recvmsg failed (I/O error)
E/NetlinkListener(17221): recvmsg failed (I/O error)
E/NetlinkListener( 741): recvmsg failed (I/O error)
E/NetlinkListener(17221): recvmsg failed (I/O error)
E/NetlinkListener( 741): recvmsg failed (I/O error)
E/NetlinkListener( 741): recvmsg failed (I/O error)
E/NetlinkListener(17221): recvmsg failed (I/O error)
E/NetlinkListener( 741): recvmsg failed (I/O error)
E/NetlinkListener(17221): recvmsg failed (I/O error)
E/NetlinkListener(17221): recvmsg failed (I/O error)
E/NetlinkListener( 741): recvmsg failed (I/O error)
E/NetlinkListener(17221): recvmsg failed (I/O error)
E/NetlinkListener( 741): recvmsg failed (I/O error)
E/NetlinkListener(17221): recvmsg failed (I/O error)
E/NetlinkListener( 741): recvmsg failed (I/O error)
E/NetlinkListener(17221): recvmsg failed (I/O error)
E/NetlinkListener( 741): recvmsg failed (I/O error)
E/NetlinkListener(17221): recvmsg failed (I/O error)
E/NetlinkListener( 741): recvmsg failed (I/O error)
E/NetlinkListener(17221): recvmsg failed (I/O error)
E/NetlinkListener( 741): recvmsg failed (I/O error)
E/NetlinkListener(17221): recvmsg failed (I/O error)
E/NetlinkListener( 741): recvmsg failed (I/O error)
E/NetlinkListener( 741): recvmsg failed (I/O error)
E/NetlinkListener(17221): recvmsg failed (I/O error)
E/NetlinkListener(17221): recvmsg failed (I/O error)
E/NetlinkListener( 741): recvmsg failed (I/O error)
E/NetlinkListener( 741): recvmsg failed (I/O error)
E/NetlinkListener(17221): recvmsg failed (I/O error)
E/NetlinkListener(17221): recvmsg failed (I/O error)
E/NetlinkListener( 741): recvmsg failed (I/O error)
E/NetlinkListener(17221): recvmsg failed (I/O error)
E/NetlinkListener( 741): recvmsg failed (I/O error)
E/NetlinkListener(17221): recvmsg failed (I/O error)
E/NetlinkListener( 741): recvmsg failed (I/O error)
I/SystemServer(17312): LockSettingsService
I/SystemServiceManager(17312): Starting com.android.server.devicepolicy.DevicePolicyManagerService$Lifecycle
I/SystemServer(17312): Status Bar
I/SystemServer(17312): Clipboard Service
I/SystemServer(17312): Text Service Manager Service
I/SystemServer(17312): Network Score Service
I/SystemServer(17312): NetworkStats Service
I/SystemServer(17312): NetworkPolicy Service
I/SystemServiceManager(17312): Starting com.android.server.wifi.p2p.WifiP2pService
I/SystemServiceManager(17312): Starting com.android.server.wifi.WifiService
E/NetlinkListener(17221): recvmsg failed (I/O error)
E/NetlinkListener( 741): recvmsg failed (I/O error)
E/NetlinkListener(17221): recvmsg failed (I/O error)
E/NetlinkListener( 741): recvmsg failed (I/O error)
I/SystemServiceManager(17312): Starting com.android.server.wifi.WifiScanningService
I/SystemServiceManager(17312): Starting com.android.server.wifi.RttService
I/SystemServer(17312): Connectivity Service
D/ConnectivityService(17312): ConnectivityService starting up
D/ConnectivityService(17312): wifiOnly=true
D/ConnectivityService(17312): networkAttributes - ignoring mobile as this dev is wifiOnly 0
D/ConnectivityService(17312): networkAttributes - ignoring mobile as this dev is wifiOnly 2
D/ConnectivityService(17312): networkAttributes - ignoring mobile as this dev is wifiOnly 3
D/ConnectivityService(17312): networkAttributes - ignoring mobile as this dev is wifiOnly 4
D/ConnectivityService(17312): networkAttributes - ignoring mobile as this dev is wifiOnly 5
D/ConnectivityService(17312): networkAttributes - ignoring mobile as this dev is wifiOnly 10
D/ConnectivityService(17312): networkAttributes - ignoring mobile as this dev is wifiOnly 11
D/ConnectivityService(17312): networkAttributes - ignoring mobile as this dev is wifiOnly 12
E/ConnectivityService(17312): Ignoring protectedNetwork 10
E/ConnectivityService(17312): Ignoring protectedNetwork 11
E/ConnectivityService(17312): Ignoring protectedNetwork 12
E/ConnectivityService(17312): Ignoring protectedNetwork 14
E/ConnectivityService(17312): Ignoring protectedNetwork 15
I/SystemServer(17312): Network Service Discovery Service
D/NsdService(17312): Network service discovery enabled true
I/SystemServer(17312): DPM Service
I/SystemServer(17312): DPM configuration set to 0
I/SystemServer(17312): UpdateLock Service
I/SystemServiceManager(17312): Starting com.android.server.notification.NotificationManagerService
D/ZenLog (17312): set_zen_mode: off,setting
I/SystemServiceManager(17312): Starting com.android.server.storage.DeviceStorageMonitorService
I/SystemServer(17312): Location Manager
I/SystemServer(17312): Country Detector
I/SystemServer(17312): Search Service
I/SystemServer(17312): DropBox Service
I/SystemServer(17312): Wallpaper Service
I/SystemServer(17312): Audio Service
F/libc (17198): Fatal signal 11 (SIGSEGV), code 1, fault addr 0xc4 in tid 18030 (Binder_1)
I/DEBUG ( 666): *** *** *** *** *** *** *** *** *** *** *** *** *** *** *** ***
I/DEBUG ( 666): Build fingerprint: 'Fairphone/FP2/FP2:5.1/FP2/fp2-sibon-16.11.0:userdebug/release-keys'
I/DEBUG ( 666): Revision: '0'
I/DEBUG ( 666): ABI: 'arm'
I/DEBUG ( 666): pid: 17198, tid: 18030, name: Binder_1 >>> /usr/libexec/droid-hybris/system/bin/minimediaservice <<<
I/DEBUG ( 666): signal 11 (SIGSEGV), code 1 (SEGV_MAPERR), fault addr 0xc4
I/DEBUG ( 666): r0 00000000 r1 00000002 r2 00000000 r3 00000008
I/DEBUG ( 666): r4 00000000 r5 00000000 r6 00000002 r7 00000000
I/DEBUG ( 666): r8 00000000 r9 00000000 sl 00000001 fp 0000432e
I/DEBUG ( 666): ip b55fd7e0 sp b55fdc90 lr b67ee8eb pc b67ee84e cpsr 600f0030
I/DEBUG ( 666):
I/DEBUG ( 666): backtrace:
I/DEBUG ( 666): #00 pc 0000f84e /system/lib/libaudiopolicymanagerdefault.so (_ZNK7android18AudioPolicyManager21AudioOutputDescriptor14isStreamActiveE19audio_stream_type_tjx+9)
I/DEBUG ( 666): #01 pc 0000f8e7 /system/lib/libaudiopolicymanagerdefault.so (_ZNK7android18AudioPolicyManager21AudioOutputDescriptor16isStrategyActiveENS0_16routing_strategyEjx+62)
I/DEBUG ( 666): #02 pc 000139f1 /system/lib/libaudiopolicymanagerdefault.so (_ZN7android18AudioPolicyManager18getNewOutputDeviceEib+260)
I/DEBUG ( 666): #03 pc 00017651 /system/lib/libaudiopolicymanagerdefault.so (_ZN7android18AudioPolicyManager11setForceUseE24audio_policy_force_use_t25audio_policy_forced_cfg_t+296)
I/DEBUG ( 666): #04 pc 00008e49 /system/lib/libaudiopolicyservice.so
I/DEBUG ( 666): #05 pc 0006667d /system/lib/libmedia.so (_ZN7android20BnAudioPolicyService10onTransactEjRKNS_6ParcelEPS1_j+1464)
I/DEBUG ( 666): #06 pc 00017fad /system/lib/libbinder.so (_ZN7android7BBinder8transactEjRKNS_6ParcelEPS1_j+60)
I/DEBUG ( 666): #07 pc 0001cf89 /system/lib/libbinder.so (_ZN7android14IPCThreadState14executeCommandEi+564)
I/DEBUG ( 666): #08 pc 0001d0bb /system/lib/libbinder.so (_ZN7android14IPCThreadState20getAndExecuteCommandEv+38)
I/DEBUG ( 666): #09 pc 0001d0fd /system/lib/libbinder.so (_ZN7android14IPCThreadState14joinThreadPoolEb+48)
I/DEBUG ( 666): #10 pc 0002127f /system/lib/libbinder.so
I/DEBUG ( 666): #11 pc 0000ef5d /system/lib/libutils.so (_ZN7android6Thread11_threadLoopEPv+112)
I/DEBUG ( 666): #12 pc 0000eacd /system/lib/libutils.so
I/DEBUG ( 666): #13 pc 00013fc3 /system/lib/libc.so (_ZL15__pthread_startPv+30)
I/DEBUG ( 666): #14 pc 00011f0b /system/lib/libc.so (__start_thread+6)
I/SystemServiceManager(17312): Starting com.android.server.DockObserver
W/DockObserver(17312): This kernel does not have dock station support
I/SystemServer(17312): Wired Accessory Manager
W/WiredAccessoryManager(17312): This kernel does not have usb audio support
W/WiredAccessoryManager(17312): This kernel does not have HDMI audio support
I/SystemServer(17312): Serial Service
I/SystemServiceManager(17312): Starting com.android.server.twilight.TwilightService
I/SystemServiceManager(17312): Starting com.android.server.UiModeManagerService
I/SystemServiceManager(17312): Starting com.android.server.job.JobSchedulerService
D/WifiService(17312): New client listening to asynchronous messages
D/ConnectivityService(17312): registerNetworkAgent NetworkAgentInfo{ ni{[type: WIFI[], state: UNKNOWN/IDLE, reason: (unspecified), extra: (none), roaming: false, failover: false, isAvailable: true, isConnectedToProvisioningNetwork: false]} network{null} lp{{InterfaceName: wlan0 LinkAddresses: [192.168.1.59/24,] Routes: [0.0.0.0/0 -> 192.168.1.1 wlan0,] DnsAddresses: [195.197.54.100,192.168.1.1,] Domains: null MTU: 1500}} nc{[ Transports: WIFI Capabilities: INTERNET&NOT_RESTRICTED&TRUSTED&NOT_VPN LinkUpBandwidth>=1048576Kbps LinkDnBandwidth>=1048576Kbps]} Score{20} everValidated{false} lastValidated{false} created{false} explicitlySelected{false} }
D/ConnectivityService(17312): NetworkAgentInfo [WIFI () - 100] EVENT_NETWORK_INFO_CHANGED, going from null to UNKNOWN
I/SystemServiceManager(17312): Starting com.android.server.backup.BackupManagerService$Lifecycle
D/ConnectivityService(17312): NetworkAgentInfo [WIFI () - 100] EVENT_NETWORK_INFO_CHANGED, going from UNKNOWN to CONNECTED
D/ConnectivityService(17312): notifyType IP_CHANGED for NetworkAgentInfo [WIFI () - 100]
I/SystemServiceManager(17312): Starting com.android.server.appwidget.AppWidgetService
D/ConnectivityService(17312): notifyType PRECHECK for NetworkAgentInfo [WIFI () - 100]
D/ConnectivityService(17312): rematching NetworkAgentInfo [WIFI () - 100]
D/ConnectivityService(17312): accepting network in place of null
D/ConnectivityService(17312): Switching to new default network: NetworkAgentInfo{ ni{[type: WIFI[], state: CONNECTED/CONNECTED, reason: (unspecified), extra: "marsu", roaming: false, failover: false, isAvailable: true, isConnectedToProvisioningNetwork: false]} network{100} lp{{InterfaceName: wlan0 LinkAddresses: [192.168.1.59/24,] Routes: [0.0.0.0/0 -> 192.168.1.1 wlan0,] DnsAddresses: [195.197.54.100,192.168.1.1,] Domains: null MTU: 1500}} nc{[ Transports: WIFI Capabilities: INTERNET&NOT_RESTRICTED&TRUSTED&NOT_VPN LinkUpBandwidth>=1048576Kbps LinkDnBandwidth>=1048576Kbps]} Score{100} everValidated{false} lastValidated{false} created{true} explicitlySelected{true} }
D/ConnectivityService(17312): Invalid tcpBufferSizes string: null, using defaults
D/ConnectivityService(17312): Setting tx/rx TCP buffers to 4096,87380,110208,4096,16384,110208
E/NetlinkListener( 741): recvmsg failed (I/O error)
E/NetlinkListener(17221): recvmsg failed (I/O error)
I/SystemServiceManager(17312): Starting com.android.server.voiceinteraction.VoiceInteractionManagerService
D/ConnectivityService(17312): notifyType AVAILABLE for NetworkAgentInfo [WIFI () - 100]
D/CSLegacyTypeTracker(17312): Sending connected broadcast for type 1 NetworkAgentInfo [WIFI () - 100] isDefaultNetwork=true
W/SoundTriggerHelper(17312): listModules status=0, # of modules=0
D/ConnectivityService(17312): sendStickyBroadcast: action=android.net.conn.CONNECTIVITY_CHANGE_IMMEDIATE
I/SystemServer(17312): DiskStats Service
I/SystemServer(17312): SamplingProfiler Service
D/ConnectivityService(17312): sendStickyBroadcast: action=android.net.conn.CONNECTIVITY_CHANGE
D/ConnectivityService(17312): setProvNotificationVisibleIntent: E visible=false networkType=0 extraInfo=null
D/ConnectivityService(17312): Validated NetworkAgentInfo [WIFI () - 100]
D/ConnectivityService(17312): rematching NetworkAgentInfo [WIFI () - 100]
D/ConnectivityService(17312): Network NetworkAgentInfo [WIFI () - 100] was already satisfying request 1. No change.
D/ConnectivityService(17312): notifyType AVAILABLE for NetworkAgentInfo [WIFI () - 100]
D/ConnectivityService(17312): sendStickyBroadcast: action=android.net.conn.INET_CONDITION_ACTION
W/ProcessCpuTracker(17312): Skipping unknown process pid 19144
I/SystemServer(17312): NetworkTimeUpdateService
I/SystemServer(17312): CommonTimeManagementService
I/SystemServer(17312): CertBlacklister
I/SystemServiceManager(17312): Starting com.android.server.dreams.DreamManagerService
I/SystemServer(17312): Assets Atlas Service
I/SystemServiceManager(17312): Starting com.android.server.print.PrintManagerService
I/SystemServiceManager(17312): Starting com.android.server.restrictions.RestrictionsManagerService
I/SystemServiceManager(17312): Starting com.android.server.media.MediaSessionService
I/SystemServer(17312): Media Router Service
I/SystemServiceManager(17312): Starting com.android.server.trust.TrustManagerService
I/SystemServiceManager(17312): Starting com.android.server.fingerprint.FingerprintService
I/SystemServer(17312): BackgroundDexOptService
I/SystemServiceManager(17312): Starting com.android.server.pm.LauncherAppsService
D/SystemServer(17312): Wipower not supported
I/SystemServer(17312): Digital Pen Service
I/SystemServer(17312): Successfully loaded DigitalPenService class
I/SystemServiceManager(17312): Starting com.android.server.media.projection.MediaProjectionManagerService
I/SystemServer(17312): PrivacyImpactService
I/SystemServiceManager(17312): Starting com.android.server.MmsServiceBroker
E/LockSettingsStorage(17312): Cannot read file java.io.FileNotFoundException: /data/system/password.key: open failed: ENOENT (No such file or directory)
E/LockSettingsStorage(17312): Cannot read file java.io.FileNotFoundException: /data/system/gesture.key: open failed: ENOENT (No such file or directory)
I/SystemServiceManager(17312): Starting phase 480
I/SystemServiceManager(17312): Starting phase 500
I/WifiService(17312): WifiService starting up with Wi-Fi enabled
D/WifiService(17312): setWifiEnabled: true pid=17312, uid=1000
E/WifiService(17312): Invoking mWifiStateMachine.setWifiEnabled
D/WifiScanningService(17312): New client, channel: null messenger: null
I/ActivityManager(17312): Config changes=200 {1.0 ?mcc?mnc en_US ?layoutDir sw360dp w360dp h567dp 480dpi nrml port -touch -keyb/v/h -nav/h s.4}
V/BackupManagerService(17312): No ancestral data
D/BackupManagerService(17312): Now staging backup of com.android.browser
F/WindowAnimator(17312): Unhandled exception in Window Manager
F/WindowAnimator(17312): java.lang.NullPointerException: Attempt to invoke virtual method 'void android.view.SurfaceControl.setLayer(int)' on a null object reference
F/WindowAnimator(17312): at com.android.server.wm.FocusedStackFrame.setLayer(FocusedStackFrame.java:140)
F/WindowAnimator(17312): at com.android.server.wm.WindowManagerService.setFocusedStackLayer(WindowManagerService.java:3985)
F/WindowAnimator(17312): at com.android.server.wm.WindowAnimator.animateLocked(WindowAnimator.java:708)
F/WindowAnimator(17312): at com.android.server.wm.WindowAnimator.access$000(WindowAnimator.java:54)
F/WindowAnimator(17312): at com.android.server.wm.WindowAnimator$1.run(WindowAnimator.java:126)
F/WindowAnimator(17312): at android.view.Choreographer$CallbackRecord.run(Choreographer.java:767)
F/WindowAnimator(17312): at android.view.Choreographer.doCallbacks(Choreographer.java:580)
F/WindowAnimator(17312): at android.view.Choreographer.doFrame(Choreographer.java:549)
F/WindowAnimator(17312): at android.view.Choreographer$FrameDisplayEventReceiver.run(Choreographer.java:753)
F/WindowAnimator(17312): at android.os.Handler.handleCallback(Handler.java:739)
F/WindowAnimator(17312): at android.os.Handler.dispatchMessage(Handler.java:95)
F/WindowAnimator(17312): at android.os.Looper.loop(Looper.java:135)
F/WindowAnimator(17312): at android.os.HandlerThread.run(HandlerThread.java:61)
F/WindowAnimator(17312): at com.android.server.ServiceThread.run(ServiceThread.java:46)
D/BackupManagerService(17312): Now staging backup of android
D/BackupManagerService(17312): Now staging backup of com.android.mms
D/BackupManagerService(17312): Now staging backup of com.android.calendar
D/BackupManagerService(17312): Now staging backup of com.android.providers.settings
D/BackupManagerService(17312): Now staging backup of com.android.sharedstoragebackup
D/BackupManagerService(17312): Now staging backup of com.android.dialer
D/BackupManagerService(17312): Now staging backup of com.qti.backupagent
I/DropBoxManagerService(17312): Cleaning temp file: /data/system/dropbox/drop18.tmp
D/BackupManagerService(17312): Now staging backup of com.android.providers.userdictionary
V/BackupManagerService(17312): Starting with transport android/com.android.internal.backup.LocalTransport
V/BackupManagerService(17312): Found transports: 1
I/BackupManagerService(17312): Binding to transport host ComponentInfo{android/com.android.internal.backup.LocalTransportService}
I/BackupManagerService(17312): Found stale backup journal, scheduling
W/DisplayPowerController(17312): config_screenBrightnessDark (10) should be less than or equal to the first value of config_autoBrightnessLcdBacklightValues (3).
I/ActivityManager(17312): System now ready
F/WindowAnimator(17312): Unhandled exception in Window Manager
F/WindowAnimator(17312): java.lang.NullPointerException: Attempt to invoke virtual method 'void android.view.SurfaceControl.setLayer(int)' on a null object reference
F/WindowAnimator(17312): at com.android.server.wm.FocusedStackFrame.setLayer(FocusedStackFrame.java:140)
F/WindowAnimator(17312): at com.android.server.wm.WindowManagerService.setFocusedStackLayer(WindowManagerService.java:3985)
F/WindowAnimator(17312): at com.android.server.wm.WindowAnimator.animateLocked(WindowAnimator.java:708)
F/WindowAnimator(17312): at com.android.server.wm.WindowAnimator.access$000(WindowAnimator.java:54)
F/WindowAnimator(17312): at com.android.server.wm.WindowAnimator$1.run(WindowAnimator.java:126)
F/WindowAnimator(17312): at android.view.Choreographer$CallbackRecord.run(Choreographer.java:767)
F/WindowAnimator(17312): at android.view.Choreographer.doCallbacks(Choreographer.java:580)
F/WindowAnimator(17312): at android.view.Choreographer.doFrame(Choreographer.java:549)
F/WindowAnimator(17312): at android.view.Choreographer$FrameDisplayEventReceiver.run(Choreographer.java:753)
F/WindowAnimator(17312): at android.os.Handler.handleCallback(Handler.java:739)
F/WindowAnimator(17312): at android.os.Handler.dispatchMessage(Handler.java:95)
F/WindowAnimator(17312): at android.os.Looper.loop(Looper.java:135)
F/WindowAnimator(17312): at android.os.HandlerThread.run(HandlerThread.java:61)
F/WindowAnimator(17312): at com.android.server.ServiceThread.run(ServiceThread.java:46)
I/DigitalPenOffScreenDisplayAdapter(17312): mInfo is null, getting a new one
I/DisplayManagerService(17312): Display device added: DisplayDeviceInfo{"Digital Pen off-screen display": uniqueId="null", 480 x 640, 60.0 fps, supportedRefreshRates [], density 160, 160.0 x 160.0 dpi, appVsyncOff 0, presDeadline 0, touch EXTERNAL, rotation 0, type BUILT_IN, state ON, FLAG_ROTATES_WITH_CONTENT}
F/WindowManager(17312): Unhandled exception in Window Manager
F/WindowManager(17312): java.lang.IllegalArgumentException: displayToken must not be null
F/WindowManager(17312): at android.view.SurfaceControl.setDisplayLayerStack(SurfaceControl.java:588)
F/WindowManager(17312): at com.android.server.display.DisplayDevice.setLayerStackInTransactionLocked(DisplayDevice.java:140)
F/WindowManager(17312): at com.android.server.display.LogicalDisplay.configureDisplayInTransactionLocked(LogicalDisplay.java:262)
F/WindowManager(17312): at com.android.server.display.DisplayManagerService.configureDisplayInTransactionLocked(DisplayManagerService.java:884)
F/WindowManager(17312): at com.android.server.display.DisplayManagerService.performTraversalInTransactionLocked(DisplayManagerService.java:806)
F/WindowManager(17312): at com.android.server.display.DisplayManagerService.performTraversalInTransactionFromWindowManagerInternal(DisplayManagerService.java:317)
F/WindowManager(17312): at com.android.server.display.DisplayManagerService.access$4200(DisplayManagerService.java:112)
F/WindowManager(17312): at com.android.server.display.DisplayManagerService$LocalService.performTraversalInTransactionFromWindowManager(DisplayManagerService.java:1539)
F/WindowManager(17312): at com.android.server.wm.WindowManagerService.performLayoutAndPlaceSurfacesLockedInner(WindowManagerService.java:9960)
F/WindowManager(17312): at com.android.server.wm.WindowManagerService.performLayoutAndPlaceSurfacesLockedLoop(WindowManagerService.java:8828)
F/WindowManager(17312): at com.android.server.wm.WindowManagerService.performLayoutAndPlaceSurfacesLocked(WindowManagerService.java:8770)
F/WindowManager(17312): at com.android.server.wm.WindowManagerService.access$400(WindowManagerService.java:163)
F/WindowManager(17312): at com.android.server.wm.WindowManagerService$H.handleMessage(WindowManagerService.java:7736)
F/WindowManager(17312): at android.os.Handler.dispatchMessage(Handler.java:102)
F/WindowManager(17312): at android.os.Looper.loop(Looper.java:135)
F/WindowManager(17312): at android.os.HandlerThread.run(HandlerThread.java:61)
F/WindowManager(17312): at com.android.server.ServiceThread.run(ServiceThread.java:46)
I/SystemServer(17312): Making services ready
I/SystemServiceManager(17312): Starting phase 550
I/SystemServer(17312): WebViewFactory preparation
F/WindowAnimator(17312): Unhandled exception in Window Manager
F/WindowAnimator(17312): java.lang.NullPointerException: Attempt to invoke virtual method 'void android.view.SurfaceControl.setLayer(int)' on a null object reference
F/WindowAnimator(17312): at com.android.server.wm.FocusedStackFrame.setLayer(FocusedStackFrame.java:140)
F/WindowAnimator(17312): at com.android.server.wm.WindowManagerService.setFocusedStackLayer(WindowManagerService.java:3985)
F/WindowAnimator(17312): at com.android.server.wm.WindowAnimator.animateLocked(WindowAnimator.java:708)
F/WindowAnimator(17312): at com.android.server.wm.WindowAnimator.access$000(WindowAnimator.java:54)
F/WindowAnimator(17312): at com.android.server.wm.WindowAnimator$1.run(WindowAnimator.java:126)
F/WindowAnimator(17312): at android.view.Choreographer$CallbackRecord.run(Choreographer.java:767)
F/WindowAnimator(17312): at android.view.Choreographer.doCallbacks(Choreographer.java:580)
F/WindowAnimator(17312): at android.view.Choreographer.doFrame(Choreographer.java:549)
F/WindowAnimator(17312): at android.view.Choreographer$FrameDisplayEventReceiver.run(Choreographer.java:753)
F/WindowAnimator(17312): at android.os.Handler.handleCallback(Handler.java:739)
F/WindowAnimator(17312): at android.os.Handler.dispatchMessage(Handler.java:95)
F/WindowAnimator(17312): at android.os.Looper.loop(Looper.java:135)
F/WindowAnimator(17312): at android.os.HandlerThread.run(HandlerThread.java:61)
F/WindowAnimator(17312): at com.android.server.ServiceThread.run(ServiceThread.java:46)
E/libprocessgroup(19208): failed to open /acct/uid_1037/pid_19208/cgroup.procs: No such file or directory
I/ActivityManager(17312): Start proc 19208:WebViewLoader-armeabi-v7a/1037 [android.webkit.WebViewFactory$RelroFileCreator] for
E/libprocessgroup(19226): failed to open /acct/uid_10018/pid_19226/cgroup.procs: No such file or directory
I/ActivityManager(17312): Start proc 19226:com.android.systemui/u0a18 for service com.android.systemui/.SystemUIService
W/NetworkStats(17312): bandwidth controls disabled, unable to track stats
W/NetworkPolicy(17312): bandwidth controls disabled, unable to enforce policy
E/MountService(17312): Boot-time mount failed (-1)
E/MountService(17312): Boot-time mount failed (-1)
W/MountService(17312): Duplicate state transition (mounted -> mounted) for /storage/emulated/0
W/SystemServer(17312): ***********************************************
F/SystemServer(17312): BOOT FAILURE making Connectivity Service ready
F/SystemServer(17312): java.lang.NullPointerException: Attempt to invoke interface method 'int android.security.IKeystoreService.exist(java.lang.String, int)' on a null object reference
F/SystemServer(17312): at android.security.KeyStore.contains(KeyStore.java:137)
F/SystemServer(17312): at android.security.KeyStore.contains(KeyStore.java:145)
F/SystemServer(17312): at com.android.server.net.LockdownVpnTracker.isEnabled(LockdownVpnTracker.java:88)
F/SystemServer(17312): at com.android.server.ConnectivityService.updateLockdownVpn(ConnectivityService.java:3129)
F/SystemServer(17312): at com.android.server.ConnectivityService.systemReady(ConnectivityService.java:1629)
F/SystemServer(17312): at com.android.server.SystemServer$2.run(SystemServer.java:1181)
F/SystemServer(17312): at com.android.server.am.ActivityManagerService.systemReady(ActivityManagerService.java:11334)
