E/qdoverlay( 1520): Bad ov dump: mdp_overlay z=0 fg=0 alpha=255 mask=-1 flags=0x220000 id=16
E/qdoverlay( 1520): src msmfb_img w=1152 h=1920 format=13 MDP_RGBA_8888
E/qdoverlay( 1520): src_rect mdp_rect x=0 y=0 w=1080 h=1920
E/qdoverlay( 1520): dst_rect mdp_rect x=0 y=0 w=1080 h=1920
E/qdhwcomposer( 1520): isValidDimension: layer handle is NULL
E/qdhwcomposer( 1520): isValidDimension: layer handle is NULL
E/qdoverlay( 1520): Bad ov dump: mdp_overlay z=0 fg=0 alpha=255 mask=-1 flags=0x220000 id=16
E/qdoverlay( 1520): src msmfb_img w=1152 h=1920 format=13 MDP_RGBA_8888
E/qdoverlay( 1520): src_rect mdp_rect x=0 y=0 w=1080 h=1920
E/qdoverlay( 1520): dst_rect mdp_rect x=0 y=0 w=1080 h=1920
E/qdhwcomposer( 1520): isValidDimension: layer handle is NULL
E/qdhwcomposer( 1520): isValidDimension: layer handle is NULL
E/qdoverlay( 1520): Bad ov dump: mdp_overlay z=0 fg=0 alpha=255 mask=-1 flags=0x220000 id=16
E/qdoverlay( 1520): src msmfb_img w=1152 h=1920 format=13 MDP_RGBA_8888
E/qdoverlay( 1520): src_rect mdp_rect x=0 y=0 w=1080 h=1920
E/qdoverlay( 1520): dst_rect mdp_rect x=0 y=0 w=1080 h=1920
E/qdhwcomposer( 1520): isValidDimension: layer handle is NULL
E/qdhwcomposer( 1520): isValidDimension: layer handle is NULL
E/qdoverlay( 1520): Bad ov dump: mdp_overlay z=0 fg=0 alpha=255 mask=-1 flags=0x220000 id=16
E/qdoverlay( 1520): src msmfb_img w=1152 h=1920 format=13 MDP_RGBA_8888
E/qdoverlay( 1520): src_rect mdp_rect x=0 y=0 w=1080 h=1920
E/qdoverlay( 1520): dst_rect mdp_rect x=0 y=0 w=1080 h=1920
E/qdhwcomposer( 1520): isValidDimension: layer handle is NULL
E/qdhwcomposer( 1520): isValidDimension: layer handle is NULL
E/qdoverlay( 1520): Bad ov dump: mdp_overlay z=0 fg=0 alpha=255 mask=-1 flags=0x220000 id=16
E/qdoverlay( 1520): src msmfb_img w=1152 h=1920 format=13 MDP_RGBA_8888
E/qdoverlay( 1520): src_rect mdp_rect x=0 y=0 w=1080 h=1920
E/qdoverlay( 1520): dst_rect mdp_rect x=0 y=0 w=1080 h=1920
E/qdhwcomposer( 1520): isValidDimension: layer handle is NULL
E/qdhwcomposer( 1520): isValidDimension: layer handle is NULL
E/qdoverlay( 1520): Bad ov dump: mdp_overlay z=0 fg=0 alpha=255 mask=-1 flags=0x220000 id=16
E/qdoverlay( 1520): src msmfb_img w=1152 h=1920 format=13 MDP_RGBA_8888
E/qdoverlay( 1520): src_rect mdp_rect x=0 y=0 w=1080 h=1920
E/qdoverlay( 1520): dst_rect mdp_rect x=0 y=0 w=1080 h=1920
E/qdhwcomposer( 1520): isValidDimension: layer handle is NULL
E/qdhwcomposer( 1520): isValidDimension: layer handle is NULL
E/qdoverlay( 1520): Bad ov dump: mdp_overlay z=0 fg=0 alpha=255 mask=-1 flags=0x220000 id=16
E/qdoverlay( 1520): src msmfb_img w=1152 h=1920 format=13 MDP_RGBA_8888
E/qdoverlay( 1520): src_rect mdp_rect x=0 y=0 w=1080 h=1920
E/qdoverlay( 1520): dst_rect mdp_rect x=0 y=0 w=1080 h=1920
E/qdhwcomposer( 1520): isValidDimension: layer handle is NULL
E/qdhwcomposer( 1520): isValidDimension: layer handle is NULL
E/qdoverlay( 1520): Bad ov dump: mdp_overlay z=0 fg=0 alpha=255 mask=-1 flags=0x220000 id=16
E/qdoverlay( 1520): src msmfb_img w=1152 h=1920 format=13 MDP_RGBA_8888
E/qdoverlay( 1520): src_rect mdp_rect x=0 y=0 w=1080 h=1920
E/qdoverlay( 1520): dst_rect mdp_rect x=0 y=0 w=1080 h=1920
E/qdhwcomposer( 1520): isValidDimension: layer handle is NULL
E/qdhwcomposer( 1520): isValidDimension: layer handle is NULL
E/qdoverlay( 1520): Bad ov dump: mdp_overlay z=0 fg=0 alpha=255 mask=-1 flags=0x220000 id=16
E/qdoverlay( 1520): src msmfb_img w=1152 h=1920 format=13 MDP_RGBA_8888
E/qdoverlay( 1520): src_rect mdp_rect x=0 y=0 w=1080 h=1920
E/qdoverlay( 1520): dst_rect mdp_rect x=0 y=0 w=1080 h=1920
E/qdhwcomposer( 1520): isValidDimension: layer handle is NULL
E/qdhwcomposer( 1520): isValidDimension: layer handle is NULL
E/qdoverlay( 1520): Bad ov dump: mdp_overlay z=0 fg=0 alpha=255 mask=-1 flags=0x220000 id=16
E/qdoverlay( 1520): src msmfb_img w=1152 h=1920 format=13 MDP_RGBA_8888
E/qdoverlay( 1520): src_rect mdp_rect x=0 y=0 w=1080 h=1920
E/qdoverlay( 1520): dst_rect mdp_rect x=0 y=0 w=1080 h=1920
E/qdhwcomposer( 1520): isValidDimension: layer handle is NULL
E/qdhwcomposer( 1520): isValidDimension: layer handle is NULL
I/dex2oat (23791): dex2oat took 473.319ms (threads: 4) arena alloc=183KB java alloc=476KB native alloc=2MB free=5MB
E/qdoverlay( 1520): Bad ov dump: mdp_overlay z=0 fg=0 alpha=255 mask=-1 flags=0x220000 id=16
E/qdoverlay( 1520): src msmfb_img w=1152 h=1920 format=13 MDP_RGBA_8888
E/qdoverlay( 1520): src_rect mdp_rect x=0 y=0 w=1080 h=1920
E/qdoverlay( 1520): dst_rect mdp_rect x=0 y=0 w=1080 h=1920
I/PackageManager(23638): Running dexopt on: /system/priv-app/DownloadProvider/DownloadProvider.apk pkg=com.android.providers.downloads isa=arm vmSafeMode=false
E/qdhwcomposer( 1520): isValidDimension: layer handle is NULL
E/qdhwcomposer( 1520): isValidDimension: layer handle is NULL
E/qdoverlay( 1520): Bad ov dump: mdp_overlay z=0 fg=0 alpha=255 mask=-1 flags=0x220000 id=16
E/qdoverlay( 1520): src msmfb_img w=1152 h=1920 format=13 MDP_RGBA_8888
E/qdoverlay( 1520): src_rect mdp_rect x=0 y=0 w=1080 h=1920
E/qdoverlay( 1520): dst_rect mdp_rect x=0 y=0 w=1080 h=1920
E/qdhwcomposer( 1520): isValidDimension: layer handle is NULL
E/qdhwcomposer( 1520): isValidDimension: layer handle is NULL
I/dex2oat (23796): /system/bin/dex2oat --zip-fd=5 --zip-location=/system/priv-app/DownloadProvider/DownloadProvider.apk --oat-fd=6 --oat-location=/data/dalvik-cache/arm/system@priv-app@DownloadProvider@DownloadProvider.apk@classes.dex --instruction-set=arm --instruction-set-features=div --runtime-arg -Xms64m --runtime-arg -Xmx512m --swap-fd=7
E/qdoverlay( 1520): Bad ov dump: mdp_overlay z=0 fg=0 alpha=255 mask=-1 flags=0x220000 id=16
E/qdoverlay( 1520): src msmfb_img w=1152 h=1920 format=13 MDP_RGBA_8888
E/qdoverlay( 1520): src_rect mdp_rect x=0 y=0 w=1080 h=1920
E/qdoverlay( 1520): dst_rect mdp_rect x=0 y=0 w=1080 h=1920
E/qdhwcomposer( 1520): isValidDimension: layer handle is NULL
E/qdhwcomposer( 1520): isValidDimension: layer handle is NULL
E/qdoverlay( 1520): Bad ov dump: mdp_overlay z=0 fg=0 alpha=255 mask=-1 flags=0x220000 id=16
E/qdoverlay( 1520): src msmfb_img w=1152 h=1920 format=13 MDP_RGBA_8888
E/qdoverlay( 1520): src_rect mdp_rect x=0 y=0 w=1080 h=1920
E/qdoverlay( 1520): dst_rect mdp_rect x=0 y=0 w=1080 h=1920
E/qdhwcomposer( 1520): isValidDimension: layer handle is NULL
E/qdhwcomposer( 1520): isValidDimension: layer handle is NULL
E/qdoverlay( 1520): Bad ov dump: mdp_overlay z=0 fg=0 alpha=255 mask=-1 flags=0x220000 id=16
E/qdoverlay( 1520): src msmfb_img w=1152 h=1920 format=13 MDP_RGBA_8888
E/qdoverlay( 1520): src_rect mdp_rect x=0 y=0 w=1080 h=1920
E/qdoverlay( 1520): dst_rect mdp_rect x=0 y=0 w=1080 h=1920
I/dex2oat (23796): Decided to run without swap.
E/qdhwcomposer( 1520): isValidDimension: layer handle is NULL
E/qdhwcomposer( 1520): isValidDimension: layer handle is NULL
E/qdoverlay( 1520): Bad ov dump: mdp_overlay z=0 fg=0 alpha=255 mask=-1 flags=0x220000 id=16
E/qdoverlay( 1520): src msmfb_img w=1152 h=1920 format=13 MDP_RGBA_8888
E/qdoverlay( 1520): src_rect mdp_rect x=0 y=0 w=1080 h=1920
E/qdoverlay( 1520): dst_rect mdp_rect x=0 y=0 w=1080 h=1920
E/qdhwcomposer( 1520): isValidDimension: layer handle is NULL
E/qdhwcomposer( 1520): isValidDimension: layer handle is NULL
E/qdoverlay( 1520): Bad ov dump: mdp_overlay z=0 fg=0 alpha=255 mask=-1 flags=0x220000 id=16
E/qdoverlay( 1520): src msmfb_img w=1152 h=1920 format=13 MDP_RGBA_8888
E/qdoverlay( 1520): src_rect mdp_rect x=0 y=0 w=1080 h=1920
E/qdoverlay( 1520): dst_rect mdp_rect x=0 y=0 w=1080 h=1920
E/qdhwcomposer( 1520): isValidDimension: layer handle is NULL
E/qdhwcomposer( 1520): isValidDimension: layer handle is NULL
E/qdoverlay( 1520): Bad ov dump: mdp_overlay z=0 fg=0 alpha=255 mask=-1 flags=0x220000 id=16
E/qdoverlay( 1520): src msmfb_img w=1152 h=1920 format=13 MDP_RGBA_8888
E/qdoverlay( 1520): src_rect mdp_rect x=0 y=0 w=1080 h=1920
E/qdoverlay( 1520): dst_rect mdp_rect x=0 y=0 w=1080 h=1920
E/qdhwcomposer( 1520): isValidDimension: layer handle is NULL
E/qdhwcomposer( 1520): isValidDimension: layer handle is NULL
E/qdoverlay( 1520): Bad ov dump: mdp_overlay z=0 fg=0 alpha=255 mask=-1 flags=0x220000 id=16
E/qdoverlay( 1520): src msmfb_img w=1152 h=1920 format=13 MDP_RGBA_8888
E/qdoverlay( 1520): src_rect mdp_rect x=0 y=0 w=1080 h=1920
E/qdoverlay( 1520): dst_rect mdp_rect x=0 y=0 w=1080 h=1920
E/qdhwcomposer( 1520): isValidDimension: layer handle is NULL
E/qdhwcomposer( 1520): isValidDimension: layer handle is NULL
E/qdoverlay( 1520): Bad ov dump: mdp_overlay z=0 fg=0 alpha=255 mask=-1 flags=0x220000 id=16
E/qdoverlay( 1520): src msmfb_img w=1152 h=1920 format=13 MDP_RGBA_8888
E/qdoverlay( 1520): src_rect mdp_rect x=0 y=0 w=1080 h=1920
E/qdoverlay( 1520): dst_rect mdp_rect x=0 y=0 w=1080 h=1920
E/qdhwcomposer( 1520): isValidDimension: layer handle is NULL
E/qdhwcomposer( 1520): isValidDimension: layer handle is NULL
E/qdoverlay( 1520): Bad ov dump: mdp_overlay z=0 fg=0 alpha=255 mask=-1 flags=0x220000 id=16
E/qdoverlay( 1520): src msmfb_img w=1152 h=1920 format=13 MDP_RGBA_8888
E/qdoverlay( 1520): src_rect mdp_rect x=0 y=0 w=1080 h=1920
E/qdoverlay( 1520): dst_rect mdp_rect x=0 y=0 w=1080 h=1920
E/qdhwcomposer( 1520): isValidDimension: layer handle is NULL
E/qdhwcomposer( 1520): isValidDimension: layer handle is NULL
E/qdoverlay( 1520): Bad ov dump: mdp_overlay z=0 fg=0 alpha=255 mask=-1 flags=0x220000 id=16
E/qdoverlay( 1520): src msmfb_img w=1152 h=1920 format=13 MDP_RGBA_8888
E/qdoverlay( 1520): src_rect mdp_rect x=0 y=0 w=1080 h=1920
E/qdoverlay( 1520): dst_rect mdp_rect x=0 y=0 w=1080 h=1920
E/qdhwcomposer( 1520): isValidDimension: layer handle is NULL
E/qdhwcomposer( 1520): isValidDimension: layer handle is NULL
E/qdoverlay( 1520): Bad ov dump: mdp_overlay z=0 fg=0 alpha=255 mask=-1 flags=0x220000 id=16
E/qdoverlay( 1520): src msmfb_img w=1152 h=1920 format=13 MDP_RGBA_8888
E/qdoverlay( 1520): src_rect mdp_rect x=0 y=0 w=1080 h=1920
E/qdoverlay( 1520): dst_rect mdp_rect x=0 y=0 w=1080 h=1920
E/qdhwcomposer( 1520): isValidDimension: layer handle is NULL
E/qdhwcomposer( 1520): isValidDimension: layer handle is NULL
E/qdoverlay( 1520): Bad ov dump: mdp_overlay z=0 fg=0 alpha=255 mask=-1 flags=0x220000 id=16
E/qdoverlay( 1520): src msmfb_img w=1152 h=1920 format=13 MDP_RGBA_8888
E/qdoverlay( 1520): src_rect mdp_rect x=0 y=0 w=1080 h=1920
E/qdoverlay( 1520): dst_rect mdp_rect x=0 y=0 w=1080 h=1920
E/qdhwcomposer( 1520): isValidDimension: layer handle is NULL
E/qdhwcomposer( 1520): isValidDimension: layer handle is NULL
E/qdoverlay( 1520): Bad ov dump: mdp_overlay z=0 fg=0 alpha=255 mask=-1 flags=0x220000 id=16
E/qdoverlay( 1520): src msmfb_img w=1152 h=1920 format=13 MDP_RGBA_8888
E/qdoverlay( 1520): src_rect mdp_rect x=0 y=0 w=1080 h=1920
E/qdoverlay( 1520): dst_rect mdp_rect x=0 y=0 w=1080 h=1920
E/qdhwcomposer( 1520): isValidDimension: layer handle is NULL
E/qdhwcomposer( 1520): isValidDimension: layer handle is NULL
E/qdoverlay( 1520): Bad ov dump: mdp_overlay z=0 fg=0 alpha=255 mask=-1 flags=0x220000 id=16
E/qdoverlay( 1520): src msmfb_img w=1152 h=1920 format=13 MDP_RGBA_8888
E/qdoverlay( 1520): src_rect mdp_rect x=0 y=0 w=1080 h=1920
E/qdoverlay( 1520): dst_rect mdp_rect x=0 y=0 w=1080 h=1920
E/qdhwcomposer( 1520): isValidDimension: layer handle is NULL
E/qdhwcomposer( 1520): isValidDimension: layer handle is NULL
E/qdoverlay( 1520): Bad ov dump: mdp_overlay z=0 fg=0 alpha=255 mask=-1 flags=0x220000 id=16
E/qdoverlay( 1520): src msmfb_img w=1152 h=1920 format=13 MDP_RGBA_8888
E/qdoverlay( 1520): src_rect mdp_rect x=0 y=0 w=1080 h=1920
E/qdoverlay( 1520): dst_rect mdp_rect x=0 y=0 w=1080 h=1920
E/qdhwcomposer( 1520): isValidDimension: layer handle is NULL
E/qdhwcomposer( 1520): isValidDimension: layer handle is NULL
E/qdoverlay( 1520): Bad ov dump: mdp_overlay z=0 fg=0 alpha=255 mask=-1 flags=0x220000 id=16
E/qdoverlay( 1520): src msmfb_img w=1152 h=1920 format=13 MDP_RGBA_8888
E/qdoverlay( 1520): src_rect mdp_rect x=0 y=0 w=1080 h=1920
E/qdoverlay( 1520): dst_rect mdp_rect x=0 y=0 w=1080 h=1920
E/qdhwcomposer( 1520): isValidDimension: layer handle is NULL
E/qdhwcomposer( 1520): isValidDimension: layer handle is NULL
E/qdoverlay( 1520): Bad ov dump: mdp_overlay z=0 fg=0 alpha=255 mask=-1 flags=0x220000 id=16
E/qdoverlay( 1520): src msmfb_img w=1152 h=1920 format=13 MDP_RGBA_8888
E/qdoverlay( 1520): src_rect mdp_rect x=0 y=0 w=1080 h=1920
E/qdoverlay( 1520): dst_rect mdp_rect x=0 y=0 w=1080 h=1920
E/qdhwcomposer( 1520): isValidDimension: layer handle is NULL
E/qdhwcomposer( 1520): isValidDimension: layer handle is NULL
E/qdoverlay( 1520): Bad ov dump: mdp_overlay z=0 fg=0 alpha=255 mask=-1 flags=0x220000 id=16
E/qdoverlay( 1520): src msmfb_img w=1152 h=1920 format=13 MDP_RGBA_8888
E/qdoverlay( 1520): src_rect mdp_rect x=0 y=0 w=1080 h=1920
E/qdoverlay( 1520): dst_rect mdp_rect x=0 y=0 w=1080 h=1920
E/qdhwcomposer( 1520): isValidDimension: layer handle is NULL
E/qdhwcomposer( 1520): isValidDimension: layer handle is NULL
E/qdoverlay( 1520): Bad ov dump: mdp_overlay z=0 fg=0 alpha=255 mask=-1 flags=0x220000 id=16
E/qdoverlay( 1520): src msmfb_img w=1152 h=1920 format=13 MDP_RGBA_8888
E/qdoverlay( 1520): src_rect mdp_rect x=0 y=0 w=1080 h=1920
E/qdoverlay( 1520): dst_rect mdp_rect x=0 y=0 w=1080 h=1920
E/qdhwcomposer( 1520): isValidDimension: layer handle is NULL
E/qdhwcomposer( 1520): isValidDimension: layer handle is NULL
E/qdoverlay( 1520): Bad ov dump: mdp_overlay z=0 fg=0 alpha=255 mask=-1 flags=0x220000 id=16
E/qdoverlay( 1520): src msmfb_img w=1152 h=1920 format=13 MDP_RGBA_8888
E/qdoverlay( 1520): src_rect mdp_rect x=0 y=0 w=1080 h=1920
E/qdoverlay( 1520): dst_rect mdp_rect x=0 y=0 w=1080 h=1920
E/qdhwcomposer( 1520): isValidDimension: layer handle is NULL
E/qdhwcomposer( 1520): isValidDimension: layer handle is NULL
E/qdoverlay( 1520): Bad ov dump: mdp_overlay z=0 fg=0 alpha=255 mask=-1 flags=0x220000 id=16
E/qdoverlay( 1520): src msmfb_img w=1152 h=1920 format=13 MDP_RGBA_8888
E/qdoverlay( 1520): src_rect mdp_rect x=0 y=0 w=1080 h=1920
E/qdoverlay( 1520): dst_rect mdp_rect x=0 y=0 w=1080 h=1920
E/qdhwcomposer( 1520): isValidDimension: layer handle is NULL
E/qdhwcomposer( 1520): isValidDimension: layer handle is NULL
E/qdoverlay( 1520): Bad ov dump: mdp_overlay z=0 fg=0 alpha=255 mask=-1 flags=0x220000 id=16
E/qdoverlay( 1520): src msmfb_img w=1152 h=1920 format=13 MDP_RGBA_8888
E/qdoverlay( 1520): src_rect mdp_rect x=0 y=0 w=1080 h=1920
E/qdoverlay( 1520): dst_rect mdp_rect x=0 y=0 w=1080 h=1920
E/qdhwcomposer( 1520): isValidDimension: layer handle is NULL
E/qdhwcomposer( 1520): isValidDimension: layer handle is NULL
E/qdoverlay( 1520): Bad ov dump: mdp_overlay z=0 fg=0 alpha=255 mask=-1 flags=0x220000 id=16
E/qdoverlay( 1520): src msmfb_img w=1152 h=1920 format=13 MDP_RGBA_8888
E/qdoverlay( 1520): src_rect mdp_rect x=0 y=0 w=1080 h=1920
E/qdoverlay( 1520): dst_rect mdp_rect x=0 y=0 w=1080 h=1920
E/qdhwcomposer( 1520): isValidDimension: layer handle is NULL
E/qdhwcomposer( 1520): isValidDimension: layer handle is NULL
E/qdoverlay( 1520): Bad ov dump: mdp_overlay z=0 fg=0 alpha=255 mask=-1 flags=0x220000 id=16
E/qdoverlay( 1520): src msmfb_img w=1152 h=1920 format=13 MDP_RGBA_8888
E/qdoverlay( 1520): src_rect mdp_rect x=0 y=0 w=1080 h=1920
E/qdoverlay( 1520): dst_rect mdp_rect x=0 y=0 w=1080 h=1920
E/qdhwcomposer( 1520): isValidDimension: layer handle is NULL
E/qdhwcomposer( 1520): isValidDimension: layer handle is NULL
E/qdoverlay( 1520): Bad ov dump: mdp_overlay z=0 fg=0 alpha=255 mask=-1 flags=0x220000 id=16
E/qdoverlay( 1520): src msmfb_img w=1152 h=1920 format=13 MDP_RGBA_8888
E/qdoverlay( 1520): src_rect mdp_rect x=0 y=0 w=1080 h=1920
E/qdoverlay( 1520): dst_rect mdp_rect x=0 y=0 w=1080 h=1920
E/qdhwcomposer( 1520): isValidDimension: layer handle is NULL
E/qdhwcomposer( 1520): isValidDimension: layer handle is NULL
E/qdoverlay( 1520): Bad ov dump: mdp_overlay z=0 fg=0 alpha=255 mask=-1 flags=0x220000 id=16
E/qdoverlay( 1520): src msmfb_img w=1152 h=1920 format=13 MDP_RGBA_8888
E/qdoverlay( 1520): src_rect mdp_rect x=0 y=0 w=1080 h=1920
E/qdoverlay( 1520): dst_rect mdp_rect x=0 y=0 w=1080 h=1920
E/qdhwcomposer( 1520): isValidDimension: layer handle is NULL
E/qdhwcomposer( 1520): isValidDimension: layer handle is NULL
E/qdoverlay( 1520): Bad ov dump: mdp_overlay z=0 fg=0 alpha=255 mask=-1 flags=0x220000 id=16
E/qdoverlay( 1520): src msmfb_img w=1152 h=1920 format=13 MDP_RGBA_8888
E/qdoverlay( 1520): src_rect mdp_rect x=0 y=0 w=1080 h=1920
E/qdoverlay( 1520): dst_rect mdp_rect x=0 y=0 w=1080 h=1920
E/qdhwcomposer( 1520): isValidDimension: layer handle is NULL
E/qdhwcomposer( 1520): isValidDimension: layer handle is NULL
E/qdoverlay( 1520): Bad ov dump: mdp_overlay z=0 fg=0 alpha=255 mask=-1 flags=0x220000 id=16
E/qdoverlay( 1520): src msmfb_img w=1152 h=1920 format=13 MDP_RGBA_8888
E/qdoverlay( 1520): src_rect mdp_rect x=0 y=0 w=1080 h=1920
E/qdoverlay( 1520): dst_rect mdp_rect x=0 y=0 w=1080 h=1920
E/qdhwcomposer( 1520): isValidDimension: layer handle is NULL
E/qdhwcomposer( 1520): isValidDimension: layer handle is NULL
E/qdoverlay( 1520): Bad ov dump: mdp_overlay z=0 fg=0 alpha=255 mask=-1 flags=0x220000 id=16
E/qdoverlay( 1520): src msmfb_img w=1152 h=1920 format=13 MDP_RGBA_8888
E/qdoverlay( 1520): src_rect mdp_rect x=0 y=0 w=1080 h=1920
E/qdoverlay( 1520): dst_rect mdp_rect x=0 y=0 w=1080 h=1920
E/qdhwcomposer( 1520): isValidDimension: layer handle is NULL
E/qdhwcomposer( 1520): isValidDimension: layer handle is NULL
E/qdoverlay( 1520): Bad ov dump: mdp_overlay z=0 fg=0 alpha=255 mask=-1 flags=0x220000 id=16
E/qdoverlay( 1520): src msmfb_img w=1152 h=1920 format=13 MDP_RGBA_8888
E/qdoverlay( 1520): src_rect mdp_rect x=0 y=0 w=1080 h=1920
E/qdoverlay( 1520): dst_rect mdp_rect x=0 y=0 w=1080 h=1920
E/qdhwcomposer( 1520): isValidDimension: layer handle is NULL
E/qdhwcomposer( 1520): isValidDimension: layer handle is NULL
E/qdoverlay( 1520): Bad ov dump: mdp_overlay z=0 fg=0 alpha=255 mask=-1 flags=0x220000 id=16
E/qdoverlay( 1520): src msmfb_img w=1152 h=1920 format=13 MDP_RGBA_8888
E/qdoverlay( 1520): src_rect mdp_rect x=0 y=0 w=1080 h=1920
E/qdoverlay( 1520): dst_rect mdp_rect x=0 y=0 w=1080 h=1920
E/qdhwcomposer( 1520): isValidDimension: layer handle is NULL
E/qdhwcomposer( 1520): isValidDimension: layer handle is NULL
E/qdoverlay( 1520): Bad ov dump: mdp_overlay z=0 fg=0 alpha=255 mask=-1 flags=0x220000 id=16
E/qdoverlay( 1520): src msmfb_img w=1152 h=1920 format=13 MDP_RGBA_8888
E/qdoverlay( 1520): src_rect mdp_rect x=0 y=0 w=1080 h=1920
E/qdoverlay( 1520): dst_rect mdp_rect x=0 y=0 w=1080 h=1920
E/qdhwcomposer( 1520): isValidDimension: layer handle is NULL
E/qdhwcomposer( 1520): isValidDimension: layer handle is NULL
E/qdoverlay( 1520): Bad ov dump: mdp_overlay z=0 fg=0 alpha=255 mask=-1 flags=0x220000 id=16
E/qdoverlay( 1520): src msmfb_img w=1152 h=1920 format=13 MDP_RGBA_8888
E/qdoverlay( 1520): src_rect mdp_rect x=0 y=0 w=1080 h=1920
E/qdoverlay( 1520): dst_rect mdp_rect x=0 y=0 w=1080 h=1920
E/qdhwcomposer( 1520): isValidDimension: layer handle is NULL
E/qdhwcomposer( 1520): isValidDimension: layer handle is NULL
E/qdoverlay( 1520): Bad ov dump: mdp_overlay z=0 fg=0 alpha=255 mask=-1 flags=0x220000 id=16
E/qdoverlay( 1520): src msmfb_img w=1152 h=1920 format=13 MDP_RGBA_8888
E/qdoverlay( 1520): src_rect mdp_rect x=0 y=0 w=1080 h=1920
E/qdoverlay( 1520): dst_rect mdp_rect x=0 y=0 w=1080 h=1920
E/qdhwcomposer( 1520): isValidDimension: layer handle is NULL
E/qdhwcomposer( 1520): isValidDimension: layer handle is NULL
E/qdoverlay( 1520): Bad ov dump: mdp_overlay z=0 fg=0 alpha=255 mask=-1 flags=0x220000 id=16
E/qdoverlay( 1520): src msmfb_img w=1152 h=1920 format=13 MDP_RGBA_8888
E/qdoverlay( 1520): src_rect mdp_rect x=0 y=0 w=1080 h=1920
E/qdoverlay( 1520): dst_rect mdp_rect x=0 y=0 w=1080 h=1920
E/qdhwcomposer( 1520): isValidDimension: layer handle is NULL
E/qdhwcomposer( 1520): isValidDimension: layer handle is NULL
E/qdoverlay( 1520): Bad ov dump: mdp_overlay z=0 fg=0 alpha=255 mask=-1 flags=0x220000 id=16
E/qdoverlay( 1520): src msmfb_img w=1152 h=1920 format=13 MDP_RGBA_8888
E/qdoverlay( 1520): src_rect mdp_rect x=0 y=0 w=1080 h=1920
E/qdoverlay( 1520): dst_rect mdp_rect x=0 y=0 w=1080 h=1920
E/qdhwcomposer( 1520): isValidDimension: layer handle is NULL
E/qdhwcomposer( 1520): isValidDimension: layer handle is NULL
E/qdoverlay( 1520): Bad ov dump: mdp_overlay z=0 fg=0 alpha=255 mask=-1 flags=0x220000 id=16
E/qdoverlay( 1520): src msmfb_img w=1152 h=1920 format=13 MDP_RGBA_8888
E/qdoverlay( 1520): src_rect mdp_rect x=0 y=0 w=1080 h=1920
E/qdoverlay( 1520): dst_rect mdp_rect x=0 y=0 w=1080 h=1920
I/dex2oat (23796): dex2oat took 617.063ms (threads: 4) arena alloc=123KB java alloc=419KB native alloc=2MB free=5MB
E/qdhwcomposer( 1520): isValidDimension: layer handle is NULL
E/qdhwcomposer( 1520): isValidDimension: layer handle is NULL
E/qdoverlay( 1520): Bad ov dump: mdp_overlay z=0 fg=0 alpha=255 mask=-1 flags=0x220000 id=16
E/qdoverlay( 1520): src msmfb_img w=1152 h=1920 format=13 MDP_RGBA_8888
E/qdoverlay( 1520): src_rect mdp_rect x=0 y=0 w=1080 h=1920
E/qdoverlay( 1520): dst_rect mdp_rect x=0 y=0 w=1080 h=1920
I/PackageManager(23638): Running dexopt on: /system/app/WAPPushManager/WAPPushManager.apk pkg=com.android.smspush isa=arm vmSafeMode=false
E/qdhwcomposer( 1520): isValidDimension: layer handle is NULL
E/qdhwcomposer( 1520): isValidDimension: layer handle is NULL
E/qdoverlay( 1520): Bad ov dump: mdp_overlay z=0 fg=0 alpha=255 mask=-1 flags=0x220000 id=16
E/qdoverlay( 1520): src msmfb_img w=1152 h=1920 format=13 MDP_RGBA_8888
E/qdoverlay( 1520): src_rect mdp_rect x=0 y=0 w=1080 h=1920
E/qdoverlay( 1520): dst_rect mdp_rect x=0 y=0 w=1080 h=1920
E/qdhwcomposer( 1520): isValidDimension: layer handle is NULL
E/qdhwcomposer( 1520): isValidDimension: layer handle is NULL
E/qdoverlay( 1520): Bad ov dump: mdp_overlay z=0 fg=0 alpha=255 mask=-1 flags=0x220000 id=16
E/qdoverlay( 1520): src msmfb_img w=1152 h=1920 format=13 MDP_RGBA_8888
E/qdoverlay( 1520): src_rect mdp_rect x=0 y=0 w=1080 h=1920
E/qdoverlay( 1520): dst_rect mdp_rect x=0 y=0 w=1080 h=1920
E/qdhwcomposer( 1520): isValidDimension: layer handle is NULL
E/qdhwcomposer( 1520): isValidDimension: layer handle is NULL
I/dex2oat (23801): /system/bin/dex2oat --zip-fd=5 --zip-location=/system/app/WAPPushManager/WAPPushManager.apk --oat-fd=6 --oat-location=/data/dalvik-cache/arm/system@app@WAPPushManager@WAPPushManager.apk@classes.dex --instruction-set=arm --instruction-set-features=div --runtime-arg -Xms64m --runtime-arg -Xmx512m --swap-fd=7
E/qdoverlay( 1520): Bad ov dump: mdp_overlay z=0 fg=0 alpha=255 mask=-1 flags=0x220000 id=16
E/qdoverlay( 1520): src msmfb_img w=1152 h=1920 format=13 MDP_RGBA_8888
E/qdoverlay( 1520): src_rect mdp_rect x=0 y=0 w=1080 h=1920
E/qdoverlay( 1520): dst_rect mdp_rect x=0 y=0 w=1080 h=1920
E/qdhwcomposer( 1520): isValidDimension: layer handle is NULL
E/qdhwcomposer( 1520): isValidDimension: layer handle is NULL
E/qdoverlay( 1520): Bad ov dump: mdp_overlay z=0 fg=0 alpha=255 mask=-1 flags=0x220000 id=16
E/qdoverlay( 1520): src msmfb_img w=1152 h=1920 format=13 MDP_RGBA_8888
E/qdoverlay( 1520): src_rect mdp_rect x=0 y=0 w=1080 h=1920
E/qdoverlay( 1520): dst_rect mdp_rect x=0 y=0 w=1080 h=1920
I/dex2oat (23801): Decided to run without swap.
E/qdhwcomposer( 1520): isValidDimension: layer handle is NULL
E/qdhwcomposer( 1520): isValidDimension: layer handle is NULL
E/qdoverlay( 1520): Bad ov dump: mdp_overlay z=0 fg=0 alpha=255 mask=-1 flags=0x220000 id=16
E/qdoverlay( 1520): src msmfb_img w=1152 h=1920 format=13 MDP_RGBA_8888
E/qdoverlay( 1520): src_rect mdp_rect x=0 y=0 w=1080 h=1920
E/qdoverlay( 1520): dst_rect mdp_rect x=0 y=0 w=1080 h=1920
E/qdhwcomposer( 1520): isValidDimension: layer handle is NULL
E/qdhwcomposer( 1520): isValidDimension: layer handle is NULL
E/qdoverlay( 1520): Bad ov dump: mdp_overlay z=0 fg=0 alpha=255 mask=-1 flags=0x220000 id=16
E/qdoverlay( 1520): src msmfb_img w=1152 h=1920 format=13 MDP_RGBA_8888
E/qdoverlay( 1520): src_rect mdp_rect x=0 y=0 w=1080 h=1920
E/qdoverlay( 1520): dst_rect mdp_rect x=0 y=0 w=1080 h=1920
E/qdhwcomposer( 1520): isValidDimension: layer handle is NULL
E/qdhwcomposer( 1520): isValidDimension: layer handle is NULL
E/qdoverlay( 1520): Bad ov dump: mdp_overlay z=0 fg=0 alpha=255 mask=-1 flags=0x220000 id=16
E/qdoverlay( 1520): src msmfb_img w=1152 h=1920 format=13 MDP_RGBA_8888
E/qdoverlay( 1520): src_rect mdp_rect x=0 y=0 w=1080 h=1920
E/qdoverlay( 1520): dst_rect mdp_rect x=0 y=0 w=1080 h=1920
E/qdhwcomposer( 1520): isValidDimension: layer handle is NULL
E/qdhwcomposer( 1520): isValidDimension: layer handle is NULL
E/qdoverlay( 1520): Bad ov dump: mdp_overlay z=0 fg=0 alpha=255 mask=-1 flags=0x220000 id=16
E/qdoverlay( 1520): src msmfb_img w=1152 h=1920 format=13 MDP_RGBA_8888
E/qdoverlay( 1520): src_rect mdp_rect x=0 y=0 w=1080 h=1920
E/qdoverlay( 1520): dst_rect mdp_rect x=0 y=0 w=1080 h=1920
E/qdhwcomposer( 1520): isValidDimension: layer handle is NULL
E/qdhwcomposer( 1520): isValidDimension: layer handle is NULL
V/WLAN_PSA( 673): NL MSG, len[048], NL type[0x11] WNI type[0x5050] len[028]
V/WLAN_PSA( 673): NL MSG, PID: 673
E/qdoverlay( 1520): Bad ov dump: mdp_overlay z=0 fg=0 alpha=255 mask=-1 flags=0x220000 id=16
E/qdoverlay( 1520): src msmfb_img w=1152 h=1920 format=13 MDP_RGBA_8888
E/qdoverlay( 1520): src_rect mdp_rect x=0 y=0 w=1080 h=1920
E/qdoverlay( 1520): dst_rect mdp_rect x=0 y=0 w=1080 h=1920
E/qdhwcomposer( 1520): isValidDimension: layer handle is NULL
E/qdhwcomposer( 1520): isValidDimension: layer handle is NULL
E/qdoverlay( 1520): Bad ov dump: mdp_overlay z=0 fg=0 alpha=255 mask=-1 flags=0x220000 id=16
E/qdoverlay( 1520): src msmfb_img w=1152 h=1920 format=13 MDP_RGBA_8888
E/qdoverlay( 1520): src_rect mdp_rect x=0 y=0 w=1080 h=1920
E/qdoverlay( 1520): dst_rect mdp_rect x=0 y=0 w=1080 h=1920
E/qdhwcomposer( 1520): isValidDimension: layer handle is NULL
E/qdhwcomposer( 1520): isValidDimension: layer handle is NULL
E/qdoverlay( 1520): Bad ov dump: mdp_overlay z=0 fg=0 alpha=255 mask=-1 flags=0x220000 id=16
E/qdoverlay( 1520): src msmfb_img w=1152 h=1920 format=13 MDP_RGBA_8888
E/qdoverlay( 1520): src_rect mdp_rect x=0 y=0 w=1080 h=1920
E/qdoverlay( 1520): dst_rect mdp_rect x=0 y=0 w=1080 h=1920
E/qdhwcomposer( 1520): isValidDimension: layer handle is NULL
E/qdhwcomposer( 1520): isValidDimension: layer handle is NULL
E/qdoverlay( 1520): Bad ov dump: mdp_overlay z=0 fg=0 alpha=255 mask=-1 flags=0x220000 id=16
E/qdoverlay( 1520): src msmfb_img w=1152 h=1920 format=13 MDP_RGBA_8888
E/qdoverlay( 1520): src_rect mdp_rect x=0 y=0 w=1080 h=1920
E/qdoverlay( 1520): dst_rect mdp_rect x=0 y=0 w=1080 h=1920
E/qdhwcomposer( 1520): isValidDimension: layer handle is NULL
E/qdhwcomposer( 1520): isValidDimension: layer handle is NULL
E/qdoverlay( 1520): Bad ov dump: mdp_overlay z=0 fg=0 alpha=255 mask=-1 flags=0x220000 id=16
E/qdoverlay( 1520): src msmfb_img w=1152 h=1920 format=13 MDP_RGBA_8888
E/qdoverlay( 1520): src_rect mdp_rect x=0 y=0 w=1080 h=1920
E/qdoverlay( 1520): dst_rect mdp_rect x=0 y=0 w=1080 h=1920
E/qdhwcomposer( 1520): isValidDimension: layer handle is NULL
E/qdhwcomposer( 1520): isValidDimension: layer handle is NULL
E/qdoverlay( 1520): Bad ov dump: mdp_overlay z=0 fg=0 alpha=255 mask=-1 flags=0x220000 id=16
E/qdoverlay( 1520): src msmfb_img w=1152 h=1920 format=13 MDP_RGBA_8888
E/qdoverlay( 1520): src_rect mdp_rect x=0 y=0 w=1080 h=1920
E/qdoverlay( 1520): dst_rect mdp_rect x=0 y=0 w=1080 h=1920
E/qdhwcomposer( 1520): isValidDimension: layer handle is NULL
E/qdhwcomposer( 1520): isValidDimension: layer handle is NULL
E/qdoverlay( 1520): Bad ov dump: mdp_overlay z=0 fg=0 alpha=255 mask=-1 flags=0x220000 id=16
E/qdoverlay( 1520): src msmfb_img w=1152 h=1920 format=13 MDP_RGBA_8888
E/qdoverlay( 1520): src_rect mdp_rect x=0 y=0 w=1080 h=1920
E/qdoverlay( 1520): dst_rect mdp_rect x=0 y=0 w=1080 h=1920
E/qdhwcomposer( 1520): isValidDimension: layer handle is NULL
E/qdhwcomposer( 1520): isValidDimension: layer handle is NULL
E/qdoverlay( 1520): Bad ov dump: mdp_overlay z=0 fg=0 alpha=255 mask=-1 flags=0x220000 id=16
E/qdoverlay( 1520): src msmfb_img w=1152 h=1920 format=13 MDP_RGBA_8888
E/qdoverlay( 1520): src_rect mdp_rect x=0 y=0 w=1080 h=1920
E/qdoverlay( 1520): dst_rect mdp_rect x=0 y=0 w=1080 h=1920
E/qdhwcomposer( 1520): isValidDimension: layer handle is NULL
E/qdhwcomposer( 1520): isValidDimension: layer handle is NULL
E/qdoverlay( 1520): Bad ov dump: mdp_overlay z=0 fg=0 alpha=255 mask=-1 flags=0x220000 id=16
E/qdoverlay( 1520): src msmfb_img w=1152 h=1920 format=13 MDP_RGBA_8888
E/qdoverlay( 1520): src_rect mdp_rect x=0 y=0 w=1080 h=1920
E/qdoverlay( 1520): dst_rect mdp_rect x=0 y=0 w=1080 h=1920
E/qdhwcomposer( 1520): isValidDimension: layer handle is NULL
E/qdhwcomposer( 1520): isValidDimension: layer handle is NULL
E/qdoverlay( 1520): Bad ov dump: mdp_overlay z=0 fg=0 alpha=255 mask=-1 flags=0x220000 id=16
E/qdoverlay( 1520): src msmfb_img w=1152 h=1920 format=13 MDP_RGBA_8888
E/qdoverlay( 1520): src_rect mdp_rect x=0 y=0 w=1080 h=1920
E/qdoverlay( 1520): dst_rect mdp_rect x=0 y=0 w=1080 h=1920
E/qdhwcomposer( 1520): isValidDimension: layer handle is NULL
E/qdhwcomposer( 1520): isValidDimension: layer handle is NULL
E/qdoverlay( 1520): Bad ov dump: mdp_overlay z=0 fg=0 alpha=255 mask=-1 flags=0x220000 id=16
E/qdoverlay( 1520): src msmfb_img w=1152 h=1920 format=13 MDP_RGBA_8888
E/qdoverlay( 1520): src_rect mdp_rect x=0 y=0 w=1080 h=1920
E/qdoverlay( 1520): dst_rect mdp_rect x=0 y=0 w=1080 h=1920
E/qdhwcomposer( 1520): isValidDimension: layer handle is NULL
E/qdhwcomposer( 1520): isValidDimension: layer handle is NULL
E/qdoverlay( 1520): Bad ov dump: mdp_overlay z=0 fg=0 alpha=255 mask=-1 flags=0x220000 id=16
E/qdoverlay( 1520): src msmfb_img w=1152 h=1920 format=13 MDP_RGBA_8888
E/qdoverlay( 1520): src_rect mdp_rect x=0 y=0 w=1080 h=1920
E/qdoverlay( 1520): dst_rect mdp_rect x=0 y=0 w=1080 h=1920
E/qdhwcomposer( 1520): isValidDimension: layer handle is NULL
E/qdhwcomposer( 1520): isValidDimension: layer handle is NULL
E/qdoverlay( 1520): Bad ov dump: mdp_overlay z=0 fg=0 alpha=255 mask=-1 flags=0x220000 id=16
E/qdoverlay( 1520): src msmfb_img w=1152 h=1920 format=13 MDP_RGBA_8888
E/qdoverlay( 1520): src_rect mdp_rect x=0 y=0 w=1080 h=1920
E/qdoverlay( 1520): dst_rect mdp_rect x=0 y=0 w=1080 h=1920
E/qdhwcomposer( 1520): isValidDimension: layer handle is NULL
E/qdhwcomposer( 1520): isValidDimension: layer handle is NULL
I/dex2oat (23801): dex2oat took 321.410ms (threads: 4) arena alloc=191KB java alloc=65KB native alloc=1465KB free=6MB
E/qdoverlay( 1520): Bad ov dump: mdp_overlay z=0 fg=0 alpha=255 mask=-1 flags=0x220000 id=16
E/qdoverlay( 1520): src msmfb_img w=1152 h=1920 format=13 MDP_RGBA_8888
E/qdoverlay( 1520): src_rect mdp_rect x=0 y=0 w=1080 h=1920
E/qdoverlay( 1520): dst_rect mdp_rect x=0 y=0 w=1080 h=1920
I/PackageManager(23638): Running dexopt on: /system/app/VisualizationWallpapers/VisualizationWallpapers.apk pkg=com.android.musicvis isa=arm vmSafeMode=false
E/qdhwcomposer( 1520): isValidDimension: layer handle is NULL
E/qdhwcomposer( 1520): isValidDimension: layer handle is NULL
E/qdoverlay( 1520): Bad ov dump: mdp_overlay z=0 fg=0 alpha=255 mask=-1 flags=0x220000 id=16
E/qdoverlay( 1520): src msmfb_img w=1152 h=1920 format=13 MDP_RGBA_8888
E/qdoverlay( 1520): src_rect mdp_rect x=0 y=0 w=1080 h=1920
E/qdoverlay( 1520): dst_rect mdp_rect x=0 y=0 w=1080 h=1920
E/qdhwcomposer( 1520): isValidDimension: layer handle is NULL
E/qdhwcomposer( 1520): isValidDimension: layer handle is NULL
I/dex2oat (23806): /system/bin/dex2oat --zip-fd=5 --zip-location=/system/app/VisualizationWallpapers/VisualizationWallpapers.apk --oat-fd=6 --oat-location=/data/dalvik-cache/arm/system@app@VisualizationWallpapers@VisualizationWallpapers.apk@classes.dex --instruction-set=arm --instruction-set-features=div --runtime-arg -Xms64m --runtime-arg -Xmx512m --swap-fd=7
E/qdoverlay( 1520): Bad ov dump: mdp_overlay z=0 fg=0 alpha=255 mask=-1 flags=0x220000 id=16
E/qdoverlay( 1520): src msmfb_img w=1152 h=1920 format=13 MDP_RGBA_8888
E/qdoverlay( 1520): src_rect mdp_rect x=0 y=0 w=1080 h=1920
E/qdoverlay( 1520): dst_rect mdp_rect x=0 y=0 w=1080 h=1920
E/qdhwcomposer( 1520): isValidDimension: layer handle is NULL
E/qdhwcomposer( 1520): isValidDimension: layer handle is NULL
E/qdoverlay( 1520): Bad ov dump: mdp_overlay z=0 fg=0 alpha=255 mask=-1 flags=0x220000 id=16
E/qdoverlay( 1520): src msmfb_img w=1152 h=1920 format=13 MDP_RGBA_8888
E/qdoverlay( 1520): src_rect mdp_rect x=0 y=0 w=1080 h=1920
E/qdoverlay( 1520): dst_rect mdp_rect x=0 y=0 w=1080 h=1920
I/dex2oat (23806): Decided to run without swap.
E/qdhwcomposer( 1520): isValidDimension: layer handle is NULL
E/qdhwcomposer( 1520): isValidDimension: layer handle is NULL
E/qdoverlay( 1520): Bad ov dump: mdp_overlay z=0 fg=0 alpha=255 mask=-1 flags=0x220000 id=16
E/qdoverlay( 1520): src msmfb_img w=1152 h=1920 format=13 MDP_RGBA_8888
E/qdoverlay( 1520): src_rect mdp_rect x=0 y=0 w=1080 h=1920
E/qdoverlay( 1520): dst_rect mdp_rect x=0 y=0 w=1080 h=1920
E/qdhwcomposer( 1520): isValidDimension: layer handle is NULL
E/qdhwcomposer( 1520): isValidDimension: layer handle is NULL
E/qdoverlay( 1520): Bad ov dump: mdp_overlay z=0 fg=0 alpha=255 mask=-1 flags=0x220000 id=16
E/qdoverlay( 1520): src msmfb_img w=1152 h=1920 format=13 MDP_RGBA_8888
E/qdoverlay( 1520): src_rect mdp_rect x=0 y=0 w=1080 h=1920
E/qdoverlay( 1520): dst_rect mdp_rect x=0 y=0 w=1080 h=1920
E/NetlinkListener(23553): recvmsg failed (I/O error)
E/NetlinkListener( 741): recvmsg failed (I/O error)
E/qdhwcomposer( 1520): isValidDimension: layer handle is NULL
E/qdhwcomposer( 1520): isValidDimension: layer handle is NULL
E/qdoverlay( 1520): Bad ov dump: mdp_overlay z=0 fg=0 alpha=255 mask=-1 flags=0x220000 id=16
E/qdoverlay( 1520): src msmfb_img w=1152 h=1920 format=13 MDP_RGBA_8888
E/qdoverlay( 1520): src_rect mdp_rect x=0 y=0 w=1080 h=1920
E/qdoverlay( 1520): dst_rect mdp_rect x=0 y=0 w=1080 h=1920
E/qdhwcomposer( 1520): isValidDimension: layer handle is NULL
E/qdhwcomposer( 1520): isValidDimension: layer handle is NULL
E/qdoverlay( 1520): Bad ov dump: mdp_overlay z=0 fg=0 alpha=255 mask=-1 flags=0x220000 id=16
E/qdoverlay( 1520): src msmfb_img w=1152 h=1920 format=13 MDP_RGBA_8888
E/qdoverlay( 1520): src_rect mdp_rect x=0 y=0 w=1080 h=1920
E/qdoverlay( 1520): dst_rect mdp_rect x=0 y=0 w=1080 h=1920
E/qdhwcomposer( 1520): isValidDimension: layer handle is NULL
E/qdhwcomposer( 1520): isValidDimension: layer handle is NULL
E/qdoverlay( 1520): Bad ov dump: mdp_overlay z=0 fg=0 alpha=255 mask=-1 flags=0x220000 id=16
E/qdoverlay( 1520): src msmfb_img w=1152 h=1920 format=13 MDP_RGBA_8888
E/qdoverlay( 1520): src_rect mdp_rect x=0 y=0 w=1080 h=1920
E/qdoverlay( 1520): dst_rect mdp_rect x=0 y=0 w=1080 h=1920
E/NetlinkListener( 741): recvmsg failed (I/O error)
E/NetlinkListener(23553): recvmsg failed (I/O error)
I/dex2oat (23806): dex2oat took 284.144ms (threads: 4) arena alloc=74KB java alloc=132KB native alloc=1448KB free=6MB
I/PackageManager(23638): Running dexopt on: /system/app/Galaxy4/Galaxy4.apk pkg=com.android.galaxy4 isa=arm vmSafeMode=false
I/dex2oat (23817): /system/bin/dex2oat --zip-fd=5 --zip-location=/system/app/Galaxy4/Galaxy4.apk --oat-fd=6 --oat-location=/data/dalvik-cache/arm/system@app@Galaxy4@Galaxy4.apk@classes.dex --instruction-set=arm --instruction-set-features=div --runtime-arg -Xms64m --runtime-arg -Xmx512m --swap-fd=7
I/dex2oat (23817): Decided to run without swap.
I/dex2oat (23817): dex2oat took 221.908ms (threads: 4) arena alloc=47KB java alloc=134KB native alloc=1265KB free=6MB
I/PackageManager(23638): Running dexopt on: /system/app/DeskClock/DeskClock.apk pkg=com.android.deskclock isa=arm vmSafeMode=false
I/dex2oat (23822): /system/bin/dex2oat --zip-fd=5 --zip-location=/system/app/DeskClock/DeskClock.apk --oat-fd=6 --oat-location=/data/dalvik-cache/arm/system@app@DeskClock@DeskClock.apk@classes.dex --instruction-set=arm --instruction-set-features=div --runtime-arg -Xms64m --runtime-arg -Xmx512m --swap-fd=7
I/dex2oat (23822): Decided to run without swap.
E/NetlinkListener( 741): recvmsg failed (I/O error)
E/NetlinkListener(23553): recvmsg failed (I/O error)
E/NetlinkListener( 741): recvmsg failed (I/O error)
E/NetlinkListener(23553): recvmsg failed (I/O error)
V/WLAN_PSA( 673): NL MSG, len[4031], NL type[0x1C] WNI type[0x5900] len[42767]
V/WLAN_PSA( 673): NL MSG, PID: 673
E/NetlinkListener(23553): recvmsg failed (I/O error)
E/NetlinkListener( 741): recvmsg failed (I/O error)
E/NetlinkListener(23553): recvmsg failed (I/O error)
E/NetlinkListener( 741): recvmsg failed (I/O error)
I/dex2oat (23822): dex2oat took 1.678s (threads: 4) arena alloc=84KB java alloc=1119KB native alloc=3MB free=4MB
I/PackageManager(23638): Running dexopt on: /system/app/Browser/Browser.apk pkg=com.android.browser isa=arm vmSafeMode=false
I/dex2oat (23846): /system/bin/dex2oat --zip-fd=5 --zip-location=/system/app/Browser/Browser.apk --oat-fd=6 --oat-location=/data/dalvik-cache/arm/system@app@Browser@Browser.apk@classes.dex --instruction-set=arm --instruction-set-features=div --runtime-arg -Xms64m --runtime-arg -Xmx512m --swap-fd=7
I/dex2oat (23846): Decided to run without swap.
E/NetlinkListener( 741): recvmsg failed (I/O error)
E/NetlinkListener(23553): recvmsg failed (I/O error)
E/NetlinkListener(23553): recvmsg failed (I/O error)
E/NetlinkListener( 741): recvmsg failed (I/O error)
I/dex2oat (23846): dex2oat took 1.140s (threads: 4) arena alloc=144KB java alloc=2006KB native alloc=3MB free=4MB
I/PackageManager(23638): Running dexopt on: /system/priv-app/OneTimeInitializer/OneTimeInitializer.apk pkg=com.android.onetimeinitializer isa=arm vmSafeMode=false
I/dex2oat (23865): /system/bin/dex2oat --zip-fd=5 --zip-location=/system/priv-app/OneTimeInitializer/OneTimeInitializer.apk --oat-fd=6 --oat-location=/data/dalvik-cache/arm/system@priv-app@OneTimeInitializer@OneTimeInitializer.apk@classes.dex --instruction-set=arm --instruction-set-features=div --runtime-arg -Xms64m --runtime-arg -Xmx512m --swap-fd=7
E/NetlinkListener(23553): recvmsg failed (I/O error)
E/NetlinkListener( 741): recvmsg failed (I/O error)
I/dex2oat (23865): Decided to run without swap.
I/dex2oat (23865): dex2oat took 149.450ms (threads: 4) arena alloc=184KB java alloc=62KB native alloc=1445KB free=6MB
I/PackageManager(23638): Running dexopt on: /system/app/PacProcessor/PacProcessor.apk pkg=com.android.pacprocessor isa=arm vmSafeMode=false
I/dex2oat (23874): /system/bin/dex2oat --zip-fd=5 --zip-location=/system/app/PacProcessor/PacProcessor.apk --oat-fd=6 --oat-location=/data/dalvik-cache/arm/system@app@PacProcessor@PacProcessor.apk@classes.dex --instruction-set=arm --instruction-set-features=div --runtime-arg -Xms64m --runtime-arg -Xmx512m --swap-fd=7
I/dex2oat (23874): Decided to run without swap.
I/dex2oat (23874): dex2oat took 64.729ms (threads: 4) arena alloc=68KB java alloc=8KB native alloc=1115KB free=6MB
I/PackageManager(23638): Running dexopt on: /system/app/RootPA/RootPA.apk pkg=com.gd.mobicore.pa isa=arm vmSafeMode=false
I/dex2oat (23879): /system/bin/dex2oat --zip-fd=5 --zip-location=/system/app/RootPA/RootPA.apk --oat-fd=6 --oat-location=/data/dalvik-cache/arm/system@app@RootPA@RootPA.apk@classes.dex --instruction-set=arm --instruction-set-features=div --runtime-arg -Xms64m --runtime-arg -Xmx512m --swap-fd=7
I/dex2oat (23879): Decided to run without swap.
E/NetlinkListener(23553): recvmsg failed (I/O error)
E/NetlinkListener( 741): recvmsg failed (I/O error)
I/dex2oat (23879): dex2oat took 245.853ms (threads: 4) arena alloc=194KB java alloc=85KB native alloc=1421KB free=6MB
E/NetlinkListener(23553): recvmsg failed (I/O error)
E/NetlinkListener( 741): recvmsg failed (I/O error)
I/PackageManager(23638): Running dexopt on: /system/app/QtiBackupAgent/QtiBackupAgent.apk pkg=com.qti.backupagent isa=arm vmSafeMode=false
I/dex2oat (23892): /system/bin/dex2oat --zip-fd=5 --zip-location=/system/app/QtiBackupAgent/QtiBackupAgent.apk --oat-fd=6 --oat-location=/data/dalvik-cache/arm/system@app@QtiBackupAgent@QtiBackupAgent.apk@classes.dex --instruction-set=arm --instruction-set-features=div --runtime-arg -Xms64m --runtime-arg -Xmx512m --swap-fd=7
I/dex2oat (23892): Decided to run without swap.
I/dex2oat (23892): dex2oat took 91.804ms (threads: 4) arena alloc=278KB java alloc=64KB native alloc=1439KB free=6MB
I/PackageManager(23638): Running dexopt on: /system/app/FM2/FM2.apk pkg=com.caf.fmradio isa=arm vmSafeMode=false
I/dex2oat (23899): /system/bin/dex2oat --zip-fd=5 --zip-location=/system/app/FM2/FM2.apk --oat-fd=6 --oat-location=/data/dalvik-cache/arm/system@app@FM2@FM2.apk@classes.dex --instruction-set=arm --instruction-set-features=div --runtime-arg -Xms64m --runtime-arg -Xmx512m --swap-fd=7
I/dex2oat (23899): Decided to run without swap.
E/NetlinkListener( 741): recvmsg failed (I/O error)
E/NetlinkListener(23553): recvmsg failed (I/O error)
I/dex2oat (23899): dex2oat took 421.564ms (threads: 4) arena alloc=712KB java alloc=536KB native alloc=3MB free=4MB
I/PackageManager(23638): Running dexopt on: /system/priv-app/FairphoneLauncher3/FairphoneLauncher3.apk pkg=com.fairphone.fplauncher3 isa=arm vmSafeMode=false
I/dex2oat (23909): /system/bin/dex2oat --zip-fd=5 --zip-location=/system/priv-app/FairphoneLauncher3/FairphoneLauncher3.apk --oat-fd=6 --oat-location=/data/dalvik-cache/arm/system@priv-app@FairphoneLauncher3@FairphoneLauncher3.apk@classes.dex --instruction-set=arm --instruction-set-features=div --runtime-arg -Xms64m --runtime-arg -Xmx512m --swap-fd=7
V/WLAN_PSA( 673): NL MSG, len[048], NL type[0x11] WNI type[0x5050] len[028]
V/WLAN_PSA( 673): NL MSG, PID: 673
I/dex2oat (23909): Decided to run without swap.
E/NetlinkListener(23553): recvmsg failed (I/O error)
E/NetlinkListener( 741): recvmsg failed (I/O error)
E/NetlinkListener(23553): recvmsg failed (I/O error)
E/NetlinkListener( 741): recvmsg failed (I/O error)
E/QCALOG ( 1035): [MessageQ] ProcessNewMessage: [LOWI-SERVER] unknown deliver target [OS-Agent]
I/dex2oat (23909): dex2oat took 1.692s (threads: 4) arena alloc=1151KB java alloc=2MB native alloc=6MB free=5MB
E/NetlinkListener(23553): recvmsg failed (I/O error)
E/NetlinkListener( 741): recvmsg failed (I/O error)
V/WLAN_PSA( 673): NL MSG, len[4077], NL type[0x1C] WNI type[0x5900] len[54543]
V/WLAN_PSA( 673): NL MSG, PID: 673
I/PackageManager(23638): Running dexopt on: /system/app/NoiseField/NoiseField.apk pkg=com.android.noisefield isa=arm vmSafeMode=false
E/NetlinkListener( 741): recvmsg failed (I/O error)
E/NetlinkListener(23553): recvmsg failed (I/O error)
I/dex2oat (23928): /system/bin/dex2oat --zip-fd=5 --zip-location=/system/app/NoiseField/NoiseField.apk --oat-fd=6 --oat-location=/data/dalvik-cache/arm/system@app@NoiseField@NoiseField.apk@classes.dex --instruction-set=arm --instruction-set-features=div --runtime-arg -Xms64m --runtime-arg -Xmx512m --swap-fd=7
I/dex2oat (23928): Decided to run without swap.
I/dex2oat (23928): dex2oat took 92.139ms (threads: 4) arena alloc=88KB java alloc=132KB native alloc=1279KB free=6MB
I/PackageManager(23638): Running dexopt on: /system/app/shutdownlistener/shutdownlistener.apk pkg=com.qualcomm.shutdownlistner isa=arm vmSafeMode=false
I/dex2oat (23936): /system/bin/dex2oat --zip-fd=5 --zip-location=/system/app/shutdownlistener/shutdownlistener.apk --oat-fd=6 --oat-location=/data/dalvik-cache/arm/system@app@shutdownlistener@shutdownlistener.apk@classes.dex --instruction-set=arm --instruction-set-features=div --runtime-arg -Xms64m --runtime-arg -Xmx512m --swap-fd=7
I/dex2oat (23936): Decided to run without swap.
I/dex2oat (23936): dex2oat took 36.233ms (threads: 4) arena alloc=67KB java alloc=11KB native alloc=853KB free=7MB
I/PackageManager(23638): Running dexopt on: /system/app/Music/Music.apk pkg=com.android.music isa=arm vmSafeMode=false
I/dex2oat (23941): /system/bin/dex2oat --zip-fd=5 --zip-location=/system/app/Music/Music.apk --oat-fd=6 --oat-location=/data/dalvik-cache/arm/system@app@Music@Music.apk@classes.dex --instruction-set=arm --instruction-set-features=div --runtime-arg -Xms64m --runtime-arg -Xmx512m --swap-fd=7
I/dex2oat (23941): Decided to run without swap.
E/NetlinkListener(23553): recvmsg failed (I/O error)
E/NetlinkListener( 741): recvmsg failed (I/O error)
E/NetlinkListener(23553): recvmsg failed (I/O error)
E/NetlinkListener( 741): recvmsg failed (I/O error)
I/dex2oat (23941): dex2oat took 299.697ms (threads: 4) arena alloc=50KB java alloc=499KB native alloc=2MB free=5MB
I/PackageManager(23638): Running dexopt on: /system/app/Bluetooth/Bluetooth.apk pkg=com.android.bluetooth isa=arm vmSafeMode=false
I/dex2oat (23958): /system/bin/dex2oat --zip-fd=5 --zip-location=/system/app/Bluetooth/Bluetooth.apk --oat-fd=6 --oat-location=/data/dalvik-cache/arm/system@app@Bluetooth@Bluetooth.apk@classes.dex --instruction-set=arm --instruction-set-features=div --runtime-arg -Xms64m --runtime-arg -Xmx512m --swap-fd=7
E/NetlinkListener(23553): recvmsg failed (I/O error)
E/NetlinkListener( 741): recvmsg failed (I/O error)
E/NetlinkListener(23553): recvmsg failed (I/O error)
E/NetlinkListener( 741): recvmsg failed (I/O error)
I/dex2oat (23958): Decided to run without swap.
E/NetlinkListener(23553): recvmsg failed (I/O error)
E/NetlinkListener( 741): recvmsg failed (I/O error)
E/NetlinkListener(23553): recvmsg failed (I/O error)
E/NetlinkListener( 741): recvmsg failed (I/O error)
E/NetlinkListener(23553): recvmsg failed (I/O error)
E/NetlinkListener( 741): recvmsg failed (I/O error)
E/NetlinkListener(23553): recvmsg failed (I/O error)
E/NetlinkListener( 741): recvmsg failed (I/O error)
E/NetlinkListener(23553): recvmsg failed (I/O error)
E/NetlinkListener( 741): recvmsg failed (I/O error)
E/NetlinkListener( 741): recvmsg failed (I/O error)
E/NetlinkListener(23553): recvmsg failed (I/O error)
E/NetlinkListener( 741): recvmsg failed (I/O error)
E/NetlinkListener(23553): recvmsg failed (I/O error)
E/NetlinkListener(23553): recvmsg failed (I/O error)
E/NetlinkListener( 741): recvmsg failed (I/O error)
V/WLAN_PSA( 673): NL MSG, len[048], NL type[0x11] WNI type[0x5050] len[028]
V/WLAN_PSA( 673): NL MSG, PID: 673
E/NetlinkListener( 741): recvmsg failed (I/O error)
E/NetlinkListener(23553): recvmsg failed (I/O error)
E/NetlinkListener(23553): recvmsg failed (I/O error)
E/NetlinkListener( 741): recvmsg failed (I/O error)
I/dex2oat (23958): dex2oat took 4.777s (threads: 4) arena alloc=1068KB java alloc=5MB native alloc=12MB free=7MB
I/PackageManager(23638): Running dexopt on: /system/app/LiveWallpapers/LiveWallpapers.apk pkg=com.android.wallpaper isa=arm vmSafeMode=false
I/dex2oat (24019): /system/bin/dex2oat --zip-fd=5 --zip-location=/system/app/LiveWallpapers/LiveWallpapers.apk --oat-fd=6 --oat-location=/data/dalvik-cache/arm/system@app@LiveWallpapers@LiveWallpapers.apk@classes.dex --instruction-set=arm --instruction-set-features=div --runtime-arg -Xms64m --runtime-arg -Xmx512m --swap-fd=7
I/dex2oat (24019): Decided to run without swap.
I/dex2oat (24019): dex2oat took 104.740ms (threads: 4) arena alloc=87KB java alloc=73KB native alloc=1401KB free=6MB
I/PackageManager(23638): Running dexopt on: /system/app/PicoTts/PicoTts.apk pkg=com.svox.pico isa=arm vmSafeMode=false
I/dex2oat (24024): /system/bin/dex2oat --zip-fd=5 --zip-location=/system/app/PicoTts/PicoTts.apk --oat-fd=6 --oat-location=/data/dalvik-cache/arm/system@app@PicoTts@PicoTts.apk@classes.dex --instruction-set=arm --instruction-set-features=div --runtime-arg -Xms64m --runtime-arg -Xmx512m --swap-fd=7
I/dex2oat (24024): Decided to run without swap.
I/dex2oat (24024): dex2oat took 51.703ms (threads: 4) arena alloc=126KB java alloc=57KB native alloc=1039KB free=6MB
I/PackageManager(23638): Running dexopt on: /system/priv-app/ClockWidget/ClockWidget.apk pkg=com.fairphone.clock isa=arm vmSafeMode=false
I/dex2oat (24029): /system/bin/dex2oat --zip-fd=5 --zip-location=/system/priv-app/ClockWidget/ClockWidget.apk --oat-fd=6 --oat-location=/data/dalvik-cache/arm/system@priv-app@ClockWidget@ClockWidget.apk@classes.dex --instruction-set=arm --instruction-set-features=div --runtime-arg -Xms64m --runtime-arg -Xmx512m --swap-fd=7
I/dex2oat (24029): Decided to run without swap.
V/WLAN_PSA( 673): NL MSG, len[4025], NL type[0x1C] WNI type[0x5900] len[41231]
V/WLAN_PSA( 673): NL MSG, PID: 673
I/dex2oat (24029): dex2oat took 416.219ms (threads: 4) arena alloc=185KB java alloc=404KB native alloc=2MB free=5MB
I/PackageManager(23638): Running dexopt on: /system/priv-app/Checkup/Checkup.apk pkg=com.fairphone.checkup isa=arm vmSafeMode=false
I/dex2oat (24034): /system/bin/dex2oat --zip-fd=5 --zip-location=/system/priv-app/Checkup/Checkup.apk --oat-fd=6 --oat-location=/data/dalvik-cache/arm/system@priv-app@Checkup@Checkup.apk@classes.dex --instruction-set=arm --instruction-set-features=div --runtime-arg -Xms64m --runtime-arg -Xmx512m --swap-fd=7
I/dex2oat (24034): Decided to run without swap.
E/NetlinkListener(23553): recvmsg failed (I/O error)
E/NetlinkListener( 741): recvmsg failed (I/O error)
E/NetlinkListener(23553): recvmsg failed (I/O error)
E/NetlinkListener( 741): recvmsg failed (I/O error)
I/dex2oat (24034): dex2oat took 593.080ms (threads: 4) arena alloc=306KB java alloc=883KB native alloc=2MB free=5MB
I/PackageManager(23638): Running dexopt on: /system/app/Gallery2/Gallery2.apk pkg=com.android.gallery3d isa=arm vmSafeMode=false
I/dex2oat (24051): /system/bin/dex2oat --zip-fd=5 --zip-location=/system/app/Gallery2/Gallery2.apk --oat-fd=6 --oat-location=/data/dalvik-cache/arm/system@app@Gallery2@Gallery2.apk@classes.dex --instruction-set=arm --instruction-set-features=div --runtime-arg -Xms64m --runtime-arg -Xmx512m --swap-fd=7
E/NetlinkListener(23553): recvmsg failed (I/O error)
E/NetlinkListener( 741): recvmsg failed (I/O error)
I/dex2oat (24051): Decided to run without swap.
E/NetlinkListener(23553): recvmsg failed (I/O error)
E/NetlinkListener( 741): recvmsg failed (I/O error)
E/NetlinkListener(23553): recvmsg failed (I/O error)
