W/OMXNodeInstance( 6365): [28:google.mpeg4.decoder] component does not support metadata mode; using fallback
W/OMXNodeInstance( 6365): [29:google.mpeg4.decoder] component does not support metadata mode; using fallback
W/MediaCodecList( 6365): ignoring Limit specified outside of a Type
W/MediaCodecList( 6365): ignoring Limit specified outside of a Type
W/MediaCodecList( 6365): ignoring Limit specified outside of a Type
W/MediaCodecList( 6365): ignoring Limit specified outside of a Type
W/MediaCodecList( 6365): ignoring Limit specified outside of a Type
W/MediaCodecList( 6365): ignoring Feature specified outside of a Type
W/OMXNodeInstance( 6365): [2a:google.h263.decoder] component does not support metadata mode; using fallback
W/OMXNodeInstance( 6365): [2b:google.h264.decoder] component does not support metadata mode; using fallback
D/SoftHEVC( 6365): Number of CPU cores: 4
D/SoftHEVC( 6365): Initializing decoder
D/SoftHEVC( 6365): Set number of cores to 4
D/SoftHEVC( 6365): Ittiam decoder version number: @(#)Id:HEVCDEC_production Ver:04.01 Released by ITTIAM Build: Nov 25 2016 @ 21:19:46
W/OMXNodeInstance( 6365): [2c:google.hevc.decoder] component does not support metadata mode; using fallback
D/SoftHEVC( 6365): Freeing codec memory
D/SoftHEVC( 6365): Number of CPU cores: 4
D/SoftHEVC( 6365): Initializing decoder
D/SoftHEVC( 6365): Set number of cores to 4
D/SoftHEVC( 6365): Ittiam decoder version number: @(#)Id:HEVCDEC_production Ver:04.01 Released by ITTIAM Build: Nov 25 2016 @ 21:19:46
D/SoftHEVC( 6365): In SoftHEVC::~SoftHEVC
D/SoftHEVC( 6365): Freeing codec memory
W/OMXNodeInstance( 6365): [2d:google.vp8.decoder] component does not support metadata mode; using fallback
W/OMXNodeInstance( 6365): [2e:google.vp9.decoder] component does not support metadata mode; using fallback
I/SoftMPEG4Encoder( 6365): Construct SoftMPEG4Encoder
W/ACodec ( 6365): do not know color format 0x7f000789 = 2130708361
I/SoftAVCEncoder( 6365): Construct SoftAVCEncoder
W/ACodec ( 6365): do not know color format 0x7f000789 = 2130708361
I/SoftMPEG4Encoder( 6365): Construct SoftMPEG4Encoder
W/ACodec ( 6365): do not know color format 0x7f000789 = 2130708361
W/ACodec ( 6365): do not know color format 0x7f000789 = 2130708361
D/OMXCodec( 6365): Successfully allocated OMX node 'OMX.google.vorbis.decoder'
D/OMXCodec( 6365): Successfully allocated OMX node 'OMX.google.vorbis.decoder'
I/ExtendedUtils( 6365): decision 1 mime 
I/ExtendedUtils( 6365): decision 1 mime 
I/AudioPlayer( 6365): start of Playback, useOffload 0
I/AudioPlayer( 6365): start of Playback, useOffload 0
E/IMemory ( 6365): binder=0xb5874340 transaction failed fd=-2147483647, size=0, err=-2147483646 (Unknown error 2147483646)
E/IMemory ( 6365): cannot dup fd=-2147483647, size=0, err=-2147483646 (Bad file number)
E/IMemory ( 6365): cannot map BpMemoryHeap (binder=0xb5874340), size=0, fd=-1 (Bad file number)
E/AudioCache( 6365): Invalid heap Id
E/IMemory ( 6365): binder=0xb5874640 transaction failed fd=-2147483647, size=0, err=-2147483646 (Unknown error 2147483646)
E/IMemory ( 6365): cannot dup fd=-2147483647, size=0, err=-2147483646 (Bad file number)
E/IMemory ( 6365): cannot map BpMemoryHeap (binder=0xb5874640), size=0, fd=-1 (Bad file number)
E/AudioCache( 6365): Invalid heap Id
I/lowmemorykiller( 769): ActivityManager disconnected
I/lowmemorykiller( 769): Closing Activity Manager data connection
D/AndroidRuntime( 6862): >>>>>> START com.android.internal.os.ZygoteInit uid 0 <<<<<<
D/AndroidRuntime( 6862): CheckJNI is OFF
I/art ( 6862): option[0]=-Xzygote
I/art ( 6862): option[1]=-Xstacktracefile:/data/anr/traces.txt
I/art ( 6862): option[2]=exit
I/art ( 6862): option[3]=vfprintf
I/art ( 6862): option[4]=sensitiveThread
I/art ( 6862): option[5]=-verbose:gc
I/art ( 6862): option[6]=-Xms8m
I/art ( 6862): option[7]=-Xmx256m
I/art ( 6862): option[8]=-XX:mainThreadStackSize=24K
I/art ( 6862): option[9]=-XX:HeapGrowthLimit=128m
I/art ( 6862): option[10]=-XX:HeapMinFree=2m
I/art ( 6862): option[11]=-XX:HeapMaxFree=8m
I/art ( 6862): option[12]=-XX:HeapTargetUtilization=0.75
I/art ( 6862): option[13]=-agentlib:jdwp=transport=dt_android_adb,suspend=n,server=y
I/art ( 6862): option[14]=-Xlockprofthreshold:500
I/art ( 6862): option[15]=-Ximage-compiler-option
I/art ( 6862): option[16]=--runtime-arg
I/art ( 6862): option[17]=-Ximage-compiler-option
I/art ( 6862): option[18]=-Xms64m
I/art ( 6862): option[19]=-Ximage-compiler-option
I/art ( 6862): option[20]=--runtime-arg
I/art ( 6862): option[21]=-Ximage-compiler-option
I/art ( 6862): option[22]=-Xmx64m
I/art ( 6862): option[23]=-Ximage-compiler-option
I/art ( 6862): option[24]=--image-classes=/system/etc/preloaded-classes
I/art ( 6862): option[25]=-Xcompiler-option
I/art ( 6862): option[26]=--runtime-arg
I/art ( 6862): option[27]=-Xcompiler-option
I/art ( 6862): option[28]=-Xms64m
I/art ( 6862): option[29]=-Xcompiler-option
I/art ( 6862): option[30]=--runtime-arg
I/art ( 6862): option[31]=-Xcompiler-option
I/art ( 6862): option[32]=-Xmx512m
I/art ( 6862): option[33]=-Duser.language=en
I/art ( 6862): option[34]=-Duser.region=US
W/art ( 6862): Incomplete boot detected. Pruning dalvik cache
V/MediaUtils( 6867): physMem: 1961033728
V/MediaUtils( 6867): requested limit: 1274671905
V/MediaUtils( 6867): actual limit: 1274671905
V/MediaUtils( 6867): original limits: 4294967295/4294967295
V/MediaUtils( 6867): new limits: 1274671905/4294967295
I/mediaserver( 6867): ServiceManager: 0xb58700c0
I/AudioFlinger( 6867): Using default 3000 mSec as standby time.
E/ServiceManager( 5516): add_service('media.audio_flinger',57) uid=1013 - ALREADY REGISTERED, OVERRIDE
I/ServiceManager( 5516): service 'media.audio_flinger' died
I/AudioPolicyService( 6867): AudioPolicyService CSTOR in new mode
I/AudioPolicyManager( 6867): loadAudioPolicyConfig() loaded /system/etc/audio_policy.conf
D/audio_hw_primary( 6867): adev_open: enter
E/NetlinkListener( 6866): recvmsg failed (I/O error)
E/NetlinkListener( 3359): recvmsg failed (I/O error)
W/AudioSystem( 6365): AudioFlinger server died!
I/ServiceManager( 5516): service 'media.sound_trigger_hw' died
I/ServiceManager( 5516): service 'gfxinfo' died
I/ServiceManager( 5516): service 'dbinfo' died
I/ServiceManager( 5516): service 'cpuinfo' died
I/ServiceManager( 5516): service 'permission' died
I/ServiceManager( 5516): service 'hardware' died
I/ServiceManager( 5516): service 'launcherapps' died
I/ServiceManager( 5516): service 'battery' died
I/ServiceManager( 5516): service 'usagestats' died
I/ServiceManager( 5516): service 'webviewupdate' died
I/ServiceManager( 5516): service 'scheduling_policy' died
I/ServiceManager( 5516): service 'telephony.registry' died
I/ServiceManager( 5516): service 'entropy' died
I/ServiceManager( 5516): service 'account' died
I/ServiceManager( 5516): service 'content' died
I/ServiceManager( 5516): service 'vibrator' died
I/ServiceManager( 5516): service 'consumer_ir' died
I/ServiceManager( 5516): service 'alarm' died
I/ServiceManager( 5516): service 'window' died
I/ServiceManager( 5516): service 'input' died
I/ServiceManager( 5516): service 'sensorservice' died
I/ServiceManager( 5516): service 'imms' died
I/ServiceManager( 5516): service 'batterystats' died
I/ServiceManager( 5516): service 'appops' died
I/ServiceManager( 5516): service 'power' died
I/ServiceManager( 5516): service 'display' died
I/ServiceManager( 5516): service 'procstats' died
I/ServiceManager( 5516): service 'input_method' died
I/ServiceManager( 5516): service 'accessibility' died
I/ServiceManager( 5516): service 'mount' died
I/ServiceManager( 5516): service 'DigitalPen' died
I/ServiceManager( 5516): service 'wifi' died
I/ServiceManager( 5516): service 'wifiscanner' died
I/ServiceManager( 5516): service 'rttmanager' died
I/ServiceManager( 5516): service 'lock_settings' died
I/ServiceManager( 5516): service 'device_policy' died
I/ServiceManager( 5516): service 'statusbar' died
I/ServiceManager( 5516): service 'clipboard' died
I/ServiceManager( 5516): service 'textservices' died
I/ServiceManager( 5516): service 'network_score' died
I/ServiceManager( 5516): service 'netstats' died
I/ServiceManager( 5516): service 'netpolicy' died
I/ServiceManager( 5516): service 'wifip2p' died
I/ServiceManager( 5516): service 'connectivity' died
I/ServiceManager( 5516): service 'servicediscovery' died
I/ServiceManager( 5516): service 'updatelock' died
I/ServiceManager( 5516): service 'notification' died
I/ServiceManager( 5516): service 'devicestoragemonitor' died
I/ServiceManager( 5516): service 'location' died
I/ServiceManager( 5516): service 'country_detector' died
I/ServiceManager( 5516): service 'search' died
I/ServiceManager( 5516): service 'dropbox' died
I/ServiceManager( 5516): service 'wallpaper' died
I/ServiceManager( 5516): service 'audio' died
I/ServiceManager( 5516): service 'DockObserver' died
I/ServiceManager( 5516): service 'serial' died
I/ServiceManager( 5516): service 'uimode' died
I/ServiceManager( 5516): service 'jobscheduler' died
I/ServiceManager( 5516): service 'backup' died
I/ServiceManager( 5516): service 'appwidget' died
I/ServiceManager( 5516): service 'voiceinteraction' died
I/ServiceManager( 5516): service 'diskstats' died
I/ServiceManager( 5516): service 'meminfo' died
I/ServiceManager( 5516): service 'samplingprofiler' died
I/ServiceManager( 5516): service 'package' died
I/ServiceManager( 5516): service 'commontime_management' died
I/ServiceManager( 5516): service 'activity' died
I/ServiceManager( 5516): service 'dreams' died
I/ServiceManager( 5516): service 'user' died
I/ServiceManager( 5516): service 'assetatlas' died
I/ServiceManager( 5516): service 'media_router' died
I/ServiceManager( 5516): service 'print' died
I/ServiceManager( 5516): service 'restrictions' died
I/ServiceManager( 5516): service 'media_session' died
I/ServiceManager( 5516): service 'trust' died
I/ServiceManager( 5516): service 'fingerprint' died
I/ServiceManager( 5516): service 'media_projection' died
I/ServiceManager( 5516): service 'PrivacyImpact' died
I/ServiceManager( 5516): service 'telecom' died
E/audio_route( 6867): Control 'SLIMBUS_0_RX Port Mixer INT_BT_SCO_TX' doesn't exist - skipping
E/audio_route( 6867): Control 'INTERNAL_BT_SCO_RX Audio Mixer Multimedia6' doesn't exist - skipping
E/audio_route( 6867): Control 'MultiMedia4 Mixer MI2S_TX' doesn't exist - skipping
E/audio_route( 6867): Control 'RX4 DSM MUX' doesn't exist - skipping
E/audio_route( 6867): Control 'RX6 DSM MUX' doesn't exist - skipping
E/audio_route( 6867): Control 'RX4 DSM MUX' doesn't exist - skipping
E/audio_route( 6867): Control 'RX6 DSM MUX' doesn't exist - skipping
D/msm8974_platform( 6867): platform_init: Opened sound card:0
D/ACDB-LOADER( 6867): ACDB -> Load file: /etc/acdbdata/MTP/MTP_Bluetooth_cal.acdb
D/ACDB-LOADER( 6867): ACDB -> Load file: /etc/acdbdata/MTP/MTP_General_cal.acdb
D/ACDB-LOADER( 6867): ACDB -> Load file: /etc/acdbdata/MTP/MTP_Global_cal.acdb
D/ACDB-LOADER( 6867): ACDB -> Load file: /etc/acdbdata/MTP/MTP_Handset_cal.acdb
D/ACDB-LOADER( 6867): ACDB -> Load file: /etc/acdbdata/MTP/MTP_Hdmi_cal.acdb
D/ACDB-LOADER( 6867): ACDB -> Load file: /etc/acdbdata/MTP/MTP_Headset_cal.acdb
D/ACDB-LOADER( 6867): ACDB -> Load file: /etc/acdbdata/MTP/MTP_Speaker_cal.acdb
D/ACDB-LOADER( 6867): ACDB -> ACDB_CMD_INITIALIZE_V2
D/ ( 6867): [ACDB Command]->SW Minor/Major/Revision version mismatch warning /etc/acdbdata/MTP/MTP_Bluetooth_cal.acdb
D/ ( 6867): [ACDB Command]->ACDB Sw Major = 3, ACDB Sw Minor = 0, ACDB Sw Revision = 0
D/ ( 6867): [ACDB Command]->ACDB File Major = 3, ACDB File Minor = 0, ACDB File Revision = 2
D/ ( 6867): [ACDB Command]->SW Minor/Major/Revision version mismatch warning /etc/acdbdata/MTP/MTP_General_cal.acdb
D/ ( 6867): [ACDB Command]->ACDB Sw Major = 3, ACDB Sw Minor = 0, ACDB Sw Revision = 0
D/ ( 6867): [ACDB Command]->ACDB File Major = 3, ACDB File Minor = 0, ACDB File Revision = 2
D/ ( 6867): [ACDB Command]->SW Minor/Major/Revision version mismatch warning /etc/acdbdata/MTP/MTP_Global_cal.acdb
D/ ( 6867): [ACDB Command]->ACDB Sw Major = 3, ACDB Sw Minor = 0, ACDB Sw Revision = 0
D/ ( 6867): [ACDB Command]->ACDB File Major = 3, ACDB File Minor = 0, ACDB File Revision = 2
D/ ( 6867): [ACDB Command]->SW Minor/Major/Revision version mismatch warning /etc/acdbdata/MTP/MTP_Handset_cal.acdb
D/ ( 6867): [ACDB Command]->ACDB Sw Major = 3, ACDB Sw Minor = 0, ACDB Sw Revision = 0
D/ ( 6867): [ACDB Command]->ACDB File Major = 3, ACDB File Minor = 0, ACDB File Revision = 2
D/ ( 6867): [ACDB Command]->SW Minor/Major/Revision version mismatch warning /etc/acdbdata/MTP/MTP_Hdmi_cal.acdb
D/ ( 6867): [ACDB Command]->ACDB Sw Major = 3, ACDB Sw Minor = 0, ACDB Sw Revision = 0
D/ ( 6867): [ACDB Command]->ACDB File Major = 3, ACDB File Minor = 0, ACDB File Revision = 2
D/ ( 6867): [ACDB Command]->SW Minor/Major/Revision version mismatch warning /etc/acdbdata/MTP/MTP_Headset_cal.acdb
D/ ( 6867): [ACDB Command]->ACDB Sw Major = 3, ACDB Sw Minor = 0, ACDB Sw Revision = 0
D/ ( 6867): [ACDB Command]->ACDB File Major = 3, ACDB File Minor = 0, ACDB File Revision = 2
D/ ( 6867): [ACDB Command]->SW Minor/Major/Revision version mismatch warning /etc/acdbdata/MTP/MTP_Speaker_cal.acdb
D/ ( 6867): [ACDB Command]->ACDB Sw Major = 3, ACDB Sw Minor = 0, ACDB Sw Revision = 0
D/ ( 6867): [ACDB Command]->ACDB File Major = 3, ACDB File Minor = 0, ACDB File Revision = 2
D/ACDB-LOADER( 6867): ACDB -> ACPH INIT
D/ ( 6867): [ACPH]->Online service registered with ACPH
D/ ( 6867): [ACPH]->ACPH init success
D/ACDB-LOADER( 6867): ACDB -> RTAC INIT
D/ ( 6867): [ACPH]->DSP RTC service registered with ACPH
D/ACDB-LOADER( 6867): ACDB -> ADIE RTAC INIT
D/ ( 6867): [ACPH]->ADIE RTC service registered with ACPH
D/ACDB-LOADER( 6867): No existing ION info in ACDB driver
D/ACDB-LOADER( 6867): ACDB -> ION_IOC_ALLOC
D/ACDB-LOADER( 6867): ACDB -> ION_IOC_SHARE
D/ACDB-LOADER( 6867): ACDB -> MMAP ADDR
D/ACDB-LOADER( 6867): ACDB -> register MEM to ACDB driver: 0xb539e000
D/ACDB-LOADER( 6867): ACDB -> send_asm_topology
D/ACDB-LOADER( 6867): ACDB -> ACDB_CMD_GET_AUDPROC_STREAM_TOPOLOGY_ID
D/ACDB-LOADER( 6867): ACDB -> send_adm_custom_topology
D/ACDB-LOADER( 6867): ACDB -> ACDB_CMD_GET_AUDIO_COPP_TOPOLOGIES
D/ ( 6867): ACDBFILE_MGR: Property for the pid 00012E47 not found
D/ ( 6867): ACDB_COMMAND: Failed to fetch the property info for pid 00012E47
E/ACDB-LOADER( 6867): Error: ACDB get adm topologies returned = -18
D/ACDB-LOADER( 6867): ACDB -> AUDIO_SET_ADM_CUSTOM_TOPOLOGY
D/ACDB-LOADER( 6867): ACDB -> send_asm_custom_topology
D/ACDB-LOADER( 6867): ACDB -> ACDB_CMD_GET_AUDIO_POPP_TOPOLOGIES
D/ACDB-LOADER( 6867): ACDB -> AUDIO_SET_ASM_CUSTOM_TOPOLOGY
D/ACDB-LOADER( 6867): ACDB -> init done!
D/platform_parser( 6867): platform_info_init: Failed to open /system/etc/platform_info.xml, using defaults.
D/audio_hw_spkr_prot( 6867): audio_extn_spkr_prot_init: Initialize speaker protection module
D/audio_hw_spkr_prot( 6867): audio_extn_spkr_prot_init: Speaker protection disabled
E/msm8974_platform( 6867): hw_util_open Opening device /dev/snd/hwC0D1000
E/msm8974_platform( 6867): hw_util_open success
D/ACDB-LOADER( 6867): ACDB -> ACDB_CMD_GET_ANC_SETTING
D/ACDB-LOADER( 6867): ACDB -> ACDB_CMD_GET_ANC_SETTING
D/ACDB-LOADER( 6867): ACDB -> ACDB_CMD_GET_ANC_SETTING
D/ACDB-LOADER( 6867): ACDB -> ACDB_CMD_GET_ANC_SETTING
D/ACDB-LOADER( 6867): ACDB -> ACDB_CMD_GET_ANC_SETTING
D/ACDB-LOADER( 6867): ACDB -> ACDB_CMD_GET_ANC_SETTING
D/ACDB-LOADER( 6867): ACDB -> ACDB_CMD_GET_ANC_SETTING
E/msm8974_platform( 6867): send_codec_cal cal sent for anc_cal
E/ACDB-LOADER( 6867): ACDB -> send_codec_cal
D/ACDB-LOADER( 6867): ACDB -> ACDB_CMD_GET_CODEC_CAL_DATA
E/msm8974_platform( 6867): send_codec_cal cal sent for mad_cal
D/ACDB-LOADER( 6867): send mbhc data
D/ACDB-LOADER( 6867): ACDB -> MBHC ACDB_PID_GENERAL_CONFIG
D/ACDB-LOADER( 6867): ACDB -> MBHC ACDB_PID_PLUG_REMOVAL_DETECTION
D/ACDB-LOADER( 6867): ACDB -> MBHC ACDB_PID_PLUG_TYPE_DETECTION
D/ACDB-LOADER( 6867): ACDB -> MBHC ACDB_PID_BUTTON_PRESS_DETECTION
D/ACDB-LOADER( 6867): ACDB -> MBHC ACDB_PID_IMPEDANCE_DETECTION
E/msm8974_platform( 6867): send_codec_cal cal sent for mbhc_cal
I/AudioFlinger( 6867): loadHwModule() Loaded primary audio interface from QCOM Audio HAL (audio) handle 1
D/audio_hw_primary( 6867): adev_open_output_stream: enter: sample_rate(48000) channel_mask(0x3) devices(0x2) flags(0x2) stream_handle(0xb58809c0)
D/audio_hw_primary( 6867): adev_open_output_stream: Stream (0xb58809c0) picks up usecase (deep-buffer-playback)
I/AudioFlinger( 6867): HAL output buffer size 960 frames, normal sink buffer size 960 frames
I/AudioMixer( 6867): found effect "Multichannel Downmix To Stereo" from The Android Open Source Project
I/AudioFlinger( 6867): Using module 1 has the primary audio interface
I/AudioFlinger( 6867): AudioFlinger's thread 0xb59e5000 ready to run
E/AudioPolicyManager( 6867): unknown stream type 13
E/AudioPolicyManager( 6867): unknown stream type 13
E/AudioPolicyManager( 6867): unknown stream type 13
W/AudioFlinger( 6867): Thread AudioOut_2 cannot connect to the power manager service
D/audio_hw_primary( 6867): out_standby: enter: stream (0xb58809c0) usecase(0: deep-buffer-playback)
W/AudioFlinger( 6867): Thread AudioOut_2 cannot connect to the power manager service
D/audio_hw_primary( 6867): out_set_parameters: enter: usecase(0: deep-buffer-playback) kvpairs: routing=2
D/audio_hw_extn( 6867): audio_extn_set_anc_parameters: anc_enabled:0
W/AudioFlinger( 6867): Thread AudioOut_2 cannot connect to the power manager service
E/AudioFlinger( 6867): no wake lock to update!
D/audio_hw_primary( 6867): out_set_parameters: enter: usecase(0: deep-buffer-playback) kvpairs: fm_volume=0.0000000000
D/audio_hw_extn( 6867): audio_extn_set_anc_parameters: anc_enabled:0
D/audio_hw_fm( 6867): audio_extn_fm_set_parameters: set_fm_volume usecase
D/audio_hw_fm( 6867): fm_set_volume: (0.000000)
E/AudioPolicyManager( 6867): unknown stream type 13
D/audio_hw_primary( 6867): adev_open_output_stream: enter: sample_rate(48000) channel_mask(0x3) devices(0x2) flags(0x4) stream_handle(0xb5880b00)
D/audio_hw_primary( 6867): adev_open_output_stream: Stream (0xb5880b00) picks up usecase (low-latency-playback)
I/AudioFlinger( 6867): HAL output buffer size 240 frames, normal sink buffer size 960 frames
E/MonoPipe( 6867): Failed to fetch local time frequency when constructing a MonoPipe (res = -32). getNextWriteTimestamp calls will be non-functional
W/art ( 6862): Invalid image header in '/data/dalvik-cache/arm/system@framework@boot.art'
I/art ( 6862): Pruning dalvik-cache since we are generating an image and will need to recompile
I/art ( 6862): Using an offset of 0xffc80000 from default art base address of 0x70000000
I/art ( 6862): GenerateImage: /system/bin/dex2oat --image=/data/dalvik-cache/arm/system@framework@boot.art --dex-file=/system/framework/core-libart.jar --dex-file=/system/framework/conscrypt.jar --dex-file=/system/framework/okhttp.jar --dex-file=/system/framework/core-junit.jar --dex-file=/system/framework/bouncycastle.jar --dex-file=/usr/libexec/sfdroid/system/framework/ext.jar --dex-file=/usr/libexec/sfdroid/system/framework/framework.jar --dex-file=/system/framework/telephony-common.jar --dex-file=/system/framework/voip-common.jar --dex-file=/system/framework/ims-common.jar --dex-file=/system/framework/mms-common.jar --dex-file=/system/framework/android.policy.jar --dex-file=/system/framework/apache-xml.jar --dex-file=/system/framework/qcmediaplayer.jar --dex-file=/system/framework/org.codeaurora.Performance.jar --dex-file=/system/framework/vcard.jar --dex-file=/system/framework/tcmiface.jar --dex-file=/system/framework/WfdCommon.jar --dex-file=/system/framework/qcom.fmradio.jar --dex-file=/system/framework/security-bri
I/dex2oat ( 6924): /system/bin/dex2oat --image=/data/dalvik-cache/arm/system@framework@boot.art --dex-file=/system/framework/core-libart.jar --dex-file=/system/framework/conscrypt.jar --dex-file=/system/framework/okhttp.jar --dex-file=/system/framework/core-junit.jar --dex-file=/system/framework/bouncycastle.jar --dex-file=/usr/libexec/sfdroid/system/framework/ext.jar --dex-file=/usr/libexec/sfdroid/system/framework/framework.jar --dex-file=/system/framework/telephony-common.jar --dex-file=/system/framework/voip-common.jar --dex-file=/system/framework/ims-common.jar --dex-file=/system/framework/mms-common.jar --dex-file=/system/framework/android.policy.jar --dex-file=/system/framework/apache-xml.jar --dex-file=/system/framework/qcmediaplayer.jar --dex-file=/system/framework/org.codeaurora.Performance.jar --dex-file=/system/framework/vcard.jar --dex-file=/system/framework/tcmiface.jar --dex-file=/system/framework/WfdCommon.jar --dex-file=/system/framework/qcom.fmradio.jar --dex-file=/system/framework/security-bridge.jar --dex-f
E/NetlinkListener( 6866): recvmsg failed (I/O error)
E/NetlinkListener( 3359): recvmsg failed (I/O error)
V/WLAN_PSA( 670): NL MSG, len[048], NL type[0x11] WNI type[0x5050] len[028]
V/WLAN_PSA( 670): NL MSG, PID: 670
E/NetlinkListener( 3359): recvmsg failed (I/O error)
E/NetlinkListener( 6866): recvmsg failed (I/O error)
E/NetlinkListener( 3359): recvmsg failed (I/O error)
E/NetlinkListener( 6866): recvmsg failed (I/O error)
W/dex2oat ( 6924): Skipping class org.codeaurora.camera.ExtendedFace from /system/framework/org.codeaurora.Performance.jar previously found in /usr/libexec/sfdroid/system/framework/framework.jar:classes2.dex
W/dex2oat ( 6924): Skipping class org.codeaurora.camera.QCFace from /system/framework/org.codeaurora.Performance.jar previously found in /usr/libexec/sfdroid/system/framework/framework.jar:classes2.dex
W/dex2oat ( 6924): Skipping class org.codeaurora.Performance from /system/framework/org.codeaurora.Performance.jar previously found in /usr/libexec/sfdroid/system/framework/framework.jar:classes2.dex
E/NetlinkListener( 3359): recvmsg failed (I/O error)
E/NetlinkListener( 6866): recvmsg failed (I/O error)
E/NetlinkListener( 3359): recvmsg failed (I/O error)
E/NetlinkListener( 6866): recvmsg failed (I/O error)
V/WLAN_PSA( 670): NL MSG, len[4077], NL type[0x1C] WNI type[0x5900] len[54543]
V/WLAN_PSA( 670): NL MSG, PID: 670