W/Resources( 5522): Preloaded drawable resource #0x1080400 (android:drawable/ic_menu_search_material) that varies with configuration!!
W/Resources( 5522): Preloaded drawable resource #0x108049b (android:drawable/list_divider_material) that varies with configuration!!
W/Resources( 5522): Preloaded drawable resource #0x10804a8 (android:drawable/list_section_divider_material) that varies with configuration!!
W/Resources( 5522): Preloaded drawable resource #0x108056e (android:drawable/progress_horizontal_material) that varies with configuration!!
W/Resources( 5522): Preloaded drawable resource #0x10805c4 (android:drawable/ratingbar_full_empty_material) that varies with configuration!!
W/Resources( 5522): Preloaded drawable resource #0x10805c8 (android:drawable/ratingbar_full_filled_material) that varies with configuration!!
W/Resources( 5522): Preloaded drawable resource #0x10805c4 (android:drawable/ratingbar_full_empty_material) that varies with configuration!!
W/Resources( 5522): Preloaded drawable resource #0x10805c4 (android:drawable/ratingbar_full_empty_material) that varies with configuration!!
W/Resources( 5522): Preloaded drawable resource #0x10805c8 (android:drawable/ratingbar_full_filled_material) that varies with configuration!!
W/Resources( 5522): Preloaded drawable resource #0x10805cb (android:drawable/ratingbar_full_material) that varies with configuration!!
W/Resources( 5522): Preloaded drawable resource #0x10805e3 (android:drawable/scrubber_control_material_anim) that varies with configuration!!
W/Resources( 5522): Preloaded drawable resource #0x10805eb (android:drawable/scrubber_control_selector_material) that varies with configuration!!
W/Resources( 5522): Preloaded drawable resource #0x10805f6 (android:drawable/scrubber_progress_horizontal_material) that varies with configuration!!
W/Resources( 5522): Preloaded drawable resource #0x108062e (android:drawable/spinner_background_material) that varies with configuration!!
W/Resources( 5522): Preloaded drawable resource #0x108064b (android:drawable/spinner_textfield_background_material) that varies with configuration!!
W/Resources( 5522): Preloaded drawable resource #0x10806bb (android:drawable/switch_thumb_material_anim) that varies with configuration!!
W/Resources( 5522): Preloaded drawable resource #0x10806c0 (android:drawable/switch_track_material) that varies with configuration!!
W/Resources( 5522): Preloaded drawable resource #0x10806ea (android:drawable/tab_indicator_material) that varies with configuration!!
W/Resources( 5522): Preloaded drawable resource #0x1080701 (android:drawable/text_cursor_material) that varies with configuration!!
W/Resources( 5522): Preloaded drawable resource #0x1080739 (android:drawable/textfield_search_material) that varies with configuration!!
W/Resources( 5522): Preloaded drawable resource #0x1080707 (android:drawable/text_select_handle_left_material) that varies with configuration!!
W/Resources( 5522): Preloaded drawable resource #0x108070a (android:drawable/text_select_handle_middle_material) that varies with configuration!!
W/Resources( 5522): Preloaded drawable resource #0x108070d (android:drawable/text_select_handle_right_material) that varies with configuration!!
I/art ( 5522): Explicit concurrent mark sweep GC freed 4416(1380KB) AllocSpace objects, 0(0B) LOS objects, 52% free, 3MB/7MB, paused 169us total 8.734ms
I/Zygote ( 5522): ...preloaded 343 resources in 556ms.
I/art ( 5522): Explicit concurrent mark sweep GC freed 1845(2022KB) AllocSpace objects, 0(0B) LOS objects, 70% free, 1729KB/5MB, paused 164us total 16.595ms
I/Zygote ( 5522): ...preloaded 41 resources in 52ms.
I/art ( 5522): Counter: 0
D/libEGL ( 5522): loaded /vendor/lib/egl/libEGL_adreno.so
D/libEGL ( 5522): loaded /vendor/lib/egl/libGLESv1_CM_adreno.so
D/libEGL ( 5522): loaded /vendor/lib/egl/libGLESv2_adreno.so
I/Zygote ( 5522): Preloading shared libraries...
D/Zygote ( 5522): end preload
I/art ( 5522): Explicit concurrent mark sweep GC freed 509(22KB) AllocSpace objects, 0(0B) LOS objects, 70% free, 1715KB/5MB, paused 134us total 6.328ms
I/art ( 5522): Explicit concurrent mark sweep GC freed 41(1568B) AllocSpace objects, 0(0B) LOS objects, 70% free, 1713KB/5MB, paused 131us total 5.840ms
I/art ( 5522): Explicit concurrent mark sweep GC freed 5(160B) AllocSpace objects, 0(0B) LOS objects, 70% free, 1713KB/5MB, paused 130us total 6.141ms
E/NetlinkListener( 3359): recvmsg failed (I/O error)
E/NetlinkListener( 5523): recvmsg failed (I/O error)
I/Zygote ( 5522): System server process 5616 has been created
I/Zygote ( 5522): Accepting command socket connections
I/InstallerConnection( 5616): disconnecting...
I/SystemServer( 5616): Entered the Android system server!
V/Fingerprint-JNI( 5616): FingerprintManager JNI ready.
I/ ( 5616): System server: starting sensor init.
D/SensorService( 5616): nuSensorService starting...
I/SystemServiceManager( 5616): Starting com.android.server.pm.Installer
I/Installer( 5616): Waiting for installd to be ready.
I/InstallerConnection( 5616): connecting...
I/installd( 3000): new connection
I/SystemServiceManager( 5616): Starting com.android.server.am.ActivityManagerService$Lifecycle
E/qti_sensors_hal( 5616): SensorsContext: Hal opened lib /system/lib/hw/sensors.oem.so failed!
E/Sensors ( 1059): sns_acm_mr.c(432):Transport error -45
E/Sensors ( 1059): sns_acm_mr.c(432):Transport error -45
I/XXXXXX ( 5616): choosing minFree values for 32 Bit
I/XXXXXX ( 5616): choosing minFree values for 32 Bit
I/XXXXXX ( 5616): choosing minFree values for 32 Bit
I/XXXXXX ( 5616): choosing minFree values for 32 Bit
I/XXXXXX ( 5616): choosing minFree values for 32 Bit
I/XXXXXX ( 5616): choosing minFree values for 32 Bit
E/Sensors ( 1059): sns_acm_mr.c(432):Transport error -45
E/Sensors ( 1059): sns_acm_mr.c(432):Transport error -45
I/ActivityManager( 5616): Memory class: 128
E/Sensors ( 1059): sns_acm_mr.c(432):Transport error -45
E/Sensors ( 1059): sns_acm_mr.c(432):Transport error -45
I/ServiceThread( 5616): Enabled StrictMode logging for ActivityManager looper.
E/Sensors ( 1059): sns_acm_mr.c(432):Transport error -45
E/Sensors ( 1059): sns_acm_mr.c(432):Transport error -45
E/Sensors ( 1059): sns_acm_mr.c(432):Transport error -45
E/Sensors ( 1059): sns_acm_mr.c(734):Request made to disabled service
E/Sensors ( 1059): sns_main.c(1331):Error writing request. sns_err 3 error 0 qmi_err 0
E/qti_sensors_hal( 5616): SAMSensor_sensor1_cb: attributes request failed for handle 55
E/qti_sensors_hal( 5616): processResp: Msg 36; Result: 1, Error: 3
W/qti_sensors_hal( 5616): addSensor : Not supported sensor with handle 31!
W/qti_sensors_hal( 5616): addSensor : Not supported sensor with handle 32!
E/Sensors ( 1059): sns_acm_mr.c(432):Transport error -45
E/Sensors ( 1059): sns_acm_mr.c(432):Transport error -45
E/Sensors ( 1059): sns_acm_mr.c(432):Transport error -45
I/AppOps ( 5616): No existing app ops /data/system/appops.xml; starting empty
E/Sensors ( 1059): sns_acm_mr.c(432):Transport error -45
E/NetlinkListener( 5523): recvmsg failed (I/O error)
E/NetlinkListener( 3359): recvmsg failed (I/O error)
E/Sensors ( 1059): sns_acm_mr.c(432):Transport error -45
E/Sensors ( 1059): sns_acm_mr.c(432):Transport error -45
E/Sensors ( 1059): sns_acm_mr.c(432):Transport error -45
E/Sensors ( 1059): sns_acm_mr.c(432):Transport error -45
E/Sensors ( 1059): sns_acm_mr.c(734):Request made to disabled service
E/Sensors ( 1059): sns_main.c(1331):Error writing request. sns_err 3 error 0 qmi_err 0
E/qti_sensors_hal( 5616): SAMSensor_sensor1_cb: attributes request failed for handle 46
E/qti_sensors_hal( 5616): processResp: Msg 36; Result: 1, Error: 3
I/ServiceManager( 5520): Waiting for service batterystats...
E/qti_sensors_hal( 5616): processSingleSensorInfoResp: either handle_wakeup is -1 or error is true or mSensors[handle_wakeup] is NULL!
E/qti_sensors_hal( 5616): processSingleSensorInfoResp: either handle_wakeup is -1 or error is true or mSensors[handle_wakeup] is NULL!
E/qti_sensors_hal( 5616): processSingleSensorInfoResp: either handle_wakeup is -1 or error is true or mSensors[handle_wakeup] is NULL!
E/qti_sensors_hal( 5616): processSingleSensorInfoResp: either handle is -1 or error is true or mSensors[handle] is NULL!
E/qti_sensors_hal( 5616): processSingleSensorInfoResp: either handle_wakeup is -1 or error is true or mSensors[handle_wakeup] is NULL!
E/qti_sensors_hal( 5616): OEMAddSensors : The OEM_module is NULL!
I/IntentFirewall( 5616): Read new rules (A:0 B:0 S:0)
I/ServiceThread( 5616): Enabled StrictMode logging for android.ui looper.
I/ServiceThread( 5616): Enabled StrictMode logging for android.display looper.
W/qti_sensors_hal( 5616): sensors_get_sensors_list: handle 51 is not registered!
W/qti_sensors_hal( 5616): sensors_get_sensors_list: handle 52 is not registered!
W/qti_sensors_hal( 5616): sensors_get_sensors_list: handle 17 is not registered!
W/qti_sensors_hal( 5616): sensors_get_sensors_list: handle 26 is not registered!
W/qti_sensors_hal( 5616): sensors_get_sensors_list: handle 27 is not registered!
W/qti_sensors_hal( 5616): sensors_get_sensors_list: handle 65 is not registered!
W/qti_sensors_hal( 5616): sensors_get_sensors_list: handle 66 is not registered!
W/qti_sensors_hal( 5616): sensors_get_sensors_list: handle 19 is not registered!
W/qti_sensors_hal( 5616): sensors_get_sensors_list: handle 24 is not registered!
W/qti_sensors_hal( 5616): sensors_get_sensors_list: handle 64 is not registered!
W/qti_sensors_hal( 5616): sensors_get_sensors_list: handle 18 is not registered!
W/qti_sensors_hal( 5616): sensors_get_sensors_list: handle 20 is not registered!
W/qti_sensors_hal( 5616): sensors_get_sensors_list: handle 25 is not registered!
W/qti_sensors_hal( 5616): sensors_get_sensors_list: handle 28 is not registered!
W/qti_sensors_hal( 5616): sensors_get_sensors_list: handle 57 is not registered!
W/qti_sensors_hal( 5616): sensors_get_sensors_list: handle 58 is not registered!
W/qti_sensors_hal( 5616): sensors_get_sensors_list: handle 59 is not registered!
W/qti_sensors_hal( 5616): sensors_get_sensors_list: handle 62 is not registered!
W/qti_sensors_hal( 5616): sensors_get_sensors_list: handle 63 is not registered!
W/qti_sensors_hal( 5616): sensors_get_sensors_list: handle 60 is not registered!
W/qti_sensors_hal( 5616): sensors_get_sensors_list: handle 61 is not registered!
W/qti_sensors_hal( 5616): sensors_get_sensors_list: handle 56 is not registered!
W/qti_sensors_hal( 5616): sensors_get_sensors_list: handle 21 is not registered!
W/qti_sensors_hal( 5616): sensors_get_sensors_list: handle 22 is not registered!
W/qti_sensors_hal( 5616): sensors_get_sensors_list: handle 23 is not registered!
W/qti_sensors_hal( 5616): sensors_get_sensors_list: handle 31 is not registered!
W/qti_sensors_hal( 5616): sensors_get_sensors_list: handle 32 is not registered!
W/qti_sensors_hal( 5616): sensors_get_sensors_list: handle 35 is not registered!
W/qti_sensors_hal( 5616): sensors_get_sensors_list: handle 41 is not registered!
W/qti_sensors_hal( 5616): sensors_get_sensors_list: handle 54 is not registered!
I/ ( 5616): System server: sensor init done.
D/SensorService( 5616): nuSensorService thread starting...
E/ServiceManager( 5516): add_service('appops',9) uid=1000 - ALREADY REGISTERED, OVERRIDE
I/ServiceManager( 5516): service 'appops' died
D/SensorService( 5616): new thread SensorEventAckReceiver
D/AppOps ( 5616): AppOpsService published
I/SystemServiceManager( 5616): Starting com.android.server.power.PowerManagerService
I/ServiceThread( 5616): Enabled StrictMode logging for PowerManagerService looper.
E/PowerManagerService-JNI( 5616): Couldn't load power module (Operation not permitted)
W/libsuspend( 5616): Error writing 'on' to /sys/power/state: Invalid argument
I/libsuspend( 5616): Selected wakeup count
I/SystemServiceManager( 5616): Starting com.android.server.display.DisplayManagerService
E/BatteryStatsService( 5616): Failed to open /sys/kernel/wakeup_reasons/last_resume_reason
I/SystemServiceManager( 5616): Starting phase 100
I/DisplayManagerService( 5616): Display device added: DisplayDeviceInfo{"Built-in Screen": uniqueId="local:0", 1080 x 1920, 0.466 fps, supportedRefreshRates [0.466], density 480, 160.42105 x 159.89508 dpi, appVsyncOff 0, presDeadline 2146922789, touch INTERNAL, rotation 0, type BUILT_IN, state UNKNOWN, FLAG_DEFAULT_DISPLAY, FLAG_ROTATES_WITH_CONTENT, FLAG_SECURE, FLAG_SUPPORTS_PROTECTED_BUFFERS}
I/SystemServer( 5616): Package Manager
E/SELinuxMMAC( 5616): Error with hashing seapp_contexts.
E/SELinuxMMAC( 5616): java.io.FileNotFoundException: /seapp_contexts: open failed: ENOENT (No such file or directory)
E/SELinuxMMAC( 5616): at libcore.io.IoBridge.open(IoBridge.java:456)
E/SELinuxMMAC( 5616): at libcore.io.IoUtils$FileReader.(IoUtils.java:209)
E/SELinuxMMAC( 5616): at libcore.io.IoUtils.readFileAsByteArray(IoUtils.java:109)
E/SELinuxMMAC( 5616): at com.android.server.pm.SELinuxMMAC.returnHash(SELinuxMMAC.java:456)
E/SELinuxMMAC( 5616): at com.android.server.pm.SELinuxMMAC.shouldRestorecon(SELinuxMMAC.java:389)
E/SELinuxMMAC( 5616): at com.android.server.pm.PackageManagerService.(PackageManagerService.java:419)
E/SELinuxMMAC( 5616): at com.android.server.pm.PackageManagerService.main(PackageManagerService.java:1261)
E/SELinuxMMAC( 5616): at com.android.server.SystemServer.startBootstrapServices(SystemServer.java:358)
E/SELinuxMMAC( 5616): at com.android.server.SystemServer.run(SystemServer.java:263)
E/SELinuxMMAC( 5616): at com.android.server.SystemServer.main(SystemServer.java:179)
E/SELinuxMMAC( 5616): at java.lang.reflect.Method.invoke(Native Method)
E/SELinuxMMAC( 5616): at java.lang.reflect.Method.invoke(Method.java:372)
E/SELinuxMMAC( 5616): at com.android.internal.os.ZygoteInit$MethodAndArgsCaller.run(ZygoteInit.java:904)
E/SELinuxMMAC( 5616): at com.android.internal.os.ZygoteInit.main(ZygoteInit.java:699)
E/SELinuxMMAC( 5616): Caused by: android.system.ErrnoException: open failed: ENOENT (No such file or directory)
E/SELinuxMMAC( 5616): at libcore.io.Posix.open(Native Method)
E/SELinuxMMAC( 5616): at libcore.io.BlockGuardOs.open(BlockGuardOs.java:186)
E/SELinuxMMAC( 5616): at libcore.io.IoBridge.open(IoBridge.java:442)
E/SELinuxMMAC( 5616): ... 13 more
D/EntSec ( 5616): [QSB ] [QSB_CLIENT ] QualcommSecurityBridge: PackageManager
I/EntSec ( 5616): [QSB ] [PORT_SWITCH] QSB Client Thread created
I/EntSec ( 5616): [QSB ] [PORT_SWITCH] QSB Port Switching Thread start running...
D/EntSec ( 5616): [QSB ] [PORT_SWITCH] Creating NQS Communicator instance
D/EntSec ( 5616): [QSB ] [NQS_CONECTOR] Trying to open a local socket
E/EntSec ( 5616): [QSB ] [NQS_CONECTOR] Failed to create and connect a local socket. [Error Description: No such file or directory ]
E/EntSec ( 5616): [QSB ] [NQS_CONECTOR] Failed to connect to the NQS [Error Description: No such file or directory ]
D/EntSec ( 5616): [QSB ] [PORT_SWITCH] NQS Communicator is disconnected
E/EntSec ( 5616): [QSB ] [PORT_SWITCH] No connection with the NQS; QSB initializes with the default port
I/EntSec ( 5616): [QSB ] [QSB_CLIENT ] Revert Loading port completed successfully
E/EntSec ( 5616): [QSB ] [PORT_SWITCH] QSB Port Switching Thread stop running.
W/SystemConfig( 5616): No directory /system/etc/sysconfig, skipping
D/SELinuxMMAC( 5616): Using policy file /system/etc/security/mac_permissions.xml
E/NetlinkListener( 3359): recvmsg failed (I/O error)
E/NetlinkListener( 5523): recvmsg failed (I/O error)
E/art ( 5616): DexFile_isDexOptNeeded file '/system/framework/com.google.widevine.software.drm.jar' does not exist
W/PackageManager( 5616): Library not found: /system/framework/com.google.widevine.software.drm.jar
E/art ( 5616): DexFile_isDexOptNeeded file '/system/framework/com.google.android.media.effects.jar' does not exist
W/PackageManager( 5616): Library not found: /system/framework/com.google.android.media.effects.jar
E/art ( 5616): DexFile_isDexOptNeeded file '/system/framework/com.google.android.maps.jar' does not exist
W/PackageManager( 5616): Library not found: /system/framework/com.google.android.maps.jar
E/art ( 5616): DexFile_isDexOptNeeded file '/system/framework/com.fairphone.hiccup.jar' does not exist
W/PackageManager( 5616): Library not found: /system/framework/com.fairphone.hiccup.jar
D/PackageManager( 5616): No files in app dir /vendor/overlay
I/PackageManager( 5616): /usr/libexec/sfdroid/system/priv-app/Settings changed; collecting certs
I/art ( 5616): Background sticky concurrent mark sweep GC freed 30766(2MB) AllocSpace objects, 56(1322KB) LOS objects, 53% free, 2MB/5MB, paused 6.359ms total 43.350ms
W/PackageManager( 5616): Failed to parse /usr/libexec/sfdroid/system/priv-app/Settings: Signature mismatch for shared user : SharedUserSetting{2c7e4ec4 android.uid.system/1000}
I/PackageManager( 5616): /system/priv-app/CNEService changed; collecting certs
W/PackageManager( 5616): Failed to parse /system/priv-app/CNEService: Signature mismatch for shared user : SharedUserSetting{2c7e4ec4 android.uid.system/1000}
W/ResourceType( 5616): Failure getting entry for 0x7f0b0232 (t=10 e=562) (error -75)
W/PackageParser( 5616): No actions in intent filter at /system/priv-app/Contacts/Contacts.apk Binary XML file line #364
W/PackageParser( 5616): No actions in intent filter at /system/priv-app/Dialer/Dialer.apk Binary XML file line #168
W/PackageParser( 5616): No actions in intent filter at /system/priv-app/ProximitySensorTools/ProximitySensorTools.apk Binary XML file line #54
I/PackageManager( 5616): /system/priv-app/Settings changed; collecting certs
E/MediaPlayerFactory( 5520): calling dlopen on FACTORY_LIB
E/MediaPlayerFactory( 5520): calling dlsym on pFactoryLib for FACTORY_CREATE_FN
E/MediaPlayerFactory( 5520): registering DASH Player factory...
I/CameraService( 5520): CameraService started (pid=5520)
D/mm-camera-intf( 5520): get_num_of_cameras gMmCameraIntfLogLevel=1
E/mm-camera-intf( 5520): entity id 1
E/mm-camera-intf( 5520): entity name video0 type 65537 group id 2
E/mm-camera-intf( 5520): entity id 2
E/mm-camera-intf( 5520): entity name msm_cci type 131072 group id 0
E/mm-camera-intf( 5520): entity id 3
E/mm-camera-intf( 5520): entity name v4l-subdev0 type 131072 group id 0
E/mm-camera-intf( 5520): entity id 4
E/mm-camera-intf( 5520): entity name v4l-subdev1 type 131072 group id 0
E/mm-camera-intf( 5520): entity id 5
E/mm-camera-intf( 5520): entity name v4l-subdev2 type 131072 group id 0
E/mm-camera-intf( 5520): entity id 6
E/mm-camera-intf( 5520): entity name v4l-subdev3 type 131072 group id 1
E/mm-camera-intf( 5520): entity id 7
E/mm-camera-intf( 5520): entity name v4l-subdev4 type 131072 group id 1
E/mm-camera-intf( 5520): entity id 8
E/mm-camera-intf( 5520): entity name v4l-subdev5 type 131072 group id 1
E/mm-camera-intf( 5520): entity id 9
E/mm-camera-intf( 5520): entity name v4l-subdev6 type 131072 group id 1
E/mm-camera-intf( 5520): entity id 10
E/mm-camera-intf( 5520): entity name v4l-subdev7 type 131072 group id 7
E/mm-camera-intf( 5520): entity id 11
E/mm-camera-intf( 5520): entity name v4l-subdev8 type 131072 group id 7
E/mm-camera-intf( 5520): entity id 12
E/mm-camera-intf( 5520): entity name v4l-subdev9 type 131072 group id 11
E/mm-camera-intf( 5520): entity id 13
E/mm-camera-intf( 5520): entity name v4l-subdev10 type 131072 group id 8
E/mm-camera-intf( 5520): entity id 14
E/mm-camera-intf( 5520): entity name v4l-subdev11 type 131072 group id 14
E/mm-camera-intf( 5520): entity id 1
E/mm-camera-intf( 5520): entity name video1 type 65537 group id 2
E/mm-camera-intf( 5520): entity id 2
E/mm-camera-intf( 5520): Done enumerating media entities
E/mm-camera-intf( 5520): entity id 1
E/mm-camera-intf( 5520): entity name video2 type 65537 group id 2
E/mm-camera-intf( 5520): entity id 2
E/mm-camera-intf( 5520): Done enumerating media entities
D/mm-camera-intf( 5520): index = 0 flag = 1 mount_angle = 90 facing = 0
D/mm-camera-intf( 5520): index = 1 flag = 103 mount_angle = 270 facing = 1
I/CameraService( 5520): Loaded "QCamera Module" camera module
I/AudioPolicyService( 5520): AudioPolicyService CSTOR in new mode
I/AudioPolicyManager( 5520): loadAudioPolicyConfig() loaded /system/etc/audio_policy.conf
W/ResourceType( 5616): Failure getting entry for 0x7f08031d (t=7 e=797) (error -75)
W/PackageParser( 5616): Unknown element under : android at /system/priv-app/Telecom/Telecom.apk Binary XML file line #233
I/PackageManager( 5616): /system/priv-app/com.qualcomm.location changed; collecting certs
W/PackageManager( 5616): Failed to parse /system/priv-app/com.qualcomm.location: Signature mismatch for shared user : SharedUserSetting{2c7e4ec4 android.uid.system/1000}
I/PackageManager( 5616): /system/priv-app/com.qualcomm.msapm changed; collecting certs
W/PackageManager( 5616): Failed to parse /system/priv-app/com.qualcomm.msapm: Signature mismatch for shared user : SharedUserSetting{2c7e4ec4 android.uid.system/1000}
V/WLAN_PSA( 670): NL MSG, len[048], NL type[0x11] WNI type[0x5050] len[028]
V/WLAN_PSA( 670): NL MSG, PID: 670
W/PackageParser( 5616): No actions in intent filter at /system/app/Bluetooth/Bluetooth.apk Binary XML file line #229
W/PackageParser( 5616): Unknown element under : uses-feature at /system/app/BluetoothExt/BluetoothExt.apk Binary XML file line #57
W/PackageParser( 5616): No actions in intent filter at /system/app/BluetoothExt/BluetoothExt.apk Binary XML file line #110
W/PackageParser( 5616): No actions in intent filter at /system/app/BluetoothExt/BluetoothExt.apk Binary XML file line #134
W/PackageParser( 5616): No actions in intent filter at /system/app/BluetoothExt/BluetoothExt.apk Binary XML file line #161
I/PackageManager( 5616): /system/app/CABLService changed; collecting certs
W/PackageManager( 5616): Failed to parse /system/app/CABLService: Signature mismatch for shared user : SharedUserSetting{2c7e4ec4 android.uid.system/1000}
W/PackageParser( 5616): Unknown element under : permission at /system/app/Gallery2/Gallery2.apk Binary XML file line #254
W/PackageParser( 5616): Unknown element under : permission at /system/app/Gallery2/Gallery2.apk Binary XML file line #257
I/PackageManager( 5616): /system/app/GsmTuneAway changed; collecting certs
W/PackageManager( 5616): Failed to parse /system/app/GsmTuneAway: Signature mismatch for shared user : SharedUserSetting{237f5c80 android.uid.phone/1001}
I/PackageParser( 5616): com.qualcomm.interfacepermissions: compat added android.permission.WRITE_EXTERNAL_STORAGE android.permission.READ_PHONE_STATE
I/PackageManager( 5616): /system/app/NetworkSetting changed; collecting certs
W/PackageManager( 5616): Failed to parse /system/app/NetworkSetting: Signature mismatch for shared user : SharedUserSetting{237f5c80 android.uid.phone/1001}
V/WLAN_PSA( 670): NL MSG, len[4006], NL type[0x1C] WNI type[0x5900] len[36367]
V/WLAN_PSA( 670): NL MSG, PID: 670
I/PackageParser( 5616): com.qualcomm.qcom_qmi: compat added android.permission.WRITE_EXTERNAL_STORAGE android.permission.READ_PHONE_STATE
I/PackageManager( 5616): /system/app/SVIService changed; collecting certs
W/PackageManager( 5616): Failed to parse /system/app/SVIService: Signature mismatch for shared user : SharedUserSetting{2c7e4ec4 android.uid.system/1000}
I/PackageManager( 5616): /system/app/TimeService changed; collecting certs
W/PackageManager( 5616): Failed to parse /system/app/TimeService: Signature mismatch for shared user : SharedUserSetting{2c7e4ec4 android.uid.system/1000}
I/PackageManager( 5616): /system/app/WfdService changed; collecting certs
W/PackageManager( 5616): Failed to parse /system/app/WfdService: Signature mismatch for shared user : SharedUserSetting{2c7e4ec4 android.uid.system/1000}
I/PackageManager( 5616): /system/app/btmultisim changed; collecting certs
W/PackageManager( 5616): Failed to parse /system/app/btmultisim: Signature mismatch for shared user : SharedUserSetting{237f5c80 android.uid.phone/1001}
I/PackageManager( 5616): /system/app/com.qualcomm.qti.services.secureui changed; collecting certs
W/PackageManager( 5616): Failed to parse /system/app/com.qualcomm.qti.services.secureui: Signature mismatch for shared user : SharedUserSetting{2c7e4ec4 android.uid.system/1000}
I/PackageManager( 5616): /system/app/fastdormancy changed; collecting certs
W/PackageManager( 5616): Failed to parse /system/app/fastdormancy: Signature mismatch for shared user : SharedUserSetting{2c7e4ec4 android.uid.system/1000}
I/PackageManager( 5616): /system/app/qcrilmsgtunnel changed; collecting certs
W/PackageManager( 5616): Failed to parse /system/app/qcrilmsgtunnel: Signature mismatch for shared user : SharedUserSetting{237f5c80 android.uid.phone/1001}
I/PackageManager( 5616): /system/vendor/app/ims changed; collecting certs
W/PackageManager( 5616): Failed to parse /system/vendor/app/ims: Signature mismatch for shared user : SharedUserSetting{237f5c80 android.uid.phone/1001}
D/PackageManager( 5616): No files in app dir /oem/app
D/PackageManager( 5616): No files in app dir /data/app
D/PackageManager( 5616): No files in app dir /data/app-private
W/PackageManager( 5616): Package org.codeaurora.bluetooth desires unavailable shared library com.quicinc.wbc; ignoring!
W/PackageManager( 5616): Package com.android.email desires unavailable shared library org.apache.http.legacy; ignoring!
I/PackageManager( 5616): Adjusting ABI for : com.android.providers.settings to armeabi-v7a
I/PackageManager( 5616): Adjusting ABI for : com.codeaurora.fmrecording to armeabi-v7a
I/PackageManager( 5616): Adjusting ABI for : com.fairphone.setupwizard to armeabi-v7a
I/PackageManager( 5616): Adjusting ABI for : com.android.settings to armeabi-v7a
I/PackageManager( 5616): Running dexopt on: /system/priv-app/Settings/Settings.apk pkg=com.android.settings isa=arm vmSafeMode=false
I/dex2oat ( 5709): /system/bin/dex2oat --zip-fd=5 --zip-location=/system/priv-app/Settings/Settings.apk --oat-fd=6 --oat-location=/data/dalvik-cache/arm/system@priv-app@Settings@Settings.apk@classes.dex --instruction-set=arm --instruction-set-features=div --runtime-arg -Xms64m --runtime-arg -Xmx512m --swap-fd=11
I/dex2oat ( 5709): Decided to run without swap.
E/NetlinkListener( 3359): recvmsg failed (I/O error)
E/NetlinkListener( 5523): recvmsg failed (I/O error)
E/NetlinkListener( 3359): recvmsg failed (I/O error)
E/NetlinkListener( 5523): recvmsg failed (I/O error)
E/NetlinkListener( 3359): recvmsg failed (I/O error)
E/NetlinkListener( 5523): recvmsg failed (I/O error)
E/NetlinkListener( 5523): recvmsg failed (I/O error)
E/NetlinkListener( 3359): recvmsg failed (I/O error)
E/NetlinkListener( 3359): recvmsg failed (I/O error)
E/NetlinkListener( 5523): recvmsg failed (I/O error)
E/NetlinkListener( 5523): recvmsg failed (I/O error)
E/NetlinkListener( 3359): recvmsg failed (I/O error)
I/dex2oat ( 5709): dex2oat took 2.196s (threads: 4) arena alloc=354KB java alloc=4MB native alloc=6MB free=9MB
I/PackageManager( 5616): Adjusting ABI for : com.android.soundrecorder to armeabi-v7a
I/PackageManager( 5616): Adjusting ABI for : com.fairphone.privacyimpact to armeabi-v7a
I/PackageManager( 5616): Adjusting ABI for : com.dsi.ant.server to armeabi-v7a
I/PackageManager( 5616): Adjusting ABI for : com.android.dialer to armeabi-v7a
I/PackageManager( 5616): Adjusting ABI for : com.android.server.telecom to armeabi-v7a
I/PackageManager( 5616): Adjusting ABI for : com.android.location.fused to armeabi-v7a
I/PackageManager( 5616): Adjusting ABI for : com.fairphone.psensor to armeabi-v7a
I/PackageManager( 5616): Adjusting ABI for : com.android.keychain to armeabi-v7a
I/PackageManager( 5616): Adjusting ABI for : com.android.inputdevices to armeabi-v7a
I/PackageManager( 5616): Time to scan packages: 3.664 seconds
W/PackageManager( 5616): Unknown permission com.google.android.googleapps.permission.GOOGLE_AUTH in package com.android.providers.calendar
W/PackageManager( 5616): Unknown permission com.google.android.googleapps.permission.GOOGLE_AUTH.cl in package com.android.providers.calendar
W/PackageManager( 5616): Unknown permission com.qualcomm.permission.USE_QCRIL_MSG_TUNNEL in package com.qualcomm.shutdownlistner
W/PackageManager( 5616): Unknown permission android.permission.PREVENT_POWER_KEY in package com.fairphone.checkup
W/PackageManager( 5616): Not granting permission android.permission.GLOBAL_SEARCH to package com.android.quicksearchbox (protectionLevel=18 flags=0x48be45)
W/PackageManager( 5616): Not granting permission android.permission.ACCESS_DOWNLOAD_MANAGER to package com.android.browser (protectionLevel=18 flags=0x9be45)
W/PackageManager( 5616): Not granting permission android.permission.SEND_DOWNLOAD_COMPLETED_INTENTS to package com.android.browser (protectionLevel=2 flags=0x9be45)
W/PackageManager( 5616): Unknown permission android.permission.MMS_PUSH in package org.codeaurora.bluetooth
W/PackageManager( 5616): Not granting permission android.permission.BIND_WALLPAPER to package com.android.camera2 (protectionLevel=18 flags=0x58bc45)
W/PackageManager( 5616): Unknown permission android.permission.INSTALL_DRM in package com.android.mms
W/PackageManager( 5616): Unknown permission com.google.android.googleapps.permission.GOOGLE_AUTH.mail in package com.android.calendar
W/PackageManager( 5616): Unknown permission com.android.launcher.permission.READ_SETTINGS in package com.android.onetimeinitializer
W/PackageManager( 5616): Unknown permission com.android.launcher.permission.WRITE_SETTINGS in package com.android.onetimeinitializer
W/PackageManager( 5616): Not granting permission android.permission.DELETE_PACKAGES to package com.svox.pico (protectionLevel=18 flags=0x8be45)
W/PackageManager( 5616): Unknown permission android.permission.ACCESS_THEME_MANAGER in package com.fairphone.setupwizard
W/PackageManager( 5616): Unknown permission com.google.android.gallery3d.permission.PICASA_STORE in package com.android.dreams.phototable
W/PackageManager( 5616): Unknown permission android.permission.ACCESS_SUPERUSER in package com.amaze.filemanager
W/PackageManager( 5616): Unknown permission com.google.android.googleapps.permission.GOOGLE_AUTH in package com.android.settings
W/PackageManager( 5616): Unknown permission com.android.launcher.permission.READ_SETTINGS in package com.android.settings
W/PackageManager( 5616): Unknown permission com.android.launcher.permission.WRITE_SETTINGS in package com.android.settings
W/PackageManager( 5616): Unknown permission com.android.launcher.permission.READ_SETTINGS in package com.fairphone.fplauncher3
W/PackageManager( 5616): Unknown permission com.android.launcher.permission.WRITE_SETTINGS in package com.fairphone.fplauncher3
W/PackageManager( 5616): Unknown permission android.permission.ACCESS_SUPERUSER in package com.fairphone.updater
W/PackageManager( 5616): Not granting permission android.permission.DEVICE_POWER to package com.android.deskclock (protectionLevel=2 flags=0x48be45)
W/PackageManager( 5616): Unknown permission com.google.android.gallery3d.permission.GALLERY_PROVIDER in package com.android.bluetooth
I/art ( 5616): Explicit concurrent mark sweep GC freed 45768(2MB) AllocSpace objects, 18(288KB) LOS objects, 60% free, 2MB/6MB, paused 1.046ms total 29.893ms
I/SystemServer( 5616): User Service
E/ServiceManager( 5516): add_service('permission',15) uid=1000 - ALREADY REGISTERED, OVERRIDE
I/ServiceManager( 5516): service 'permission' died
I/lowmemorykiller( 769): ActivityManager connected
I/SystemServiceManager( 5616): Starting com.android.server.lights.LightsService
I/SystemServiceManager( 5616): Starting com.android.server.BatteryService
I/SystemServiceManager( 5616): Starting com.android.server.usage.UsageStatsService
I/UsageStatsService( 5616): User[0] Rollover scheduled @ 2016-12-14 00:00:00(1481673600000)
I/SystemServiceManager( 5616): Starting com.android.server.webkit.WebViewUpdateService
I/SystemServer( 5616): Reading configuration...
I/SystemServer( 5616): Scheduling Policy
I/SystemServiceManager( 5616): Starting com.android.server.telecom.TelecomLoaderService
I/SystemServer( 5616): Telephony Registry
I/SystemServer( 5616): Entropy Mixer
I/EntropyMixer( 5616): Writing entropy...
I/SystemServer( 5616): Account Manager
I/SystemServer( 5616): Content Manager
I/SystemServer( 5616): System Content Providers
I/SystemServer( 5616): Vibrator Service
I/SystemServer( 5616): Consumer IR Service
E/ConsumerIrService( 5616): Can't open consumer IR HW Module, error: sfdroid disabled
I/SystemServiceManager( 5616): Starting com.android.server.AlarmManagerService
W/AlarmManager( 5616): Failed to open alarm driver. Falling back to a handler.
I/SystemServer( 5616): Init Watchdog
I/SystemServer( 5616): Input Manager
I/InputManager( 5616): Initializing input manager, mUseDevInputEventForAudioJack=true
I/SystemServer( 5616): Window Manager
I/WindowManager( 5616): No existing display settings /data/system/display_settings.xml; starting empty
W/ServiceManager( 5519): Permission failure: android.permission.ACCESS_SURFACE_FLINGER from uid=1000 pid=5616
D/PermissionCache( 5519): checking android.permission.ACCESS_SURFACE_FLINGER for uid=1000 => denied (184 us)
E/SurfaceFlinger( 5519): Permission Denial: can't access SurfaceFlinger pid=5616, uid=1000
E/SurfaceFlinger( 5519): Permission Denial: can't access SurfaceFlinger pid=5616, uid=1000
E/WindowManager( 5616): Exception creating Dim surface
E/WindowManager( 5616): android.view.Surface$OutOfResourcesException
E/WindowManager( 5616): at android.view.SurfaceControl.nativeCreate(Native Method)
E/WindowManager( 5616): at android.view.SurfaceControl.(SurfaceControl.java:292)
E/WindowManager( 5616): at com.android.server.wm.DimLayer.(DimLayer.java:81)
E/WindowManager( 5616): at com.android.server.wm.TaskStack.attachDisplayContent(TaskStack.java:233)
E/WindowManager( 5616): at com.android.server.wm.WindowManagerService.attachStack(WindowManagerService.java:5158)
E/WindowManager( 5616): at com.android.server.am.ActivityStackSupervisor$ActivityContainer.attachToDisplayLocked(ActivityStackSupervisor.java:3766)
E/WindowManager( 5616): at com.android.server.am.ActivityStackSupervisor.createStackOnDisplay(ActivityStackSupervisor.java:2649)
E/WindowManager( 5616): at com.android.server.am.ActivityStackSupervisor.setWindowManager(ActivityStackSupervisor.java:394)
E/WindowManager( 5616): at com.android.server.am.ActivityManagerService.setWindowManager(ActivityManagerService.java:1943)
E/WindowManager( 5616): at com.android.server.SystemServer.startOtherServices(SystemServer.java:498)
E/WindowManager( 5616): at com.android.server.SystemServer.run(SystemServer.java:265)
E/WindowManager( 5616): at com.android.server.SystemServer.main(SystemServer.java:179)
E/WindowManager( 5616): at java.lang.reflect.Method.invoke(Native Method)
E/WindowManager( 5616): at java.lang.reflect.Method.invoke(Method.java:372)
E/WindowManager( 5616): at com.android.internal.os.ZygoteInit$MethodAndArgsCaller.run(ZygoteInit.java:904)
E/WindowManager( 5616): at com.android.internal.os.ZygoteInit.main(ZygoteInit.java:699)
E/SurfaceFlinger( 5519): Permission Denial: can't access SurfaceFlinger pid=5616, uid=1000
E/WindowManager( 5616): Exception creating Dim surface
E/WindowManager( 5616): android.view.Surface$OutOfResourcesException
E/WindowManager( 5616): at android.view.SurfaceControl.nativeCreate(Native Method)
E/WindowManager( 5616): at android.view.SurfaceControl.(SurfaceControl.java:292)
E/WindowManager( 5616): at com.android.server.wm.DimLayer.(DimLayer.java:81)
E/WindowManager( 5616): at com.android.server.wm.TaskStack.attachDisplayContent(TaskStack.java:234)
E/WindowManager( 5616): at com.android.server.wm.WindowManagerService.attachStack(WindowManagerService.java:5158)
E/WindowManager( 5616): at com.android.server.am.ActivityStackSupervisor$ActivityContainer.attachToDisplayLocked(ActivityStackSupervisor.java:3766)
E/WindowManager( 5616): at com.android.server.am.ActivityStackSupervisor.createStackOnDisplay(ActivityStackSupervisor.java:2649)
E/WindowManager( 5616): at com.android.server.am.ActivityStackSupervisor.setWindowManager(ActivityStackSupervisor.java:394)
E/WindowManager( 5616): at com.android.server.am.ActivityManagerService.setWindowManager(ActivityManagerService.java:1943)
E/WindowManager( 5616): at com.android.server.SystemServer.startOtherServices(SystemServer.java:498)
E/WindowManager( 5616): at com.android.server.SystemServer.run(SystemServer.java:265)
E/WindowManager( 5616): at com.android.server.SystemServer.main(SystemServer.java:179)
E/WindowManager( 5616): at java.lang.reflect.Method.invoke(Native Method)
E/WindowManager( 5616): at java.lang.reflect.Method.invoke(Method.java:372)
E/WindowManager( 5616): at com.android.internal.os.ZygoteInit$MethodAndArgsCaller.run(ZygoteInit.java:904)
E/WindowManager( 5616): at com.android.internal.os.ZygoteInit.main(ZygoteInit.java:699)
E/SurfaceFlinger( 5519): Permission Denial: can't access SurfaceFlinger pid=5616, uid=1000
I/InputManager( 5616): Starting input manager
I/SystemServer( 5616): sfdroid: Bluetooth Service disabled
I/SystemServer( 5616): Input Method Service
W/InputMethodManagerService( 5616): Couldn't create dir.: /data/system/inputmethod
E/EventHub( 5616): could not open /dev/input/event4, Permission denied
E/EventHub( 5616): could not open /dev/input/event3, Permission denied
E/EventHub( 5616): could not open /dev/input/by-path, Is a directory
E/EventHub( 5616): could not open /dev/input/event2, Permission denied
E/EventHub( 5616): could not open /dev/input/event1, Permission denied
E/EventHub( 5616): could not open /dev/input/event0, Permission denied
E/EventHub( 5616): could not open /dev/input/mice, Permission denied
I/InputReader( 5616): Device added: id=-1, name='Virtual', sources=0x00000301
W/InputMethodManagerService( 5616): No IME selected. Choose the most applicable IME.
I/InputMethodManagerService( 5616): Default found, using com.android.inputmethod.latin/.LatinIME
I/SystemServer( 5616): Accessibility Manager
I/XXXXXX ( 5616): choosing minFree values for 32 Bit
I/XXXXXX ( 5616): choosing minFree values for 32 Bit
I/XXXXXX ( 5616): choosing minFree values for 32 Bit
I/XXXXXX ( 5616): choosing minFree values for 32 Bit
I/XXXXXX ( 5616): choosing minFree values for 32 Bit
I/XXXXXX ( 5616): choosing minFree values for 32 Bit
I/ActivityManager( 5616): Config changes=1df8 {1.0 ?mcc?mnc en_US ?layoutDir sw360dp w360dp h640dp 480dpi nrml long port ?uimode ?night -touch -keyb/h/h -nav/h s.2}
E/SurfaceFlinger( 5519): Permission Denial: can't access SurfaceFlinger pid=5616, uid=1000
I/InputReader( 5616): Reconfiguring input devices. changes=0x00000004
E/SurfaceFlinger( 5519): Permission Denial: can't access SurfaceFlinger pid=5616, uid=1000
E/SurfaceFlinger( 5519): Permission Denial: can't access SurfaceFlinger pid=5616, uid=1000
I/ActivityManager( 5616): Config changes=500 {1.0 ?mcc?mnc en_US ?layoutDir sw360dp w360dp h567dp 480dpi nrml port ?uimode ?night -touch -keyb/h/h -nav/h s.3}
E/SurfaceFlinger( 5519): Permission Denial: can't access SurfaceFlinger pid=5616, uid=1000
E/SurfaceFlinger( 5519): Permission Denial: can't access SurfaceFlinger pid=5616, uid=1000
E/SurfaceFlinger( 5519): Permission Denial: can't access SurfaceFlinger pid=5616, uid=1000
I/SystemServer( 5616): Mount Service
D/MountService( 5616): got storage path: /storage/sdcard0 description: Internal storage primary: true removable: false emulated: true mtpReserve: 100 allowMassStorage: false maxFileSize: 0 allowMtp: true
D/MountService( 5616): addVolumeLocked() StorageVolume:
D/MountService( 5616): mStorageId=65537 mPath=/storage/emulated/0 mDescriptionId=17040829
D/MountService( 5616): mPrimary=true mRemovable=false mEmulated=true mMtpReserveSpace=100
D/MountService( 5616): mAllowMassStorage=false mMaxFileSize=0 mOwner=UserHandle{0} mUuid=null
D/MountService( 5616): mUserLabel=null mState=null mAllowMtp=true
D/MountService( 5616): got storage path: /storage/sdcard1 description: SD card primary: false removable: true emulated: false mtpReserve: 0 allowMassStorage: true maxFileSize: 0 allowMtp: true
D/MountService( 5616): addVolumeLocked() StorageVolume:
D/MountService( 5616): mStorageId=0 mPath=/storage/sdcard1 mDescriptionId=17040830 mPrimary=false
D/MountService( 5616): mRemovable=true mEmulated=false mMtpReserveSpace=0 mAllowMassStorage=true
D/MountService( 5616): mMaxFileSize=0 mOwner=null mUuid=null mUserLabel=null mState=null
D/MountService( 5616): mAllowMtp=true
D/MountService( 5616): got storage path: /storage/usbotg description: USB storage primary: false removable: true emulated: false mtpReserve: 0 allowMassStorage: false maxFileSize: 0 allowMtp: true
D/MountService( 5616): addVolumeLocked() StorageVolume:
D/MountService( 5616): mStorageId=0 mPath=/storage/usbotg mDescriptionId=17040831 mPrimary=false
D/MountService( 5616): mRemovable=true mEmulated=false mMtpReserveSpace=0 mAllowMassStorage=false
D/MountService( 5616): mMaxFileSize=0 mOwner=null mUuid=null mUserLabel=null mState=null
D/MountService( 5616): mAllowMtp=true
I/PackageManager( 5616): No secure containers found
W/PackageManager( 5616): Unknown permission com.google.android.googleapps.permission.GOOGLE_AUTH in package com.android.providers.calendar
W/PackageManager( 5616): Unknown permission com.google.android.googleapps.permission.GOOGLE_AUTH.cl in package com.android.providers.calendar
I/PackageManager( 5616): Running dexopt on: /system/app/HoloSpiralWallpaper/HoloSpiralWallpaper.apk pkg=com.android.wallpaper.holospiral isa=arm vmSafeMode=false
F/WindowAnimator( 5616): Unhandled exception in Window Manager
F/WindowAnimator( 5616): java.lang.NullPointerException: Attempt to invoke virtual method 'void android.view.SurfaceControl.setLayer(int)' on a null object reference
F/WindowAnimator( 5616): at com.android.server.wm.FocusedStackFrame.setLayer(FocusedStackFrame.java:140)
F/WindowAnimator( 5616): at com.android.server.wm.WindowManagerService.setFocusedStackLayer(WindowManagerService.java:3985)
F/WindowAnimator( 5616): at com.android.server.wm.WindowAnimator.animateLocked(WindowAnimator.java:708)
F/WindowAnimator( 5616): at com.android.server.wm.WindowAnimator.access$000(WindowAnimator.java:54)
F/WindowAnimator( 5616): at com.android.server.wm.WindowAnimator$1.run(WindowAnimator.java:126)
F/WindowAnimator( 5616): at android.view.Choreographer$CallbackRecord.run(Choreographer.java:767)
F/WindowAnimator( 5616): at android.view.Choreographer.doCallbacks(Choreographer.java:580)
F/WindowAnimator( 5616): at android.view.Choreographer.doFrame(Choreographer.java:549)
F/WindowAnimator( 5616): at android.view.Choreographer$FrameDisplayEventReceiver.run(Choreographer.java:753)
F/WindowAnimator( 5616): at android.os.Handler.handleCallback(Handler.java:739)
F/WindowAnimator( 5616): at android.os.Handler.dispatchMessage(Handler.java:95)
F/WindowAnimator( 5616): at android.os.Looper.loop(Looper.java:135)
F/WindowAnimator( 5616): at android.os.HandlerThread.run(HandlerThread.java:61)
F/WindowAnimator( 5616): at com.android.server.ServiceThread.run(ServiceThread.java:46)
W/PackageManager( 5616): Unknown permission com.qualcomm.permission.USE_QCRIL_MSG_TUNNEL in package com.qualcomm.shutdownlistner
W/PackageManager( 5616): Unknown permission android.permission.PREVENT_POWER_KEY in package com.fairphone.checkup
W/PackageManager( 5616): Not granting permission android.permission.GLOBAL_SEARCH to package com.android.quicksearchbox (protectionLevel=18 flags=0x48be45)
W/PackageManager( 5616): Not granting permission android.permission.ACCESS_DOWNLOAD_MANAGER to package com.android.browser (protectionLevel=18 flags=0x9be45)
W/PackageManager( 5616): Not granting permission android.permission.SEND_DOWNLOAD_COMPLETED_INTENTS to package com.android.browser (protectionLevel=2 flags=0x9be45)
W/PackageManager( 5616): Unknown permission android.permission.MMS_PUSH in package org.codeaurora.bluetooth
W/PackageManager( 5616): Not granting permission android.permission.BIND_WALLPAPER to package com.android.camera2 (protectionLevel=18 flags=0x58bc45)
W/PackageManager( 5616): Unknown permission android.permission.INSTALL_DRM in package com.android.mms
W/PackageManager( 5616): Unknown permission com.google.android.googleapps.permission.GOOGLE_AUTH.mail in package com.android.calendar
W/PackageManager( 5616): Unknown permission com.android.launcher.permission.READ_SETTINGS in package com.android.onetimeinitializer
W/PackageManager( 5616): Unknown permission com.android.launcher.permission.WRITE_SETTINGS in package com.android.onetimeinitializer
W/PackageManager( 5616): Not granting permission android.permission.DELETE_PACKAGES to package com.svox.pico (protectionLevel=18 flags=0x8be45)
W/PackageManager( 5616): Unknown permission android.permission.ACCESS_THEME_MANAGER in package com.fairphone.setupwizard
W/PackageManager( 5616): Unknown permission com.google.android.gallery3d.permission.PICASA_STORE in package com.android.dreams.phototable
W/PackageManager( 5616): Unknown permission android.permission.ACCESS_SUPERUSER in package com.amaze.filemanager
W/PackageManager( 5616): Unknown permission com.google.android.googleapps.permission.GOOGLE_AUTH in package com.android.settings
W/PackageManager( 5616): Unknown permission com.android.launcher.permission.READ_SETTINGS in package com.android.settings
W/PackageManager( 5616): Unknown permission com.android.launcher.permission.WRITE_SETTINGS in package com.android.settings
W/PackageManager( 5616): Unknown permission com.android.launcher.permission.READ_SETTINGS in package com.fairphone.fplauncher3
W/PackageManager( 5616): Unknown permission com.android.launcher.permission.WRITE_SETTINGS in package com.fairphone.fplauncher3
W/PackageManager( 5616): Unknown permission android.permission.ACCESS_SUPERUSER in package com.fairphone.updater
W/PackageManager( 5616): Not granting permission android.permission.DEVICE_POWER to package com.android.deskclock (protectionLevel=2 flags=0x48be45)
W/PackageManager( 5616): Unknown permission com.google.android.gallery3d.permission.GALLERY_PROVIDER in package com.android.bluetooth
E/SurfaceFlinger( 5519): Permission Denial: can't access SurfaceFlinger pid=5616, uid=1000
E/AudioPolicyManager( 5524): unknown stream type 13
I/AudioFlinger( 5524): AudioFlinger's thread 0xb5a30000 ready to run
E/AudioPolicyManager( 5524): unknown stream type 13
E/AudioPolicyManager( 5524): unknown stream type 13
E/AudioPolicyManager( 5524): unknown stream type 13
D/audio_hw_primary( 5524): out_standby: enter: stream (0xb5880b00) usecase(1: low-latency-playback)
D/audio_hw_primary( 5524): out_set_parameters: enter: usecase(1: low-latency-playback) kvpairs: routing=2
E/AudioPolicyManager( 5524): unknown stream type 13
D/audio_hw_primary( 5524): adev_open_input_stream: enter: sample_rate(48000) channel_mask(0xc) devices(0x80000004) stream_handle(0xb586da20)
I/AudioFlinger( 5524): AudioFlinger's thread 0xb5ac9000 ready to run
D/audio_hw_primary( 5524): adev_close_input_stream: enter:stream_handle(0xb586da20)
D/audio_hw_primary( 5524): in_standby: enter: stream (0xb586da20) usecase(7: audio-record)
I/audio_a2dp_hw( 5524): adev_open: adev_open in A2dp_hw module
I/AudioFlinger( 5524): loadHwModule() Loaded a2dp audio interface from A2DP Audio HW HAL (audio) handle 7
I/AudioFlinger( 5524): loadHwModule() Loaded usb audio interface from USB audio HW HAL (audio) handle 8
I/r_submix( 5524): adev_open(name=audio_hw_if)
I/r_submix( 5524): adev_init_check()
I/AudioFlinger( 5524): loadHwModule() Loaded r_submix audio interface from Wifi Display audio HAL (audio) handle 9
D/r_submix( 5524): adev_open_input_stream(addr=0)
D/r_submix( 5524): submix_audio_device_create_pipe_l(addr=0, idx=9)
D/r_submix( 5524): now using address 0 for route 9
I/AudioFlinger( 5524): AudioFlinger's thread 0xb5b13000 ready to run
D/r_submix( 5524): adev_close_input_stream()
D/r_submix( 5524): submix_audio_device_release_pipe_l(idx=9) addr=0
D/r_submix( 5524): submix_audio_device_destroy_pipe_l(): pipe destroyed
E/AudioPolicyManager( 5524): unknown stream type 13
E/AudioPolicyManager( 5524): unknown stream type 13
E/SoundTriggerHwService( 5524): couldn't load sound trigger module sound_trigger.primary (No such file or directory)
D/OpenGLRenderer( 5616): Use EGL_SWAP_BEHAVIOR_PRESERVED: true
E/SurfaceFlinger( 5519): Permission Denial: can't access SurfaceFlinger pid=5616, uid=1000
E/NetlinkListener( 5523): recvmsg failed (I/O error)
E/NetlinkListener( 3359): recvmsg failed (I/O error)
I/dex2oat ( 5755): /system/bin/dex2oat --zip-fd=5 --zip-location=/system/app/HoloSpiralWallpaper/HoloSpiralWallpaper.apk --oat-fd=6 --oat-location=/data/dalvik-cache/arm/system@app@HoloSpiralWallpaper@HoloSpiralWallpaper.apk@classes.dex --instruction-set=arm --instruction-set-features=div --runtime-arg -Xms64m --runtime-arg -Xmx512m --swap-fd=11
W/AudioFlinger( 5524): loadHwModule() module primary already loaded
D/audio_hw_primary( 5524): adev_open_output_stream: enter: sample_rate(48000) channel_mask(0x3) devices(0x2) flags(0x2) stream_handle(0xb5880c40)
E/audio_hw_primary( 5524): adev_open_output_stream: Primary output is already opened
D/audio_hw_primary( 5524): adev_open_output_stream: exit: ret -17
W/AudioPolicyManager( 5520): Cannot open output stream for device 00000002 on hw module primary
D/audio_hw_primary( 5524): adev_open_output_stream: enter: sample_rate(48000) channel_mask(0x3) devices(0x2) flags(0x4) stream_handle(0xb4c42140)
D/audio_hw_primary( 5524): adev_open_output_stream: Stream (0xb4c42140) picks up usecase (low-latency-playback)
I/AudioFlinger( 5524): HAL output buffer size 240 frames, normal sink buffer size 960 frames
E/AudioPolicyManager( 5520): unknown stream type 13
E/AudioPolicyManager( 5520): unknown stream type 13
E/AudioPolicyManager( 5520): unknown stream type 13
I/AudioFlinger( 5524): AudioFlinger's thread 0xb4c47000 ready to run
D/audio_hw_primary( 5524): out_set_parameters: enter: usecase(1: low-latency-playback) kvpairs: routing=2
D/audio_hw_primary( 5524): out_standby: enter: stream (0xb4c42140) usecase(1: low-latency-playback)
W/WindowStateAnimator( 5616): OutOfResourcesException creating surface
