D/MountService( 3075): got storage path: /storage/sdcard1 description: SD card primary: false removable: true emulated: false mtpReserve: 0 allowMassStorage: true maxFileSize: 0 allowMtp: true
D/MountService( 3075): addVolumeLocked() StorageVolume:
D/MountService( 3075): mStorageId=0 mPath=/storage/sdcard1 mDescriptionId=17040830 mPrimary=false
D/MountService( 3075): mRemovable=true mEmulated=false mMtpReserveSpace=0 mAllowMassStorage=true
D/MountService( 3075): mMaxFileSize=0 mOwner=null mUuid=null mUserLabel=null mState=null
D/MountService( 3075): mAllowMtp=true
D/MountService( 3075): got storage path: /storage/usbotg description: USB storage primary: false removable: true emulated: false mtpReserve: 0 allowMassStorage: false maxFileSize: 0 allowMtp: true
D/MountService( 3075): addVolumeLocked() StorageVolume:
D/MountService( 3075): mStorageId=0 mPath=/storage/usbotg mDescriptionId=17040831 mPrimary=false
D/MountService( 3075): mRemovable=true mEmulated=false mMtpReserveSpace=0 mAllowMassStorage=false
D/MountService( 3075): mMaxFileSize=0 mOwner=null mUuid=null mUserLabel=null mState=null
D/MountService( 3075): mAllowMtp=true
W/PackageManager( 3075): No disk maintenance in 1481652212423; running immediately
F/WindowAnimator( 3075): Unhandled exception in Window Manager
F/WindowAnimator( 3075): java.lang.NullPointerException: Attempt to invoke virtual method 'void android.view.SurfaceControl.setLayer(int)' on a null object reference
F/WindowAnimator( 3075): at com.android.server.wm.FocusedStackFrame.setLayer(FocusedStackFrame.java:140)
F/WindowAnimator( 3075): at com.android.server.wm.WindowManagerService.setFocusedStackLayer(WindowManagerService.java:3985)
F/WindowAnimator( 3075): at com.android.server.wm.WindowAnimator.animateLocked(WindowAnimator.java:708)
F/WindowAnimator( 3075): at com.android.server.wm.WindowAnimator.access$000(WindowAnimator.java:54)
F/WindowAnimator( 3075): at com.android.server.wm.WindowAnimator$1.run(WindowAnimator.java:126)
F/WindowAnimator( 3075): at android.view.Choreographer$CallbackRecord.run(Choreographer.java:767)
F/WindowAnimator( 3075): at android.view.Choreographer.doCallbacks(Choreographer.java:580)
F/WindowAnimator( 3075): at android.view.Choreographer.doFrame(Choreographer.java:549)
F/WindowAnimator( 3075): at android.view.Choreographer$FrameDisplayEventReceiver.run(Choreographer.java:753)
F/WindowAnimator( 3075): at android.os.Handler.handleCallback(Handler.java:739)
F/WindowAnimator( 3075): at android.os.Handler.dispatchMessage(Handler.java:95)
F/WindowAnimator( 3075): at android.os.Looper.loop(Looper.java:135)
F/WindowAnimator( 3075): at android.os.HandlerThread.run(HandlerThread.java:61)
F/WindowAnimator( 3075): at com.android.server.ServiceThread.run(ServiceThread.java:46)
I/MountService( 3075): Running fstrim idle maintenance
I/fstrim ( 767): Starting fstrim work...
F/libc ( 767): Fatal signal 11 (SIGSEGV), code 1, fault addr 0x0 in tid 3350 (vold)
W/PackageManager( 3075): Unknown permission com.google.android.googleapps.permission.GOOGLE_AUTH in package com.android.providers.calendar
W/PackageManager( 3075): Unknown permission com.google.android.googleapps.permission.GOOGLE_AUTH.cl in package com.android.providers.calendar
W/PackageManager( 3075): Unknown permission com.qualcomm.permission.USE_QCRIL_MSG_TUNNEL in package com.qualcomm.shutdownlistner
W/PackageManager( 3075): Unknown permission android.permission.PREVENT_POWER_KEY in package com.fairphone.checkup
W/PackageManager( 3075): Not granting permission android.permission.GLOBAL_SEARCH to package com.android.quicksearchbox (protectionLevel=18 flags=0x48be45)
W/PackageManager( 3075): Not granting permission android.permission.ACCESS_DOWNLOAD_MANAGER to package com.android.browser (protectionLevel=18 flags=0x9be45)
W/PackageManager( 3075): Not granting permission android.permission.SEND_DOWNLOAD_COMPLETED_INTENTS to package com.android.browser (protectionLevel=2 flags=0x9be45)
W/PackageManager( 3075): Unknown permission android.permission.MMS_PUSH in package org.codeaurora.bluetooth
W/PackageManager( 3075): Not granting permission android.permission.BIND_WALLPAPER to package com.android.camera2 (protectionLevel=18 flags=0x58bc45)
W/PackageManager( 3075): Unknown permission android.permission.INSTALL_DRM in package com.android.mms
W/PackageManager( 3075): Unknown permission com.google.android.googleapps.permission.GOOGLE_AUTH.mail in package com.android.calendar
W/PackageManager( 3075): Unknown permission com.android.launcher.permission.READ_SETTINGS in package com.android.onetimeinitializer
W/PackageManager( 3075): Unknown permission com.android.launcher.permission.WRITE_SETTINGS in package com.android.onetimeinitializer
W/PackageManager( 3075): Not granting permission android.permission.DELETE_PACKAGES to package com.svox.pico (protectionLevel=18 flags=0x8be45)
W/PackageManager( 3075): Unknown permission android.permission.ACCESS_THEME_MANAGER in package com.fairphone.setupwizard
W/PackageManager( 3075): Unknown permission com.google.android.gallery3d.permission.PICASA_STORE in package com.android.dreams.phototable
W/PackageManager( 3075): Unknown permission android.permission.ACCESS_SUPERUSER in package com.amaze.filemanager
W/PackageManager( 3075): Unknown permission com.google.android.googleapps.permission.GOOGLE_AUTH in package com.android.settings
W/PackageManager( 3075): Unknown permission com.android.launcher.permission.READ_SETTINGS in package com.android.settings
W/PackageManager( 3075): Unknown permission com.android.launcher.permission.WRITE_SETTINGS in package com.android.settings
W/PackageManager( 3075): Unknown permission com.android.launcher.permission.READ_SETTINGS in package com.fairphone.fplauncher3
W/PackageManager( 3075): Unknown permission com.android.launcher.permission.WRITE_SETTINGS in package com.fairphone.fplauncher3
W/PackageManager( 3075): Unknown permission android.permission.ACCESS_SUPERUSER in package com.fairphone.updater
W/PackageManager( 3075): Not granting permission android.permission.DEVICE_POWER to package com.android.deskclock (protectionLevel=2 flags=0x48be45)
W/PackageManager( 3075): Unknown permission com.google.android.gallery3d.permission.GALLERY_PROVIDER in package com.android.bluetooth
I/DEBUG ( 663): *** *** *** *** *** *** *** *** *** *** *** *** *** *** *** ***
I/DEBUG ( 663): Build fingerprint: 'Fairphone/FP2/FP2:5.1/FP2/fp2-sibon-16.11.0:userdebug/release-keys'
I/DEBUG ( 663): Revision: '0'
I/DEBUG ( 663): ABI: 'arm'
I/DEBUG ( 663): pid: 767, tid: 3350, name: vold >>> /system/bin/vold <<<
I/DEBUG ( 663): signal 11 (SIGSEGV), code 1 (SEGV_MAPERR), fault addr 0x0
I/DEBUG ( 663): r0 b6fe38b5 r1 00000000 r2 00000006 r3 ffffffc4
I/DEBUG ( 663): r4 b6fe8d30 r5 00000000 r6 b6fe9154 r7 00000000
I/DEBUG ( 663): r8 b61ffd08 r9 00000000 sl b61ffcf0 fp b6fe9154
I/DEBUG ( 663): ip b61ffc68 sp b61ffcc8 lr b6faee83 pc b6fd7e42 cpsr 80030030
I/DEBUG ( 663):
I/DEBUG ( 663): backtrace:
I/DEBUG ( 663): #00 pc 0000be42 /system/bin/vold
I/DEBUG ( 663): #01 pc 00013fc3 /system/lib/libc.so (_ZL15__pthread_startPv+30)
I/DEBUG ( 663): #02 pc 00011f0b /system/lib/libc.so (__start_thread+6)
E/VoldConnector( 3075): got -1 reading with start = 0
E/VoldConnector( 3075): closing stream for vold
E/VoldConnector( 3075): Communications error: java.io.IOException: Connection refused
E/VoldConnector( 3075): Error in NativeDaemonConnector: java.io.IOException: Connection refused
E/NetlinkListener( 2982): recvmsg failed (I/O error)
E/NetlinkListener( 2982): recvmsg failed (I/O error)
I/Vold ( 3359): Vold 2.1 (the revenge) firing up
E/Vold ( 3359): failed to open /fstab.qcom
E/Vold ( 3359): Error reading configuration (No such file or directory)... continuing anyways
I/Cryptfs ( 3359): Check if PFE is activated on Boot
E/Cryptfs ( 3359): Unexpected value for crypto key location
E/Cryptfs ( 3359): Error getting crypt footer and key
E/NetlinkListener( 3359): recvmsg failed (I/O error)
E/NetlinkListener( 2982): recvmsg failed (I/O error)
E/NetlinkListener( 3359): recvmsg failed (I/O error)
E/NetlinkListener( 2982): recvmsg failed (I/O error)
E/NetlinkListener( 3359): recvmsg failed (I/O error)
E/NetlinkListener( 2982): recvmsg failed (I/O error)
E/NetlinkListener( 3359): recvmsg failed (I/O error)
E/NetlinkListener( 2982): recvmsg failed (I/O error)
E/NetlinkListener( 2982): recvmsg failed (I/O error)
E/NetlinkListener( 3359): recvmsg failed (I/O error)
E/NetlinkListener( 3359): recvmsg failed (I/O error)
E/NetlinkListener( 2982): recvmsg failed (I/O error)
E/NetlinkListener( 3359): recvmsg failed (I/O error)
E/NetlinkListener( 2982): recvmsg failed (I/O error)
E/NetlinkListener( 3359): recvmsg failed (I/O error)
E/NetlinkListener( 2982): recvmsg failed (I/O error)
E/NetlinkListener( 3359): recvmsg failed (I/O error)
E/NetlinkListener( 2982): recvmsg failed (I/O error)
E/NetlinkListener( 3359): recvmsg failed (I/O error)
E/NetlinkListener( 2982): recvmsg failed (I/O error)
E/NetlinkListener( 3359): recvmsg failed (I/O error)
E/NetlinkListener( 2982): recvmsg failed (I/O error)
E/NetlinkListener( 3359): recvmsg failed (I/O error)
E/NetlinkListener( 2982): recvmsg failed (I/O error)
E/NetlinkListener( 3359): recvmsg failed (I/O error)
E/NetlinkListener( 2982): recvmsg failed (I/O error)
E/NetlinkListener( 3359): recvmsg failed (I/O error)
E/NetlinkListener( 2982): recvmsg failed (I/O error)
E/NetlinkListener( 3359): recvmsg failed (I/O error)
E/NetlinkListener( 2982): recvmsg failed (I/O error)
E/NetlinkListener( 3359): recvmsg failed (I/O error)
E/NetlinkListener( 2982): recvmsg failed (I/O error)
E/NetlinkListener( 3359): recvmsg failed (I/O error)
E/NetlinkListener( 2982): recvmsg failed (I/O error)
E/NetlinkListener( 3359): recvmsg failed (I/O error)
E/NetlinkListener( 3359): recvmsg failed (I/O error)
E/NetlinkListener( 2982): recvmsg failed (I/O error)
E/NetlinkListener( 2982): recvmsg failed (I/O error)
E/NetlinkListener( 3359): recvmsg failed (I/O error)
E/NetlinkListener( 2982): recvmsg failed (I/O error)
E/NetlinkListener( 3359): recvmsg failed (I/O error)
E/NetlinkListener( 2982): recvmsg failed (I/O error)
E/NetlinkListener( 3359): recvmsg failed (I/O error)
E/NetlinkListener( 2982): recvmsg failed (I/O error)
E/NetlinkListener( 3359): recvmsg failed (I/O error)
E/NetlinkListener( 2982): recvmsg failed (I/O error)
E/NetlinkListener( 3359): recvmsg failed (I/O error)
E/NetlinkListener( 2982): recvmsg failed (I/O error)
E/NetlinkListener( 3359): recvmsg failed (I/O error)
E/NetlinkListener( 2982): recvmsg failed (I/O error)
E/NetlinkListener( 3359): recvmsg failed (I/O error)
E/NetlinkListener( 2982): recvmsg failed (I/O error)
E/NetlinkListener( 3359): recvmsg failed (I/O error)
E/NetlinkListener( 2982): recvmsg failed (I/O error)
E/NetlinkListener( 2982): recvmsg failed (I/O error)
E/NetlinkListener( 3359): recvmsg failed (I/O error)
E/NetlinkListener( 3359): recvmsg failed (I/O error)
E/NetlinkListener( 2982): recvmsg failed (I/O error)
E/NetlinkListener( 2982): recvmsg failed (I/O error)
E/NetlinkListener( 3359): recvmsg failed (I/O error)
E/NetlinkListener( 3359): recvmsg failed (I/O error)
E/NetlinkListener( 2982): recvmsg failed (I/O error)
E/NetlinkListener( 2982): recvmsg failed (I/O error)
E/NetlinkListener( 3359): recvmsg failed (I/O error)
E/NetlinkListener( 3359): recvmsg failed (I/O error)
E/NetlinkListener( 3359): recvmsg failed (I/O error)
E/NetlinkListener( 2982): recvmsg failed (I/O error)
E/NetlinkListener( 2982): recvmsg failed (I/O error)
E/NetlinkListener( 3359): recvmsg failed (I/O error)
E/NetlinkListener( 2982): recvmsg failed (I/O error)
E/NetlinkListener( 3359): recvmsg failed (I/O error)
E/NetlinkListener( 2982): recvmsg failed (I/O error)
E/NetlinkListener( 2982): recvmsg failed (I/O error)
E/NetlinkListener( 3359): recvmsg failed (I/O error)
E/NetlinkListener( 3359): recvmsg failed (I/O error)
E/NetlinkListener( 2982): recvmsg failed (I/O error)
E/NetlinkListener( 3359): recvmsg failed (I/O error)
E/NetlinkListener( 2982): recvmsg failed (I/O error)
E/NetlinkListener( 3359): recvmsg failed (I/O error)
E/NetlinkListener( 2982): recvmsg failed (I/O error)
E/NetlinkListener( 3359): recvmsg failed (I/O error)
E/NetlinkListener( 2982): recvmsg failed (I/O error)
E/NetlinkListener( 3359): recvmsg failed (I/O error)
E/NetlinkListener( 3359): recvmsg failed (I/O error)
E/NetlinkListener( 2982): recvmsg failed (I/O error)
E/NetlinkListener( 2982): recvmsg failed (I/O error)
E/NetlinkListener( 2982): recvmsg failed (I/O error)
E/NetlinkListener( 3359): recvmsg failed (I/O error)
E/NetlinkListener( 3359): recvmsg failed (I/O error)
E/NetlinkListener( 2982): recvmsg failed (I/O error)
E/NetlinkListener( 3359): recvmsg failed (I/O error)
E/NetlinkListener( 2982): recvmsg failed (I/O error)
E/NetlinkListener( 3359): recvmsg failed (I/O error)
E/NetlinkListener( 2982): recvmsg failed (I/O error)
E/NetlinkListener( 2982): recvmsg failed (I/O error)
E/NetlinkListener( 3359): recvmsg failed (I/O error)
E/NetlinkListener( 3359): recvmsg failed (I/O error)
E/NetlinkListener( 2982): recvmsg failed (I/O error)
E/NetlinkListener( 2982): recvmsg failed (I/O error)
E/NetlinkListener( 3359): recvmsg failed (I/O error)
E/NetlinkListener( 2982): recvmsg failed (I/O error)
E/NetlinkListener( 3359): recvmsg failed (I/O error)
E/NetlinkListener( 2982): recvmsg failed (I/O error)
E/NetlinkListener( 3359): recvmsg failed (I/O error)
E/NetlinkListener( 2982): recvmsg failed (I/O error)
E/NetlinkListener( 3359): recvmsg failed (I/O error)
E/NetlinkListener( 2982): recvmsg failed (I/O error)
E/NetlinkListener( 3359): recvmsg failed (I/O error)
E/NetlinkListener( 2982): recvmsg failed (I/O error)
E/NetlinkListener( 3359): recvmsg failed (I/O error)
W/PackageManager( 3075): Unknown permission com.google.android.googleapps.permission.GOOGLE_AUTH in package com.android.providers.calendar
W/PackageManager( 3075): Unknown permission com.google.android.googleapps.permission.GOOGLE_AUTH.cl in package com.android.providers.calendar
W/PackageManager( 3075): Unknown permission com.qualcomm.permission.USE_QCRIL_MSG_TUNNEL in package com.qualcomm.shutdownlistner
W/PackageManager( 3075): Unknown permission android.permission.PREVENT_POWER_KEY in package com.fairphone.checkup
W/PackageManager( 3075): Not granting permission android.permission.GLOBAL_SEARCH to package com.android.quicksearchbox (protectionLevel=18 flags=0x48be45)
W/PackageManager( 3075): Not granting permission android.permission.ACCESS_DOWNLOAD_MANAGER to package com.android.browser (protectionLevel=18 flags=0x9be45)
W/PackageManager( 3075): Not granting permission android.permission.SEND_DOWNLOAD_COMPLETED_INTENTS to package com.android.browser (protectionLevel=2 flags=0x9be45)
W/PackageManager( 3075): Unknown permission android.permission.MMS_PUSH in package org.codeaurora.bluetooth
W/PackageManager( 3075): Not granting permission android.permission.BIND_WALLPAPER to package com.android.camera2 (protectionLevel=18 flags=0x58bc45)
W/PackageManager( 3075): Unknown permission android.permission.INSTALL_DRM in package com.android.mms
W/PackageManager( 3075): Unknown permission com.google.android.googleapps.permission.GOOGLE_AUTH.mail in package com.android.calendar
W/PackageManager( 3075): Unknown permission com.android.launcher.permission.READ_SETTINGS in package com.android.onetimeinitializer
W/PackageManager( 3075): Unknown permission com.android.launcher.permission.WRITE_SETTINGS in package com.android.onetimeinitializer
W/PackageManager( 3075): Not granting permission android.permission.DELETE_PACKAGES to package com.svox.pico (protectionLevel=18 flags=0x8be45)
W/PackageManager( 3075): Unknown permission android.permission.ACCESS_THEME_MANAGER in package com.fairphone.setupwizard
W/PackageManager( 3075): Unknown permission com.google.android.gallery3d.permission.PICASA_STORE in package com.android.dreams.phototable
W/PackageManager( 3075): Unknown permission android.permission.ACCESS_SUPERUSER in package com.amaze.filemanager
W/PackageManager( 3075): Unknown permission com.google.android.googleapps.permission.GOOGLE_AUTH in package com.android.settings
W/PackageManager( 3075): Unknown permission com.android.launcher.permission.READ_SETTINGS in package com.android.settings
W/PackageManager( 3075): Unknown permission com.android.launcher.permission.WRITE_SETTINGS in package com.android.settings
W/PackageManager( 3075): Unknown permission com.android.launcher.permission.READ_SETTINGS in package com.fairphone.fplauncher3
W/PackageManager( 3075): Unknown permission com.android.launcher.permission.WRITE_SETTINGS in package com.fairphone.fplauncher3
W/PackageManager( 3075): Unknown permission android.permission.ACCESS_SUPERUSER in package com.fairphone.updater
W/PackageManager( 3075): Not granting permission android.permission.DEVICE_POWER to package com.android.deskclock (protectionLevel=2 flags=0x48be45)
W/PackageManager( 3075): Unknown permission com.google.android.gallery3d.permission.GALLERY_PROVIDER in package com.android.bluetooth
E/NetlinkListener( 3359): recvmsg failed (I/O error)
E/NetlinkListener( 2982): recvmsg failed (I/O error)
E/NetlinkListener( 2982): recvmsg failed (I/O error)
E/NetlinkListener( 3359): recvmsg failed (I/O error)
E/NetlinkListener( 2982): recvmsg failed (I/O error)
E/NetlinkListener( 3359): recvmsg failed (I/O error)
E/NetlinkListener( 2982): recvmsg failed (I/O error)
E/NetlinkListener( 3359): recvmsg failed (I/O error)
E/NetlinkListener( 2982): recvmsg failed (I/O error)
E/NetlinkListener( 3359): recvmsg failed (I/O error)
E/NetlinkListener( 2982): recvmsg failed (I/O error)
E/NetlinkListener( 3359): recvmsg failed (I/O error)
E/NetlinkListener( 3359): recvmsg failed (I/O error)
E/NetlinkListener( 2982): recvmsg failed (I/O error)
E/NetlinkListener( 3359): recvmsg failed (I/O error)
E/NetlinkListener( 2982): recvmsg failed (I/O error)
E/NetlinkListener( 3359): recvmsg failed (I/O error)
E/NetlinkListener( 2982): recvmsg failed (I/O error)
E/NetlinkListener( 2982): recvmsg failed (I/O error)
E/NetlinkListener( 3359): recvmsg failed (I/O error)
E/NetlinkListener( 2982): recvmsg failed (I/O error)
E/NetlinkListener( 3359): recvmsg failed (I/O error)
E/NetlinkListener( 2982): recvmsg failed (I/O error)
E/NetlinkListener( 3359): recvmsg failed (I/O error)
E/NetlinkListener( 2982): recvmsg failed (I/O error)
E/NetlinkListener( 3359): recvmsg failed (I/O error)
E/NetlinkListener( 3359): recvmsg failed (I/O error)
E/NetlinkListener( 2982): recvmsg failed (I/O error)
E/NetlinkListener( 3359): recvmsg failed (I/O error)
E/NetlinkListener( 2982): recvmsg failed (I/O error)
E/NetlinkListener( 2982): recvmsg failed (I/O error)
E/NetlinkListener( 3359): recvmsg failed (I/O error)
E/NetlinkListener( 2982): recvmsg failed (I/O error)
E/NetlinkListener( 3359): recvmsg failed (I/O error)
E/NetlinkListener( 2982): recvmsg failed (I/O error)
E/NetlinkListener( 3359): recvmsg failed (I/O error)
E/NetlinkListener( 2982): recvmsg failed (I/O error)
E/NetlinkListener( 3359): recvmsg failed (I/O error)
E/NetlinkListener( 3359): recvmsg failed (I/O error)
E/NetlinkListener( 2982): recvmsg failed (I/O error)
E/NetlinkListener( 2982): recvmsg failed (I/O error)
E/NetlinkListener( 3359): recvmsg failed (I/O error)
E/NetlinkListener( 3359): recvmsg failed (I/O error)
E/NetlinkListener( 2982): recvmsg failed (I/O error)
E/NetlinkListener( 3359): recvmsg failed (I/O error)
E/NetlinkListener( 2982): recvmsg failed (I/O error)
E/NetlinkListener( 3359): recvmsg failed (I/O error)
E/NetlinkListener( 2982): recvmsg failed (I/O error)
E/NetlinkListener( 3359): recvmsg failed (I/O error)
E/NetlinkListener( 2982): recvmsg failed (I/O error)
E/NetlinkListener( 3359): recvmsg failed (I/O error)
E/NetlinkListener( 2982): recvmsg failed (I/O error)
E/NetlinkListener( 3359): recvmsg failed (I/O error)
E/NetlinkListener( 2982): recvmsg failed (I/O error)
E/NetlinkListener( 2982): recvmsg failed (I/O error)
E/NetlinkListener( 3359): recvmsg failed (I/O error)
E/NetlinkListener( 2982): recvmsg failed (I/O error)
E/NetlinkListener( 3359): recvmsg failed (I/O error)
E/NetlinkListener( 3359): recvmsg failed (I/O error)
E/NetlinkListener( 2982): recvmsg failed (I/O error)
E/NetlinkListener( 3359): recvmsg failed (I/O error)
E/NetlinkListener( 2982): recvmsg failed (I/O error)
E/NetlinkListener( 3359): recvmsg failed (I/O error)
E/NetlinkListener( 2982): recvmsg failed (I/O error)
E/NetlinkListener( 3359): recvmsg failed (I/O error)
E/NetlinkListener( 2982): recvmsg failed (I/O error)
E/NetlinkListener( 2982): recvmsg failed (I/O error)
E/NetlinkListener( 3359): recvmsg failed (I/O error)
E/NetlinkListener( 2982): recvmsg failed (I/O error)
E/NetlinkListener( 3359): recvmsg failed (I/O error)
E/NetlinkListener( 2982): recvmsg failed (I/O error)
E/NetlinkListener( 3359): recvmsg failed (I/O error)
E/NetlinkListener( 3359): recvmsg failed (I/O error)
E/NetlinkListener( 2982): recvmsg failed (I/O error)
E/NetlinkListener( 2982): recvmsg failed (I/O error)
E/NetlinkListener( 3359): recvmsg failed (I/O error)
E/NetlinkListener( 2982): recvmsg failed (I/O error)
E/NetlinkListener( 3359): recvmsg failed (I/O error)
E/NetlinkListener( 2982): recvmsg failed (I/O error)
E/NetlinkListener( 3359): recvmsg failed (I/O error)
E/NetlinkListener( 2982): recvmsg failed (I/O error)
E/NetlinkListener( 3359): recvmsg failed (I/O error)
E/NetlinkListener( 2982): recvmsg failed (I/O error)
E/NetlinkListener( 3359): recvmsg failed (I/O error)
E/NetlinkListener( 2982): recvmsg failed (I/O error)
E/NetlinkListener( 3359): recvmsg failed (I/O error)
E/NetlinkListener( 3359): recvmsg failed (I/O error)
E/NetlinkListener( 2982): recvmsg failed (I/O error)
E/NetlinkListener( 3359): recvmsg failed (I/O error)
E/NetlinkListener( 2982): recvmsg failed (I/O error)
E/NetlinkListener( 2982): recvmsg failed (I/O error)
E/NetlinkListener( 3359): recvmsg failed (I/O error)
E/NetlinkListener( 2982): recvmsg failed (I/O error)
E/NetlinkListener( 3359): recvmsg failed (I/O error)
E/NetlinkListener( 3359): recvmsg failed (I/O error)
E/NetlinkListener( 2982): recvmsg failed (I/O error)
E/NetlinkListener( 3359): recvmsg failed (I/O error)
E/NetlinkListener( 2982): recvmsg failed (I/O error)
E/NetlinkListener( 2982): recvmsg failed (I/O error)
E/NetlinkListener( 3359): recvmsg failed (I/O error)
E/NetlinkListener( 2982): recvmsg failed (I/O error)
E/NetlinkListener( 3359): recvmsg failed (I/O error)
E/NetlinkListener( 2982): recvmsg failed (I/O error)
E/NetlinkListener( 3359): recvmsg failed (I/O error)
E/NetlinkListener( 3359): recvmsg failed (I/O error)
E/NetlinkListener( 2982): recvmsg failed (I/O error)
E/NetlinkListener( 3359): recvmsg failed (I/O error)
E/NetlinkListener( 2982): recvmsg failed (I/O error)
E/NetlinkListener( 2982): recvmsg failed (I/O error)
E/NetlinkListener( 3359): recvmsg failed (I/O error)
E/NetlinkListener( 2982): recvmsg failed (I/O error)
E/NetlinkListener( 3359): recvmsg failed (I/O error)
E/NetlinkListener( 3359): recvmsg failed (I/O error)
E/NetlinkListener( 2982): recvmsg failed (I/O error)
E/NetlinkListener( 3359): recvmsg failed (I/O error)
E/NetlinkListener( 2982): recvmsg failed (I/O error)
E/NetlinkListener( 2982): recvmsg failed (I/O error)
E/NetlinkListener( 3359): recvmsg failed (I/O error)
E/NetlinkListener( 2982): recvmsg failed (I/O error)
E/NetlinkListener( 3359): recvmsg failed (I/O error)
E/NetlinkListener( 2982): recvmsg failed (I/O error)
E/NetlinkListener( 3359): recvmsg failed (I/O error)
E/NetlinkListener( 3359): recvmsg failed (I/O error)
E/NetlinkListener( 2982): recvmsg failed (I/O error)
E/NetlinkListener( 3359): recvmsg failed (I/O error)
E/NetlinkListener( 2982): recvmsg failed (I/O error)
E/NetlinkListener( 2982): recvmsg failed (I/O error)
E/NetlinkListener( 3359): recvmsg failed (I/O error)
E/NetlinkListener( 2982): recvmsg failed (I/O error)
E/NetlinkListener( 3359): recvmsg failed (I/O error)
E/NetlinkListener( 3359): recvmsg failed (I/O error)
E/NetlinkListener( 2982): recvmsg failed (I/O error)
E/NetlinkListener( 3359): recvmsg failed (I/O error)
E/NetlinkListener( 2982): recvmsg failed (I/O error)
E/NetlinkListener( 2982): recvmsg failed (I/O error)
E/NetlinkListener( 3359): recvmsg failed (I/O error)
E/NetlinkListener( 3359): recvmsg failed (I/O error)
E/NetlinkListener( 2982): recvmsg failed (I/O error)
E/NetlinkListener( 2982): recvmsg failed (I/O error)
E/NetlinkListener( 3359): recvmsg failed (I/O error)
F/libc ( 4067): Fatal signal 11 (SIGSEGV), code 1, fault addr 0xc in tid 4071 (BootAnimation)
I/DEBUG ( 663): *** *** *** *** *** *** *** *** *** *** *** *** *** *** *** ***
I/DEBUG ( 663): Build fingerprint: 'Fairphone/FP2/FP2:5.1/FP2/fp2-sibon-16.11.0:userdebug/release-keys'
I/DEBUG ( 663): Revision: '0'
I/DEBUG ( 663): ABI: 'arm'
I/DEBUG ( 663): pid: 4067, tid: 4071, name: BootAnimation >>> /system/bin/bootanimation <<<
I/DEBUG ( 663): signal 11 (SIGSEGV), code 1 (SEGV_MAPERR), fault addr 0xc
E/NetlinkListener( 3359): recvmsg failed (I/O error)
I/DEBUG ( 663): r0 00000000 r1 40000000 r2 00000001 r3 00000000
I/DEBUG ( 663): r4 00000000 r5 40000000 r6 b5901bf0 r7 b5901bf8
I/DEBUG ( 663): r8 b5901c08 r9 00000000 sl b5c37130 fp b5901c1c
I/DEBUG ( 663): ip b6f77f20 sp b5901bb8 lr b6dfaafb pc b6dfaaa2 cpsr 60070030
I/DEBUG ( 663):
I/DEBUG ( 663): backtrace:
I/DEBUG ( 663): #00 pc 00037aa2 /system/lib/libgui.so (_ZNK7android14SurfaceControl8validateEv+1)
I/DEBUG ( 663): #01 pc 00037af7 /system/lib/libgui.so (_ZN7android14SurfaceControl8setLayerEi+6)
I/DEBUG ( 663): #02 pc 0000501d /system/bin/bootanimation
I/DEBUG ( 663): #03 pc 0000ef41 /system/lib/libutils.so (_ZN7android6Thread11_threadLoopEPv+84)
I/DEBUG ( 663): #04 pc 0000eacd /system/lib/libutils.so
I/DEBUG ( 663): #05 pc 00013fc3 /system/lib/libc.so (_ZL15__pthread_startPv+30)
I/DEBUG ( 663): #06 pc 00011f0b /system/lib/libc.so (__start_thread+6)
E/NetlinkListener( 3359): recvmsg failed (I/O error)
E/NetlinkListener( 3359): recvmsg failed (I/O error)
E/NetlinkListener( 4122): recvmsg failed (I/O error)
E/NetlinkListener( 4122): recvmsg failed (I/O error)
E/NetlinkListener( 3359): recvmsg failed (I/O error)
E/NetlinkListener( 3359): recvmsg failed (I/O error)
E/NetlinkListener( 4122): recvmsg failed (I/O error)
E/NetlinkListener( 4122): recvmsg failed (I/O error)
E/NetlinkListener( 3359): recvmsg failed (I/O error)
E/NetlinkListener( 3359): recvmsg failed (I/O error)
E/NetlinkListener( 4122): recvmsg failed (I/O error)
E/NetlinkListener( 3359): recvmsg failed (I/O error)
E/NetlinkListener( 4122): recvmsg failed (I/O error)
E/NetlinkListener( 3359): recvmsg failed (I/O error)
E/NetlinkListener( 4122): recvmsg failed (I/O error)
E/NetlinkListener( 4122): recvmsg failed (I/O error)
E/NetlinkListener( 3359): recvmsg failed (I/O error)
E/NetlinkListener( 3359): recvmsg failed (I/O error)
E/NetlinkListener( 4122): recvmsg failed (I/O error)
E/NetlinkListener( 3359): recvmsg failed (I/O error)
E/NetlinkListener( 4122): recvmsg failed (I/O error)
E/NetlinkListener( 4122): recvmsg failed (I/O error)
E/NetlinkListener( 3359): recvmsg failed (I/O error)
E/NetlinkListener( 4122): recvmsg failed (I/O error)
E/NetlinkListener( 3359): recvmsg failed (I/O error)
E/NetlinkListener( 4122): recvmsg failed (I/O error)
E/NetlinkListener( 3359): recvmsg failed (I/O error)
E/NetlinkListener( 3359): recvmsg failed (I/O error)
E/NetlinkListener( 4122): recvmsg failed (I/O error)
E/NetlinkListener( 4235): recvmsg failed (I/O error)
E/NetlinkListener( 3359): recvmsg failed (I/O error)
E/NetlinkListener( 4235): recvmsg failed (I/O error)
E/NetlinkListener( 3359): recvmsg failed (I/O error)
F/libc ( 4266): Fatal signal 11 (SIGSEGV), code 1, fault addr 0xc in tid 4276 (BootAnimation)
I/DEBUG ( 663): *** *** *** *** *** *** *** *** *** *** *** *** *** *** *** ***
I/DEBUG ( 663): Build fingerprint: 'Fairphone/FP2/FP2:5.1/FP2/fp2-sibon-16.11.0:userdebug/release-keys'
I/DEBUG ( 663): Revision: '0'
I/DEBUG ( 663): ABI: 'arm'
I/DEBUG ( 663): pid: 4266, tid: 4276, name: BootAnimation >>> /system/bin/bootanimation <<<
I/DEBUG ( 663): signal 11 (SIGSEGV), code 1 (SEGV_MAPERR), fault addr 0xc
I/DEBUG ( 663): r0 00000000 r1 40000000 r2 00000001 r3 00000000
I/DEBUG ( 663): r4 00000000 r5 40000000 r6 b5901bf0 r7 b5901bf8
I/DEBUG ( 663): r8 b5901c08 r9 00000000 sl b5c37130 fp b5901c1c
I/DEBUG ( 663): ip b6f18f20 sp b5901bb8 lr b6d9bafb pc b6d9baa2 cpsr 60070030
I/DEBUG ( 663):
I/DEBUG ( 663): backtrace:
I/DEBUG ( 663): #00 pc 00037aa2 /system/lib/libgui.so (_ZNK7android14SurfaceControl8validateEv+1)
I/DEBUG ( 663): #01 pc 00037af7 /system/lib/libgui.so (_ZN7android14SurfaceControl8setLayerEi+6)
I/DEBUG ( 663): #02 pc 0000501d /system/bin/bootanimation
I/DEBUG ( 663): #03 pc 0000ef41 /system/lib/libutils.so (_ZN7android6Thread11_threadLoopEPv+84)
I/DEBUG ( 663): #04 pc 0000eacd /system/lib/libutils.so
I/DEBUG ( 663): #05 pc 00013fc3 /system/lib/libc.so (_ZL15__pthread_startPv+30)
I/DEBUG ( 663): #06 pc 00011f0b /system/lib/libc.so (__start_thread+6)
E/NetlinkListener( 3359): recvmsg failed (I/O error)
E/NetlinkListener( 4235): recvmsg failed (I/O error)
E/NetlinkListener( 3359): recvmsg failed (I/O error)
E/NetlinkListener( 4235): recvmsg failed (I/O error)
E/NetlinkListener( 4235): recvmsg failed (I/O error)
E/NetlinkListener( 3359): recvmsg failed (I/O error)
E/NetlinkListener( 4235): recvmsg failed (I/O error)
E/NetlinkListener( 3359): recvmsg failed (I/O error)
E/NetlinkListener( 3359): recvmsg failed (I/O error)
E/NetlinkListener( 4235): recvmsg failed (I/O error)
E/NetlinkListener( 3359): recvmsg failed (I/O error)
E/NetlinkListener( 4235): recvmsg failed (I/O error)
E/NetlinkListener( 4235): recvmsg failed (I/O error)
E/NetlinkListener( 3359): recvmsg failed (I/O error)
E/NetlinkListener( 4235): recvmsg failed (I/O error)
E/NetlinkListener( 3359): recvmsg failed (I/O error)
E/NetlinkListener( 3359): recvmsg failed (I/O error)
E/NetlinkListener( 4235): recvmsg failed (I/O error)
E/NetlinkListener( 3359): recvmsg failed (I/O error)
E/NetlinkListener( 4235): recvmsg failed (I/O error)
E/NetlinkListener( 4235): recvmsg failed (I/O error)
E/NetlinkListener( 3359): recvmsg failed (I/O error)
E/NetlinkListener( 4235): recvmsg failed (I/O error)
E/NetlinkListener( 3359): recvmsg failed (I/O error)
E/NetlinkListener( 4235): recvmsg failed (I/O error)
E/NetlinkListener( 3359): recvmsg failed (I/O error)
E/NetlinkListener( 3359): recvmsg failed (I/O error)
E/NetlinkListener( 4235): recvmsg failed (I/O error) --------- beginning of main
W/Resources( 4232): Preloaded drawable resource #0x1080257 (android:drawable/btn_toggle_on_disabled_holo_dark) that varies with configuration!!
W/Resources( 4232): Preloaded drawable resource #0x108025d (android:drawable/btn_toggle_on_pressed_holo_dark) that varies with configuration!!
W/Resources( 4232): Preloaded drawable resource #0x1080259 (android:drawable/btn_toggle_on_focused_holo_dark) that varies with configuration!!
W/Resources( 4232): Preloaded drawable resource #0x108025b (android:drawable/btn_toggle_on_normal_holo_dark) that varies with configuration!!
W/Resources( 4232): Preloaded drawable resource #0x1080255 (android:drawable/btn_toggle_on_disabled_focused_holo_dark) that varies with configuration!!
W/Resources( 4232): Preloaded drawable resource #0x1080257 (android:drawable/btn_toggle_on_disabled_holo_dark) that varies with configuration!!
W/Resources( 4232): Preloaded drawable resource #0x1080250 (android:drawable/btn_toggle_off_normal_holo_dark) that varies with configuration!!
W/Resources( 4232): Preloaded drawable resource #0x108024c (android:drawable/btn_toggle_off_disabled_holo_dark) that varies with configuration!!
W/Resources( 4232): Preloaded drawable resource #0x1080252 (android:drawable/btn_toggle_off_pressed_holo_dark) that varies with configuration!!
W/Resources( 4232): Preloaded drawable resource #0x108024e (android:drawable/btn_toggle_off_focused_holo_dark) that varies with configuration!!
W/Resources( 4232): Preloaded drawable resource #0x1080250 (android:drawable/btn_toggle_off_normal_holo_dark) that varies with configuration!!
W/Resources( 4232): Preloaded drawable resource #0x108024a (android:drawable/btn_toggle_off_disabled_focused_holo_dark) that varies with configuration!!
W/Resources( 4232): Preloaded drawable resource #0x108024c (android:drawable/btn_toggle_off_disabled_holo_dark) that varies with configuration!!
W/Resources( 4232): Preloaded drawable resource #0x1080245 (android:drawable/btn_toggle_holo_dark) that varies with configuration!!
W/Resources( 4232): Preloaded drawable resource #0x1080727 (android:drawable/textfield_multiline_default_holo_light) that varies with configuration!!
W/Resources( 4232): Preloaded drawable resource #0x108072b (android:drawable/textfield_multiline_disabled_holo_light) that varies with configuration!!
W/Resources( 4232): Preloaded drawable resource #0x1080725 (android:drawable/textfield_multiline_activated_holo_light) that varies with configuration!!
W/Resources( 4232): Preloaded drawable resource #0x108072d (android:drawable/textfield_multiline_focused_holo_light) that varies with configuration!!
W/Resources( 4232): Preloaded drawable resource #0x1080727 (android:drawable/textfield_multiline_default_holo_light) that varies with configuration!!
W/Resources( 4232): Preloaded drawable resource #0x1080729 (android:drawable/textfield_multiline_disabled_focused_holo_light) that varies with configuration!!
W/Resources( 4232): Preloaded drawable resource #0x108072b (android:drawable/textfield_multiline_disabled_holo_light) that varies with configuration!!
W/Resources( 4232): Preloaded drawable resource #0x1080719 (android:drawable/textfield_default_holo_light) that varies with configuration!!
W/Resources( 4232): Preloaded drawable resource #0x108071f (android:drawable/textfield_disabled_holo_light) that varies with configuration!!
W/Resources( 4232): Preloaded drawable resource #0x1080710 (android:drawable/textfield_activated_holo_light) that varies with configuration!!
W/Resources( 4232): Preloaded drawable resource #0x1080722 (android:drawable/textfield_focused_holo_light) that varies with configuration!!
W/Resources( 4232): Preloaded drawable resource #0x1080719 (android:drawable/textfield_default_holo_light) that varies with configuration!!
W/Resources( 4232): Preloaded drawable resource #0x108071d (android:drawable/textfield_disabled_focused_holo_light) that varies with configuration!!
W/Resources( 4232): Preloaded drawable resource #0x108071f (android:drawable/textfield_disabled_holo_light) that varies with configuration!!
W/Resources( 4232): Preloaded drawable resource #0x10802c6 (android:drawable/edit_text_holo_light) that varies with configuration!!
W/Resources( 4232): Preloaded drawable resource #0x1080726 (android:drawable/textfield_multiline_default_holo_dark) that varies with configuration!!
W/Resources( 4232): Preloaded drawable resource #0x108072a (android:drawable/textfield_multiline_disabled_holo_dark) that varies with configuration!!
W/Resources( 4232): Preloaded drawable resource #0x1080724 (android:drawable/textfield_multiline_activated_holo_dark) that varies with configuration!!
W/Resources( 4232): Preloaded drawable resource #0x108072c (android:drawable/textfield_multiline_focused_holo_dark) that varies with configuration!!
W/Resources( 4232): Preloaded drawable resource #0x1080726 (android:drawable/textfield_multiline_default_holo_dark) that varies with configuration!!
W/Resources( 4232): Preloaded drawable resource #0x1080728 (android:drawable/textfield_multiline_disabled_focused_holo_dark) that varies with configuration!!
W/Resources( 4232): Preloaded drawable resource #0x108072a (android:drawable/textfield_multiline_disabled_holo_dark) that varies with configuration!!
W/Resources( 4232): Preloaded drawable resource #0x1080718 (android:drawable/textfield_default_holo_dark) that varies with configuration!!
W/Resources( 4232): Preloaded drawable resource #0x108071e (android:drawable/textfield_disabled_holo_dark) that varies with configuration!!
W/Resources( 4232): Preloaded drawable resource #0x108070f (android:drawable/textfield_activated_holo_dark) that varies with configuration!!
W/Resources( 4232): Preloaded drawable resource #0x1080721 (android:drawable/textfield_focused_holo_dark) that varies with configuration!!
W/Resources( 4232): Preloaded drawable resource #0x1080718 (android:drawable/textfield_default_holo_dark) that varies with configuration!!
W/Resources( 4232): Preloaded drawable resource #0x108071c (android:drawable/textfield_disabled_focused_holo_dark) that varies with configuration!!
W/Resources( 4232): Preloaded drawable resource #0x108071e (android:drawable/textfield_disabled_holo_dark) that varies with configuration!!
W/Resources( 4232): Preloaded drawable resource #0x10802c5 (android:drawable/edit_text_holo_dark) that varies with configuration!!
W/Resources( 4232): Preloaded drawable resource #0x1080706 (android:drawable/text_select_handle_left) that varies with configuration!!
W/Resources( 4232): Preloaded drawable resource #0x108070c (android:drawable/text_select_handle_right) that varies with configuration!!
W/Resources( 4232): Preloaded drawable resource #0x1080703 (android:drawable/text_edit_paste_window) that varies with configuration!!
W/Resources( 4232): Preloaded drawable resource #0x10802dd (android:drawable/expander_close_holo_dark) that varies with configuration!!
W/Resources( 4232): Preloaded drawable resource #0x10802de (android:drawable/expander_close_holo_light) that varies with configuration!!
W/Resources( 4232): Preloaded drawable resource #0x10802dd (android:drawable/expander_close_holo_dark) that varies with configuration!!
W/Resources( 4232): Preloaded drawable resource #0x10802e6 (android:drawable/expander_open_holo_dark) that varies with configuration!!
W/Resources( 4232): Preloaded drawable resource #0x10802e1 (android:drawable/expander_group_holo_dark) that varies with configuration!!
W/Resources( 4232): Preloaded drawable resource #0x10802de (android:drawable/expander_close_holo_light) that varies with configuration!!
W/Resources( 4232): Preloaded drawable resource #0x10802e7 (android:drawable/expander_open_holo_light) that varies with configuration!!
W/Resources( 4232): Preloaded drawable resource #0x10802e2 (android:drawable/expander_group_holo_light) that varies with configuration!!
W/Resources( 4232): Preloaded drawable resource #0x10804c5 (android:drawable/list_selector_disabled_holo_dark) that varies with configuration!!
W/Resources( 4232): Preloaded drawable resource #0x10804c5 (android:drawable/list_selector_disabled_holo_dark) that varies with configuration!!
W/Resources( 4232): Preloaded drawable resource #0x10804a4 (android:drawable/list_pressed_holo_dark) that varies with configuration!!
W/Resources( 4232): Preloaded drawable resource #0x10804a2 (android:drawable/list_longpressed_holo_dark) that varies with configuration!!
W/Resources( 4232): Preloaded drawable resource #0x10804c2 (android:drawable/list_selector_background_transition_holo_dark) that varies with configuration!!
W/Resources( 4232): Preloaded drawable resource #0x10804a4 (android:drawable/list_pressed_holo_dark) that varies with configuration!!
W/Resources( 4232): Preloaded drawable resource #0x10804a2 (android:drawable/list_longpressed_holo_dark) that varies with configuration!!
W/Resources( 4232): Preloaded drawable resource #0x10804c2 (android:drawable/list_selector_background_transition_holo_dark) that varies with configuration!!
W/Resources( 4232): Preloaded drawable resource #0x108049d (android:drawable/list_focused_holo) that varies with configuration!!
W/Resources( 4232): Preloaded drawable resource #0x10804c9 (android:drawable/list_selector_holo_dark) that varies with configuration!!
W/Resources( 4232): Preloaded drawable resource #0x10804c6 (android:drawable/list_selector_disabled_holo_light) that varies with configuration!!
W/Resources( 4232): Preloaded drawable resource #0x10804c6 (android:drawable/list_selector_disabled_holo_light) that varies with configuration!!
W/Resources( 4232): Preloaded drawable resource #0x10804a5 (android:drawable/list_pressed_holo_light) that varies with configuration!!
W/Resources( 4232): Preloaded drawable resource #0x10804a3 (android:drawable/list_longpressed_holo_light) that varies with configuration!!
W/Resources( 4232): Preloaded drawable resource #0x10804c3 (android:drawable/list_selector_background_transition_holo_light) that varies with configuration!!
W/Resources( 4232): Preloaded drawable resource #0x10804a5 (android:drawable/list_pressed_holo_light) that varies with configuration!!
W/Resources( 4232): Preloaded drawable resource #0x10804a3 (android:drawable/list_longpressed_holo_light) that varies with configuration!!
W/Resources( 4232): Preloaded drawable resource #0x10804c3 (android:drawable/list_selector_background_transition_holo_light) that varies with configuration!!
W/Resources( 4232): Preloaded drawable resource #0x108049d (android:drawable/list_focused_holo) that varies with configuration!!
W/Resources( 4232): Preloaded drawable resource #0x10804ca (android:drawable/list_selector_holo_light) that varies with configuration!!
W/Resources( 4232): Preloaded drawable resource #0x10804a7 (android:drawable/list_section_divider_holo_light) that varies with configuration!!
W/Resources( 4232): Preloaded drawable resource #0x10804a6 (android:drawable/list_section_divider_holo_dark) that varies with configuration!!
W/Resources( 4232): Preloaded drawable resource #0x10804da (android:drawable/menu_hardkey_panel_holo_dark) that varies with configuration!!
W/Resources( 4232): Preloaded drawable resource #0x10804db (android:drawable/menu_hardkey_panel_holo_light) that varies with configuration!!
W/Resources( 4232): Preloaded drawable resource #0x10804e2 (android:drawable/menu_submenu_background) that varies with configuration!!
W/Resources( 4232): Preloaded drawable resource #0x10804d9 (android:drawable/menu_dropdown_panel_holo_light) that varies with configuration!!
W/Resources( 4232): Preloaded drawable resource #0x10804d8 (android:drawable/menu_dropdown_panel_holo_dark) that varies with configuration!!
W/Resources( 4232): Preloaded drawable resource #0x10804df (android:drawable/menu_popup_panel_holo_light) that varies with configuration!!
W/Resources( 4232): Preloaded drawable resource #0x10804de (android:drawable/menu_popup_panel_holo_dark) that varies with configuration!!
W/Resources( 4232): Preloaded drawable resource #0x10804df (android:drawable/menu_popup_panel_holo_light) that varies with configuration!!
W/Resources( 4232): Preloaded drawable resource #0x10804d9 (android:drawable/menu_dropdown_panel_holo_light) that varies with configuration!!
W/Resources( 4232): Preloaded drawable resource #0x10804dd (android:drawable/menu_panel_holo_light) that varies with configuration!!
W/Resources( 4232): Preloaded drawable resource #0x10804de (android:drawable/menu_popup_panel_holo_dark) that varies with configuration!!
W/Resources( 4232): Preloaded drawable resource #0x10804d8 (android:drawable/menu_dropdown_panel_holo_dark) that varies with configuration!!
W/Resources( 4232): Preloaded drawable resource #0x10804dc (android:drawable/menu_panel_holo_dark) that varies with configuration!!
W/Resources( 4232): Preloaded drawable resource #0x1080611 (android:drawable/spinner_16_outer_holo) that varies with configuration!!
W/Resources( 4232): Preloaded drawable resource #0x1080610 (android:drawable/spinner_16_inner_holo) that varies with configuration!!
W/Resources( 4232): Preloaded drawable resource #0x1080613 (android:drawable/spinner_48_outer_holo) that varies with configuration!!
W/Resources( 4232): Preloaded drawable resource #0x1080612 (android:drawable/spinner_48_inner_holo) that varies with configuration!!
W/Resources( 4232): Preloaded drawable resource #0x1080615 (android:drawable/spinner_76_outer_holo) that varies with configuration!!
W/Resources( 4232): Preloaded drawable resource #0x1080614 (android:drawable/spinner_76_inner_holo) that varies with configuration!!
W/Resources( 4232): Preloaded drawable resource #0x108056a (android:drawable/progress_bg_holo_dark) that varies with configuration!!
W/Resources( 4232): Preloaded drawable resource #0x108056b (android:drawable/progress_bg_holo_light) that varies with configuration!!
W/Resources( 4232): Preloaded drawable resource #0x108056a (android:drawable/progress_bg_holo_dark) that varies with configuration!!
W/Resources( 4232): Preloaded drawable resource #0x108057c (android:drawable/progress_secondary_holo_dark) that varies with configuration!!
W/Resources( 4232): Preloaded drawable resource #0x108057a (android:drawable/progress_primary_holo_dark) that varies with configuration!!
W/Resources( 4232): Preloaded drawable resource #0x108056c (android:drawable/progress_horizontal_holo_dark) that varies with configuration!!
W/Resources( 4232): Preloaded drawable resource #0x108056b (android:drawable/progress_bg_holo_light) that varies with configuration!!
W/Resources( 4232): Preloaded drawable resource #0x108057d (android:drawable/progress_secondary_holo_light) that varies with configuration!!
W/Resources( 4232): Preloaded drawable resource #0x108057b (android:drawable/progress_primary_holo_light) that varies with configuration!!
W/Resources( 4232): Preloaded drawable resource #0x108056d (android:drawable/progress_horizontal_holo_light) that varies with configuration!!
W/Resources( 4232): Preloaded drawable resource #0x1080586 (android:drawable/progressbar_indeterminate_holo1) that varies with configuration!!
W/Resources( 4232): Preloaded drawable resource #0x1080587 (android:drawable/progressbar_indeterminate_holo2) that varies with configuration!!
W/Resources( 4232): Preloaded drawable resource #0x1080588 (android:drawable/progressbar_indeterminate_holo3) that varies with configuration!!
W/Resources( 4232): Preloaded drawable resource #0x1080589 (android:drawable/progressbar_indeterminate_holo4) that varies with configuration!!
W/Resources( 4232): Preloaded drawable resource #0x108058a (android:drawable/progressbar_indeterminate_holo5) that varies with configuration!!
W/Resources( 4232): Preloaded drawable resource #0x108058b (android:drawable/progressbar_indeterminate_holo6) that varies with configuration!!
W/Resources( 4232): Preloaded drawable resource #0x108058c (android:drawable/progressbar_indeterminate_holo7) that varies with configuration!!
W/Resources( 4232): Preloaded drawable resource #0x108058d (android:drawable/progressbar_indeterminate_holo8) that varies with configuration!!
W/Resources( 4232): Preloaded drawable resource #0x108056f (android:drawable/progress_indeterminate_horizontal_holo) that varies with configuration!!
W/Resources( 4232): Preloaded drawable resource #0x1080615 (android:drawable/spinner_76_outer_holo) that varies with configuration!!
W/Resources( 4232): Preloaded drawable resource #0x1080614 (android:drawable/spinner_76_inner_holo) that varies with configuration!!
W/Resources( 4232): Preloaded drawable resource #0x1080572 (android:drawable/progress_large_holo) that varies with configuration!!
W/Resources( 4232): Preloaded drawable resource #0x1080613 (android:drawable/spinner_48_outer_holo) that varies with configuration!!
W/Resources( 4232): Preloaded drawable resource #0x1080612 (android:drawable/spinner_48_inner_holo) that varies with configuration!!
W/Resources( 4232): Preloaded drawable resource #0x1080576 (android:drawable/progress_medium_holo) that varies with configuration!!
W/Resources( 4232): Preloaded drawable resource #0x108057a (android:drawable/progress_primary_holo_dark) that varies with configuration!!
W/Resources( 4232): Preloaded drawable resource #0x108057b (android:drawable/progress_primary_holo_light) that varies with configuration!!
W/Resources( 4232): Preloaded drawable resource #0x108057c (android:drawable/progress_secondary_holo_dark) that varies with configuration!!
W/Resources( 4232): Preloaded drawable resource #0x108057d (android:drawable/progress_secondary_holo_light) that varies with configuration!!
W/Resources( 4232): Preloaded drawable resource #0x1080611 (android:drawable/spinner_16_outer_holo) that varies with configuration!!
W/Resources( 4232): Preloaded drawable resource #0x1080610 (android:drawable/spinner_16_inner_holo) that varies with configuration!!
W/Resources( 4232): Preloaded drawable resource #0x108057f (android:drawable/progress_small_holo) that varies with configuration!!
W/Resources( 4232): Preloaded drawable resource #0x10805f8 (android:drawable/scrubber_track_holo_dark) that varies with configuration!!
W/Resources( 4232): Preloaded drawable resource #0x10805f7 (android:drawable/scrubber_secondary_holo) that varies with configuration!!
W/Resources( 4232): Preloaded drawable resource #0x10805f2 (android:drawable/scrubber_primary_holo) that varies with configuration!!
W/Resources( 4232): Preloaded drawable resource #0x10805f4 (android:drawable/scrubber_progress_horizontal_holo_dark) that varies with configuration!!
W/Resources( 4232): Preloaded drawable resource #0x10805f9 (android:drawable/scrubber_track_holo_light) that varies with configuration!!
W/Resources( 4232): Preloaded drawable resource #0x10805f7 (android:drawable/scrubber_secondary_holo) that varies with configuration!!
W/Resources( 4232): Preloaded drawable resource #0x10805f2 (android:drawable/scrubber_primary_holo) that varies with configuration!!
W/Resources( 4232): Preloaded drawable resource #0x10805f5 (android:drawable/scrubber_progress_horizontal_holo_light) that varies with configuration!!
W/Resources( 4232): Preloaded drawable resource #0x10805d6 (android:drawable/scrollbar_handle_holo_dark) that varies with configuration!!
W/Resources( 4232): Preloaded drawable resource #0x10805d7 (android:drawable/scrollbar_handle_holo_light) that varies with configuration!!
