I/WindowManager( 5616): Out of memory for surface! Looking for leaks...
W/WindowManager( 5616): No leaked surfaces; killing applicatons!
W/WindowManager( 5616): Due to memory failure, waiting a bit for next layout
I/dex2oat ( 5755): Decided to run without swap.
W/AudioFlinger( 5524): setStreamVolume() pid 5520 cannot use internal stream type 10
W/AudioFlinger( 5524): setStreamVolume() pid 5520 cannot use internal stream type 11
E/AudioPolicyManager( 5520): unknown stream type 13
W/AudioFlinger( 5524): setStreamVolume() pid 5520 cannot use internal stream type 13
D/audio_hw_primary( 5524): adev_open_input_stream: enter: sample_rate(48000) channel_mask(0xc) devices(0x80000004) stream_handle(0xb586dac0)
I/AudioFlinger( 5524): AudioFlinger's thread 0xb5b13000 ready to run
D/audio_hw_primary( 5524): in_standby: enter: stream (0xb586dac0) usecase(7: audio-record)
D/audio_hw_primary( 5524): in_standby: enter: stream (0xb586dac0) usecase(7: audio-record)
D/audio_hw_primary( 5524): adev_close_input_stream: enter:stream_handle(0xb586dac0)
D/audio_hw_primary( 5524): in_standby: enter: stream (0xb586dac0) usecase(7: audio-record)
W/AudioFlinger( 5524): loadHwModule() module a2dp already loaded
E/NetlinkListener( 5523): recvmsg failed (I/O error)
E/NetlinkListener( 3359): recvmsg failed (I/O error)
W/AudioFlinger( 5524): loadHwModule() module usb already loaded
W/AudioFlinger( 5524): loadHwModule() module r_submix already loaded
D/r_submix( 5524): adev_open_input_stream(addr=0)
D/r_submix( 5524): submix_audio_device_create_pipe_l(addr=0, idx=9)
D/r_submix( 5524): now using address 0 for route 9
I/AudioFlinger( 5524): AudioFlinger's thread 0xb5b13000 ready to run
I/r_submix( 5524): in_standby()
I/r_submix( 5524): in_standby()
D/r_submix( 5524): adev_close_input_stream()
D/r_submix( 5524): submix_audio_device_release_pipe_l(idx=9) addr=0
D/r_submix( 5524): submix_audio_device_destroy_pipe_l(): pipe destroyed
E/AudioPolicyManager( 5520): Failed to open primary output
E/AudioPolicyManager( 5520): unknown stream type 13
E/ServiceManager( 5516): add_service('media.audio_policy',28) uid=1013 - ALREADY REGISTERED, OVERRIDE
I/ServiceManager( 5516): service 'media.audio_policy' died
D/audio_hw_primary( 5524): out_set_parameters: enter: usecase(0: deep-buffer-playback) kvpairs: exiting=1
D/audio_hw_extn( 5524): audio_extn_set_anc_parameters: anc_enabled:0
D/audio_hw_primary( 5524): adev_close_output_stream: enter:stream_handle(0xb58809c0)
D/audio_hw_primary( 5524): out_standby: enter: stream (0xb58809c0) usecase(0: deep-buffer-playback)
D/audio_hw_primary( 5524): out_set_parameters: enter: usecase(1: low-latency-playback) kvpairs: exiting=1
D/audio_hw_primary( 5524): adev_close_output_stream: enter:stream_handle(0xb5880b00)
D/audio_hw_primary( 5524): out_standby: enter: stream (0xb5880b00) usecase(1: low-latency-playback)
I/dex2oat ( 5755): dex2oat took 80.965ms (threads: 4) arena alloc=104KB java alloc=126KB native alloc=1143KB free=6MB
E/SurfaceFlinger( 5519): Permission Denial: can't access SurfaceFlinger pid=5616, uid=1000
E/SurfaceFlinger( 5519): Permission Denial: can't access SurfaceFlinger pid=5616, uid=1000
W/art ( 5616): Long monitor contention event with owner method=int com.android.server.wm.WindowManagerService.relayoutWindow(com.android.server.wm.Session, android.view.IWindow, int, android.view.WindowManager$LayoutParams, int, int, int, int, android.graphics.Rect, android.graphics.Rect, android.graphics.Rect, android.graphics.Rect, android.graphics.Rect, android.content.res.Configuration, android.view.Surface) from WindowManagerService.java:3013 waiters=1 for 178ms
I/PackageManager( 5616): Running dexopt on: /system/priv-app/SharedStorageBackup/SharedStorageBackup.apk pkg=com.android.sharedstoragebackup isa=arm vmSafeMode=false
F/WindowAnimator( 5616): Unhandled exception in Window Manager
F/WindowAnimator( 5616): java.lang.NullPointerException: Attempt to invoke virtual method 'void android.view.SurfaceControl.setLayer(int)' on a null object reference
F/WindowAnimator( 5616): at com.android.server.wm.FocusedStackFrame.setLayer(FocusedStackFrame.java:140)
F/WindowAnimator( 5616): at com.android.server.wm.WindowManagerService.setFocusedStackLayer(WindowManagerService.java:3985)
F/WindowAnimator( 5616): at com.android.server.wm.WindowAnimator.animateLocked(WindowAnimator.java:708)
F/WindowAnimator( 5616): at com.android.server.wm.WindowAnimator.access$000(WindowAnimator.java:54)
F/WindowAnimator( 5616): at com.android.server.wm.WindowAnimator$1.run(WindowAnimator.java:126)
F/WindowAnimator( 5616): at android.view.Choreographer$CallbackRecord.run(Choreographer.java:767)
F/WindowAnimator( 5616): at android.view.Choreographer.doCallbacks(Choreographer.java:580)
F/WindowAnimator( 5616): at android.view.Choreographer.doFrame(Choreographer.java:549)
F/WindowAnimator( 5616): at android.view.Choreographer$FrameDisplayEventReceiver.run(Choreographer.java:753)
F/WindowAnimator( 5616): at android.os.Handler.handleCallback(Handler.java:739)
F/WindowAnimator( 5616): at android.os.Handler.dispatchMessage(Handler.java:95)
F/WindowAnimator( 5616): at android.os.Looper.loop(Looper.java:135)
F/WindowAnimator( 5616): at android.os.HandlerThread.run(HandlerThread.java:61)
F/WindowAnimator( 5616): at com.android.server.ServiceThread.run(ServiceThread.java:46)
E/NetlinkListener( 5523): recvmsg failed (I/O error)
E/NetlinkListener( 3359): recvmsg failed (I/O error)
E/SurfaceFlinger( 5519): Permission Denial: can't access SurfaceFlinger pid=5616, uid=1000
E/SurfaceFlinger( 5519): Permission Denial: can't access SurfaceFlinger pid=5616, uid=1000
E/SurfaceFlinger( 5519): Permission Denial: can't access SurfaceFlinger pid=5616, uid=1000
F/WindowAnimator( 5616): Unhandled exception in Window Manager
F/WindowAnimator( 5616): java.lang.NullPointerException: Attempt to invoke virtual method 'void android.view.SurfaceControl.setLayer(int)' on a null object reference
F/WindowAnimator( 5616): at com.android.server.wm.FocusedStackFrame.setLayer(FocusedStackFrame.java:140)
F/WindowAnimator( 5616): at com.android.server.wm.WindowManagerService.setFocusedStackLayer(WindowManagerService.java:3985)
F/WindowAnimator( 5616): at com.android.server.wm.WindowAnimator.animateLocked(WindowAnimator.java:708)
F/WindowAnimator( 5616): at com.android.server.wm.WindowAnimator.access$000(WindowAnimator.java:54)
F/WindowAnimator( 5616): at com.android.server.wm.WindowAnimator$1.run(WindowAnimator.java:126)
F/WindowAnimator( 5616): at android.view.Choreographer$CallbackRecord.run(Choreographer.java:767)
F/WindowAnimator( 5616): at android.view.Choreographer.doCallbacks(Choreographer.java:580)
F/WindowAnimator( 5616): at android.view.Choreographer.doFrame(Choreographer.java:549)
F/WindowAnimator( 5616): at android.view.Choreographer$FrameDisplayEventReceiver.run(Choreographer.java:753)
F/WindowAnimator( 5616): at android.os.Handler.handleCallback(Handler.java:739)
F/WindowAnimator( 5616): at android.os.Handler.dispatchMessage(Handler.java:95)
F/WindowAnimator( 5616): at android.os.Looper.loop(Looper.java:135)
F/WindowAnimator( 5616): at android.os.HandlerThread.run(HandlerThread.java:61)
F/WindowAnimator( 5616): at com.android.server.ServiceThread.run(ServiceThread.java:46)
E/SurfaceFlinger( 5519): Permission Denial: can't access SurfaceFlinger pid=5616, uid=1000
I/dex2oat ( 5789): /system/bin/dex2oat --zip-fd=5 --zip-location=/system/priv-app/SharedStorageBackup/SharedStorageBackup.apk --oat-fd=6 --oat-location=/data/dalvik-cache/arm/system@priv-app@SharedStorageBackup@SharedStorageBackup.apk@classes.dex --instruction-set=arm --instruction-set-features=div --runtime-arg -Xms64m --runtime-arg -Xmx512m --swap-fd=11
I/dex2oat ( 5789): Decided to run without swap.
I/dex2oat ( 5789): dex2oat took 82.362ms (threads: 4) arena alloc=149KB java alloc=22KB native alloc=1119KB free=6MB
I/PackageManager( 5616): Running dexopt on: /system/priv-app/WallpaperCropper/WallpaperCropper.apk pkg=com.android.wallpapercropper isa=arm vmSafeMode=false
I/dex2oat ( 5797): /system/bin/dex2oat --zip-fd=5 --zip-location=/system/priv-app/WallpaperCropper/WallpaperCropper.apk --oat-fd=6 --oat-location=/data/dalvik-cache/arm/system@priv-app@WallpaperCropper@WallpaperCropper.apk@classes.dex --instruction-set=arm --instruction-set-features=div --runtime-arg -Xms64m --runtime-arg -Xmx512m --swap-fd=11
I/dex2oat ( 5797): Decided to run without swap.
E/NetlinkListener( 3359): recvmsg failed (I/O error)
E/NetlinkListener( 5523): recvmsg failed (I/O error)
I/dex2oat ( 5797): dex2oat took 723.018ms (threads: 4) arena alloc=220KB java alloc=479KB native alloc=2MB free=5MB
I/PackageManager( 5616): Running dexopt on: /system/app/DocumentsUI/DocumentsUI.apk pkg=com.android.documentsui isa=arm vmSafeMode=false
I/dex2oat ( 5808): /system/bin/dex2oat --zip-fd=5 --zip-location=/system/app/DocumentsUI/DocumentsUI.apk --oat-fd=6 --oat-location=/data/dalvik-cache/arm/system@app@DocumentsUI@DocumentsUI.apk@classes.dex --instruction-set=arm --instruction-set-features=div --runtime-arg -Xms64m --runtime-arg -Xmx512m --swap-fd=11
I/dex2oat ( 5808): Decided to run without swap.
E/NetlinkListener( 3359): recvmsg failed (I/O error)
E/NetlinkListener( 5523): recvmsg failed (I/O error)
E/NetlinkListener( 3359): recvmsg failed (I/O error)
E/NetlinkListener( 5523): recvmsg failed (I/O error)
E/NetlinkListener( 5523): recvmsg failed (I/O error)
E/NetlinkListener( 3359): recvmsg failed (I/O error)
E/NetlinkListener( 5523): recvmsg failed (I/O error)
E/NetlinkListener( 3359): recvmsg failed (I/O error)
V/WLAN_PSA( 670): NL MSG, len[048], NL type[0x11] WNI type[0x5050] len[028]
V/WLAN_PSA( 670): NL MSG, PID: 670
I/dex2oat ( 5808): dex2oat took 845.835ms (threads: 4) arena alloc=89KB java alloc=957KB native alloc=2MB free=5MB
I/PackageManager( 5616): Running dexopt on: /system/app/PhaseBeam/PhaseBeam.apk pkg=com.android.phasebeam isa=arm vmSafeMode=false
I/dex2oat ( 5832): /system/bin/dex2oat --zip-fd=5 --zip-location=/system/app/PhaseBeam/PhaseBeam.apk --oat-fd=6 --oat-location=/data/dalvik-cache/arm/system@app@PhaseBeam@PhaseBeam.apk@classes.dex --instruction-set=arm --instruction-set-features=div --runtime-arg -Xms64m --runtime-arg -Xmx512m --swap-fd=11
I/dex2oat ( 5832): Decided to run without swap.
I/dex2oat ( 5832): dex2oat took 56.825ms (threads: 4) arena alloc=59KB java alloc=130KB native alloc=1398KB free=6MB
I/PackageManager( 5616): Running dexopt on: /system/priv-app/ProgrammableButton/ProgrammableButton.apk pkg=com.fairphone.programmablebutton isa=arm vmSafeMode=false
I/dex2oat ( 5837): /system/bin/dex2oat --zip-fd=5 --zip-location=/system/priv-app/ProgrammableButton/ProgrammableButton.apk --oat-fd=6 --oat-location=/data/dalvik-cache/arm/system@priv-app@ProgrammableButton@ProgrammableButton.apk@classes.dex --instruction-set=arm --instruction-set-features=div --runtime-arg -Xms64m --runtime-arg -Xmx512m --swap-fd=11
I/dex2oat ( 5837): Decided to run without swap.
E/NetlinkListener( 3359): recvmsg failed (I/O error)
E/NetlinkListener( 5523): recvmsg failed (I/O error)
E/NetlinkListener( 3359): recvmsg failed (I/O error)
E/NetlinkListener( 5523): recvmsg failed (I/O error)
I/dex2oat ( 5837): dex2oat took 555.888ms (threads: 4) arena alloc=260KB java alloc=391KB native alloc=2MB free=5MB
I/PackageManager( 5616): Running dexopt on: /system/app/webview/webview.apk pkg=com.android.webview isa=arm vmSafeMode=false
I/dex2oat ( 5851): /system/bin/dex2oat --zip-fd=5 --zip-location=/system/app/webview/webview.apk --oat-fd=6 --oat-location=/data/dalvik-cache/arm/system@app@webview@webview.apk@classes.dex --instruction-set=arm --instruction-set-features=div --runtime-arg -Xms64m --runtime-arg -Xmx512m --swap-fd=11
I/dex2oat ( 5851): Decided to run without swap.
E/NetlinkListener( 3359): recvmsg failed (I/O error)
E/NetlinkListener( 5523): recvmsg failed (I/O error)
V/WLAN_PSA( 670): NL MSG, len[4025], NL type[0x1C] WNI type[0x5900] len[41231]
V/WLAN_PSA( 670): NL MSG, PID: 670
E/NetlinkListener( 3359): recvmsg failed (I/O error)
E/NetlinkListener( 5523): recvmsg failed (I/O error)
I/dex2oat ( 5851): dex2oat took 868.676ms (threads: 4) arena alloc=64KB java alloc=1371KB native alloc=3MB free=4MB
I/PackageManager( 5616): Running dexopt on: /system/priv-app/FairphoneLauncher3/FairphoneLauncher3.apk pkg=com.fairphone.fplauncher3 isa=arm vmSafeMode=false
I/dex2oat ( 5866): /system/bin/dex2oat --zip-fd=5 --zip-location=/system/priv-app/FairphoneLauncher3/FairphoneLauncher3.apk --oat-fd=6 --oat-location=/data/dalvik-cache/arm/system@priv-app@FairphoneLauncher3@FairphoneLauncher3.apk@classes.dex --instruction-set=arm --instruction-set-features=div --runtime-arg -Xms64m --runtime-arg -Xmx512m --swap-fd=11
E/NetlinkListener( 3359): recvmsg failed (I/O error)
E/NetlinkListener( 5523): recvmsg failed (I/O error)
E/NetlinkListener( 5523): recvmsg failed (I/O error)
E/NetlinkListener( 3359): recvmsg failed (I/O error)
I/dex2oat ( 5866): Decided to run without swap.
E/NetlinkListener( 3359): recvmsg failed (I/O error)
E/NetlinkListener( 5523): recvmsg failed (I/O error)
E/NetlinkListener( 3359): recvmsg failed (I/O error)
E/NetlinkListener( 5523): recvmsg failed (I/O error)
E/NetlinkListener( 3359): recvmsg failed (I/O error)
E/NetlinkListener( 5523): recvmsg failed (I/O error)
E/NetlinkListener( 5523): recvmsg failed (I/O error)
E/NetlinkListener( 3359): recvmsg failed (I/O error)
I/dex2oat ( 5866): dex2oat took 1.807s (threads: 4) arena alloc=1259KB java alloc=2MB native alloc=6MB free=9MB
I/PackageManager( 5616): Running dexopt on: /system/priv-app/DownloadProvider/DownloadProvider.apk pkg=com.android.providers.downloads isa=arm vmSafeMode=false
I/dex2oat ( 5898): /system/bin/dex2oat --zip-fd=5 --zip-location=/system/priv-app/DownloadProvider/DownloadProvider.apk --oat-fd=6 --oat-location=/data/dalvik-cache/arm/system@priv-app@DownloadProvider@DownloadProvider.apk@classes.dex --instruction-set=arm --instruction-set-features=div --runtime-arg -Xms64m --runtime-arg -Xmx512m --swap-fd=11
E/NetlinkListener( 3359): recvmsg failed (I/O error)
E/NetlinkListener( 5523): recvmsg failed (I/O error)
I/dex2oat ( 5898): Decided to run without swap.
E/NetlinkListener( 5523): recvmsg failed (I/O error)
E/NetlinkListener( 3359): recvmsg failed (I/O error)
I/dex2oat ( 5898): dex2oat took 418.123ms (threads: 4) arena alloc=96KB java alloc=431KB native alloc=2MB free=5MB
I/PackageManager( 5616): Running dexopt on: /system/app/Exchange2/Exchange2.apk pkg=com.android.exchange isa=arm vmSafeMode=false
I/dex2oat ( 5914): /system/bin/dex2oat --zip-fd=5 --zip-location=/system/app/Exchange2/Exchange2.apk --oat-fd=6 --oat-location=/data/dalvik-cache/arm/system@app@Exchange2@Exchange2.apk@classes.dex --instruction-set=arm --instruction-set-features=div --runtime-arg -Xms64m --runtime-arg -Xmx512m --swap-fd=11
E/NetlinkListener( 5523): recvmsg failed (I/O error)
E/NetlinkListener( 3359): recvmsg failed (I/O error)
I/dex2oat ( 5914): Decided to run without swap.
E/NetlinkListener( 5523): recvmsg failed (I/O error)
E/NetlinkListener( 3359): recvmsg failed (I/O error)
E/NetlinkListener( 5523): recvmsg failed (I/O error)
E/NetlinkListener( 3359): recvmsg failed (I/O error)
V/WLAN_PSA( 670): NL MSG, len[048], NL type[0x11] WNI type[0x5050] len[028]
V/WLAN_PSA( 670): NL MSG, PID: 670
E/NetlinkListener( 5523): recvmsg failed (I/O error)
E/NetlinkListener( 3359): recvmsg failed (I/O error)
V/WLAN_PSA( 670): NL MSG, len[4009], NL type[0x1C] WNI type[0x5900] len[37135]
V/WLAN_PSA( 670): NL MSG, PID: 670
E/NetlinkListener( 3359): recvmsg failed (I/O error)
E/NetlinkListener( 5523): recvmsg failed (I/O error)
E/NetlinkListener( 3359): recvmsg failed (I/O error)
E/NetlinkListener( 5523): recvmsg failed (I/O error)
E/NetlinkListener( 3359): recvmsg failed (I/O error)
E/NetlinkListener( 5523): recvmsg failed (I/O error)
I/dex2oat ( 5914): dex2oat took 2.640s (threads: 4) arena alloc=603KB java alloc=3MB native alloc=6MB free=5MB
E/NetlinkListener( 3359): recvmsg failed (I/O error)
E/NetlinkListener( 5523): recvmsg failed (I/O error)
I/PackageManager( 5616): Running dexopt on: /system/app/Gallery2/Gallery2.apk pkg=com.android.gallery3d isa=arm vmSafeMode=false
I/dex2oat ( 5952): /system/bin/dex2oat --zip-fd=5 --zip-location=/system/app/Gallery2/Gallery2.apk --oat-fd=6 --oat-location=/data/dalvik-cache/arm/system@app@Gallery2@Gallery2.apk@classes.dex --instruction-set=arm --instruction-set-features=div --runtime-arg -Xms64m --runtime-arg -Xmx512m --swap-fd=11
I/dex2oat ( 5952): Decided to run without swap.
E/NetlinkListener( 3359): recvmsg failed (I/O error)
E/NetlinkListener( 5523): recvmsg failed (I/O error)
E/NetlinkListener( 5523): recvmsg failed (I/O error)
E/NetlinkListener( 3359): recvmsg failed (I/O error)
E/NetlinkListener( 3359): recvmsg failed (I/O error)
E/NetlinkListener( 5523): recvmsg failed (I/O error)
E/NetlinkListener( 3359): recvmsg failed (I/O error)
E/NetlinkListener( 5523): recvmsg failed (I/O error)
E/NetlinkListener( 3359): recvmsg failed (I/O error)
E/NetlinkListener( 5523): recvmsg failed (I/O error)
I/dex2oat ( 5952): dex2oat took 2.982s (threads: 4) arena alloc=170KB java alloc=3MB native alloc=6MB free=9MB
I/PackageManager( 5616): Running dexopt on: /system/app/QuickSearchBox/QuickSearchBox.apk pkg=com.android.quicksearchbox isa=arm vmSafeMode=false
I/dex2oat ( 5982): /system/bin/dex2oat --zip-fd=5 --zip-location=/system/app/QuickSearchBox/QuickSearchBox.apk --oat-fd=6 --oat-location=/data/dalvik-cache/arm/system@app@QuickSearchBox@QuickSearchBox.apk@classes.dex --instruction-set=arm --instruction-set-features=div --runtime-arg -Xms64m --runtime-arg -Xmx512m --swap-fd=11
I/dex2oat ( 5982): Decided to run without swap.
V/WLAN_PSA( 670): NL MSG, len[048], NL type[0x11] WNI type[0x5050] len[028]
V/WLAN_PSA( 670): NL MSG, PID: 670
E/NetlinkListener( 3359): recvmsg failed (I/O error)
E/NetlinkListener( 5523): recvmsg failed (I/O error)
E/qdhwcomposer( 1519): isValidDimension: layer handle is NULL
E/qdhwcomposer( 1519): isValidDimension: layer handle is NULL
E/qdoverlay( 1519): Bad ov dump: mdp_overlay z=0 fg=0 alpha=255 mask=-1 flags=0x220000 id=16
E/qdoverlay( 1519): src msmfb_img w=1152 h=1920 format=13 MDP_RGBA_8888
E/qdoverlay( 1519): src_rect mdp_rect x=0 y=0 w=1080 h=1920
E/qdoverlay( 1519): dst_rect mdp_rect x=0 y=0 w=1080 h=1920
I/dex2oat ( 5982): dex2oat took 488.489ms (threads: 4) arena alloc=51KB java alloc=599KB native alloc=2MB free=5MB
I/PackageManager( 5616): Running dexopt on: /system/app/WAPPushManager/WAPPushManager.apk pkg=com.android.smspush isa=arm vmSafeMode=false
I/dex2oat ( 5993): /system/bin/dex2oat --zip-fd=5 --zip-location=/system/app/WAPPushManager/WAPPushManager.apk --oat-fd=6 --oat-location=/data/dalvik-cache/arm/system@app@WAPPushManager@WAPPushManager.apk@classes.dex --instruction-set=arm --instruction-set-features=div --runtime-arg -Xms64m --runtime-arg -Xmx512m --swap-fd=11
I/dex2oat ( 5993): Decided to run without swap.
I/dex2oat ( 5993): dex2oat took 118.748ms (threads: 4) arena alloc=169KB java alloc=65KB native alloc=1469KB free=6MB
I/PackageManager( 5616): Running dexopt on: /system/app/BluetoothExt/BluetoothExt.apk pkg=org.codeaurora.bluetooth isa=arm vmSafeMode=false
I/dex2oat ( 5999): /system/bin/dex2oat --zip-fd=5 --zip-location=/system/app/BluetoothExt/BluetoothExt.apk --oat-fd=6 --oat-location=/data/dalvik-cache/arm/system@app@BluetoothExt@BluetoothExt.apk@classes.dex --instruction-set=arm --instruction-set-features=div --runtime-arg -Xms64m --runtime-arg -Xmx512m --swap-fd=11
E/NetlinkListener( 3359): recvmsg failed (I/O error)
E/NetlinkListener( 5523): recvmsg failed (I/O error)
I/dex2oat ( 5999): Decided to run without swap.
I/dex2oat ( 5999): dex2oat took 301.098ms (threads: 4) arena alloc=61KB java alloc=433KB native alloc=2013KB free=6MB
I/PackageManager( 5616): Running dexopt on: /system/priv-app/OneTimeInitializer/OneTimeInitializer.apk pkg=com.android.onetimeinitializer isa=arm vmSafeMode=false
I/dex2oat ( 6007): /system/bin/dex2oat --zip-fd=5 --zip-location=/system/priv-app/OneTimeInitializer/OneTimeInitializer.apk --oat-fd=6 --oat-location=/data/dalvik-cache/arm/system@priv-app@OneTimeInitializer@OneTimeInitializer.apk@classes.dex --instruction-set=arm --instruction-set-features=div --runtime-arg -Xms64m --runtime-arg -Xmx512m --swap-fd=11
I/dex2oat ( 6007): Decided to run without swap.
I/dex2oat ( 6007): dex2oat took 114.469ms (threads: 4) arena alloc=184KB java alloc=61KB native alloc=1455KB free=6MB
I/PackageManager( 5616): Running dexopt on: /system/app/UserDictionaryProvider/UserDictionaryProvider.apk pkg=com.android.providers.userdictionary isa=arm vmSafeMode=false
I/dex2oat ( 6012): /system/bin/dex2oat --zip-fd=5 --zip-location=/system/app/UserDictionaryProvider/UserDictionaryProvider.apk --oat-fd=6 --oat-location=/data/dalvik-cache/arm/system@app@UserDictionaryProvider@UserDictionaryProvider.apk@classes.dex --instruction-set=arm --instruction-set-features=div --runtime-arg -Xms64m --runtime-arg -Xmx512m --swap-fd=11
I/dex2oat ( 6012): Decided to run without swap.
I/dex2oat ( 6012): dex2oat took 75.075ms (threads: 4) arena alloc=108KB java alloc=20KB native alloc=1130KB free=6MB
I/PackageManager( 5616): Running dexopt on: /system/app/RootPA/RootPA.apk pkg=com.gd.mobicore.pa isa=arm vmSafeMode=false
I/dex2oat ( 6017): /system/bin/dex2oat --zip-fd=5 --zip-location=/system/app/RootPA/RootPA.apk --oat-fd=6 --oat-location=/data/dalvik-cache/arm/system@app@RootPA@RootPA.apk@classes.dex --instruction-set=arm --instruction-set-features=div --runtime-arg -Xms64m --runtime-arg -Xmx512m --swap-fd=11
I/dex2oat ( 6017): Decided to run without swap.
E/NetlinkListener( 3359): recvmsg failed (I/O error)
E/NetlinkListener( 5523): recvmsg failed (I/O error)
V/WLAN_PSA( 670): NL MSG, len[4091], NL type[0x1C] WNI type[0x5900] len[58127]
V/WLAN_PSA( 670): NL MSG, PID: 670
I/dex2oat ( 6017): dex2oat took 198.494ms (threads: 4) arena alloc=82KB java alloc=83KB native alloc=1545KB free=6MB
I/PackageManager( 5616): Running dexopt on: /system/app/NoiseField/NoiseField.apk pkg=com.android.noisefield isa=arm vmSafeMode=false
I/dex2oat ( 6027): /system/bin/dex2oat --zip-fd=5 --zip-location=/system/app/NoiseField/NoiseField.apk --oat-fd=6 --oat-location=/data/dalvik-cache/arm/system@app@NoiseField@NoiseField.apk@classes.dex --instruction-set=arm --instruction-set-features=div --runtime-arg -Xms64m --runtime-arg -Xmx512m --swap-fd=11
I/dex2oat ( 6027): Decided to run without swap.
I/dex2oat ( 6027): dex2oat took 119.129ms (threads: 4) arena alloc=114KB java alloc=128KB native alloc=1279KB free=6MB
I/PackageManager( 5616): Running dexopt on: /system/app/DownloadProviderUi/DownloadProviderUi.apk pkg=com.android.providers.downloads.ui isa=arm vmSafeMode=false
I/dex2oat ( 6033): /system/bin/dex2oat --zip-fd=5 --zip-location=/system/app/DownloadProviderUi/DownloadProviderUi.apk --oat-fd=6 --oat-location=/data/dalvik-cache/arm/system@app@DownloadProviderUi@DownloadProviderUi.apk@classes.dex --instruction-set=arm --instruction-set-features=div --runtime-arg -Xms64m --runtime-arg -Xmx512m --swap-fd=11
I/dex2oat ( 6033): Decided to run without swap.
E/NetlinkListener( 3359): recvmsg failed (I/O error)
E/NetlinkListener( 5523): recvmsg failed (I/O error)
I/dex2oat ( 6033): dex2oat took 77.296ms (threads: 4) arena alloc=169KB java alloc=55KB native alloc=1251KB free=6MB
E/NetlinkListener( 3359): recvmsg failed (I/O error)
E/NetlinkListener( 5523): recvmsg failed (I/O error)
I/PackageManager( 5616): Running dexopt on: /system/app/LiveWallpapersPicker/LiveWallpapersPicker.apk pkg=com.android.wallpaper.livepicker isa=arm vmSafeMode=false
I/dex2oat ( 6044): /system/bin/dex2oat --zip-fd=5 --zip-location=/system/app/LiveWallpapersPicker/LiveWallpapersPicker.apk --oat-fd=6 --oat-location=/data/dalvik-cache/arm/system@app@LiveWallpapersPicker@LiveWallpapersPicker.apk@classes.dex --instruction-set=arm --instruction-set-features=div --runtime-arg -Xms64m --runtime-arg -Xmx512m --swap-fd=11
I/dex2oat ( 6044): Decided to run without swap.
I/dex2oat ( 6044): dex2oat took 65.729ms (threads: 4) arena alloc=147KB java alloc=57KB native alloc=1269KB free=6MB
I/PackageManager( 5616): Running dexopt on: /system/priv-app/BackupRestoreConfirmation/BackupRestoreConfirmation.apk pkg=com.android.backupconfirm isa=arm vmSafeMode=false
I/dex2oat ( 6049): /system/bin/dex2oat --zip-fd=5 --zip-location=/system/priv-app/BackupRestoreConfirmation/BackupRestoreConfirmation.apk --oat-fd=6 --oat-location=/data/dalvik-cache/arm/system@priv-app@BackupRestoreConfirmation@BackupRestoreConfirmation.apk@classes.dex --instruction-set=arm --instruction-set-features=div --runtime-arg -Xms64m --runtime-arg -Xmx512m --swap-fd=11
I/dex2oat ( 6049): Decided to run without swap.
I/dex2oat ( 6049): dex2oat took 60.739ms (threads: 4) arena alloc=58KB java alloc=25KB native alloc=1118KB free=6MB
I/PackageManager( 5616): Running dexopt on: /system/app/QtiBackupAgent/QtiBackupAgent.apk pkg=com.qti.backupagent isa=arm vmSafeMode=false
I/dex2oat ( 6054): /system/bin/dex2oat --zip-fd=5 --zip-location=/system/app/QtiBackupAgent/QtiBackupAgent.apk --oat-fd=6 --oat-location=/data/dalvik-cache/arm/system@app@QtiBackupAgent@QtiBackupAgent.apk@classes.dex --instruction-set=arm --instruction-set-features=div --runtime-arg -Xms64m --runtime-arg -Xmx512m --swap-fd=11
I/dex2oat ( 6054): Decided to run without swap.
I/dex2oat ( 6054): dex2oat took 75.187ms (threads: 4) arena alloc=367KB java alloc=64KB native alloc=1439KB free=6MB
I/PackageManager( 5616): Running dexopt on: /system/priv-app/Mms/Mms.apk pkg=com.android.mms isa=arm vmSafeMode=false
I/dex2oat ( 6059): /system/bin/dex2oat --zip-fd=5 --zip-location=/system/priv-app/Mms/Mms.apk --oat-fd=6 --oat-location=/data/dalvik-cache/arm/system@priv-app@Mms@Mms.apk@classes.dex --instruction-set=arm --instruction-set-features=div --runtime-arg -Xms64m --runtime-arg -Xmx512m --swap-fd=11
I/dex2oat ( 6059): Decided to run without swap.
E/NetlinkListener( 3359): recvmsg failed (I/O error)
E/NetlinkListener( 5523): recvmsg failed (I/O error)
E/NetlinkListener( 3359): recvmsg failed (I/O error)
E/NetlinkListener( 5523): recvmsg failed (I/O error)
I/dex2oat ( 6059): dex2oat took 1.300s (threads: 4) arena alloc=119KB java alloc=2016KB native alloc=4MB free=3MB
I/PackageManager( 5616): Running dexopt on: /system/app/Email/Email.apk pkg=com.android.email isa=arm vmSafeMode=false
I/dex2oat ( 6077): /system/bin/dex2oat --zip-fd=5 --zip-location=/system/app/Email/Email.apk --oat-fd=6 --oat-location=/data/dalvik-cache/arm/system@app@Email@Email.apk@classes.dex --instruction-set=arm --instruction-set-features=div --runtime-arg -Xms64m --runtime-arg -Xmx512m --swap-fd=11
E/NetlinkListener( 3359): recvmsg failed (I/O error)
E/NetlinkListener( 5523): recvmsg failed (I/O error)
E/NetlinkListener( 5523): recvmsg failed (I/O error)
E/NetlinkListener( 3359): recvmsg failed (I/O error)
I/dex2oat ( 6077): Decided to run without swap.
E/NetlinkListener( 5523): recvmsg failed (I/O error)
E/NetlinkListener( 3359): recvmsg failed (I/O error)
V/WLAN_PSA( 670): NL MSG, len[048], NL type[0x11] WNI type[0x5050] len[028]
V/WLAN_PSA( 670): NL MSG, PID: 670
E/NetlinkListener( 5523): recvmsg failed (I/O error)
E/NetlinkListener( 3359): recvmsg failed (I/O error)
V/WLAN_PSA( 670): NL MSG, len[4031], NL type[0x1C] WNI type[0x5900] len[42767]
V/WLAN_PSA( 670): NL MSG, PID: 670
E/NetlinkListener( 5523): recvmsg failed (I/O error)
E/NetlinkListener( 3359): recvmsg failed (I/O error)
E/NetlinkListener( 5523): recvmsg failed (I/O error)
E/NetlinkListener( 3359): recvmsg failed (I/O error)
I/dex2oat ( 6077): dex2oat took 3.708s (threads: 4) arena alloc=371KB java alloc=5MB native alloc=10MB free=5MB
I/PackageManager( 5616): Running dexopt on: /system/app/Calculator/Calculator.apk pkg=com.android.calculator2 isa=arm vmSafeMode=false
I/dex2oat ( 6113): /system/bin/dex2oat --zip-fd=5 --zip-location=/system/app/Calculator/Calculator.apk --oat-fd=6 --oat-location=/data/dalvik-cache/arm/system@app@Calculator@Calculator.apk@classes.dex --instruction-set=arm --instruction-set-features=div --runtime-arg -Xms64m --runtime-arg -Xmx512m --swap-fd=11
I/dex2oat ( 6113): Decided to run without swap.
E/NetlinkListener( 3359): recvmsg failed (I/O error)
E/NetlinkListener( 5523): recvmsg failed (I/O error)
E/NetlinkListener( 5523): recvmsg failed (I/O error)
E/NetlinkListener( 3359): recvmsg failed (I/O error)
I/dex2oat ( 6113): dex2oat took 839.671ms (threads: 4) arena alloc=190KB java alloc=751KB native alloc=2MB free=5MB
I/PackageManager( 5616): Running dexopt on: /system/app/Bluetooth/Bluetooth.apk pkg=com.android.bluetooth isa=arm vmSafeMode=false
I/dex2oat ( 6129): /system/bin/dex2oat --zip-fd=5 --zip-location=/system/app/Bluetooth/Bluetooth.apk --oat-fd=6 --oat-location=/data/dalvik-cache/arm/system@app@Bluetooth@Bluetooth.apk@classes.dex --instruction-set=arm --instruction-set-features=div --runtime-arg -Xms64m --runtime-arg -Xmx512m --swap-fd=11
E/NetlinkListener( 3359): recvmsg failed (I/O error)
E/NetlinkListener( 5523): recvmsg failed (I/O error)
E/NetlinkListener( 5523): recvmsg failed (I/O error)
E/NetlinkListener( 3359): recvmsg failed (I/O error)
I/dex2oat ( 6129): Decided to run without swap.
E/NetlinkListener( 3359): recvmsg failed (I/O error)
E/NetlinkListener( 5523): recvmsg failed (I/O error)
E/NetlinkListener( 5523): recvmsg failed (I/O error)
E/NetlinkListener( 3359): recvmsg failed (I/O error)
V/WLAN_PSA( 670): NL MSG, len[048], NL type[0x11] WNI type[0x5050] len[028]
V/WLAN_PSA( 670): NL MSG, PID: 670
E/NetlinkListener( 5523): recvmsg failed (I/O error)
E/NetlinkListener( 3359): recvmsg failed (I/O error)
E/NetlinkListener( 5523): recvmsg failed (I/O error)
E/NetlinkListener( 3359): recvmsg failed (I/O error)
V/WLAN_PSA( 670): NL MSG, len[4006], NL type[0x1C] WNI type[0x5900] len[36367]
V/WLAN_PSA( 670): NL MSG, PID: 670
E/NetlinkListener( 5523): recvmsg failed (I/O error)
E/NetlinkListener( 3359): recvmsg failed (I/O error)
E/NetlinkListener( 3359): recvmsg failed (I/O error)
E/NetlinkListener( 5523): recvmsg failed (I/O error)
I/dex2oat ( 6129): dex2oat took 4.431s (threads: 4) arena alloc=970KB java alloc=5MB native alloc=12MB free=7MB
I/PackageManager( 5616): Running dexopt on: /system/app/PrintSpooler/PrintSpooler.apk pkg=com.android.printspooler isa=arm vmSafeMode=false
I/dex2oat ( 6170): /system/bin/dex2oat --zip-fd=5 --zip-location=/system/app/PrintSpooler/PrintSpooler.apk --oat-fd=6 --oat-location=/data/dalvik-cache/arm/system@app@PrintSpooler@PrintSpooler.apk@classes.dex --instruction-set=arm --instruction-set-features=div --runtime-arg -Xms64m --runtime-arg -Xmx512m --swap-fd=11
I/dex2oat ( 6170): Decided to run without swap.
E/NetlinkListener( 5523): recvmsg failed (I/O error)
E/NetlinkListener( 3359): recvmsg failed (I/O error)
E/NetlinkListener( 5523): recvmsg failed (I/O error)
E/NetlinkListener( 3359): recvmsg failed (I/O error)
I/dex2oat ( 6170): dex2oat took 791.277ms (threads: 4) arena alloc=413KB java alloc=973KB native alloc=3MB free=4MB
I/PackageManager( 5616): Running dexopt on: /system/app/Camera2/Camera2.apk pkg=com.android.camera2 isa=arm vmSafeMode=false
E/QCALOG ( 1010): [MessageQ] ProcessNewMessage: [LOWI-SERVER] unknown deliver target [OS-Agent]
I/dex2oat ( 6188): /system/bin/dex2oat --zip-fd=5 --zip-location=/system/app/Camera2/Camera2.apk --oat-fd=6 --oat-location=/data/dalvik-cache/arm/system@app@Camera2@Camera2.apk@classes.dex --instruction-set=arm --instruction-set-features=div --runtime-arg -Xms64m --runtime-arg -Xmx512m --swap-fd=11
I/dex2oat ( 6188): Decided to run without swap.
E/NetlinkListener( 5523): recvmsg failed (I/O error)
E/NetlinkListener( 3359): recvmsg failed (I/O error)
E/NetlinkListener( 5523): recvmsg failed (I/O error)
E/NetlinkListener( 3359): recvmsg failed (I/O error)
I/dex2oat ( 6188): dex2oat took 1.415s (threads: 4) arena alloc=389KB java alloc=2MB native alloc=4MB free=7MB
E/NetlinkListener( 3359): recvmsg failed (I/O error)
E/NetlinkListener( 5523): recvmsg failed (I/O error)
I/PackageManager( 5616): Running dexopt on: /system/app/PhotoTable/PhotoTable.apk pkg=com.android.dreams.phototable isa=arm vmSafeMode=false
I/dex2oat ( 6207): /system/bin/dex2oat --zip-fd=5 --zip-location=/system/app/PhotoTable/PhotoTable.apk --oat-fd=6 --oat-location=/data/dalvik-cache/arm/system@app@PhotoTable@PhotoTable.apk@classes.dex --instruction-set=arm --instruction-set-features=div --runtime-arg -Xms64m --runtime-arg -Xmx512m --swap-fd=11
I/dex2oat ( 6207): Decided to run without swap.
E/NetlinkListener( 3359): recvmsg failed (I/O error)
E/NetlinkListener( 5523): recvmsg failed (I/O error)
I/dex2oat ( 6207): dex2oat took 258.409ms (threads: 4) arena alloc=205KB java alloc=160KB native alloc=1576KB free=6MB
I/PackageManager( 5616): Running dexopt on: /system/app/CertInstaller/CertInstaller.apk pkg=com.android.certinstaller isa=arm vmSafeMode=false
I/dex2oat ( 6215): /system/bin/dex2oat --zip-fd=5 --zip-location=/system/app/CertInstaller/CertInstaller.apk --oat-fd=6 --oat-location=/data/dalvik-cache/arm/system@app@CertInstaller@CertInstaller.apk@classes.dex --instruction-set=arm --instruction-set-features=div --runtime-arg -Xms64m --runtime-arg -Xmx512m --swap-fd=11
I/dex2oat ( 6215): Decided to run without swap.
V/WLAN_PSA( 670): NL MSG, len[048], NL type[0x11] WNI type[0x5050] len[028]
V/WLAN_PSA( 670): NL MSG, PID: 670
I/dex2oat ( 6215): dex2oat took 67.994ms (threads: 4) arena alloc=81KB java alloc=82KB native alloc=1298KB free=6MB
I/PackageManager( 5616): Running dexopt on: /system/app/Browser/Browser.apk pkg=com.android.browser isa=arm vmSafeMode=false
I/dex2oat ( 6220): /system/bin/dex2oat --zip-fd=5 --zip-location=/system/app/Browser/Browser.apk --oat-fd=6 --oat-location=/data/dalvik-cache/arm/system@app@Browser@Browser.apk@classes.dex --instruction-set=arm --instruction-set-features=div --runtime-arg -Xms64m --runtime-arg -Xmx512m --swap-fd=11
I/dex2oat ( 6220): Decided to run without swap.
E/NetlinkListener( 3359): recvmsg failed (I/O error)
E/NetlinkListener( 5523): recvmsg failed (I/O error)
E/NetlinkListener( 3359): recvmsg failed (I/O error)
E/NetlinkListener( 5523): recvmsg failed (I/O error)
E/NetlinkListener( 3359): recvmsg failed (I/O error)
E/NetlinkListener( 5523): recvmsg failed (I/O error)
E/NetlinkListener( 3359): recvmsg failed (I/O error)
E/NetlinkListener( 5523): recvmsg failed (I/O error)
E/NetlinkListener( 5523): recvmsg failed (I/O error)
E/NetlinkListener( 3359): recvmsg failed (I/O error)
E/NetlinkListener( 5523): recvmsg failed (I/O error)
E/NetlinkListener( 3359): recvmsg failed (I/O error)
I/dex2oat ( 6220): dex2oat took 1.347s (threads: 4) arena alloc=114KB java alloc=2009KB native alloc=3MB free=4MB
I/PackageManager( 5616): Running dexopt on: /system/app/Provision/Provision.apk pkg=com.android.provision isa=arm vmSafeMode=false
I/dex2oat ( 6255): /system/bin/dex2oat --zip-fd=5 --zip-location=/system/app/Provision/Provision.apk --oat-fd=6 --oat-location=/data/dalvik-cache/arm/system@app@Provision@Provision.apk@classes.dex --instruction-set=arm --instruction-set-features=div --runtime-arg -Xms64m --runtime-arg -Xmx512m --swap-fd=11
I/dex2oat ( 6255): Decided to run without swap.
I/dex2oat ( 6255): dex2oat took 64.711ms (threads: 4) arena alloc=35KB java alloc=7KB native alloc=586KB free=7MB
E/NetlinkListener( 5523): recvmsg failed (I/O error)
E/NetlinkListener( 3359): recvmsg failed (I/O error)
I/PackageManager( 5616): Running dexopt on: /system/priv-app/ExternalStorageProvider/ExternalStorageProvider.apk pkg=com.android.externalstorage isa=arm vmSafeMode=false
I/dex2oat ( 6264): /system/bin/dex2oat --zip-fd=5 --zip-location=/system/priv-app/ExternalStorageProvider/ExternalStorageProvider.apk --oat-fd=6 --oat-location=/data/dalvik-cache/arm/system@priv-app@ExternalStorageProvider@ExternalStorageProvider.apk@classes.dex --instruction-set=arm --instruction-set-features=div --runtime-arg -Xms64m --runtime-arg -Xmx512m --swap-fd=11
I/dex2oat ( 6264): Decided to run without swap.
I/dex2oat ( 6264): dex2oat took 97.795ms (threads: 4) arena alloc=71KB java alloc=37KB native alloc=1309KB free=6MB
I/PackageManager( 5616): Running dexopt on: /system/app/Amaze/Amaze.apk pkg=com.amaze.filemanager isa=arm vmSafeMode=false
I/dex2oat ( 6269): /system/bin/dex2oat --zip-fd=5 --zip-location=/system/app/Amaze/Amaze.apk --oat-fd=6 --oat-location=/data/dalvik-cache/arm/system@app@Amaze@Amaze.apk@classes.dex --instruction-set=arm --instruction-set-features=div --runtime-arg -Xms64m --runtime-arg -Xmx512m --swap-fd=11
E/NetlinkListener( 5523): recvmsg failed (I/O error)
E/NetlinkListener( 3359): recvmsg failed (I/O error)
I/dex2oat ( 6269): Decided to run without swap.
E/NetlinkListener( 3359): recvmsg failed (I/O error)
E/NetlinkListener( 5523): recvmsg failed (I/O error)
W/dex2oat ( 6269): Before Android 4.1, method int android.support.v7.internal.widget.ListViewCompat.lookForSelectablePosition(int, boolean) would have incorrectly overridden the package-private method in android.widget.ListView
E/NetlinkListener( 3359): recvmsg failed (I/O error)
E/NetlinkListener( 5523): recvmsg failed (I/O error)
V/WLAN_PSA( 670): NL MSG, len[4025], NL type[0x1C] WNI type[0x5900] len[41231]
V/WLAN_PSA( 670): NL MSG, PID: 670
E/NetlinkListener( 5523): recvmsg failed (I/O error)
E/NetlinkListener( 3359): recvmsg failed (I/O error)
E/NetlinkListener( 3359): recvmsg failed (I/O error)
E/NetlinkListener( 5523): recvmsg failed (I/O error)
V/WLAN_PSA( 670): NL MSG, len[048], NL type[0x11] WNI type[0x5050] len[028]
V/WLAN_PSA( 670): NL MSG, PID: 670
I/dex2oat ( 6269): dex2oat took 3.334s (threads: 4) arena alloc=272KB java alloc=6MB native alloc=11MB free=8MB
I/PackageManager( 5616): Running dexopt on: /system/app/Stk/Stk.apk pkg=com.android.stk isa=arm vmSafeMode=false
I/dex2oat ( 6298): /system/bin/dex2oat --zip-fd=5 --zip-location=/system/app/Stk/Stk.apk --oat-fd=6 --oat-location=/data/dalvik-cache/arm/system@app@Stk@Stk.apk@classes.dex --instruction-set=arm --instruction-set-features=div --runtime-arg -Xms64m --runtime-arg -Xmx512m --swap-fd=11
I/dex2oat ( 6298): Decided to run without swap.
I/dex2oat ( 6298): dex2oat took 90.810ms (threads: 4) arena alloc=44KB java alloc=145KB native alloc=1348KB free=6MB
I/PackageManager( 5616): Running dexopt on: /system/app/PacProcessor/PacProcessor.apk pkg=com.android.pacprocessor isa=arm vmSafeMode=false
I/dex2oat ( 6303): /system/bin/dex2oat --zip-fd=5 --zip-location=/system/app/PacProcessor/PacProcessor.apk --oat-fd=6 --oat-location=/data/dalvik-cache/arm/system@app@PacProcessor@PacProcessor.apk@classes.dex --instruction-set=arm --instruction-set-features=div --runtime-arg -Xms64m --runtime-arg -Xmx512m --swap-fd=11
I/dex2oat ( 6303): Decided to run without swap.
I/dex2oat ( 6303): dex2oat took 39.150ms (threads: 4) arena alloc=101KB java alloc=8KB native alloc=1115KB free=6MB
I/PackageManager( 5616): Running dexopt on: /system/priv-app/CellBroadcastReceiver/CellBroadcastReceiver.apk pkg=com.android.cellbroadcastreceiver isa=arm vmSafeMode=false
I/dex2oat ( 6308): /system/bin/dex2oat --zip-fd=5 --zip-location=/system/priv-app/CellBroadcastReceiver/CellBroadcastReceiver.apk --oat-fd=6 --oat-location=/data/dalvik-cache/arm/system@priv-app@CellBroadcastReceiver@CellBroadcastReceiver.apk@classes.dex --instruction-set=arm --instruction-set-features=div --runtime-arg -Xms64m --runtime-arg -Xmx512m --swap-fd=11
I/dex2oat ( 6308): Decided to run without swap.
I/dex2oat ( 6308): dex2oat took 226.638ms (threads: 4) arena alloc=498KB java alloc=222KB native alloc=1521KB free=6MB
I/PackageManager( 5616): Running dexopt on: /system/app/Music/Music.apk pkg=com.android.music isa=arm vmSafeMode=false
I/dex2oat ( 6313): /system/bin/dex2oat --zip-fd=5 --zip-location=/system/app/Music/Music.apk --oat-fd=6 --oat-location=/data/dalvik-cache/arm/system@app@Music@Music.apk@classes.dex --instruction-set=arm --instruction-set-features=div --runtime-arg -Xms64m --runtime-arg -Xmx512m --swap-fd=11
I/dex2oat ( 6313): Decided to run without swap.
E/NetlinkListener( 3359): recvmsg failed (I/O error)
E/NetlinkListener( 5523): recvmsg failed (I/O error)
E/NetlinkListener( 3359): recvmsg failed (I/O error)
E/NetlinkListener( 5523): recvmsg failed (I/O error)
I/dex2oat ( 6313): dex2oat took 447.015ms (threads: 4) arena alloc=51KB java alloc=498KB native alloc=2MB free=5MB
I/SystemServer( 5616): LockSettingsService
I/SystemServiceManager( 5616): Starting com.android.server.devicepolicy.DevicePolicyManagerService$Lifecycle
I/SystemServer( 5616): Status Bar
I/SystemServer( 5616): Clipboard Service
D/EntSec ( 5616): [QSB ] [QSB_CLIENT ] QualcommSecurityBridge: ClipboardManager
I/EntSec ( 5616): [QSB ] [PORT_SWITCH] QSB Client Thread created
I/SystemServer( 5616): Text Service Manager Service
I/EntSec ( 5616): [QSB ] [PORT_SWITCH] QSB Port Switching Thread start running...
D/EntSec ( 5616): [QSB ] [PORT_SWITCH] Creating NQS Communicator instance
D/EntSec ( 5616): [QSB ] [NQS_CONECTOR] Trying to open a local socket
E/EntSec ( 5616): [QSB ] [NQS_CONECTOR] Failed to create and connect a local socket. [Error Description: No such file or directory ]
E/EntSec ( 5616): [QSB ] [NQS_CONECTOR] Failed to connect to the NQS [Error Description: No such file or directory ]
D/EntSec ( 5616): [QSB ] [PORT_SWITCH] NQS Communicator is disconnected
E/EntSec ( 5616): [QSB ] [PORT_SWITCH] No connection with the NQS; QSB initializes with the default port
I/EntSec ( 5616): [QSB ] [QSB_CLIENT ] Revert Loading port completed successfully
E/EntSec ( 5616): [QSB ] [PORT_SWITCH] QSB Port Switching Thread stop running.
E/NetlinkListener( 3359): recvmsg failed (I/O error)
E/NetlinkListener( 5523): recvmsg failed (I/O error)
V/WLAN_PSA( 670): NL MSG, len[4009], NL type[0x1C] WNI type[0x5900] len[37135]
V/WLAN_PSA( 670): NL MSG, PID: 670
E/NetlinkListener( 3359): recvmsg failed (I/O error)
E/NetlinkListener( 5523): recvmsg failed (I/O error)
I/SystemServer( 5616): Network Score Service
I/SystemServer( 5616): NetworkStats Service
I/SystemServer( 5616): NetworkPolicy Service
I/SystemServiceManager( 5616): Starting com.android.server.wifi.p2p.WifiP2pService
I/WifiP2pService( 5616): Registering wifip2p
I/SystemServiceManager( 5616): Starting com.android.server.wifi.WifiService
E/WifiConfigStore( 5616): associatedPartialScanPeriodMilli set to 20000
E/WifiStateMachine( 5616): completeConstruction: E
E/WifiStateMachine( 5616): completeConstruction: maxDepth=3
E/WifiStateMachine( 5616): setupInitialStateStack: E mInitialState=InitialState
E/WifiStateMachine( 5616): moveTempStackToStateStack: i=1,j=0
E/WifiStateMachine( 5616): moveTempStackToStateStack: i=0,j=1
E/WifiStateMachine( 5616): moveTempStackToStateStack: X mStateStackTop=1,startingIndex=0,Top=InitialState
E/WifiStateMachine( 5616): completeConstruction: X
E/WifiStateMachine( 5616): handleMessage: E msg.what=-2
E/WifiStateMachine( 5616): invokeEnterMethods: DefaultState
E/WifiStateMachine( 5616): invokeEnterMethods: InitialState
E/WifiStateMachine( 5616): transitionTo: destState=ConnectedState
E/WifiStateMachine( 5616): handleMessage: new destination call exit/enter
E/WifiStateMachine( 5616): setupTempStateStackWithStatesToEnter: X mTempStateStackCount=1,curStateInfo: state=InitialState,active=true,parent=DefaultState
E/WifiStateMachine( 5616): moveTempStackToStateStack: i=0,j=2
E/WifiStateMachine( 5616): moveTempStackToStateStack: X mStateStackTop=2,startingIndex=2,Top=ConnectedState
E/WifiStateMachine( 5616): invokeEnterMethods: ConnectedState
E/WifiStateMachine( 5616): ConnectedState Enter mScreenOn=false scanperiod=20000
E/WifiStateMachine( 5616): handleMessage: X
E/WifiStateMachine( 5616): handleMessage: E msg.what=131154
E/WifiStateMachine( 5616): processMsg: ConnectedState
E/WifiStateMachine( 5616): handleMessage: X
I/WifiService( 5616): Registering wifi
I/SystemServiceManager( 5616): Starting com.android.server.wifi.WifiScanningService
I/WifiScanningService( 5616): Creating wifiscanner
I/WifiScanningService( 5616): Starting wifiscanner
I/SystemServiceManager( 5616): Starting com.android.server.wifi.RttService
I/RttService( 5616): Creating rttmanager
I/RttService( 5616): Starting rttmanager
I/SystemServer( 5616): Connectivity Service
D/ConnectivityService( 5616): ConnectivityService starting up
D/ConnectivityService( 5616): wifiOnly=true
D/ConnectivityService( 5616): networkAttributes - ignoring mobile as this dev is wifiOnly 0
D/ConnectivityService( 5616): networkAttributes - ignoring mobile as this dev is wifiOnly 2
D/ConnectivityService( 5616): networkAttributes - ignoring mobile as this dev is wifiOnly 3
D/ConnectivityService( 5616): networkAttributes - ignoring mobile as this dev is wifiOnly 4
D/ConnectivityService( 5616): networkAttributes - ignoring mobile as this dev is wifiOnly 5
D/ConnectivityService( 5616): networkAttributes - ignoring mobile as this dev is wifiOnly 10
D/ConnectivityService( 5616): networkAttributes - ignoring mobile as this dev is wifiOnly 11
D/ConnectivityService( 5616): networkAttributes - ignoring mobile as this dev is wifiOnly 12
E/ConnectivityService( 5616): Ignoring protectedNetwork 10
E/ConnectivityService( 5616): Ignoring protectedNetwork 11
E/ConnectivityService( 5616): Ignoring protectedNetwork 12
E/ConnectivityService( 5616): Ignoring protectedNetwork 14
E/ConnectivityService( 5616): Ignoring protectedNetwork 15
I/SystemServer( 5616): Network Service Discovery Service
D/NsdService( 5616): Network service discovery enabled true
I/SystemServer( 5616): DPM Service
I/SystemServer( 5616): DPM configuration set to 0
I/SystemServer( 5616): UpdateLock Service
I/SystemServiceManager( 5616): Starting com.android.server.notification.NotificationManagerService
D/ZenLog ( 5616): set_zen_mode: off,setting
I/SystemServiceManager( 5616): Starting com.android.server.storage.DeviceStorageMonitorService
I/SystemServer( 5616): Location Manager
I/SystemServer( 5616): Country Detector
I/SystemServer( 5616): Search Service
I/SystemServer( 5616): DropBox Service
I/SystemServer( 5616): Wallpaper Service
W/WallpaperManagerService( 5616): no current wallpaper -- first boot?
I/SystemServer( 5616): Audio Service
W/TelecomManager( 5616): Telecom Service not found.
E/AudioPolicyManager( 5520): unknown stream type 13
E/AudioPolicyManager( 5520): unknown stream type 13
E/AudioPolicyManager( 5520): unknown stream type 13
E/AudioPolicyManager( 5520): unknown stream type 13
E/AudioPolicyManager( 5520): unknown stream type 13
E/AudioPolicyManager( 5520): unknown stream type 13
F/libc ( 5520): Fatal signal 11 (SIGSEGV), code 1, fault addr 0xc4 in tid 5520 (minimediaservic)
D/audio_hw_primary( 5524): adev_set_mic_mute state 0
I/DEBUG ( 663): *** *** *** *** *** *** *** *** *** *** *** *** *** *** *** ***
I/DEBUG ( 663): Build fingerprint: 'Fairphone/FP2/FP2:5.1/FP2/fp2-sibon-16.11.0:userdebug/release-keys'
I/DEBUG ( 663): Revision: '0'
I/DEBUG ( 663): ABI: 'arm'
I/DEBUG ( 663): pid: 5520, tid: 5520, name: minimediaservic >>> /usr/libexec/droid-hybris/system/bin/minimediaservice <<<
I/DEBUG ( 663): signal 11 (SIGSEGV), code 1 (SEGV_MAPERR), fault addr 0xc4
I/DEBUG ( 663): r0 00000000 r1 00000002 r2 00000000 r3 00000008
I/DEBUG ( 663): r4 00000000 r5 00000000 r6 00000002 r7 00000000
I/DEBUG ( 663): r8 00000000 r9 00000000 sl 00000001 fp 00001590
I/DEBUG ( 663): ip be86e2c0 sp be86e770 lr b68518eb pc b685184e cpsr 600f0030
I/DEBUG ( 663):
I/DEBUG ( 663): backtrace:
I/DEBUG ( 663): #00 pc 0000f84e /system/lib/libaudiopolicymanagerdefault.so (_ZNK7android18AudioPolicyManager21AudioOutputDescriptor14isStreamActiveE19audio_stream_type_tjx+9)
I/DEBUG ( 663): #01 pc 0000f8e7 /system/lib/libaudiopolicymanagerdefault.so (_ZNK7android18AudioPolicyManager21AudioOutputDescriptor16isStrategyActiveENS0_16routing_strategyEjx+62)
I/DEBUG ( 663): #02 pc 000139f1 /system/lib/libaudiopolicymanagerdefault.so (_ZN7android18AudioPolicyManager18getNewOutputDeviceEib+260)
I/DEBUG ( 663): #03 pc 00017651 /system/lib/libaudiopolicymanagerdefault.so (_ZN7android18AudioPolicyManager11setForceUseE24audio_policy_force_use_t25audio_policy_forced_cfg_t+296)
I/DEBUG ( 663): #04 pc 00008e49 /system/lib/libaudiopolicyservice.so
I/DEBUG ( 663): #05 pc 0006667d /system/lib/libmedia.so (_ZN7android20BnAudioPolicyService10onTransactEjRKNS_6ParcelEPS1_j+1464)
I/DEBUG ( 663): #06 pc 00017fad /system/lib/libbinder.so (_ZN7android7BBinder8transactEjRKNS_6ParcelEPS1_j+60)
I/DEBUG ( 663): #07 pc 0001cf89 /system/lib/libbinder.so (_ZN7android14IPCThreadState14executeCommandEi+564)
I/DEBUG ( 663): #08 pc 0001d0bb /system/lib/libbinder.so (_ZN7android14IPCThreadState20getAndExecuteCommandEv+38)
I/DEBUG ( 663): #09 pc 0001d0fd /system/lib/libbinder.so (_ZN7android14IPCThreadState14joinThreadPoolEb+48)
I/DEBUG ( 663): #10 pc 000008b9 /usr/libexec/droid-hybris/system/bin/minimediaservice
I/DEBUG ( 663): #11 pc 0000fec9 /system/lib/libc.so (__libc_init+44)
I/DEBUG ( 663): #12 pc 00000930 /usr/libexec/droid-hybris/system/bin/minimediaservice
I/DEBUG ( 663):
I/DEBUG ( 663): Tombstone written to: /data/tombstones/tombstone_06
I/ServiceManager( 5516): service 'media.player' died
I/ServiceManager( 5516): service 'media.audio_policy' died
I/ServiceManager( 5516): service 'media.camera' died
W/AudioSystem( 5616): AudioPolicyService server died!
I/ServiceManager( 5616): Waiting for service media.audio_policy...
E/MediaPlayerFactory( 6350): calling dlopen on FACTORY_LIB
E/MediaPlayerFactory( 6350): calling dlsym on pFactoryLib for FACTORY_CREATE_FN
E/MediaPlayerFactory( 6350): registering DASH Player factory...
I/CameraService( 6350): CameraService started (pid=6350)
D/mm-camera-intf( 6350): get_num_of_cameras gMmCameraIntfLogLevel=1
E/mm-camera-intf( 6350): entity id 1
E/mm-camera-intf( 6350): entity name video0 type 65537 group id 2
E/mm-camera-intf( 6350): entity id 2
E/mm-camera-intf( 6350): entity name msm_cci type 131072 group id 0
E/mm-camera-intf( 6350): entity id 3
