F/WindowAnimator( 5616): at android.view.Choreographer.doCallbacks(Choreographer.java:580)
F/WindowAnimator( 5616): at android.view.Choreographer.doFrame(Choreographer.java:549)
F/WindowAnimator( 5616): at android.view.Choreographer$FrameDisplayEventReceiver.run(Choreographer.java:753)
F/WindowAnimator( 5616): at android.os.Handler.handleCallback(Handler.java:739)
F/WindowAnimator( 5616): at android.os.Handler.dispatchMessage(Handler.java:95)
F/WindowAnimator( 5616): at android.os.Looper.loop(Looper.java:135)
F/WindowAnimator( 5616): at android.os.HandlerThread.run(HandlerThread.java:61)
F/WindowAnimator( 5616): at com.android.server.ServiceThread.run(ServiceThread.java:46)
E/SurfaceFlinger( 5519): Permission Denial: can't access SurfaceFlinger pid=5616, uid=1000
E/libprocessgroup( 6522): failed to open /acct/uid_1037/pid_6522/cgroup.procs: No such file or directory
E/Zygote ( 6522): createProcessGroup(1037, 0) failed: No such file or directory
I/ActivityManager( 5616): Start proc 6522:WebViewLoader-armeabi-v7a/1037 [android.webkit.WebViewFactory$RelroFileCreator] for
V/WebViewFactory( 6522): RelroFileCreator (64bit = false), 32-bit lib: /system/app/webview/lib/arm/libwebviewchromium.so, 64-bit lib:
I/art ( 5522): Background concurrent mark sweep GC freed 774(32KB) AllocSpace objects, 0(0B) LOS objects, 97% free, 96KB/4MB, paused 6.361ms total 13.550ms
I/art ( 5616): Background sticky concurrent mark sweep GC freed 23323(2MB) AllocSpace objects, 7(316KB) LOS objects, 37% free, 5MB/9MB, paused 9.765ms total 31.807ms
I/ActivityManager( 5616): Start proc 6540:com.android.systemui/u0a19 for service com.android.systemui/.SystemUIService
E/BluetoothAdapter( 5616): Bluetooth binder is null
E/MountService( 5616): Boot-time mount failed (-1)
E/MountService( 5616): Boot-time mount failed (-1)
W/MountService( 5616): Duplicate state transition (mounted -> mounted) for /storage/emulated/0
E/libprocessgroup( 6540): failed to open /acct/uid_10019/pid_6540/cgroup.procs: No such file or directory
E/Zygote ( 6540): createProcessGroup(10019, 0) failed: No such file or directory
E/libprocessgroup( 6558): failed to open /acct/uid_10005/pid_6558/cgroup.procs: No such file or directory
E/Zygote ( 6558): createProcessGroup(10005, 0) failed: No such file or directory
W/NetworkStats( 5616): bandwidth controls disabled, unable to track stats
W/NetworkPolicy( 5616): bandwidth controls disabled, unable to enforce policy
I/ActivityManager( 5616): Start proc 6558:android.process.acore/u0a5 for content provider com.android.providers.contacts/.CallLogProvider
W/SystemServer( 5616): ***********************************************
F/SystemServer( 5616): BOOT FAILURE making Connectivity Service ready
F/SystemServer( 5616): java.lang.NullPointerException: Attempt to invoke interface method 'int android.security.IKeystoreService.exist(java.lang.String, int)' on a null object reference
F/SystemServer( 5616): at android.security.KeyStore.contains(KeyStore.java:137)
F/SystemServer( 5616): at android.security.KeyStore.contains(KeyStore.java:145)
F/SystemServer( 5616): at com.android.server.net.LockdownVpnTracker.isEnabled(LockdownVpnTracker.java:88)
F/SystemServer( 5616): at com.android.server.ConnectivityService.updateLockdownVpn(ConnectivityService.java:3129)
F/SystemServer( 5616): at com.android.server.ConnectivityService.systemReady(ConnectivityService.java:1629)
F/SystemServer( 5616): at com.android.server.SystemServer$2.run(SystemServer.java:1181)
F/SystemServer( 5616): at com.android.server.am.ActivityManagerService.systemReady(ActivityManagerService.java:11334)
F/SystemServer( 5616): at com.android.server.am.ActivityManagerService$14.run(ActivityManagerService.java:11243)
F/SystemServer( 5616): at android.os.Handler.handleCallback(Handler.java:739)
F/SystemServer( 5616): at android.os.Handler.dispatchMessage(Handler.java:95)
F/SystemServer( 5616): at android.os.Looper.loop(Looper.java:135)
F/SystemServer( 5616): at android.os.HandlerThread.run(HandlerThread.java:61)
F/SystemServer( 5616): at com.android.server.ServiceThread.run(ServiceThread.java:46)
I/SystemServiceManager( 5616): Starting phase 600
E/BluetoothAdapter( 5616): Bluetooth binder is null
E/BluetoothAdapter( 5616): Bluetooth binder is null
I/BackupManagerService( 5616): Backup enabled => false
I/BackupManagerService( 5616): Opting out of backup
I/art ( 5522): Explicit concurrent mark sweep GC freed 706(30KB) AllocSpace objects, 0(0B) LOS objects, 97% free, 96KB/4MB, paused 118us total 22.371ms
D/Telecom ( 5616): ProximitySensorManager: onCreate: mProximityWakeLock:
E/NetlinkListener( 5523): recvmsg failed (I/O error)
E/NetlinkListener( 3359): recvmsg failed (I/O error)
E/InputMethodManagerService( 5616): Ignoring setImeWindowStatus due to an invalid token. uid:1000 token:null
I/Telecom ( 5616): TelecomGlobals: CallsManager initialized
E/NetlinkListener( 5523): recvmsg failed (I/O error)
E/NetlinkListener( 3359): recvmsg failed (I/O error)
E/BluetoothAdapter( 5616): Bluetooth binder is null
I/art ( 5522): Explicit concurrent mark sweep GC freed 5(160B) AllocSpace objects, 0(0B) LOS objects, 97% free, 96KB/4MB, paused 10.402ms total 21.513ms
V/SystemUIService( 6540): Starting SystemUI services.
W/InputMethodManagerService( 5616): Reset the default IME as "Resource" is ready here.
I/InputMethodManagerService( 5616): Selected default: com.android.inputmethod.latin/.LatinIME
D/Telecom ( 5616): TelecomService: onBind
I/art ( 5522): Explicit concurrent mark sweep GC freed 5(160B) AllocSpace objects, 0(0B) LOS objects, 97% free, 96KB/4MB, paused 199us total 12.763ms
D/ZenLog ( 5616): downtime: Autotrigger skipped: not in downtime
E/OMXMaster( 6365): A component of name 'OMX.qcom.audio.decoder.aac' already exists, ignoring this one.
D/Utils ( 6365): printFileName fd(7) -> /system/media/audio/ui/Effect_Tick.ogg
E/SurfaceFlinger( 5519): Permission Denial: can't access SurfaceFlinger pid=5616, uid=1000
E/SurfaceFlinger( 5519): Permission Denial: can't access SurfaceFlinger pid=5616, uid=1000
I/ActivityManager( 5616): Config changes=20 {1.0 ?mcc?mnc en_US ?layoutDir sw360dp w360dp h567dp 480dpi nrml port -touch -keyb/v/h -nav/h s.5}
E/SurfaceFlinger( 5519): Permission Denial: can't access SurfaceFlinger pid=5616, uid=1000
E/SurfaceFlinger( 5519): Permission Denial: can't access SurfaceFlinger pid=5616, uid=1000
E/SurfaceFlinger( 5519): Permission Denial: can't access SurfaceFlinger pid=5616, uid=1000
E/SurfaceFlinger( 5519): Permission Denial: can't access SurfaceFlinger pid=5616, uid=1000
I/InputReader( 5616): Reconfiguring input devices. changes=0x00000004
E/SurfaceFlinger( 5519): Permission Denial: can't access SurfaceFlinger pid=5616, uid=1000
E/SurfaceFlinger( 5519): Permission Denial: can't access SurfaceFlinger pid=5616, uid=1000
I/art ( 6522): System.exit called, status: 0
I/AndroidRuntime( 6522): VM exiting with result code 0, cleanup skipped.
F/WindowAnimator( 5616): Unhandled exception in Window Manager
F/WindowAnimator( 5616): java.lang.NullPointerException: Attempt to invoke virtual method 'void android.view.SurfaceControl.setLayer(int)' on a null object reference
F/WindowAnimator( 5616): at com.android.server.wm.FocusedStackFrame.setLayer(FocusedStackFrame.java:140)
F/WindowAnimator( 5616): at com.android.server.wm.WindowManagerService.setFocusedStackLayer(WindowManagerService.java:3985)
F/WindowAnimator( 5616): at com.android.server.wm.WindowAnimator.animateLocked(WindowAnimator.java:708)
F/WindowAnimator( 5616): at com.android.server.wm.WindowAnimator.access$000(WindowAnimator.java:54)
F/WindowAnimator( 5616): at com.android.server.wm.WindowAnimator$1.run(WindowAnimator.java:126)
F/WindowAnimator( 5616): at android.view.Choreographer$CallbackRecord.run(Choreographer.java:767)
F/WindowAnimator( 5616): at android.view.Choreographer.doCallbacks(Choreographer.java:580)
F/WindowAnimator( 5616): at android.view.Choreographer.doFrame(Choreographer.java:549)
F/WindowAnimator( 5616): at android.view.Choreographer$FrameDisplayEventReceiver.run(Choreographer.java:753)
F/WindowAnimator( 5616): at android.os.Handler.handleCallback(Handler.java:739)
F/WindowAnimator( 5616): at android.os.Handler.dispatchMessage(Handler.java:95)
F/WindowAnimator( 5616): at android.os.Looper.loop(Looper.java:135)
F/WindowAnimator( 5616): at android.os.HandlerThread.run(HandlerThread.java:61)
F/WindowAnimator( 5616): at com.android.server.ServiceThread.run(ServiceThread.java:46)
E/SurfaceFlinger( 5519): Permission Denial: can't access SurfaceFlinger pid=5616, uid=1000
D/ExtendedUtils( 6365): extended extractor not needed, return default
D/AudioPolicyManager( 6365): isOffloadSupported: stream_type != MUSIC, returning false
E/libprocessgroup( 6609): failed to open /acct/uid_10040/pid_6609/cgroup.procs: No such file or directory
E/Zygote ( 6609): createProcessGroup(10040, 0) failed: No such file or directory
I/ActivityManager( 5616): Start proc 6609:com.android.inputmethod.latin/u0a40 for service com.android.inputmethod.latin/.LatinIME
V/InputMethodManagerService( 5616): Adding window token: android.os.Binder@3672e173
W/InputMethodManagerService( 5616): Illegal subtype state: old subtype = null, new subtype = android.view.inputmethod.InputMethodSubtype@c9194f98
V/ActivityManager( 5616): Display changed displayId=1
D/GpsLocationProvider( 5616): Reset GPS properties, previous size = 0
D/GpsLocationProvider( 5616): GpsParamsResource: SUPL_HOST=supl.google.com
D/GpsLocationProvider( 5616): GpsParamsResource: SUPL_PORT=7275
D/GpsLocationProvider( 5616): GpsParamsResource: NTP_SERVER=north-america.pool.ntp.org
D/GpsLocationProvider( 5616): GpsParamsResource: SUPL_VER=0x20000
D/GpsLocationProvider( 5616): GpsParamsResource: SUPL_MODE=1
D/GpsLocationProvider( 5616): GPS properties reloaded, size = 16
E/GpsLocationProvider( 5616): no AGPS interface in set_agps_server
V/FingerprintService( 5616): startListening(android.service.fingerprint.IFingerprintServiceReceiver$Stub$Proxy@21d87bc7)
E/GpsLocationProvider( 5616): no GPS configuration interface in configuraiton_update
D/GpsLocationProvider( 5616): final config = #Tue Dec 13 18:06:31 GMT+00:00 2016
D/GpsLocationProvider( 5616): SUPL_HOST=supl.google.com
D/GpsLocationProvider( 5616): SUPL_PORT=7275
D/GpsLocationProvider( 5616): XTRA_VERSION_CHECK=0
D/GpsLocationProvider( 5616): DEBUG_LEVEL=3
D/GpsLocationProvider( 5616): SUPL_ES=1
D/GpsLocationProvider( 5616): NMEA_PROVIDER=0
D/GpsLocationProvider( 5616): CAPABILITIES=0x37
D/GpsLocationProvider( 5616): SUPL_VER=0x10000
D/GpsLocationProvider( 5616): ERR_ESTIMATE=0
D/GpsLocationProvider( 5616): A_GLONASS_POS_PROTOCOL_SELECT=bitmap 3 set
D/GpsLocationProvider( 5616): INTERMEDIATE_POS=0
D/GpsLocationProvider( 5616): SGLTE_TARGET=0
D/GpsLocationProvider( 5616): LPP_PROFILE=3
D/GpsLocationProvider( 5616): USE_EMERGENCY_PDN_FOR_EMERGENCY_SUPL=1
D/GpsLocationProvider( 5616): NTP_SERVER=time.gpsonextra.net
D/GpsLocationProvider( 5616): SUPL_MODE=1
D/Utils ( 6365): printFileName fd(13) -> /system/media/audio/ui/Lock.ogg
D/ExtendedUtils( 6365): extended extractor not needed, return default
D/AudioPolicyManager( 6365): isOffloadSupported: stream_type != MUSIC, returning false
W/ServiceWatcher( 5616): com.google.android.gms not found
W/ServiceWatcher( 5616): com.google.android.gms not found
W/LocationManagerService( 5616): no network location provider found
W/ServiceWatcher( 5616): com.qualcomm.location not found
E/LocationManagerService( 5616): no fused location provider found
E/LocationManagerService( 5616): java.lang.IllegalStateException: Location service needs a fused location provider
E/LocationManagerService( 5616): at com.android.server.LocationManagerService.loadProvidersLocked(LocationManagerService.java:504)
E/LocationManagerService( 5616): at com.android.server.LocationManagerService.systemRunning(LocationManagerService.java:295)
E/LocationManagerService( 5616): at com.android.server.SystemServer$2.run(SystemServer.java:1208)
E/LocationManagerService( 5616): at com.android.server.am.ActivityManagerService.systemReady(ActivityManagerService.java:11334)
E/LocationManagerService( 5616): at com.android.server.am.ActivityManagerService$14.run(ActivityManagerService.java:11243)
E/LocationManagerService( 5616): at android.os.Handler.handleCallback(Handler.java:739)
E/LocationManagerService( 5616): at android.os.Handler.dispatchMessage(Handler.java:95)
E/LocationManagerService( 5616): at android.os.Looper.loop(Looper.java:135)
E/LocationManagerService( 5616): at android.os.HandlerThread.run(HandlerThread.java:61)
E/LocationManagerService( 5616): at com.android.server.ServiceThread.run(ServiceThread.java:46)
W/ServiceWatcher( 5616): com.google.android.gms not found
E/LocationManagerService( 5616): no geocoder provider found
E/FlpHardwareProvider( 5616): Error hw_get_module 'flp': sfdroid disabled
E/LocationManagerService( 5616): FLP HAL not supported
W/ServiceWatcher( 5616): com.google.android.gms not found
E/LocationManagerService( 5616): Unable to bind FLP Geofence proxy.
D/Telecom ( 5616): MissedCallNotifier: onQueryComplete()...
E/QC_EVRCENC( 6365): component init: role = OMX.qcom.audio.encoder.evrc
I/QC_EVRCENC( 6365): component init: role = OMX.qcom.audio.encoder.evrc
I/QC_EVRCENC( 6365):
I/QC_EVRCENC( 6365): component_init: Component OMX.qcom.audio.encoder.evrc LOADED
I/QC_EVRCENC( 6365): Driver in Non Tunnel mode open
I/QC_EVRCENC( 6365): Returning the state 1
I/QC_EVRCENC( 6365): Returning the state 1
I/QC_EVRCENC( 6365): Component-deinit being processed
I/QC_EVRCENC( 6365): ********************************
I/QC_EVRCENC( 6365): STATS: in-buf-len[0]out-buf-len[0] tot-pb-time[0]
I/QC_EVRCENC( 6365): STATS: fbd-cnt[0]ftb-cnt[0]etb-cnt[0]ebd-cnt[0]
I/QC_EVRCENC( 6365): ************************************
I/QC_EVRCENC( 6365): DEINIT COMPLETED
I/QC_EVRCENC( 6365): ************************************
E/QC_EVRCENC( 6365): component_deinit:COMPONENT DEINIT...
E/QC_EVRCENC( 6365): EVRC Object getting destroyed comp-deinit=1
E/QC_EVRCENC( 6365): OMX EVRC component destroyed
E/Sensors ( 1059): sns_acm_mr.c(432):Transport error -45
E/QC_QCELP13ENC( 6365): component init: role = OMX.qcom.audio.encoder.qcelp13
I/QC_QCELP13ENC( 6365): component init: role = OMX.qcom.audio.encoder.qcelp13
I/QC_QCELP13ENC( 6365):
I/QC_QCELP13ENC( 6365): component_init: Component OMX.qcom.audio.encoder.qcelp13 LOADED
W/ServiceWatcher( 5616): com.google.android.gms not found
E/ActivityRecognitionProxy( 5616): ServiceWatcher could not start.
E/LocationManagerService( 5616): Unable to bind ActivityRecognitionProxy.
I/QC_QCELP13ENC( 6365): Driver in Non Tunnel mode open
I/QC_QCELP13ENC( 6365): Returning the state 1
I/QC_QCELP13ENC( 6365): Returning the state 1
I/QC_QCELP13ENC( 6365): Component-deinit being processed
I/QC_QCELP13ENC( 6365): ********************************
I/QC_QCELP13ENC( 6365): STATS: in-buf-len[0]out-buf-len[0] tot-pb-time[0]
I/QC_QCELP13ENC( 6365): STATS: fbd-cnt[0]ftb-cnt[0]etb-cnt[0]ebd-cnt[0]
I/CommonTimeManagementService( 5616): No common time service detected on this platform. Common time services will be unavailable.
I/InputReader( 5616): Reconfiguring input devices. changes=0x00000020
V/WiredAccessoryManager( 5616): notifyWiredAccessoryChanged: when=0 bits= mask=54
V/WiredAccessoryManager( 5616): newName=h2w newState=0 headsetState=0 prev headsetState=0
E/WiredAccessoryManager( 5616): No state change.
V/WiredAccessoryManager( 5616): init()
I/MmsServiceBroker( 5616): systemRunning
W/VoiceInteractionManagerService( 5616): no available voice interaction services found for user 0
W/VoiceInteractionManagerService( 5616): no available voice recognition services found for user 0
I/QC_QCELP13ENC( 6365): ************************************
I/QC_QCELP13ENC( 6365): DEINIT COMPLETED
I/QC_QCELP13ENC( 6365): ************************************
E/QC_QCELP13ENC( 6365): component_deinit:COMPONENT DEINIT...
E/QC_QCELP13ENC( 6365): QCELP13 Object getting destroyed comp-deinit=1
E/QC_QCELP13ENC( 6365): OMX QCELP13 component destroyed
E/WifiStateMachine( 5616): handleMessage: E msg.what=131223
E/WifiStateMachine( 5616): processMsg: ConnectedState
I/InputReader( 5616): Reconfiguring input devices. changes=0x00000010
E/dbus_Helpers( 5616): unhandled: name: MaxRate type: u
E/dbus_Helpers( 5616): unhandled: name: Frequency type: q
E/WifiStateMachine( 5616): setDetailed state, old =IDLE and new state=CONNECTED hidden=false
I/LatinIME( 6609): Hardware accelerated drawing: true
E/NetlinkListener( 5523): recvmsg failed (I/O error)
E/NetlinkListener( 3359): recvmsg failed (I/O error)
E/NetlinkListener( 5523): recvmsg failed (I/O error)
E/NetlinkListener( 3359): recvmsg failed (I/O error)
E/libprocessgroup( 6668): failed to open /acct/uid_1000/pid_6668/cgroup.procs: No such file or directory
E/Zygote ( 6668): createProcessGroup(1000, 0) failed: No such file or directory
I/ActivityManager( 5616): Start proc 6668:com.android.server.telecom/1000 for added application com.android.server.telecom
E/libprocessgroup( 6685): failed to open /acct/uid_1001/pid_6685/cgroup.procs: No such file or directory
E/Zygote ( 6685): createProcessGroup(1001, 0) failed: No such file or directory
I/ActivityManager( 5616): Start proc 6685:com.android.phone/1001 for added application com.android.phone
I/ActivityManager( 5616): START u0 {act=android.intent.action.MAIN cat=[android.intent.category.HOME] flg=0x10000000 cmp=com.android.settings/.CryptKeeper} from uid 0 on display 0
V/WindowManager( 5616): addAppToken: AppWindowToken{34f60fd9 token=Token{138a5523 ActivityRecord{3e7d5e52 u0 com.android.settings/.CryptKeeper t1}}} to stack=0 task=1 at 0
E/NetlinkListener( 5523): recvmsg failed (I/O error)
E/NetlinkListener( 3359): recvmsg failed (I/O error)
E/NetlinkListener( 5523): recvmsg failed (I/O error)
E/NetlinkListener( 3359): recvmsg failed (I/O error)
E/WifiStateMachine( 5616): wifi info recent enough
E/WifiStateMachine( 5616): wifi info recent enough
E/NetlinkListener( 5523): recvmsg failed (I/O error)
E/NetlinkListener( 3359): recvmsg failed (I/O error)
E/NetlinkListener( 3359): recvmsg failed (I/O error)
E/NetlinkListener( 5523): recvmsg failed (I/O error)
E/NetlinkListener( 5523): recvmsg failed (I/O error)
E/NetlinkListener( 3359): recvmsg failed (I/O error)
E/NetlinkListener( 3359): recvmsg failed (I/O error)
E/NetlinkListener( 5523): recvmsg failed (I/O error)
E/libprocessgroup( 6705): failed to open /acct/uid_1000/pid_6705/cgroup.procs: No such file or directory
E/Zygote ( 6705): createProcessGroup(1000, 0) failed: No such file or directory
I/ActivityManager( 5616): Start proc 6705:com.android.settings/1000 for activity com.android.settings/.CryptKeeper
I/ContactLocale( 6558): AddressBook Labels [en-US]: [, A, B, C, D, E, F, G, H, I, J, K, L, M, N, O, P, Q, R, S, T, U, V, W, X, Y, Z, Α, Β, Γ, Δ, Ε, Ζ, Η, Θ, Ι, Κ, Λ, Μ, Ν, Ξ, Ο, Π, Ρ, Σ, Τ, Υ, Φ, Χ, Ψ, Ω, , А, Б, В, Г, Д, Ђ, Е, Є, Ж, З, И, І, Ї, Й, Ј, К, Л, Љ, М, Н, Њ, О, П, Р, С, Т, Ћ, У, Ф, Х, Ц, Ч, Џ, Ш, Щ, Ю, Я, , א, ב, ג, ד, ה, ו, ז, ח, ט, י, כ, ל, מ, נ, ס, ע, פ, צ, ק, ר, ש, ת, , ا, ب, ت, ث, ج, ح, خ, د, ذ, ر, ز, س, ش, ص, ض, ط, ظ, ع, غ, ف, ق, ك, ل, م, ن, ه, و, ي, , ก, ข, ฃ, ค, ฅ, ฆ, ง, จ, ฉ, ช, ซ, ฌ, ญ, ฎ, ฏ, ฐ, ฑ, ฒ, ณ, ด, ต, ถ, ท, ธ, น, บ, ป, ผ, ฝ, พ, ฟ, ภ, ม, ย, ร, ฤ, ล, ฦ, ว, ศ, ษ, ส, ห, ฬ, อ, ฮ, , ㄱ, ㄴ, ㄷ, ㄹ, ㅁ, ㅂ, ㅅ, ㅇ, ㅈ, ㅊ, ㅋ, ㅌ, ㅍ, ㅎ, , あ, か, さ, た, な, は, ま, や, ら, わ, #, ]
W/InputAttributes( 6609): No editor info for this field. Bug?
E/WifiStateMachine( 5616): wifi info recent enough
E/WifiStateMachine( 5616): handleMessage: X
I/LatinIME:LogUtils( 6609): Dictionary info: dictionary = UserHistoryDictionary.en_US ; version = 1481652392 ; date = ?
I/LatinIME:LogUtils( 6609): Dictionary info: dictionary = PersonalizationDictionary.en_US ; version = 1481652392 ; date = ?
I/LatinIME:LogUtils( 6609): Dictionary info: dictionary = userunigram.en_US ; version = 1481652392 ; date = ?
I/LatinIME:LogUtils( 6609): Dictionary info: dictionary = contacts.en_US ; version = 1481652392 ; date = ?
I/LatinIME:LogUtils( 6609): Dictionary info: dictionary = ContextualDictionary.en_US ; version = 1481652392 ; date = ?
E/libprocessgroup( 6744): failed to open /acct/uid_10051/pid_6744/cgroup.procs: No such file or directory
E/Zygote ( 6744): createProcessGroup(10051, 0) failed: No such file or directory
I/ActivityManager( 5616): Start proc 6744:com.android.printspooler/u0a51 for service com.android.printspooler/.model.PrintSpoolerService
D/VolumeUI( 6540): Registering volume controller
E/SurfaceFlinger( 5519): Permission Denial: can't access SurfaceFlinger pid=5616, uid=1000
E/SurfaceFlinger( 5519): Permission Denial: can't access SurfaceFlinger pid=5616, uid=1000
E/SurfaceFlinger( 5519): Permission Denial: can't access SurfaceFlinger pid=5616, uid=1000
E/SurfaceFlinger( 5519): Permission Denial: can't access SurfaceFlinger pid=5616, uid=1000
E/SurfaceFlinger( 5519): Permission Denial: can't access SurfaceFlinger pid=5616, uid=1000
E/SurfaceFlinger( 5519): Permission Denial: can't access SurfaceFlinger pid=5616, uid=1000
I/LatinIME:LogUtils( 6609): Dictionary info: dictionary = PersonalizationDictionary.en_US ; version = 1481652392 ; date = ?
I/LatinIME:LogUtils( 6609): Dictionary info: dictionary = PersonalizationDictionary.en_US ; version = 1481652392 ; date = ?
E/OMX-VENC-720p( 6365): Invalid entry returned from get_supported_profile_level 2130706433, 65536
W/ACodec ( 6365): do not know color format 0x7fa30c04 = 2141391876
W/ACodec ( 6365): do not know color format 0x7f000789 = 2130708361
F/WindowAnimator( 5616): Unhandled exception in Window Manager
F/WindowAnimator( 5616): java.lang.NullPointerException: Attempt to invoke virtual method 'void android.view.SurfaceControl.setLayer(int)' on a null object reference
F/WindowAnimator( 5616): at com.android.server.wm.FocusedStackFrame.setLayer(FocusedStackFrame.java:140)
F/WindowAnimator( 5616): at com.android.server.wm.WindowManagerService.setFocusedStackLayer(WindowManagerService.java:3985)
F/WindowAnimator( 5616): at com.android.server.wm.WindowAnimator.animateLocked(WindowAnimator.java:708)
F/WindowAnimator( 5616): at com.android.server.wm.WindowAnimator.access$000(WindowAnimator.java:54)
F/WindowAnimator( 5616): at com.android.server.wm.WindowAnimator$1.run(WindowAnimator.java:126)
F/WindowAnimator( 5616): at android.view.Choreographer$CallbackRecord.run(Choreographer.java:767)
F/WindowAnimator( 5616): at android.view.Choreographer.doCallbacks(Choreographer.java:580)
F/WindowAnimator( 5616): at android.view.Choreographer.doFrame(Choreographer.java:549)
F/WindowAnimator( 5616): at android.view.Choreographer$FrameDisplayEventReceiver.run(Choreographer.java:753)
F/WindowAnimator( 5616): at android.os.Handler.handleCallback(Handler.java:739)
F/WindowAnimator( 5616): at android.os.Handler.dispatchMessage(Handler.java:95)
F/WindowAnimator( 5616): at android.os.Looper.loop(Looper.java:135)
F/WindowAnimator( 5616): at android.os.HandlerThread.run(HandlerThread.java:61)
F/WindowAnimator( 5616): at com.android.server.ServiceThread.run(ServiceThread.java:46)
E/SurfaceFlinger( 5519): Permission Denial: can't access SurfaceFlinger pid=5616, uid=1000
W/AlarmManager( 5616): Not setting time since no alarm driver is available.
E/SurfaceFlinger( 5519): Permission Denial: can't access SurfaceFlinger pid=5616, uid=1000
E/SurfaceFlinger( 5519): Permission Denial: can't access SurfaceFlinger pid=5616, uid=1000
E/OMX-VENC-720p( 6365): get_parameter: OMX_IndexParamVideoProfileLevelQuerySupported nProfileIndex ret NoMore 2
E/OMX-VENC-720p( 6365): Invalid entry returned from get_supported_profile_level 32768, 128
W/ACodec ( 6365): do not know color format 0x7fa30c04 = 2141391876
W/ACodec ( 6365): do not know color format 0x7f000789 = 2130708361
E/OMX-VENC-720p( 6365): get_parameter: OMX_IndexParamVideoProfileLevelQuerySupported nProfileIndex ret NoMore 1
E/OMX-VENC-720p( 6365): Invalid entry returned from get_supported_profile_level 1, 128
W/ACodec ( 6365): do not know color format 0x7fa30c04 = 2141391876
W/ACodec ( 6365): do not know color format 0x7f000789 = 2130708361
F/WindowAnimator( 5616): Unhandled exception in Window Manager
F/WindowAnimator( 5616): java.lang.NullPointerException: Attempt to invoke virtual method 'void android.view.SurfaceControl.setLayer(int)' on a null object reference
F/WindowAnimator( 5616): at com.android.server.wm.FocusedStackFrame.setLayer(FocusedStackFrame.java:140)
F/WindowAnimator( 5616): at com.android.server.wm.WindowManagerService.setFocusedStackLayer(WindowManagerService.java:3985)
F/WindowAnimator( 5616): at com.android.server.wm.WindowAnimator.animateLocked(WindowAnimator.java:708)
F/WindowAnimator( 5616): at com.android.server.wm.WindowAnimator.access$000(WindowAnimator.java:54)
F/WindowAnimator( 5616): at com.android.server.wm.WindowAnimator$1.run(WindowAnimator.java:126)
F/WindowAnimator( 5616): at android.view.Choreographer$CallbackRecord.run(Choreographer.java:767)
F/WindowAnimator( 5616): at android.view.Choreographer.doCallbacks(Choreographer.java:580)
F/WindowAnimator( 5616): at android.view.Choreographer.doFrame(Choreographer.java:549)
F/WindowAnimator( 5616): at android.view.Choreographer$FrameDisplayEventReceiver.run(Choreographer.java:753)
F/WindowAnimator( 5616): at android.os.Handler.handleCallback(Handler.java:739)
F/WindowAnimator( 5616): at android.os.Handler.dispatchMessage(Handler.java:95)
F/WindowAnimator( 5616): at android.os.Looper.loop(Looper.java:135)
F/WindowAnimator( 5616): at android.os.HandlerThread.run(HandlerThread.java:61)
F/WindowAnimator( 5616): at com.android.server.ServiceThread.run(ServiceThread.java:46)
E/SurfaceFlinger( 5519): Permission Denial: can't access SurfaceFlinger pid=5616, uid=1000
E/OMX-VENC-720p( 6365): Invalid entry returned from get_supported_profile_level 1, 2
W/ACodec ( 6365): do not know color format 0x7fa30c04 = 2141391876
W/ACodec ( 6365): do not know color format 0x7f000789 = 2130708361
V/WLAN_PSA( 670): NL MSG, len[4031], NL type[0x1C] WNI type[0x5900] len[42767]
V/WLAN_PSA( 670): NL MSG, PID: 670
E/QC_WMADEC( 6365): component init: role = OMX.qcom.audio.decoder.wma
E/QC_WMADEC( 6365): COMPONENT DEINIT...
E/QC_WMADEC( 6365): OMX WMA component destroyed
E/QC_WMADEC( 6365): component init: role = OMX.qcom.audio.decoder.wmaLossLess
E/QC_WMADEC( 6365): INPUT_THREAD:message pipe read n=0xffffffff err=0x 9
E/SurfaceFlinger( 5519): Permission Denial: can't access SurfaceFlinger pid=5616, uid=1000
I/PrintSpoolerService( 6744): No existing print spooler state.
E/QC_WMADEC( 6365): COMPONENT DEINIT...
E/QC_WMADEC( 6365): OMX WMA component destroyed
E/QC_WMADEC( 6365): component init: role = OMX.qcom.audio.decoder.wma10Pro
E/SurfaceFlinger( 5519): Permission Denial: can't access SurfaceFlinger pid=5616, uid=1000
E/SurfaceFlinger( 5519): Permission Denial: can't access SurfaceFlinger pid=5616, uid=1000
E/SurfaceFlinger( 5519): Permission Denial: can't access SurfaceFlinger pid=5616, uid=1000
I/ActivityManager( 5616): START u0 {act=android.intent.action.MAIN cat=[android.intent.category.HOME] flg=0x10000000 cmp=com.fairphone.setupwizard/.ui.SetupWizardActivity} from uid 0 on display 0
E/SurfaceFlinger( 5519): Permission Denial: can't access SurfaceFlinger pid=5616, uid=1000
E/SurfaceFlinger( 5519): Permission Denial: can't access SurfaceFlinger pid=5616, uid=1000
V/WindowManager( 5616): addAppToken: AppWindowToken{f543d75 token=Token{cab4cac ActivityRecord{bbaca5f u0 com.fairphone.setupwizard/.ui.SetupWizardActivity t2}}} to stack=0 task=2 at 0
E/QC_WMADEC( 6365): INPUT_THREAD:message pipe read n=0xffffffff err=0x 9
E/QC_WMADEC( 6365): COMPONENT DEINIT...
E/QC_WMADEC( 6365): OMX WMA component destroyed
I/StatusBarManagerService( 5616): registerStatusBar bar=com.android.internal.statusbar.IStatusBar$Stub$Proxy@2f16010a
F/WindowAnimator( 5616): Unhandled exception in Window Manager
F/WindowAnimator( 5616): java.lang.NullPointerException: Attempt to invoke virtual method 'void android.view.SurfaceControl.setLayer(int)' on a null object reference
F/WindowAnimator( 5616): at com.android.server.wm.FocusedStackFrame.setLayer(FocusedStackFrame.java:140)
F/WindowAnimator( 5616): at com.android.server.wm.WindowManagerService.setFocusedStackLayer(WindowManagerService.java:3985)
F/WindowAnimator( 5616): at com.android.server.wm.WindowAnimator.animateLocked(WindowAnimator.java:708)
F/WindowAnimator( 5616): at com.android.server.wm.WindowAnimator.access$000(WindowAnimator.java:54)
F/WindowAnimator( 5616): at com.android.server.wm.WindowAnimator$1.run(WindowAnimator.java:126)
F/WindowAnimator( 5616): at android.view.Choreographer$CallbackRecord.run(Choreographer.java:767)
F/WindowAnimator( 5616): at android.view.Choreographer.doCallbacks(Choreographer.java:580)
F/WindowAnimator( 5616): at android.view.Choreographer.doFrame(Choreographer.java:549)
F/WindowAnimator( 5616): at android.view.Choreographer$FrameDisplayEventReceiver.run(Choreographer.java:753)
F/WindowAnimator( 5616): at android.os.Handler.handleCallback(Handler.java:739)
F/WindowAnimator( 5616): at android.os.Handler.dispatchMessage(Handler.java:95)
F/WindowAnimator( 5616): at android.os.Looper.loop(Looper.java:135)
F/WindowAnimator( 5616): at android.os.HandlerThread.run(HandlerThread.java:61)
F/WindowAnimator( 5616): at com.android.server.ServiceThread.run(ServiceThread.java:46)
E/SurfaceFlinger( 5519): Permission Denial: can't access SurfaceFlinger pid=5616, uid=1000
I/OMX_QCELP13_DEC( 6365): Enabling Non-Tunnel mode
I/OMX_QCELP13_DEC( 6365): MIME type: aud
I/OMX_QCELP13_DEC( 6365): component init: role = OMX.qcom.audio.decoder.Qcelp13
I/OMX_QCELP13_DEC( 6365):
I/OMX_QCELP13_DEC( 6365): component_init: Component OMX.qcom.audio.decoder.Qcelp13 LOADED
I/OMX_QCELP13_DEC( 6365): Created thread for INP
I/OMX_QCELP13_DEC( 6365): Created thread for CMD
E/libprocessgroup( 6801): failed to open /acct/uid_1000/pid_6801/cgroup.procs: No such file or directory
I/OMX_QCELP13_DEC( 6365): omx_Qcelp13_thread_stop stop server
E/Zygote ( 6801): createProcessGroup(1000, 0) failed: No such file or directory
I/OMX_QCELP13_DEC( 6365): omx_Qcelp13_thread_stop stop server
E/OMX_EVRC_DEC( 6365): COMPONENT INIT OMX.qcom.audio.decoder.evrc
I/ActivityManager( 5616): Start proc 6801:com.fairphone.setupwizard/1000 for activity com.fairphone.setupwizard/.ui.SetupWizardActivity
E/OMX_EVRC_DEC( 6365): COMPONENT DEINIT
E/SurfaceFlinger( 5519): Permission Denial: can't access SurfaceFlinger pid=5616, uid=1000
E/SurfaceFlinger( 5519): Permission Denial: can't access SurfaceFlinger pid=5616, uid=1000
E/SurfaceFlinger( 5519): Permission Denial: can't access SurfaceFlinger pid=5616, uid=1000
E/SurfaceFlinger( 5519): Permission Denial: can't access SurfaceFlinger pid=5616, uid=1000
F/WindowAnimator( 5616): Unhandled exception in Window Manager
F/WindowAnimator( 5616): java.lang.NullPointerException: Attempt to invoke virtual method 'void android.view.SurfaceControl.setLayer(int)' on a null object reference
F/WindowAnimator( 5616): at com.android.server.wm.FocusedStackFrame.setLayer(FocusedStackFrame.java:140)
F/WindowAnimator( 5616): at com.android.server.wm.WindowManagerService.setFocusedStackLayer(WindowManagerService.java:3985)
F/WindowAnimator( 5616): at com.android.server.wm.WindowAnimator.animateLocked(WindowAnimator.java:708)
F/WindowAnimator( 5616): at com.android.server.wm.WindowAnimator.access$000(WindowAnimator.java:54)
F/WindowAnimator( 5616): at com.android.server.wm.WindowAnimator$1.run(WindowAnimator.java:126)
F/WindowAnimator( 5616): at android.view.Choreographer$CallbackRecord.run(Choreographer.java:767)
F/WindowAnimator( 5616): at android.view.Choreographer.doCallbacks(Choreographer.java:580)
F/WindowAnimator( 5616): at android.view.Choreographer.doFrame(Choreographer.java:549)
F/WindowAnimator( 5616): at android.view.Choreographer$FrameDisplayEventReceiver.run(Choreographer.java:753)
F/WindowAnimator( 5616): at android.os.Handler.handleCallback(Handler.java:739)
F/WindowAnimator( 5616): at android.os.Handler.dispatchMessage(Handler.java:95)
F/WindowAnimator( 5616): at android.os.Looper.loop(Looper.java:135)
F/WindowAnimator( 5616): at android.os.HandlerThread.run(HandlerThread.java:61)
F/WindowAnimator( 5616): at com.android.server.ServiceThread.run(ServiceThread.java:46)
E/SurfaceFlinger( 5519): Permission Denial: can't access SurfaceFlinger pid=5616, uid=1000
E/OMX-VDEC-1080P( 6365): Extension: OMX.google.android.index.configureVideoTunnelMode not implemented
E/OMX-VDEC-1080P( 6365): Extension: OMX.google.android.index.useAndroidNativeBuffer is supported
E/OMXNodeInstance( 6365): getParameter(1b:qcom.decoder.avc, ??(0x7f000044)) ERROR: UnsupportedSetting(0x80001019)
E/OMXNodeInstance( 6365): getParameter(1b:qcom.decoder.avc, ??(0x7f000044)) ERROR: UnsupportedSetting(0x80001019)
E/ ( 6365): Destroy C2D instance
E/ ( 6365): Destroy C2D instance
W/art ( 5616): Long monitor contention event with owner method=void android.database.sqlite.SQLiteConnection.nativeExecute(long, long) from SQLiteConnection.java:4294967294 waiters=0 for 191ms
V/ActivityManager( 5616): Display changed displayId=1
E/SurfaceFlinger( 5519): Permission Denial: can't access SurfaceFlinger pid=5616, uid=1000
E/SurfaceFlinger( 5519): Permission Denial: can't access SurfaceFlinger pid=5616, uid=1000
E/OMX-VDEC-1080P( 6365): Extension: OMX.google.android.index.configureVideoTunnelMode not implemented
E/OMX-VDEC-1080P( 6365): Extension: OMX.google.android.index.useAndroidNativeBuffer is supported
E/OMXNodeInstance( 6365): getParameter(1c:qcom.decoder.avc.secure, ??(0x7f000044)) ERROR: UnsupportedSetting(0x80001019)
E/OMXNodeInstance( 6365): getParameter(1c:qcom.decoder.avc.secure, ??(0x7f000044)) ERROR: UnsupportedSetting(0x80001019)
E/ ( 6365): Destroy C2D instance
E/ ( 6365): Destroy C2D instance
F/WindowAnimator( 5616): Unhandled exception in Window Manager
F/WindowAnimator( 5616): java.lang.NullPointerException: Attempt to invoke virtual method 'void android.view.SurfaceControl.setLayer(int)' on a null object reference
F/WindowAnimator( 5616): at com.android.server.wm.FocusedStackFrame.setLayer(FocusedStackFrame.java:140)
F/WindowAnimator( 5616): at com.android.server.wm.WindowManagerService.setFocusedStackLayer(WindowManagerService.java:3985)
F/WindowAnimator( 5616): at com.android.server.wm.WindowAnimator.animateLocked(WindowAnimator.java:708)
F/WindowAnimator( 5616): at com.android.server.wm.WindowAnimator.access$000(WindowAnimator.java:54)
F/WindowAnimator( 5616): at com.android.server.wm.WindowAnimator$1.run(WindowAnimator.java:126)
F/WindowAnimator( 5616): at android.view.Choreographer$CallbackRecord.run(Choreographer.java:767)
F/WindowAnimator( 5616): at android.view.Choreographer.doCallbacks(Choreographer.java:580)
F/WindowAnimator( 5616): at android.view.Choreographer.doFrame(Choreographer.java:549)
F/WindowAnimator( 5616): at android.view.Choreographer$FrameDisplayEventReceiver.run(Choreographer.java:753)
F/WindowAnimator( 5616): at android.os.Handler.handleCallback(Handler.java:739)
F/WindowAnimator( 5616): at android.os.Handler.dispatchMessage(Handler.java:95)
F/WindowAnimator( 5616): at android.os.Looper.loop(Looper.java:135)
F/WindowAnimator( 5616): at android.os.HandlerThread.run(HandlerThread.java:61)
F/WindowAnimator( 5616): at com.android.server.ServiceThread.run(ServiceThread.java:46)
E/SurfaceFlinger( 5519): Permission Denial: can't access SurfaceFlinger pid=5616, uid=1000
E/OMX-VDEC-1080P( 6365): Extension: OMX.google.android.index.configureVideoTunnelMode not implemented
E/OMX-VDEC-1080P( 6365): Extension: OMX.google.android.index.useAndroidNativeBuffer is supported
E/OMXNodeInstance( 6365): getParameter(1d:qcom.decoder.mpeg2, ??(0x7f000044)) ERROR: UnsupportedSetting(0x80001019)
E/OMXNodeInstance( 6365): getParameter(1d:qcom.decoder.mpeg2, ??(0x7f000044)) ERROR: UnsupportedSetting(0x80001019)
W/asset ( 5616): Asset path /system/framework/com.google.android.media.effects.jar is neither a directory nor file (type=1).
W/ResourcesManager( 5616): Asset path '/system/framework/com.google.android.media.effects.jar' does not exist or contains no resources.
E/ ( 6365): Destroy C2D instance
E/ ( 6365): Destroy C2D instance
W/AppWidgetServiceImpl( 5616): Failed to read state: java.io.FileNotFoundException: /data/system/users/0/appwidgets.xml: open failed: ENOENT (No such file or directory)
V/AppWidgetServiceImpl( 5616): Upgrading widget database from 0 to 1
E/SurfaceFlinger( 5519): Permission Denial: can't access SurfaceFlinger pid=5616, uid=1000
E/SurfaceFlinger( 5519): Permission Denial: can't access SurfaceFlinger pid=5616, uid=1000
W/ServiceManager( 5519): Permission failure: android.permission.HARDWARE_TEST from uid=1000 pid=5616
D/PermissionCache( 5519): checking android.permission.HARDWARE_TEST for uid=1000 => denied (178 us)
E/SurfaceFlinger( 5519): Permission Denial: can't access SurfaceFlinger pid=5616, uid=1000
D/AndroidRuntime( 5616): Shutting down VM
E/OMX-VDEC-1080P( 6365): Extension: OMX.google.android.index.configureVideoTunnelMode not implemented
E/OMX-VDEC-1080P( 6365): Extension: OMX.google.android.index.useAndroidNativeBuffer is supported
E/OMXNodeInstance( 6365): getParameter(1e:qcom.decoder.mpeg2.secure, ??(0x7f000044)) ERROR: UnsupportedSetting(0x80001019)
E/OMXNodeInstance( 6365): getParameter(1e:qcom.decoder.mpeg2.secure, ??(0x7f000044)) ERROR: UnsupportedSetting(0x80001019)
E/AndroidRuntime( 5616): *** FATAL EXCEPTION IN SYSTEM PROCESS: main
E/AndroidRuntime( 5616): java.lang.RuntimeException: Error receiving broadcast Intent { act=android.intent.action.USER_SWITCHED flg=0x50000010 (has extras) } in com.android.server.accessibility.AccessibilityManagerService$2@d72539
E/AndroidRuntime( 5616): at android.app.LoadedApk$ReceiverDispatcher$Args.run(LoadedApk.java:876)
E/AndroidRuntime( 5616): at android.os.Handler.handleCallback(Handler.java:739)
E/AndroidRuntime( 5616): at android.os.Handler.dispatchMessage(Handler.java:95)
E/AndroidRuntime( 5616): at android.os.Looper.loop(Looper.java:135)
E/AndroidRuntime( 5616): at com.android.server.SystemServer.run(SystemServer.java:278)
E/AndroidRuntime( 5616): at com.android.server.SystemServer.main(SystemServer.java:179)
E/AndroidRuntime( 5616): at java.lang.reflect.Method.invoke(Native Method)
E/AndroidRuntime( 5616): at java.lang.reflect.Method.invoke(Method.java:372)
E/AndroidRuntime( 5616): at com.android.internal.os.ZygoteInit$MethodAndArgsCaller.run(ZygoteInit.java:904)
E/AndroidRuntime( 5616): at com.android.internal.os.ZygoteInit.main(ZygoteInit.java:699)
E/AndroidRuntime( 5616): Caused by: java.lang.SecurityException
E/AndroidRuntime( 5616): at android.os.BinderProxy.transactNative(Native Method)
E/AndroidRuntime( 5616): at android.os.BinderProxy.transact(Binder.java:496)
E/AndroidRuntime( 5616): at com.android.server.accessibility.DisplayAdjustmentUtils.setDaltonizerMode(DisplayAdjustmentUtils.java:129)
E/AndroidRuntime( 5616): at com.android.server.accessibility.DisplayAdjustmentUtils.applyAdjustments(DisplayAdjustmentUtils.java:101)
E/AndroidRuntime( 5616): at com.android.server.accessibility.AccessibilityManagerService.updateDisplayColorAdjustmentSettingsLocked(AccessibilityManagerService.java:1604)
E/AndroidRuntime( 5616): at com.android.server.accessibility.AccessibilityManagerService.onUserStateChangedLocked(AccessibilityManagerService.java:1330)
E/AndroidRuntime( 5616): at com.android.server.accessibility.AccessibilityManagerService.switchUser(AccessibilityManagerService.java:844)
E/AndroidRuntime( 5616): at com.android.server.accessibility.AccessibilityManagerService.access$800(AccessibilityManagerService.java:119)
E/AndroidRuntime( 5616): at com.android.server.accessibility.AccessibilityManagerService$2.onReceive(AccessibilityManagerService.java:361)
E/AndroidRuntime( 5616): at android.app.LoadedApk$ReceiverDispatcher$Args.run(LoadedApk.java:866)
E/AndroidRuntime( 5616): ... 9 more
E/ ( 6365): Destroy C2D instance
E/ ( 6365): Destroy C2D instance
I/Process ( 5616): Sending signal. PID: 5616 SIG: 9
E/OMX-VDEC-1080P( 6365): Extension: OMX.google.android.index.configureVideoTunnelMode not implemented
E/OMX-VDEC-1080P( 6365): Extension: OMX.google.android.index.useAndroidNativeBuffer is supported
E/OMXNodeInstance( 6365): getParameter(1f:qcom.decoder.mpeg4, ??(0x7f000044)) ERROR: UnsupportedSetting(0x80001019)
E/OMXNodeInstance( 6365): getParameter(1f:qcom.decoder.mpeg4, ??(0x7f000044)) ERROR: UnsupportedSetting(0x80001019)
E/ ( 6365): Destroy C2D instance
E/ ( 6365): Destroy C2D instance
E/Zygote ( 5522): Exit zygote because system server (5616) has terminated
E/OMX-VDEC-1080P( 6365): Extension: OMX.google.android.index.configureVideoTunnelMode not implemented
E/OMX-VDEC-1080P( 6365): Extension: OMX.google.android.index.useAndroidNativeBuffer is supported
E/OMXNodeInstance( 6365): getParameter(20:qcom.decoder.h263, ??(0x7f000044)) ERROR: UnsupportedSetting(0x80001019)
E/OMXNodeInstance( 6365): getParameter(20:qcom.decoder.h263, ??(0x7f000044)) ERROR: UnsupportedSetting(0x80001019)
E/ ( 6365): Destroy C2D instance
E/ ( 6365): Destroy C2D instance
E/OMX-VDEC-1080P( 6365): get_parameter: OMX_IndexParamVideoProfileLevelQuerySupported ret NoMore for codec: OMX.qcom.video.decoder.vc1
E/OMX-VDEC-1080P( 6365): Extension: OMX.google.android.index.configureVideoTunnelMode not implemented
E/OMX-VDEC-1080P( 6365): Extension: OMX.google.android.index.useAndroidNativeBuffer is supported
E/OMXNodeInstance( 6365): getParameter(21:qcom.decoder.vc1, ??(0x7f000044)) ERROR: UnsupportedSetting(0x80001019)
E/OMXNodeInstance( 6365): getParameter(21:qcom.decoder.vc1, ??(0x7f000044)) ERROR: UnsupportedSetting(0x80001019)
E/ ( 6365): Destroy C2D instance
E/ ( 6365): Destroy C2D instance
E/OMX-VDEC-1080P( 6365): DIVX 5/6 Decoder selected
E/JavaBinder( 6540): !!! FAILED BINDER TRANSACTION !!!
E/OMX-VDEC-1080P( 6365): get_parameter: OMX_IndexParamVideoProfileLevelQuerySupported ret NoMore for codec: OMX.qcom.video.decoder.divx
E/OMX-VDEC-1080P( 6365): Extension: OMX.google.android.index.configureVideoTunnelMode not implemented
E/OMX-VDEC-1080P( 6365): Extension: OMX.google.android.index.useAndroidNativeBuffer is supported
E/OMXNodeInstance( 6365): getParameter(22:qcom.decoder.divx, ??(0x7f000044)) ERROR: UnsupportedSetting(0x80001019)
E/OMXNodeInstance( 6365): getParameter(22:qcom.decoder.divx, ??(0x7f000044)) ERROR: UnsupportedSetting(0x80001019)
E/JavaBinder( 6540): !!! FAILED BINDER TRANSACTION !!!
E/ ( 6365): Destroy C2D instance
E/ ( 6365): Destroy C2D instance
E/JavaBinder( 6540): !!! FAILED BINDER TRANSACTION !!!
E/JavaBinder( 6540): !!! FAILED BINDER TRANSACTION !!!
E/JavaBinder( 6540): !!! FAILED BINDER TRANSACTION !!!
E/JavaBinder( 6540): !!! FAILED BINDER TRANSACTION !!!
E/JavaBinder( 6540): !!! FAILED BINDER TRANSACTION !!!
I/LatinIME:LogUtils( 6609): Dictionary info: dictionary = main:de ; version = 44 ; date = 1393228134
E/JavaBinder( 6540): !!! FAILED BINDER TRANSACTION !!!
E/JavaBinder( 6540): !!! FAILED BINDER TRANSACTION !!!
E/JavaBinder( 6540): !!! FAILED BINDER TRANSACTION !!!
E/JavaBinder( 6540): !!! FAILED BINDER TRANSACTION !!!
E/JavaBinder( 6540): !!! FAILED BINDER TRANSACTION !!!
I/LatinIME:LogUtils( 6609): Dictionary info: dictionary = main:fr ; version = 45 ; date = 1400639634
E/OMX-VDEC-1080P( 6365): get_parameter: OMX_IndexParamVideoProfileLevelQuerySupported ret NoMore for codec: OMX.qcom.video.decoder.divx311
E/OMX-VDEC-1080P( 6365): Extension: OMX.google.android.index.configureVideoTunnelMode not implemented
E/OMX-VDEC-1080P( 6365): Extension: OMX.google.android.index.useAndroidNativeBuffer is supported
E/OMXNodeInstance( 6365): getParameter(23:qcom.decoder.divx311, ??(0x7f000044)) ERROR: UnsupportedSetting(0x80001019)
E/OMXNodeInstance( 6365): getParameter(23:qcom.decoder.divx311, ??(0x7f000044)) ERROR: UnsupportedSetting(0x80001019)
I/LatinIME:LogUtils( 6609): Dictionary info: dictionary = main:es ; version = 49 ; date = 1404131686
E/ ( 6365): Destroy C2D instance
E/ ( 6365): Destroy C2D instance
I/LatinIME:LogUtils( 6609): Dictionary info: dictionary = main:it ; version = 44 ; date = 1393228135
E/OMX-VDEC-1080P( 6365): DIVX 4 Decoder selected
E/OMX-VDEC-1080P( 6365): get_parameter: OMX_IndexParamVideoProfileLevelQuerySupported ret NoMore for codec: OMX.qcom.video.decoder.divx4
E/OMX-VDEC-1080P( 6365): Extension: OMX.google.android.index.configureVideoTunnelMode not implemented
E/OMX-VDEC-1080P( 6365): Extension: OMX.google.android.index.useAndroidNativeBuffer is supported
E/OMXNodeInstance( 6365): getParameter(24:qcom.decoder.divx4, ??(0x7f000044)) ERROR: UnsupportedSetting(0x80001019)
E/OMXNodeInstance( 6365): getParameter(24:qcom.decoder.divx4, ??(0x7f000044)) ERROR: UnsupportedSetting(0x80001019)
E/ ( 6365): Destroy C2D instance
E/ ( 6365): Destroy C2D instance
E/OMX-VDEC-1080P( 6365): Extension: OMX.google.android.index.configureVideoTunnelMode not implemented
E/OMX-VDEC-1080P( 6365): Extension: OMX.google.android.index.useAndroidNativeBuffer is supported
E/OMXNodeInstance( 6365): getParameter(25:qcom.decoder.vp8, ??(0x7f000044)) ERROR: UnsupportedSetting(0x80001019)
E/OMXNodeInstance( 6365): getParameter(25:qcom.decoder.vp8, ??(0x7f000044)) ERROR: UnsupportedSetting(0x80001019)
E/ ( 6365): Destroy C2D instance
E/ ( 6365): Destroy C2D instance
I/Netd ( 6866): Netd 1.0 starting
E/installd( 3000): eof
E/installd( 3000): failed to read size
I/installd( 3000): closing connection
E/OMX-VDEC-1080P( 6365): Full DSP mode
E/OMX-VDEC-1080P( 6365): NOTE: enable_extradata: actual[0] requested[20000] enable[1], is_internal: 1 swvdec mode -1
E/OMX-VDEC-1080P( 6365): Extension: OMX.google.android.index.configureVideoTunnelMode not implemented
E/OMX-VDEC-1080P( 6365): Extension: OMX.google.android.index.useAndroidNativeBuffer is supported
E/OMXNodeInstance( 6365): getParameter(26:qcom.decoder.hevc, ??(0x7f000044)) ERROR: UnsupportedSetting(0x80001019)
E/OMXNodeInstance( 6365): setParameter(26:qcom.decoder.hevc, OMX.google.android.index.storeMetaDataInBuffers(0x7f00001c): Output:1 en=1 GB=0) ERROR: UnsupportedSetting(0x80001019)
E/OMXNodeInstance( 6365): setParameter(26:qcom.decoder.hevc, OMX.google.android.index.prepareForAdaptivePlayback(0x7f00002e): Output:1 en=1 max=1280x720) ERROR: UnsupportedSetting(0x80001019)
D/MDnsDS ( 6866): MDnsSdListener::Hander starting up
D/MDnsDS ( 6866): MDnsSdListener starting to monitor
D/MDnsDS ( 6866): Going to poll with pollCount 1
E/ ( 6365): Destroy C2D instance
E/ ( 6365): Destroy C2D instance
E/MM_OSAL ( 6365): CSwVdecComponent::Creating Thread
E/MM_OSAL ( 6365): MM_Thread_CreateEx::set thread Prio to 2
E/MM_OSAL ( 6365): MM_Thread_CreateEx::thread 0xb50b2a80 created with stack 1040384 bytes
E/MM_OSAL ( 6365): CSwVdecComponent::Creating Thread
E/MM_OSAL ( 6365): MM_Thread_CreateEx::set thread Prio to 3
E/MM_OSAL ( 6365): MM_Thread_CreateEx::thread 0xb50b2580 created with stack 1040384 bytes
E/MM_OSAL ( 6365): HEVC::Codec Creation Done ...
E/MM_OSAL ( 6365): CSwVdecHevcComponent:: STATE CHANGE -> LOADED
E/MM_OSAL ( 6365): MM_Thread_CreateEx::set thread Prio to 1
E/MM_OSAL ( 6365): MM_Thread_CreateEx::thread 0xb50b2800 created with stack 1040384 bytes
E/MM_OSAL ( 6365): Helper thread 0 created...
E/MM_OSAL ( 6365): MM_Thread_CreateEx::set thread Prio to 1
E/MM_OSAL ( 6365): MM_Thread_CreateEx::thread 0xb50b2d00 created with stack 1040384 bytes
E/MM_OSAL ( 6365): Helper thread 1 created...
E/MM_OSAL ( 6365): MM_Thread_CreateEx::set thread Prio to 1
E/MM_OSAL ( 6365): MM_Thread_CreateEx::thread 0xb50b2080 created with stack 1040384 bytes
E/MM_OSAL ( 6365): Helper thread 2 created...
E/MM_OSAL ( 6365): CSwVdecHevcComponent:: STATE CHANGE -> LOADED
E/MM_OSAL ( 6365): SwVdec_Init - Initializing H.265 Decoder
E/MM_OSAL ( 6365): CSwVdecComponent::SetFormatPlane - Error Unsupported color format
E/MM_OSAL ( 6365): HEVCD_SetResolution: nCurrSeqMaxDecPicBuffering 0
E/MM_OSAL ( 6365): HEVCD_SetResolution: Setting the Max Buf count to 9
E/MM_OSAL ( 6365): Color Format: 3
E/MM_OSAL ( 6365): Color Format Requested: 3 Has: 3
E/MM_OSAL ( 6365): FRAME ATTRIBUTE:: Width: 320
E/MM_OSAL ( 6365): FRAME ATTRIBUTE:: Height: 240
E/MM_OSAL ( 6365): FRAME ATTRIBUTE:: Luma Stride: 384
E/MM_OSAL ( 6365): FRAME ATTRIBUTE:: Chroma Offset: 98304
E/MM_OSAL ( 6365): FRAME ATTRIBUTE:: Chroma Stride: 384
E/OMX-VDEC-1080P( 6365): NOTE: enable_extradata: actual[0] requested[20000] enable[1], is_internal: 1 swvdec mode 2
E/MM_OSAL ( 6365): HEVCD_GetOutputBufParam pDecCtx->sCurrentCfg.nPicBufCount = 10
E/OMX-VDEC-1080P( 6365): Extension: OMX.google.android.index.configureVideoTunnelMode not implemented
E/OMX-VDEC-1080P( 6365): Extension: OMX.google.android.index.useAndroidNativeBuffer is supported
E/OMXNodeInstance( 6365): getParameter(27:qcom.decoder.hevchybrid, ??(0x7f000044)) ERROR: UnsupportedSetting(0x80001019)
E/OMXNodeInstance( 6365): setParameter(27:qcom.decoder.hevchybrid, OMX.google.android.index.storeMetaDataInBuffers(0x7f00001c): Output:1 en=1 GB=0) ERROR: UnsupportedSetting(0x80001019)
E/OMXNodeInstance( 6365): setParameter(27:qcom.decoder.hevchybrid, OMX.google.android.index.prepareForAdaptivePlayback(0x7f00002e): Output:1 en=1 max=1280x720) ERROR: UnsupportedSetting(0x80001019)
E/MM_OSAL ( 6365): HEVCD Release done
E/MM_OSAL ( 6365): =================================
E/MM_OSAL ( 6365): Codec Destroy Done!!! Good Bye...
E/MM_OSAL ( 6365): =================================
E/MM_OSAL ( 6365): HEVCD Destroy done
E/MM_OSAL ( 6365): ============================================================
E/MM_OSAL ( 6365): Number of Helper Threads Used = 3
E/MM_OSAL ( 6365): Number of Helper Job Size = 1
E/MM_OSAL ( 6365): Number of Helper Priority = 1
E/MM_OSAL ( 6365): ============================================================
E/MM_OSAL ( 6365): Batch Server Release done
E/MM_OSAL ( 6365): CSwVdecComponent::Destroying Thread
E/MM_OSAL ( 6365): Exit the worker thread
E/MM_OSAL ( 6365): CSwVdecComponent::Destroying Thread
E/MM_OSAL ( 6365): Exit the Event Dispatcher thread
E/ ( 6365): Destroy C2D instance
E/ ( 6365): Destroy C2D instance
