I/XXXXXX ( 4402): choosing minFree values for 32 Bit
I/ActivityManager( 4402): Config changes=1df8 {1.0 ?mcc?mnc en_US ?layoutDir sw360dp w360dp h640dp 480dpi nrml long port ?uimode ?night -touch -keyb/h/h -nav/h s.2}
E/SurfaceFlinger( 4229): Permission Denial: can't access SurfaceFlinger pid=4402, uid=1000
E/SurfaceFlinger( 4229): Permission Denial: can't access SurfaceFlinger pid=4402, uid=1000
I/InputReader( 4402): Reconfiguring input devices. changes=0x00000004
E/SurfaceFlinger( 4229): Permission Denial: can't access SurfaceFlinger pid=4402, uid=1000
I/ActivityManager( 4402): Config changes=500 {1.0 ?mcc?mnc en_US ?layoutDir sw360dp w360dp h567dp 480dpi nrml port ?uimode ?night -touch -keyb/h/h -nav/h s.3}
E/SurfaceFlinger( 4229): Permission Denial: can't access SurfaceFlinger pid=4402, uid=1000
E/SurfaceFlinger( 4229): Permission Denial: can't access SurfaceFlinger pid=4402, uid=1000
E/SurfaceFlinger( 4229): Permission Denial: can't access SurfaceFlinger pid=4402, uid=1000
I/SystemServer( 4402): Mount Service
D/MountService( 4402): got storage path: /storage/sdcard0 description: Internal storage primary: true removable: false emulated: true mtpReserve: 100 allowMassStorage: false maxFileSize: 0 allowMtp: true
D/MountService( 4402): addVolumeLocked() StorageVolume:
D/MountService( 4402): mStorageId=65537 mPath=/storage/emulated/0 mDescriptionId=17040829
D/MountService( 4402): mPrimary=true mRemovable=false mEmulated=true mMtpReserveSpace=100
D/MountService( 4402): mAllowMassStorage=false mMaxFileSize=0 mOwner=UserHandle{0} mUuid=null
D/MountService( 4402): mUserLabel=null mState=null mAllowMtp=true
D/MountService( 4402): got storage path: /storage/sdcard1 description: SD card primary: false removable: true emulated: false mtpReserve: 0 allowMassStorage: true maxFileSize: 0 allowMtp: true
D/MountService( 4402): addVolumeLocked() StorageVolume:
D/MountService( 4402): mStorageId=0 mPath=/storage/sdcard1 mDescriptionId=17040830 mPrimary=false
D/MountService( 4402): mRemovable=true mEmulated=false mMtpReserveSpace=0 mAllowMassStorage=true
D/MountService( 4402): mMaxFileSize=0 mOwner=null mUuid=null mUserLabel=null mState=null
D/MountService( 4402): mAllowMtp=true
D/MountService( 4402): got storage path: /storage/usbotg description: USB storage primary: false removable: true emulated: false mtpReserve: 0 allowMassStorage: false maxFileSize: 0 allowMtp: true
D/MountService( 4402): addVolumeLocked() StorageVolume:
D/MountService( 4402): mStorageId=0 mPath=/storage/usbotg mDescriptionId=17040831 mPrimary=false
D/MountService( 4402): mRemovable=true mEmulated=false mMtpReserveSpace=0 mAllowMassStorage=false
D/MountService( 4402): mMaxFileSize=0 mOwner=null mUuid=null mUserLabel=null mState=null
D/MountService( 4402): mAllowMtp=true
F/WindowAnimator( 4402): Unhandled exception in Window Manager
F/WindowAnimator( 4402): java.lang.NullPointerException: Attempt to invoke virtual method 'void android.view.SurfaceControl.setLayer(int)' on a null object reference
F/WindowAnimator( 4402): at com.android.server.wm.FocusedStackFrame.setLayer(FocusedStackFrame.java:140)
F/WindowAnimator( 4402): at com.android.server.wm.WindowManagerService.setFocusedStackLayer(WindowManagerService.java:3985)
F/WindowAnimator( 4402): at com.android.server.wm.WindowAnimator.animateLocked(WindowAnimator.java:708)
F/WindowAnimator( 4402): at com.android.server.wm.WindowAnimator.access$000(WindowAnimator.java:54)
F/WindowAnimator( 4402): at com.android.server.wm.WindowAnimator$1.run(WindowAnimator.java:126)
F/WindowAnimator( 4402): at android.view.Choreographer$CallbackRecord.run(Choreographer.java:767)
F/WindowAnimator( 4402): at android.view.Choreographer.doCallbacks(Choreographer.java:580)
F/WindowAnimator( 4402): at android.view.Choreographer.doFrame(Choreographer.java:549)
F/WindowAnimator( 4402): at android.view.Choreographer$FrameDisplayEventReceiver.run(Choreographer.java:753)
F/WindowAnimator( 4402): at android.os.Handler.handleCallback(Handler.java:739)
F/WindowAnimator( 4402): at android.os.Handler.dispatchMessage(Handler.java:95)
F/WindowAnimator( 4402): at android.os.Looper.loop(Looper.java:135)
F/WindowAnimator( 4402): at android.os.HandlerThread.run(HandlerThread.java:61)
F/WindowAnimator( 4402): at com.android.server.ServiceThread.run(ServiceThread.java:46)
I/PackageManager( 4402): Running dexopt on: /system/priv-app/SystemUI/SystemUI.apk pkg=com.android.systemui isa=arm vmSafeMode=false
E/SurfaceFlinger( 4229): Permission Denial: can't access SurfaceFlinger pid=4402, uid=1000
I/PackageManager( 4402): No secure containers found
W/PackageManager( 4402): Unknown permission com.google.android.googleapps.permission.GOOGLE_AUTH in package com.android.providers.calendar
W/PackageManager( 4402): Unknown permission com.google.android.googleapps.permission.GOOGLE_AUTH.cl in package com.android.providers.calendar
W/PackageManager( 4402): Unknown permission com.qualcomm.permission.USE_QCRIL_MSG_TUNNEL in package com.qualcomm.shutdownlistner
W/PackageManager( 4402): Unknown permission android.permission.PREVENT_POWER_KEY in package com.fairphone.checkup
W/PackageManager( 4402): Not granting permission android.permission.GLOBAL_SEARCH to package com.android.quicksearchbox (protectionLevel=18 flags=0x48be45)
W/PackageManager( 4402): Not granting permission android.permission.ACCESS_DOWNLOAD_MANAGER to package com.android.browser (protectionLevel=18 flags=0x9be45)
W/PackageManager( 4402): Not granting permission android.permission.SEND_DOWNLOAD_COMPLETED_INTENTS to package com.android.browser (protectionLevel=2 flags=0x9be45)
W/PackageManager( 4402): Unknown permission android.permission.MMS_PUSH in package org.codeaurora.bluetooth
W/PackageManager( 4402): Not granting permission android.permission.BIND_WALLPAPER to package com.android.camera2 (protectionLevel=18 flags=0x58bc45)
W/PackageManager( 4402): Unknown permission android.permission.INSTALL_DRM in package com.android.mms
W/PackageManager( 4402): Unknown permission com.google.android.googleapps.permission.GOOGLE_AUTH.mail in package com.android.calendar
W/PackageManager( 4402): Unknown permission com.android.launcher.permission.READ_SETTINGS in package com.android.onetimeinitializer
W/PackageManager( 4402): Unknown permission com.android.launcher.permission.WRITE_SETTINGS in package com.android.onetimeinitializer
W/PackageManager( 4402): Not granting permission android.permission.DELETE_PACKAGES to package com.svox.pico (protectionLevel=18 flags=0x8be45)
W/PackageManager( 4402): Unknown permission android.permission.ACCESS_THEME_MANAGER in package com.fairphone.setupwizard
W/PackageManager( 4402): Unknown permission com.google.android.gallery3d.permission.PICASA_STORE in package com.android.dreams.phototable
W/PackageManager( 4402): Unknown permission android.permission.ACCESS_SUPERUSER in package com.amaze.filemanager
W/PackageManager( 4402): Unknown permission com.android.launcher.permission.READ_SETTINGS in package com.fairphone.fplauncher3
W/PackageManager( 4402): Unknown permission com.android.launcher.permission.WRITE_SETTINGS in package com.fairphone.fplauncher3
W/PackageManager( 4402): Unknown permission android.permission.ACCESS_SUPERUSER in package com.fairphone.updater
W/PackageManager( 4402): Not granting permission android.permission.DEVICE_POWER to package com.android.deskclock (protectionLevel=2 flags=0x48be45)
W/PackageManager( 4402): Unknown permission com.google.android.gallery3d.permission.GALLERY_PROVIDER in package com.android.bluetooth
D/OpenGLRenderer( 4402): Use EGL_SWAP_BEHAVIOR_PRESERVED: true
E/SurfaceFlinger( 4229): Permission Denial: can't access SurfaceFlinger pid=4402, uid=1000
I/dex2oat ( 5047): /system/bin/dex2oat --zip-fd=5 --zip-location=/system/priv-app/SystemUI/SystemUI.apk --oat-fd=6 --oat-location=/data/dalvik-cache/arm/system@priv-app@SystemUI@SystemUI.apk@classes.dex --instruction-set=arm --instruction-set-features=div --runtime-arg -Xms64m --runtime-arg -Xmx512m --swap-fd=10
W/WindowStateAnimator( 4402): OutOfResourcesException creating surface
I/WindowManager( 4402): Out of memory for surface! Looking for leaks...
W/WindowManager( 4402): No leaked surfaces; killing applicatons!
W/WindowManager( 4402): Due to memory failure, waiting a bit for next layout
I/dex2oat ( 5047): Decided to run without swap.
E/SurfaceFlinger( 4229): Permission Denial: can't access SurfaceFlinger pid=4402, uid=1000
E/SurfaceFlinger( 4229): Permission Denial: can't access SurfaceFlinger pid=4402, uid=1000
F/WindowAnimator( 4402): Unhandled exception in Window Manager
F/WindowAnimator( 4402): java.lang.NullPointerException: Attempt to invoke virtual method 'void android.view.SurfaceControl.setLayer(int)' on a null object reference
F/WindowAnimator( 4402): at com.android.server.wm.FocusedStackFrame.setLayer(FocusedStackFrame.java:140)
F/WindowAnimator( 4402): at com.android.server.wm.WindowManagerService.setFocusedStackLayer(WindowManagerService.java:3985)
F/WindowAnimator( 4402): at com.android.server.wm.WindowAnimator.animateLocked(WindowAnimator.java:708)
F/WindowAnimator( 4402): at com.android.server.wm.WindowAnimator.access$000(WindowAnimator.java:54)
F/WindowAnimator( 4402): at com.android.server.wm.WindowAnimator$1.run(WindowAnimator.java:126)
F/WindowAnimator( 4402): at android.view.Choreographer$CallbackRecord.run(Choreographer.java:767)
F/WindowAnimator( 4402): at android.view.Choreographer.doCallbacks(Choreographer.java:580)
F/WindowAnimator( 4402): at android.view.Choreographer.doFrame(Choreographer.java:549)
F/WindowAnimator( 4402): at android.view.Choreographer$FrameDisplayEventReceiver.run(Choreographer.java:753)
F/WindowAnimator( 4402): at android.os.Handler.handleCallback(Handler.java:739)
F/WindowAnimator( 4402): at android.os.Handler.dispatchMessage(Handler.java:95)
F/WindowAnimator( 4402): at android.os.Looper.loop(Looper.java:135)
F/WindowAnimator( 4402): at android.os.HandlerThread.run(HandlerThread.java:61)
F/WindowAnimator( 4402): at com.android.server.ServiceThread.run(ServiceThread.java:46)
E/SurfaceFlinger( 4229): Permission Denial: can't access SurfaceFlinger pid=4402, uid=1000
E/SurfaceFlinger( 4229): Permission Denial: can't access SurfaceFlinger pid=4402, uid=1000
E/SurfaceFlinger( 4229): Permission Denial: can't access SurfaceFlinger pid=4402, uid=1000
F/WindowAnimator( 4402): Unhandled exception in Window Manager
F/WindowAnimator( 4402): java.lang.NullPointerException: Attempt to invoke virtual method 'void android.view.SurfaceControl.setLayer(int)' on a null object reference
F/WindowAnimator( 4402): at com.android.server.wm.FocusedStackFrame.setLayer(FocusedStackFrame.java:140)
F/WindowAnimator( 4402): at com.android.server.wm.WindowManagerService.setFocusedStackLayer(WindowManagerService.java:3985)
F/WindowAnimator( 4402): at com.android.server.wm.WindowAnimator.animateLocked(WindowAnimator.java:708)
F/WindowAnimator( 4402): at com.android.server.wm.WindowAnimator.access$000(WindowAnimator.java:54)
F/WindowAnimator( 4402): at com.android.server.wm.WindowAnimator$1.run(WindowAnimator.java:126)
F/WindowAnimator( 4402): at android.view.Choreographer$CallbackRecord.run(Choreographer.java:767)
F/WindowAnimator( 4402): at android.view.Choreographer.doCallbacks(Choreographer.java:580)
F/WindowAnimator( 4402): at android.view.Choreographer.doFrame(Choreographer.java:549)
F/WindowAnimator( 4402): at android.view.Choreographer$FrameDisplayEventReceiver.run(Choreographer.java:753)
F/WindowAnimator( 4402): at android.os.Handler.handleCallback(Handler.java:739)
F/WindowAnimator( 4402): at android.os.Handler.dispatchMessage(Handler.java:95)
F/WindowAnimator( 4402): at android.os.Looper.loop(Looper.java:135)
F/WindowAnimator( 4402): at android.os.HandlerThread.run(HandlerThread.java:61)
F/WindowAnimator( 4402): at com.android.server.ServiceThread.run(ServiceThread.java:46)
E/SurfaceFlinger( 4229): Permission Denial: can't access SurfaceFlinger pid=4402, uid=1000
E/AudioPolicyManager( 4234): unknown stream type 13
E/AudioPolicyManager( 4234): unknown stream type 13
E/AudioPolicyManager( 4234): unknown stream type 13
E/AudioPolicyManager( 4234): unknown stream type 13
I/AudioFlinger( 4234): AudioFlinger's thread 0xb5a2e000 ready to run
D/audio_hw_primary( 4234): out_set_parameters: enter: usecase(1: low-latency-playback) kvpairs: routing=2
D/audio_hw_primary( 4234): out_standby: enter: stream (0xb5880b00) usecase(1: low-latency-playback)
E/AudioPolicyManager( 4234): unknown stream type 13
D/audio_hw_primary( 4234): adev_open_input_stream: enter: sample_rate(48000) channel_mask(0xc) devices(0x80000004) stream_handle(0xb586da20)
I/AudioFlinger( 4234): AudioFlinger's thread 0xb5ac7000 ready to run
D/audio_hw_primary( 4234): adev_close_input_stream: enter:stream_handle(0xb586da20)
D/audio_hw_primary( 4234): in_standby: enter: stream (0xb586da20) usecase(7: audio-record)
I/audio_a2dp_hw( 4234): adev_open: adev_open in A2dp_hw module
I/AudioFlinger( 4234): loadHwModule() Loaded a2dp audio interface from A2DP Audio HW HAL (audio) handle 7
I/AudioFlinger( 4234): loadHwModule() Loaded usb audio interface from USB audio HW HAL (audio) handle 8
I/r_submix( 4234): adev_open(name=audio_hw_if)
I/r_submix( 4234): adev_init_check()
I/AudioFlinger( 4234): loadHwModule() Loaded r_submix audio interface from Wifi Display audio HAL (audio) handle 9
D/r_submix( 4234): adev_open_input_stream(addr=0)
D/r_submix( 4234): submix_audio_device_create_pipe_l(addr=0, idx=9)
D/r_submix( 4234): now using address 0 for route 9
I/AudioFlinger( 4234): AudioFlinger's thread 0xb5b11000 ready to run
D/r_submix( 4234): adev_close_input_stream()
D/r_submix( 4234): submix_audio_device_release_pipe_l(idx=9) addr=0
D/r_submix( 4234): submix_audio_device_destroy_pipe_l(): pipe destroyed
E/AudioPolicyManager( 4234): unknown stream type 13
E/AudioPolicyManager( 4234): unknown stream type 13
E/SoundTriggerHwService( 4234): couldn't load sound trigger module sound_trigger.primary (No such file or directory)
W/AudioFlinger( 4234): loadHwModule() module primary already loaded
D/audio_hw_primary( 4234): adev_open_output_stream: enter: sample_rate(48000) channel_mask(0x3) devices(0x2) flags(0x2) stream_handle(0xb5880c40)
E/audio_hw_primary( 4234): adev_open_output_stream: Primary output is already opened
D/audio_hw_primary( 4234): adev_open_output_stream: exit: ret -17
W/AudioPolicyManager( 4228): Cannot open output stream for device 00000002 on hw module primary
D/audio_hw_primary( 4234): adev_open_output_stream: enter: sample_rate(48000) channel_mask(0x3) devices(0x2) flags(0x4) stream_handle(0xb5880c40)
D/audio_hw_primary( 4234): adev_open_output_stream: Stream (0xb5880c40) picks up usecase (low-latency-playback)
I/AudioFlinger( 4234): HAL output buffer size 240 frames, normal sink buffer size 960 frames
E/AudioPolicyManager( 4228): unknown stream type 13
E/AudioPolicyManager( 4228): unknown stream type 13
E/AudioPolicyManager( 4228): unknown stream type 13
I/AudioFlinger( 4234): AudioFlinger's thread 0xb5b11000 ready to run
D/audio_hw_primary( 4234): out_set_parameters: enter: usecase(1: low-latency-playback) kvpairs: routing=2
D/audio_hw_primary( 4234): out_standby: enter: stream (0xb5880c40) usecase(1: low-latency-playback)
W/AudioFlinger( 4234): setStreamVolume() pid 4228 cannot use internal stream type 10
W/AudioFlinger( 4234): setStreamVolume() pid 4228 cannot use internal stream type 11
E/AudioPolicyManager( 4228): unknown stream type 13
W/AudioFlinger( 4234): setStreamVolume() pid 4228 cannot use internal stream type 13
D/audio_hw_primary( 4234): adev_open_input_stream: enter: sample_rate(48000) channel_mask(0xc) devices(0x80000004) stream_handle(0xb4c362a0)
I/AudioFlinger( 4234): AudioFlinger's thread 0xb4c3c000 ready to run
D/audio_hw_primary( 4234): in_standby: enter: stream (0xb4c362a0) usecase(7: audio-record)
D/audio_hw_primary( 4234): in_standby: enter: stream (0xb4c362a0) usecase(7: audio-record)
D/audio_hw_primary( 4234): adev_close_input_stream: enter:stream_handle(0xb4c362a0)
D/audio_hw_primary( 4234): in_standby: enter: stream (0xb4c362a0) usecase(7: audio-record)
W/AudioFlinger( 4234): loadHwModule() module a2dp already loaded
W/AudioFlinger( 4234): loadHwModule() module usb already loaded
W/AudioFlinger( 4234): loadHwModule() module r_submix already loaded
D/r_submix( 4234): adev_open_input_stream(addr=0)
D/r_submix( 4234): submix_audio_device_create_pipe_l(addr=0, idx=9)
D/r_submix( 4234): now using address 0 for route 9
I/AudioFlinger( 4234): AudioFlinger's thread 0xb5b9b000 ready to run
D/r_submix( 4234): adev_close_input_stream()
D/r_submix( 4234): submix_audio_device_release_pipe_l(idx=9) addr=0
D/r_submix( 4234): submix_audio_device_destroy_pipe_l(): pipe destroyed
E/AudioPolicyManager( 4228): Failed to open primary output
E/AudioPolicyManager( 4228): unknown stream type 13
E/ServiceManager( 4226): add_service('media.audio_policy',28) uid=1013 - ALREADY REGISTERED, OVERRIDE
I/ServiceManager( 4226): service 'media.audio_policy' died
D/audio_hw_primary( 4234): out_set_parameters: enter: usecase(0: deep-buffer-playback) kvpairs: exiting=1
D/audio_hw_extn( 4234): audio_extn_set_anc_parameters: anc_enabled:0
D/audio_hw_primary( 4234): adev_close_output_stream: enter:stream_handle(0xb58809c0)
D/audio_hw_primary( 4234): out_standby: enter: stream (0xb58809c0) usecase(0: deep-buffer-playback)
D/audio_hw_primary( 4234): out_set_parameters: enter: usecase(1: low-latency-playback) kvpairs: exiting=1
D/audio_hw_primary( 4234): adev_close_output_stream: enter:stream_handle(0xb5880b00)
D/audio_hw_primary( 4234): out_standby: enter: stream (0xb5880b00) usecase(1: low-latency-playback)
E/NetlinkListener( 4235): recvmsg failed (I/O error)
E/NetlinkListener( 3359): recvmsg failed (I/O error)
E/NetlinkListener( 4235): recvmsg failed (I/O error)
E/NetlinkListener( 3359): recvmsg failed (I/O error)
E/NetlinkListener( 4235): recvmsg failed (I/O error)
E/NetlinkListener( 3359): recvmsg failed (I/O error)
E/NetlinkListener( 3359): recvmsg failed (I/O error)
E/NetlinkListener( 4235): recvmsg failed (I/O error)
I/dex2oat ( 5047): dex2oat took 1.902s (threads: 4) arena alloc=192KB java alloc=3MB native alloc=6MB free=9MB
I/PackageManager( 4402): Running dexopt on: /system/priv-app/TelephonyProvider/TelephonyProvider.apk pkg=com.android.providers.telephony isa=arm vmSafeMode=false
E/NetlinkListener( 3359): recvmsg failed (I/O error)
E/NetlinkListener( 4235): recvmsg failed (I/O error)
I/dex2oat ( 5080): /system/bin/dex2oat --zip-fd=5 --zip-location=/system/priv-app/TelephonyProvider/TelephonyProvider.apk --oat-fd=6 --oat-location=/data/dalvik-cache/arm/system@priv-app@TelephonyProvider@TelephonyProvider.apk@classes.dex --instruction-set=arm --instruction-set-features=div --runtime-arg -Xms64m --runtime-arg -Xmx512m --swap-fd=10
I/dex2oat ( 5080): Decided to run without swap.
E/NetlinkListener( 4235): recvmsg failed (I/O error)
E/NetlinkListener( 3359): recvmsg failed (I/O error)
I/dex2oat ( 5080): dex2oat took 213.999ms (threads: 4) arena alloc=732KB java alloc=114KB native alloc=1541KB free=6MB
I/PackageManager( 4402): Running dexopt on: /system/priv-app/DefaultContainerService/DefaultContainerService.apk pkg=com.android.defcontainer isa=arm vmSafeMode=false
I/dex2oat ( 5091): /system/bin/dex2oat --zip-fd=5 --zip-location=/system/priv-app/DefaultContainerService/DefaultContainerService.apk --oat-fd=6 --oat-location=/data/dalvik-cache/arm/system@priv-app@DefaultContainerService@DefaultContainerService.apk@classes.dex --instruction-set=arm --instruction-set-features=div --runtime-arg -Xms64m --runtime-arg -Xmx512m --swap-fd=10
I/dex2oat ( 5091): Decided to run without swap.
I/dex2oat ( 5091): dex2oat took 46.855ms (threads: 4) arena alloc=87KB java alloc=28KB native alloc=1129KB free=6MB
I/PackageManager( 4402): Running dexopt on: /system/priv-app/ProxyHandler/ProxyHandler.apk pkg=com.android.proxyhandler isa=arm vmSafeMode=false
I/dex2oat ( 5096): /system/bin/dex2oat --zip-fd=5 --zip-location=/system/priv-app/ProxyHandler/ProxyHandler.apk --oat-fd=6 --oat-location=/data/dalvik-cache/arm/system@priv-app@ProxyHandler@ProxyHandler.apk@classes.dex --instruction-set=arm --instruction-set-features=div --runtime-arg -Xms64m --runtime-arg -Xmx512m --swap-fd=10
I/dex2oat ( 5096): Decided to run without swap.
I/dex2oat ( 5096): dex2oat took 42.174ms (threads: 4) arena alloc=300KB java alloc=17KB native alloc=1384KB free=6MB
I/PackageManager( 4402): Running dexopt on: /system/priv-app/Shell/Shell.apk pkg=com.android.shell isa=arm vmSafeMode=false
I/dex2oat ( 5101): /system/bin/dex2oat --zip-fd=5 --zip-location=/system/priv-app/Shell/Shell.apk --oat-fd=6 --oat-location=/data/dalvik-cache/arm/system@priv-app@Shell@Shell.apk@classes.dex --instruction-set=arm --instruction-set-features=div --runtime-arg -Xms64m --runtime-arg -Xmx512m --swap-fd=10
I/dex2oat ( 5101): Decided to run without swap.
E/NetlinkListener( 4235): recvmsg failed (I/O error)
E/NetlinkListener( 3359): recvmsg failed (I/O error)
E/NetlinkListener( 4235): recvmsg failed (I/O error)
E/NetlinkListener( 3359): recvmsg failed (I/O error)
I/dex2oat ( 5101): dex2oat took 299.966ms (threads: 4) arena alloc=242KB java alloc=364KB native alloc=2MB free=5MB
I/PackageManager( 4402): Running dexopt on: /system/priv-app/MmsService/MmsService.apk pkg=com.android.mms.service isa=arm vmSafeMode=false
I/dex2oat ( 5119): /system/bin/dex2oat --zip-fd=5 --zip-location=/system/priv-app/MmsService/MmsService.apk --oat-fd=6 --oat-location=/data/dalvik-cache/arm/system@priv-app@MmsService@MmsService.apk@classes.dex --instruction-set=arm --instruction-set-features=div --runtime-arg -Xms64m --runtime-arg -Xmx512m --swap-fd=10
I/dex2oat ( 5119): Decided to run without swap.
V/WLAN_PSA( 670): NL MSG, len[048], NL type[0x11] WNI type[0x5050] len[028]
V/WLAN_PSA( 670): NL MSG, PID: 670
I/dex2oat ( 5119): dex2oat took 206.886ms (threads: 4) arena alloc=206KB java alloc=122KB native alloc=1760KB free=6MB
I/PackageManager( 4402): Running dexopt on: /system/app/LatinIME/LatinIME.apk pkg=com.android.inputmethod.latin isa=arm vmSafeMode=false
I/dex2oat ( 5124): /system/bin/dex2oat --zip-fd=5 --zip-location=/system/app/LatinIME/LatinIME.apk --oat-fd=6 --oat-location=/data/dalvik-cache/arm/system@app@LatinIME@LatinIME.apk@classes.dex --instruction-set=arm --instruction-set-features=div --runtime-arg -Xms64m --runtime-arg -Xmx512m --swap-fd=10
I/dex2oat ( 5124): Decided to run without swap.
V/WLAN_PSA( 670): NL MSG, len[4039], NL type[0x1C] WNI type[0x5900] len[44815]
V/WLAN_PSA( 670): NL MSG, PID: 670
E/NetlinkListener( 4235): recvmsg failed (I/O error)
E/NetlinkListener( 3359): recvmsg failed (I/O error)
E/NetlinkListener( 4235): recvmsg failed (I/O error)
E/NetlinkListener( 3359): recvmsg failed (I/O error)
E/NetlinkListener( 3359): recvmsg failed (I/O error)
E/NetlinkListener( 4235): recvmsg failed (I/O error)
E/NetlinkListener( 3359): recvmsg failed (I/O error)
E/NetlinkListener( 4235): recvmsg failed (I/O error)
I/dex2oat ( 5124): dex2oat took 1.322s (threads: 4) arena alloc=73KB java alloc=1648KB native alloc=3MB free=4MB
I/PackageManager( 4402): Running dexopt on: /system/priv-app/TeleService/TeleService.apk pkg=com.android.phone isa=arm vmSafeMode=false
I/dex2oat ( 5149): /system/bin/dex2oat --zip-fd=5 --zip-location=/system/priv-app/TeleService/TeleService.apk --oat-fd=6 --oat-location=/data/dalvik-cache/arm/system@priv-app@TeleService@TeleService.apk@classes.dex --instruction-set=arm --instruction-set-features=div --runtime-arg -Xms64m --runtime-arg -Xmx512m --swap-fd=10
I/dex2oat ( 5149): Decided to run without swap.
E/NetlinkListener( 3359): recvmsg failed (I/O error)
E/NetlinkListener( 4235): recvmsg failed (I/O error)
E/NetlinkListener( 3359): recvmsg failed (I/O error)
E/NetlinkListener( 4235): recvmsg failed (I/O error)
E/NetlinkListener( 4235): recvmsg failed (I/O error)
E/NetlinkListener( 3359): recvmsg failed (I/O error)
E/NetlinkListener( 4235): recvmsg failed (I/O error)
E/NetlinkListener( 3359): recvmsg failed (I/O error)
I/dex2oat ( 5149): dex2oat took 1.017s (threads: 4) arena alloc=398KB java alloc=1694KB native alloc=3MB free=4MB
I/PackageManager( 4402): Running dexopt on: /system/priv-app/CalendarProvider/CalendarProvider.apk pkg=com.android.providers.calendar isa=arm vmSafeMode=false
I/dex2oat ( 5172): /system/bin/dex2oat --zip-fd=5 --zip-location=/system/priv-app/CalendarProvider/CalendarProvider.apk --oat-fd=6 --oat-location=/data/dalvik-cache/arm/system@priv-app@CalendarProvider@CalendarProvider.apk@classes.dex --instruction-set=arm --instruction-set-features=div --runtime-arg -Xms64m --runtime-arg -Xmx512m --swap-fd=10
I/dex2oat ( 5172): Decided to run without swap.
E/NetlinkListener( 4235): recvmsg failed (I/O error)
E/NetlinkListener( 3359): recvmsg failed (I/O error)
E/NetlinkListener( 4235): recvmsg failed (I/O error)
E/NetlinkListener( 3359): recvmsg failed (I/O error)
I/dex2oat ( 5172): dex2oat took 558.570ms (threads: 4) arena alloc=337KB java alloc=441KB native alloc=2MB free=5MB
I/PackageManager( 4402): Running dexopt on: /system/priv-app/MediaProvider/MediaProvider.apk pkg=com.android.providers.media isa=arm vmSafeMode=false
I/dex2oat ( 5189): /system/bin/dex2oat --zip-fd=5 --zip-location=/system/priv-app/MediaProvider/MediaProvider.apk --oat-fd=6 --oat-location=/data/dalvik-cache/arm/system@priv-app@MediaProvider@MediaProvider.apk@classes.dex --instruction-set=arm --instruction-set-features=div --runtime-arg -Xms64m --runtime-arg -Xmx512m --swap-fd=10
I/dex2oat ( 5189): Decided to run without swap.
I/dex2oat ( 5189): dex2oat took 303.256ms (threads: 4) arena alloc=945KB java alloc=150KB native alloc=1751KB free=6MB
I/PackageManager( 4402): Running dexopt on: /system/priv-app/ContactsProvider/ContactsProvider.apk pkg=com.android.providers.contacts isa=arm vmSafeMode=false
I/dex2oat ( 5194): /system/bin/dex2oat --zip-fd=5 --zip-location=/system/priv-app/ContactsProvider/ContactsProvider.apk --oat-fd=6 --oat-location=/data/dalvik-cache/arm/system@priv-app@ContactsProvider@ContactsProvider.apk@classes.dex --instruction-set=arm --instruction-set-features=div --runtime-arg -Xms64m --runtime-arg -Xmx512m --swap-fd=10
I/dex2oat ( 5194): Decided to run without swap.
E/NetlinkListener( 3359): recvmsg failed (I/O error)
E/NetlinkListener( 4235): recvmsg failed (I/O error)
E/NetlinkListener( 4235): recvmsg failed (I/O error)
E/NetlinkListener( 3359): recvmsg failed (I/O error)
I/dex2oat ( 5194): dex2oat took 873.240ms (threads: 4) arena alloc=1255KB java alloc=756KB native alloc=4MB free=3MB
V/WLAN_PSA( 670): NL MSG, len[4086], NL type[0x1C] WNI type[0x5900] len[56847]
V/WLAN_PSA( 670): NL MSG, PID: 670
I/PackageManager( 4402): Running dexopt on: /system/priv-app/ManagedProvisioning/ManagedProvisioning.apk pkg=com.android.managedprovisioning isa=arm vmSafeMode=false
I/dex2oat ( 5207): /system/bin/dex2oat --zip-fd=5 --zip-location=/system/priv-app/ManagedProvisioning/ManagedProvisioning.apk --oat-fd=6 --oat-location=/data/dalvik-cache/arm/system@priv-app@ManagedProvisioning@ManagedProvisioning.apk@classes.dex --instruction-set=arm --instruction-set-features=div --runtime-arg -Xms64m --runtime-arg -Xmx512m --swap-fd=10
I/dex2oat ( 5207): Decided to run without swap.
E/NetlinkListener( 4235): recvmsg failed (I/O error)
E/NetlinkListener( 3359): recvmsg failed (I/O error)
V/WLAN_PSA( 670): NL MSG, len[048], NL type[0x11] WNI type[0x5050] len[028]
V/WLAN_PSA( 670): NL MSG, PID: 670
E/NetlinkListener( 4235): recvmsg failed (I/O error)
E/NetlinkListener( 3359): recvmsg failed (I/O error)
I/dex2oat ( 5207): dex2oat took 616.189ms (threads: 4) arena alloc=100KB java alloc=564KB native alloc=2MB free=5MB
I/PackageManager( 4402): Running dexopt on: /system/priv-app/ClockWidget/ClockWidget.apk pkg=com.fairphone.clock isa=arm vmSafeMode=false
I/dex2oat ( 5221): /system/bin/dex2oat --zip-fd=5 --zip-location=/system/priv-app/ClockWidget/ClockWidget.apk --oat-fd=6 --oat-location=/data/dalvik-cache/arm/system@priv-app@ClockWidget@ClockWidget.apk@classes.dex --instruction-set=arm --instruction-set-features=div --runtime-arg -Xms64m --runtime-arg -Xmx512m --swap-fd=10
I/dex2oat ( 5221): Decided to run without swap.
I/dex2oat ( 5221): dex2oat took 304.279ms (threads: 4) arena alloc=186KB java alloc=405KB native alloc=2MB free=5MB
I/PackageManager( 4402): Running dexopt on: /system/app/CaptivePortalLogin/CaptivePortalLogin.apk pkg=com.android.captiveportallogin isa=arm vmSafeMode=false
I/dex2oat ( 5226): /system/bin/dex2oat --zip-fd=5 --zip-location=/system/app/CaptivePortalLogin/CaptivePortalLogin.apk --oat-fd=6 --oat-location=/data/dalvik-cache/arm/system@app@CaptivePortalLogin@CaptivePortalLogin.apk@classes.dex --instruction-set=arm --instruction-set-features=div --runtime-arg -Xms64m --runtime-arg -Xmx512m --swap-fd=10
I/dex2oat ( 5226): Decided to run without swap.
I/dex2oat ( 5226): dex2oat took 87.436ms (threads: 4) arena alloc=61KB java alloc=79KB native alloc=1385KB free=6MB
I/PackageManager( 4402): Running dexopt on: /system/app/LiveWallpapers/LiveWallpapers.apk pkg=com.android.wallpaper isa=arm vmSafeMode=false
I/dex2oat ( 5232): /system/bin/dex2oat --zip-fd=5 --zip-location=/system/app/LiveWallpapers/LiveWallpapers.apk --oat-fd=6 --oat-location=/data/dalvik-cache/arm/system@app@LiveWallpapers@LiveWallpapers.apk@classes.dex --instruction-set=arm --instruction-set-features=div --runtime-arg -Xms64m --runtime-arg -Xmx512m --swap-fd=10
I/dex2oat ( 5232): Decided to run without swap.
E/NetlinkListener( 3359): recvmsg failed (I/O error)
E/NetlinkListener( 4235): recvmsg failed (I/O error)
I/dex2oat ( 5232): dex2oat took 85.128ms (threads: 4) arena alloc=134KB java alloc=73KB native alloc=1405KB free=6MB
I/PackageManager( 4402): Running dexopt on: /system/app/BasicDreams/BasicDreams.apk pkg=com.android.dreams.basic isa=arm vmSafeMode=false
E/NetlinkListener( 3359): recvmsg failed (I/O error)
E/NetlinkListener( 4235): recvmsg failed (I/O error)
I/dex2oat ( 5240): /system/bin/dex2oat --zip-fd=5 --zip-location=/system/app/BasicDreams/BasicDreams.apk --oat-fd=6 --oat-location=/data/dalvik-cache/arm/system@app@BasicDreams@BasicDreams.apk@classes.dex --instruction-set=arm --instruction-set-features=div --runtime-arg -Xms64m --runtime-arg -Xmx512m --swap-fd=10
I/dex2oat ( 5240): Decided to run without swap.
I/dex2oat ( 5240): dex2oat took 62.061ms (threads: 4) arena alloc=98KB java alloc=29KB native alloc=1269KB free=6MB
I/PackageManager( 4402): Running dexopt on: /system/app/FM2/FM2.apk pkg=com.caf.fmradio isa=arm vmSafeMode=false
I/dex2oat ( 5248): /system/bin/dex2oat --zip-fd=5 --zip-location=/system/app/FM2/FM2.apk --oat-fd=6 --oat-location=/data/dalvik-cache/arm/system@app@FM2@FM2.apk@classes.dex --instruction-set=arm --instruction-set-features=div --runtime-arg -Xms64m --runtime-arg -Xmx512m --swap-fd=10
I/dex2oat ( 5248): Decided to run without swap.
E/NetlinkListener( 4235): recvmsg failed (I/O error)
E/NetlinkListener( 3359): recvmsg failed (I/O error)
E/NetlinkListener( 4235): recvmsg failed (I/O error)
E/NetlinkListener( 3359): recvmsg failed (I/O error)
I/dex2oat ( 5248): dex2oat took 415.202ms (threads: 4) arena alloc=878KB java alloc=525KB native alloc=3MB free=4MB
I/PackageManager( 4402): Running dexopt on: /system/app/PicoTts/PicoTts.apk pkg=com.svox.pico isa=arm vmSafeMode=false
I/dex2oat ( 5265): /system/bin/dex2oat --zip-fd=5 --zip-location=/system/app/PicoTts/PicoTts.apk --oat-fd=6 --oat-location=/data/dalvik-cache/arm/system@app@PicoTts@PicoTts.apk@classes.dex --instruction-set=arm --instruction-set-features=div --runtime-arg -Xms64m --runtime-arg -Xmx512m --swap-fd=10
I/dex2oat ( 5265): Decided to run without swap.
I/dex2oat ( 5265): dex2oat took 61.012ms (threads: 4) arena alloc=63KB java alloc=59KB native alloc=1414KB free=6MB
I/PackageManager( 4402): Running dexopt on: /system/priv-app/MyContactsWidget/MyContactsWidget.apk pkg=com.fairphone.mycontacts isa=arm vmSafeMode=false
I/dex2oat ( 5272): /system/bin/dex2oat --zip-fd=5 --zip-location=/system/priv-app/MyContactsWidget/MyContactsWidget.apk --oat-fd=6 --oat-location=/data/dalvik-cache/arm/system@priv-app@MyContactsWidget@MyContactsWidget.apk@classes.dex --instruction-set=arm --instruction-set-features=div --runtime-arg -Xms64m --runtime-arg -Xmx512m --swap-fd=10
E/NetlinkListener( 3359): recvmsg failed (I/O error)
E/NetlinkListener( 4235): recvmsg failed (I/O error)
E/NetlinkListener( 3359): recvmsg failed (I/O error)
E/NetlinkListener( 4235): recvmsg failed (I/O error)
I/dex2oat ( 5272): Decided to run without swap.
W/dex2oat ( 5272): Before Android 4.1, method int android.support.v7.internal.widget.ListViewCompat.lookForSelectablePosition(int, boolean) would have incorrectly overridden the package-private method in android.widget.ListView
E/NetlinkListener( 3359): recvmsg failed (I/O error)
E/NetlinkListener( 4235): recvmsg failed (I/O error)
E/NetlinkListener( 3359): recvmsg failed (I/O error)
E/NetlinkListener( 4235): recvmsg failed (I/O error)
I/dex2oat ( 5272): dex2oat took 1.008s (threads: 4) arena alloc=64KB java alloc=1453KB native alloc=3MB free=4MB
I/PackageManager( 4402): Running dexopt on: /system/app/shutdownlistener/shutdownlistener.apk pkg=com.qualcomm.shutdownlistner isa=arm vmSafeMode=false
I/dex2oat ( 5296): /system/bin/dex2oat --zip-fd=5 --zip-location=/system/app/shutdownlistener/shutdownlistener.apk --oat-fd=6 --oat-location=/data/dalvik-cache/arm/system@app@shutdownlistener@shutdownlistener.apk@classes.dex --instruction-set=arm --instruction-set-features=div --runtime-arg -Xms64m --runtime-arg -Xmx512m --swap-fd=10
I/dex2oat ( 5296): Decided to run without swap.
I/dex2oat ( 5296): dex2oat took 51.273ms (threads: 4) arena alloc=67KB java alloc=11KB native alloc=853KB free=7MB
I/PackageManager( 4402): Running dexopt on: /system/priv-app/MusicFX/MusicFX.apk pkg=com.android.musicfx isa=arm vmSafeMode=false
E/NetlinkListener( 3359): recvmsg failed (I/O error)
E/NetlinkListener( 4235): recvmsg failed (I/O error)
I/dex2oat ( 5301): /system/bin/dex2oat --zip-fd=5 --zip-location=/system/priv-app/MusicFX/MusicFX.apk --oat-fd=6 --oat-location=/data/dalvik-cache/arm/system@priv-app@MusicFX@MusicFX.apk@classes.dex --instruction-set=arm --instruction-set-features=div --runtime-arg -Xms64m --runtime-arg -Xmx512m --swap-fd=10
I/dex2oat ( 5301): Decided to run without swap.
E/NetlinkListener( 3359): recvmsg failed (I/O error)
E/NetlinkListener( 4235): recvmsg failed (I/O error)
I/dex2oat ( 5301): dex2oat took 168.753ms (threads: 4) arena alloc=1113KB java alloc=104KB native alloc=1639KB free=6MB
I/PackageManager( 4402): Running dexopt on: /system/app/VisualizationWallpapers/VisualizationWallpapers.apk pkg=com.android.musicvis isa=arm vmSafeMode=false
I/dex2oat ( 5312): /system/bin/dex2oat --zip-fd=5 --zip-location=/system/app/VisualizationWallpapers/VisualizationWallpapers.apk --oat-fd=6 --oat-location=/data/dalvik-cache/arm/system@app@VisualizationWallpapers@VisualizationWallpapers.apk@classes.dex --instruction-set=arm --instruction-set-features=div --runtime-arg -Xms64m --runtime-arg -Xmx512m --swap-fd=10
I/dex2oat ( 5312): Decided to run without swap.
I/dex2oat ( 5312): dex2oat took 83.762ms (threads: 4) arena alloc=135KB java alloc=137KB native alloc=1438KB free=6MB
I/PackageManager( 4402): Running dexopt on: /system/app/OpenWnn/OpenWnn.apk pkg=jp.co.omronsoft.openwnn isa=arm vmSafeMode=false
I/dex2oat ( 5317): /system/bin/dex2oat --zip-fd=5 --zip-location=/system/app/OpenWnn/OpenWnn.apk --oat-fd=6 --oat-location=/data/dalvik-cache/arm/system@app@OpenWnn@OpenWnn.apk@classes.dex --instruction-set=arm --instruction-set-features=div --runtime-arg -Xms64m --runtime-arg -Xmx512m --swap-fd=10
I/dex2oat ( 5317): Decided to run without swap.
E/NetlinkListener( 3359): recvmsg failed (I/O error)
E/NetlinkListener( 4235): recvmsg failed (I/O error)
E/NetlinkListener( 3359): recvmsg failed (I/O error)
E/NetlinkListener( 4235): recvmsg failed (I/O error)
I/dex2oat ( 5317): dex2oat took 340.381ms (threads: 4) arena alloc=491KB java alloc=355KB native alloc=2MB free=5MB
I/PackageManager( 4402): Running dexopt on: /system/priv-app/Contacts/Contacts.apk pkg=com.android.contacts isa=arm vmSafeMode=false
I/dex2oat ( 5335): /system/bin/dex2oat --zip-fd=5 --zip-location=/system/priv-app/Contacts/Contacts.apk --oat-fd=6 --oat-location=/data/dalvik-cache/arm/system@priv-app@Contacts@Contacts.apk@classes.dex --instruction-set=arm --instruction-set-features=div --runtime-arg -Xms64m --runtime-arg -Xmx512m --swap-fd=10
I/dex2oat ( 5335): Decided to run without swap.
E/NetlinkListener( 4235): recvmsg failed (I/O error)
E/NetlinkListener( 3359): recvmsg failed (I/O error)
E/NetlinkListener( 3359): recvmsg failed (I/O error)
E/NetlinkListener( 4235): recvmsg failed (I/O error)
I/dex2oat ( 5335): dex2oat took 1.746s (threads: 4) arena alloc=319KB java alloc=2MB native alloc=5MB free=6MB
E/NetlinkListener( 3359): recvmsg failed (I/O error)
E/NetlinkListener( 4235): recvmsg failed (I/O error)
V/WLAN_PSA( 670): NL MSG, len[048], NL type[0x11] WNI type[0x5050] len[028]
V/WLAN_PSA( 670): NL MSG, PID: 670
I/PackageManager( 4402): Running dexopt on: /system/app/PackageInstaller/PackageInstaller.apk pkg=com.android.packageinstaller isa=arm vmSafeMode=false
I/dex2oat ( 5354): /system/bin/dex2oat --zip-fd=5 --zip-location=/system/app/PackageInstaller/PackageInstaller.apk --oat-fd=6 --oat-location=/data/dalvik-cache/arm/system@app@PackageInstaller@PackageInstaller.apk@classes.dex --instruction-set=arm --instruction-set-features=div --runtime-arg -Xms64m --runtime-arg -Xmx512m --swap-fd=10
I/dex2oat ( 5354): Decided to run without swap.
V/WLAN_PSA( 670): NL MSG, len[4085], NL type[0x1C] WNI type[0x5900] len[56591]
V/WLAN_PSA( 670): NL MSG, PID: 670
E/NetlinkListener( 3359): recvmsg failed (I/O error)
E/NetlinkListener( 4235): recvmsg failed (I/O error)
I/dex2oat ( 5354): dex2oat took 565.051ms (threads: 4) arena alloc=61KB java alloc=542KB native alloc=2MB free=5MB
I/PackageManager( 4402): Running dexopt on: /system/priv-app/FairphoneUpdater/FairphoneUpdater.apk pkg=com.fairphone.updater isa=arm vmSafeMode=false
I/dex2oat ( 5364): /system/bin/dex2oat --zip-fd=5 --zip-location=/system/priv-app/FairphoneUpdater/FairphoneUpdater.apk --oat-fd=6 --oat-location=/data/dalvik-cache/arm/system@priv-app@FairphoneUpdater@FairphoneUpdater.apk@classes.dex --instruction-set=arm --instruction-set-features=div --runtime-arg -Xms64m --runtime-arg -Xmx512m --swap-fd=10
I/dex2oat ( 5364): Decided to run without swap.
E/NetlinkListener( 4235): recvmsg failed (I/O error)
E/NetlinkListener( 3359): recvmsg failed (I/O error)
E/NetlinkListener( 4235): recvmsg failed (I/O error)
E/NetlinkListener( 3359): recvmsg failed (I/O error)
E/NetlinkListener( 4235): recvmsg failed (I/O error)
E/NetlinkListener( 3359): recvmsg failed (I/O error)
E/NetlinkListener( 4235): recvmsg failed (I/O error)
E/NetlinkListener( 3359): recvmsg failed (I/O error)
I/dex2oat ( 5364): dex2oat took 886.445ms (threads: 4) arena alloc=296KB java alloc=857KB native alloc=2MB free=5MB
I/PackageManager( 4402): Running dexopt on: /system/app/DeskClock/DeskClock.apk pkg=com.android.deskclock isa=arm vmSafeMode=false
I/dex2oat ( 5389): /system/bin/dex2oat --zip-fd=5 --zip-location=/system/app/DeskClock/DeskClock.apk --oat-fd=6 --oat-location=/data/dalvik-cache/arm/system@app@DeskClock@DeskClock.apk@classes.dex --instruction-set=arm --instruction-set-features=div --runtime-arg -Xms64m --runtime-arg -Xmx512m --swap-fd=10
I/dex2oat ( 5389): Decided to run without swap.
E/NetlinkListener( 4235): recvmsg failed (I/O error)
E/NetlinkListener( 3359): recvmsg failed (I/O error)
E/NetlinkListener( 3359): recvmsg failed (I/O error)
E/NetlinkListener( 4235): recvmsg failed (I/O error)
E/NetlinkListener( 4235): recvmsg failed (I/O error)
E/NetlinkListener( 3359): recvmsg failed (I/O error)
E/NetlinkListener( 4235): recvmsg failed (I/O error)
E/NetlinkListener( 3359): recvmsg failed (I/O error)
I/dex2oat ( 5389): dex2oat took 1.038s (threads: 4) arena alloc=88KB java alloc=1122KB native alloc=3MB free=4MB
I/PackageManager( 4402): Running dexopt on: /system/app/Galaxy4/Galaxy4.apk pkg=com.android.galaxy4 isa=arm vmSafeMode=false
I/dex2oat ( 5412): /system/bin/dex2oat --zip-fd=5 --zip-location=/system/app/Galaxy4/Galaxy4.apk --oat-fd=6 --oat-location=/data/dalvik-cache/arm/system@app@Galaxy4@Galaxy4.apk@classes.dex --instruction-set=arm --instruction-set-features=div --runtime-arg -Xms64m --runtime-arg -Xmx512m --swap-fd=10
I/dex2oat ( 5412): Decided to run without swap.
E/NetlinkListener( 4235): recvmsg failed (I/O error)
E/NetlinkListener( 3359): recvmsg failed (I/O error)
I/dex2oat ( 5412): dex2oat took 84.670ms (threads: 4) arena alloc=87KB java alloc=131KB native alloc=1394KB free=6MB
I/PackageManager( 4402): Running dexopt on: /system/app/Calendar/Calendar.apk pkg=com.android.calendar isa=arm vmSafeMode=false
E/NetlinkListener( 3359): recvmsg failed (I/O error)
E/NetlinkListener( 4235): recvmsg failed (I/O error)
I/dex2oat ( 5421): /system/bin/dex2oat --zip-fd=5 --zip-location=/system/app/Calendar/Calendar.apk --oat-fd=6 --oat-location=/data/dalvik-cache/arm/system@app@Calendar@Calendar.apk@classes.dex --instruction-set=arm --instruction-set-features=div --runtime-arg -Xms64m --runtime-arg -Xmx512m --swap-fd=10
I/dex2oat ( 5421): Decided to run without swap.
E/NetlinkListener( 3359): recvmsg failed (I/O error)
E/NetlinkListener( 4235): recvmsg failed (I/O error)
E/NetlinkListener( 3359): recvmsg failed (I/O error)
E/NetlinkListener( 4235): recvmsg failed (I/O error)
E/NetlinkListener( 4235): recvmsg failed (I/O error)
E/NetlinkListener( 3359): recvmsg failed (I/O error)
E/NetlinkListener( 4235): recvmsg failed (I/O error)
E/NetlinkListener( 3359): recvmsg failed (I/O error)
I/dex2oat ( 5421): dex2oat took 1.629s (threads: 4) arena alloc=85KB java alloc=1978KB native alloc=4MB free=3MB
I/PackageManager( 4402): Running dexopt on: /system/priv-app/Checkup/Checkup.apk pkg=com.fairphone.checkup isa=arm vmSafeMode=false
I/dex2oat ( 5450): /system/bin/dex2oat --zip-fd=5 --zip-location=/system/priv-app/Checkup/Checkup.apk --oat-fd=6 --oat-location=/data/dalvik-cache/arm/system@priv-app@Checkup@Checkup.apk@classes.dex --instruction-set=arm --instruction-set-features=div --runtime-arg -Xms64m --runtime-arg -Xmx512m --swap-fd=10
E/NetlinkListener( 4235): recvmsg failed (I/O error)
E/NetlinkListener( 3359): recvmsg failed (I/O error)
E/NetlinkListener( 4235): recvmsg failed (I/O error)
E/NetlinkListener( 3359): recvmsg failed (I/O error)
I/dex2oat ( 5450): Decided to run without swap.
E/NetlinkListener( 4235): recvmsg failed (I/O error)
E/NetlinkListener( 3359): recvmsg failed (I/O error)
E/NetlinkListener( 4235): recvmsg failed (I/O error)
E/NetlinkListener( 3359): recvmsg failed (I/O error)
V/WLAN_PSA( 670): NL MSG, len[048], NL type[0x11] WNI type[0x5050] len[028]
V/WLAN_PSA( 670): NL MSG, PID: 670
I/dex2oat ( 5450): dex2oat took 681.731ms (threads: 4) arena alloc=312KB java alloc=884KB native alloc=2MB free=5MB
I/PackageManager( 4402): Running dexopt on: /system/priv-app/VpnDialogs/VpnDialogs.apk pkg=com.android.vpndialogs isa=arm vmSafeMode=false
I/dex2oat ( 5475): /system/bin/dex2oat --zip-fd=5 --zip-location=/system/priv-app/VpnDialogs/VpnDialogs.apk --oat-fd=6 --oat-location=/data/dalvik-cache/arm/system@priv-app@VpnDialogs@VpnDialogs.apk@classes.dex --instruction-set=arm --instruction-set-features=div --runtime-arg -Xms64m --runtime-arg -Xmx512m --swap-fd=10
I/dex2oat ( 5475): Decided to run without swap.
I/dex2oat ( 5475): dex2oat took 50.033ms (threads: 4) arena alloc=222KB java alloc=32KB native alloc=914KB free=7MB
I/PackageManager( 4402): Running dexopt on: /system/app/Protips/Protips.apk pkg=com.android.protips isa=arm vmSafeMode=false
I/dex2oat ( 5480): /system/bin/dex2oat --zip-fd=5 --zip-location=/system/app/Protips/Protips.apk --oat-fd=6 --oat-location=/data/dalvik-cache/arm/system@app@Protips@Protips.apk@classes.dex --instruction-set=arm --instruction-set-features=div --runtime-arg -Xms64m --runtime-arg -Xmx512m --swap-fd=10
I/dex2oat ( 5480): Decided to run without swap.
I/dex2oat ( 5480): dex2oat took 55.050ms (threads: 4) arena alloc=112KB java alloc=5KB native alloc=873KB free=7MB
I/PackageManager( 4402): Running dexopt on: /system/priv-app/VoiceDialer/VoiceDialer.apk pkg=com.android.voicedialer isa=arm vmSafeMode=false
E/NetlinkListener( 3359): recvmsg failed (I/O error)
E/NetlinkListener( 4235): recvmsg failed (I/O error)
I/dex2oat ( 5489): /system/bin/dex2oat --zip-fd=5 --zip-location=/system/priv-app/VoiceDialer/VoiceDialer.apk --oat-fd=6 --oat-location=/data/dalvik-cache/arm/system@priv-app@VoiceDialer@VoiceDialer.apk@classes.dex --instruction-set=arm --instruction-set-features=div --runtime-arg -Xms64m --runtime-arg -Xmx512m --swap-fd=10
I/dex2oat ( 5489): Decided to run without swap.
V/WLAN_PSA( 670): NL MSG, len[4031], NL type[0x1C] WNI type[0x5900] len[42767]
V/WLAN_PSA( 670): NL MSG, PID: 670
I/dex2oat ( 5489): dex2oat took 199.749ms (threads: 4) arena alloc=399KB java alloc=90KB native alloc=1756KB free=6MB
I/PackageManager( 4402): Running dexopt on: /system/app/HTMLViewer/HTMLViewer.apk pkg=com.android.htmlviewer isa=arm vmSafeMode=false
I/dex2oat ( 5494): /system/bin/dex2oat --zip-fd=5 --zip-location=/system/app/HTMLViewer/HTMLViewer.apk --oat-fd=6 --oat-location=/data/dalvik-cache/arm/system@app@HTMLViewer@HTMLViewer.apk@classes.dex --instruction-set=arm --instruction-set-features=div --runtime-arg -Xms64m --runtime-arg -Xmx512m --swap-fd=10
I/dex2oat ( 5494): Decided to run without swap.
I/dex2oat ( 5494): dex2oat took 94.250ms (threads: 4) arena alloc=96KB java alloc=63KB native alloc=982KB free=7MB
I/PackageManager( 4402): Running dexopt on: /system/app/Browser/Browser.apk pkg=com.android.browser isa=arm vmSafeMode=false
I/dex2oat ( 5499): /system/bin/dex2oat --zip-fd=5 --zip-location=/system/app/Browser/Browser.apk --oat-fd=6 --oat-location=/data/dalvik-cache/arm/system@app@Browser@Browser.apk@classes.dex --instruction-set=arm --instruction-set-features=div --runtime-arg -Xms64m --runtime-arg -Xmx512m --swap-fd=10
I/dex2oat ( 5499): Decided to run without swap.
E/NetlinkListener( 4235): recvmsg failed (I/O error)
E/NetlinkListener( 3359): recvmsg failed (I/O error)
E/NetlinkListener( 3359): recvmsg failed (I/O error)
E/NetlinkListener( 4235): recvmsg failed (I/O error)
D/audio_hw_primary( 4234): out_set_parameters: enter: usecase(1: low-latency-playback) kvpairs: exiting=1
D/audio_hw_primary( 4234): adev_close_output_stream: enter:stream_handle(0xb5880c40)
D/audio_hw_primary( 4234): out_standby: enter: stream (0xb5880c40) usecase(1: low-latency-playback)
E/FastThread( 4234): did not receive expected priority boost
I/Netd ( 5523): Netd 1.0 starting
E/NetlinkListener( 3359): recvmsg failed (I/O error)
D/MDnsDS ( 5523): MDnsSdListener::Hander starting up
E/NetlinkListener( 5523): recvmsg failed (I/O error)
D/MDnsDS ( 5523): MDnsSdListener starting to monitor
D/MDnsDS ( 5523): Going to poll with pollCount 1
I/SurfaceFlinger( 5519): SurfaceFlinger is starting
I/SurfaceFlinger( 5519): SurfaceFlinger's main thread ready to run. Initializing graphics H/W...
D/libEGL ( 5519): loaded /vendor/lib/egl/libEGL_adreno.so
D/libEGL ( 5519): loaded /vendor/lib/egl/libGLESv1_CM_adreno.so
D/libEGL ( 5519): loaded /vendor/lib/egl/libGLESv2_adreno.so
I/Adreno-EGL( 5519): : EGL 1.4 QUALCOMM build: ()
I/Adreno-EGL( 5519): OpenGL ES Shader Compiler Version: E031.25.03.06
I/Adreno-EGL( 5519): Build Date: 01/14/16 Thu I/Adreno-EGL( 5519): Local Branch:
I/Adreno-EGL( 5519): Remote Branch:
I/Adreno-EGL( 5519): Local Patches:
I/Adreno-EGL( 5519): Reconstruct Branch:
I/sharebuffer( 5519): using (fd=11)
I/sharebuffer( 5519): id = mdssfb_90000
I/sharebuffer( 5519): xres = 1080 px
I/sharebuffer( 5519): yres = 1920 px
I/sharebuffer( 5519): xres_virtual = 1080 px
I/sharebuffer( 5519): yres_virtual = 3840 px
I/sharebuffer( 5519): bpp = 32
I/sharebuffer( 5519): r = 24:8
I/sharebuffer( 5519): g = 16:8
I/sharebuffer( 5519): b = 8:8
I/sharebuffer( 5519): width = 171 mm (160.421051 dpi)
I/sharebuffer( 5519): height = 305 mm (159.895081 dpi)
I/sharebuffer( 5519): refresh rate = 0.47 Hz
I/SurfaceFlinger( 5519): EGL information:
I/SurfaceFlinger( 5519): vendor : Android
I/SurfaceFlinger( 5519): version : 1.4 Android META-EGL
I/SurfaceFlinger( 5519): extensions: EGL_KHR_get_all_proc_addresses EGL_ANDROID_presentation_time EGL_KHR_image EGL_KHR_image_base EGL_KHR_lock_surface EGL_KHR_gl_texture_2D_image EGL_KHR_gl_texture_cubemap_image EGL_KHR_gl_renderbuffer_image EGL_KHR_fence_sync EGL_KHR_create_context EGL_EXT_create_context_robustness EGL_ANDROID_image_native_buffer EGL_KHR_wait_sync EGL_ANDROID_recordable
I/SurfaceFlinger( 5519): Client API: OpenGL_ES
I/SurfaceFlinger( 5519): EGLSurface: 8-8-8-8, config=0x5
I/SurfaceFlinger( 5519): OpenGL ES informations:
I/SurfaceFlinger( 5519): vendor : Qualcomm
I/SurfaceFlinger( 5519): renderer : Adreno (TM) 330
I/SurfaceFlinger( 5519): version : OpenGL ES 3.0 V@95.0 AU@ (CL@)
