E/mm-camera-intf( 6350): entity name v4l-subdev0 type 131072 group id 0
E/mm-camera-intf( 6350): entity id 4
E/mm-camera-intf( 6350): entity name v4l-subdev1 type 131072 group id 0
E/mm-camera-intf( 6350): entity id 5
E/mm-camera-intf( 6350): entity name v4l-subdev2 type 131072 group id 0
E/mm-camera-intf( 6350): entity id 6
E/mm-camera-intf( 6350): entity name v4l-subdev3 type 131072 group id 1
E/mm-camera-intf( 6350): entity id 7
E/mm-camera-intf( 6350): entity name v4l-subdev4 type 131072 group id 1
E/mm-camera-intf( 6350): entity id 8
E/mm-camera-intf( 6350): entity name v4l-subdev5 type 131072 group id 1
E/mm-camera-intf( 6350): entity id 9
E/mm-camera-intf( 6350): entity name v4l-subdev6 type 131072 group id 1
E/mm-camera-intf( 6350): entity id 10
E/mm-camera-intf( 6350): entity name v4l-subdev7 type 131072 group id 7
E/mm-camera-intf( 6350): entity id 11
E/mm-camera-intf( 6350): entity name v4l-subdev8 type 131072 group id 7
E/mm-camera-intf( 6350): entity id 12
E/mm-camera-intf( 6350): entity name v4l-subdev9 type 131072 group id 11
E/mm-camera-intf( 6350): entity id 13
E/mm-camera-intf( 6350): entity name v4l-subdev10 type 131072 group id 8
E/mm-camera-intf( 6350): entity id 14
E/mm-camera-intf( 6350): entity name v4l-subdev11 type 131072 group id 14
E/mm-camera-intf( 6350): entity id 1
E/mm-camera-intf( 6350): entity name video1 type 65537 group id 2
E/mm-camera-intf( 6350): entity id 2
E/mm-camera-intf( 6350): Done enumerating media entities
E/mm-camera-intf( 6350): entity id 1
E/mm-camera-intf( 6350): entity name video2 type 65537 group id 2
E/mm-camera-intf( 6350): entity id 2
E/mm-camera-intf( 6350): Done enumerating media entities
D/mm-camera-intf( 6350): index = 0 flag = 1 mount_angle = 90 facing = 0
D/mm-camera-intf( 6350): index = 1 flag = 103 mount_angle = 270 facing = 1
I/CameraService( 6350): Loaded "QCamera Module" camera module
I/AudioPolicyService( 6350): AudioPolicyService CSTOR in new mode
I/AudioPolicyManager( 6350): loadAudioPolicyConfig() loaded /system/etc/audio_policy.conf
W/AudioFlinger( 5524): loadHwModule() module primary already loaded
D/audio_hw_primary( 5524): adev_open_output_stream: enter: sample_rate(48000) channel_mask(0x3) devices(0x2) flags(0x2) stream_handle(0xb5880100)
E/audio_hw_primary( 5524): adev_open_output_stream: Primary output is already opened
D/audio_hw_primary( 5524): adev_open_output_stream: exit: ret -17
W/AudioPolicyManager( 6350): Cannot open output stream for device 00000002 on hw module primary
D/audio_hw_primary( 5524): adev_open_output_stream: enter: sample_rate(48000) channel_mask(0x3) devices(0x2) flags(0x4) stream_handle(0xb5880380)
D/audio_hw_primary( 5524): adev_open_output_stream: Stream (0xb5880380) picks up usecase (low-latency-playback)
I/AudioFlinger( 5524): HAL output buffer size 240 frames, normal sink buffer size 960 frames
I/AudioFlinger( 5524): AudioFlinger's thread 0xb4cdd000 ready to run
E/AudioPolicyManager( 6350): unknown stream type 13
E/AudioPolicyManager( 6350): unknown stream type 13
E/AudioPolicyManager( 6350): unknown stream type 13
D/audio_hw_primary( 5524): out_standby: enter: stream (0xb5880380) usecase(1: low-latency-playback)
D/audio_hw_primary( 5524): out_set_parameters: enter: usecase(1: low-latency-playback) kvpairs: routing=2
W/AudioFlinger( 5524): setStreamVolume() pid 6350 cannot use internal stream type 10
W/AudioFlinger( 5524): setStreamVolume() pid 6350 cannot use internal stream type 11
E/AudioPolicyManager( 6350): unknown stream type 13
W/AudioFlinger( 5524): setStreamVolume() pid 6350 cannot use internal stream type 13
D/audio_hw_primary( 5524): adev_open_input_stream: enter: sample_rate(48000) channel_mask(0xc) devices(0x80000004) stream_handle(0xb4d5f2a0)
I/AudioFlinger( 5524): AudioFlinger's thread 0xb4d63000 ready to run
D/audio_hw_primary( 5524): in_standby: enter: stream (0xb4d5f2a0) usecase(7: audio-record)
D/audio_hw_primary( 5524): in_standby: enter: stream (0xb4d5f2a0) usecase(7: audio-record)
D/audio_hw_primary( 5524): adev_close_input_stream: enter:stream_handle(0xb4d5f2a0)
D/audio_hw_primary( 5524): in_standby: enter: stream (0xb4d5f2a0) usecase(7: audio-record)
W/AudioFlinger( 5524): loadHwModule() module a2dp already loaded
W/AudioFlinger( 5524): loadHwModule() module usb already loaded
W/AudioFlinger( 5524): loadHwModule() module r_submix already loaded
D/r_submix( 5524): adev_open_input_stream(addr=0)
D/r_submix( 5524): submix_audio_device_create_pipe_l(addr=0, idx=9)
D/r_submix( 5524): now using address 0 for route 9
I/AudioFlinger( 5524): AudioFlinger's thread 0xb4dad000 ready to run
D/r_submix( 5524): adev_close_input_stream()
D/r_submix( 5524): submix_audio_device_release_pipe_l(idx=9) addr=0
D/r_submix( 5524): submix_audio_device_destroy_pipe_l(): pipe destroyed
E/AudioPolicyManager( 6350): Failed to open primary output
E/AudioPolicyManager( 6350): unknown stream type 13
E/AudioPolicyManager( 6350): unknown stream type 13
E/AudioPolicyManager( 6350): unknown stream type 13
E/AudioPolicyManager( 6350): unknown stream type 13
E/AudioPolicyManager( 6350): unknown stream type 13
E/AudioPolicyManager( 6350): unknown stream type 13
E/AudioPolicyManager( 6350): unknown stream type 13
F/libc ( 6350): Fatal signal 11 (SIGSEGV), code 1, fault addr 0xc4 in tid 6350 (minimediaservic)
I/DEBUG ( 663): *** *** *** *** *** *** *** *** *** *** *** *** *** *** *** ***
I/DEBUG ( 663): Build fingerprint: 'Fairphone/FP2/FP2:5.1/FP2/fp2-sibon-16.11.0:userdebug/release-keys'
I/DEBUG ( 663): Revision: '0'
I/DEBUG ( 663): ABI: 'arm'
I/DEBUG ( 663): pid: 6350, tid: 6350, name: minimediaservic >>> /usr/libexec/droid-hybris/system/bin/minimediaservice <<<
I/DEBUG ( 663): signal 11 (SIGSEGV), code 1 (SEGV_MAPERR), fault addr 0xc4
I/DEBUG ( 663): r0 00000000 r1 00000002 r2 00000000 r3 00000008
I/DEBUG ( 663): r4 00000000 r5 00000000 r6 00000002 r7 00000000
I/DEBUG ( 663): r8 00000000 r9 00000000 sl 00000001 fp 000018ce
I/DEBUG ( 663): ip bea7d2c0 sp bea7d770 lr b68178eb pc b681784e cpsr 600f0030
I/DEBUG ( 663):
I/DEBUG ( 663): backtrace:
I/DEBUG ( 663): #00 pc 0000f84e /system/lib/libaudiopolicymanagerdefault.so (_ZNK7android18AudioPolicyManager21AudioOutputDescriptor14isStreamActiveE19audio_stream_type_tjx+9)
I/DEBUG ( 663): #01 pc 0000f8e7 /system/lib/libaudiopolicymanagerdefault.so (_ZNK7android18AudioPolicyManager21AudioOutputDescriptor16isStrategyActiveENS0_16routing_strategyEjx+62)
I/DEBUG ( 663): #02 pc 000139f1 /system/lib/libaudiopolicymanagerdefault.so (_ZN7android18AudioPolicyManager18getNewOutputDeviceEib+260)
I/DEBUG ( 663): #03 pc 00017651 /system/lib/libaudiopolicymanagerdefault.so (_ZN7android18AudioPolicyManager11setForceUseE24audio_policy_force_use_t25audio_policy_forced_cfg_t+296)
I/DEBUG ( 663): #04 pc 00008e49 /system/lib/libaudiopolicyservice.so
I/DEBUG ( 663): #05 pc 0006667d /system/lib/libmedia.so (_ZN7android20BnAudioPolicyService10onTransactEjRKNS_6ParcelEPS1_j+1464)
I/DEBUG ( 663): #06 pc 00017fad /system/lib/libbinder.so (_ZN7android7BBinder8transactEjRKNS_6ParcelEPS1_j+60)
I/DEBUG ( 663): #07 pc 0001cf89 /system/lib/libbinder.so (_ZN7android14IPCThreadState14executeCommandEi+564)
I/DEBUG ( 663): #08 pc 0001d0bb /system/lib/libbinder.so (_ZN7android14IPCThreadState20getAndExecuteCommandEv+38)
I/DEBUG ( 663): #09 pc 0001d0fd /system/lib/libbinder.so (_ZN7android14IPCThreadState14joinThreadPoolEb+48)
I/DEBUG ( 663): #10 pc 000008b9 /usr/libexec/droid-hybris/system/bin/minimediaservice
I/DEBUG ( 663): #11 pc 0000fec9 /system/lib/libc.so (__libc_init+44)
I/DEBUG ( 663): #12 pc 00000930 /usr/libexec/droid-hybris/system/bin/minimediaservice
I/DEBUG ( 663):
I/DEBUG ( 663): Tombstone written to: /data/tombstones/tombstone_07
I/ServiceManager( 5516): service 'media.player' died
I/ServiceManager( 5516): service 'media.audio_policy' died
I/ServiceManager( 5516): service 'media.camera' died
W/AudioSystem( 5616): AudioPolicyService server died!
I/ServiceManager( 5616): Waiting for service media.audio_policy...
V/WLAN_PSA( 670): NL MSG, len[048], NL type[0x11] WNI type[0x5050] len[028]
V/WLAN_PSA( 670): NL MSG, PID: 670
I/ServiceManager( 5616): Waiting for service media.audio_policy...
I/ServiceManager( 5616): Waiting for service media.audio_policy...
I/ServiceManager( 5616): Waiting for service media.audio_policy...
V/WLAN_PSA( 670): NL MSG, len[4091], NL type[0x1C] WNI type[0x5900] len[58127]
V/WLAN_PSA( 670): NL MSG, PID: 670
I/ServiceManager( 5616): Waiting for service media.audio_policy...
E/MediaPlayerFactory( 6365): calling dlopen on FACTORY_LIB
E/MediaPlayerFactory( 6365): calling dlsym on pFactoryLib for FACTORY_CREATE_FN
E/MediaPlayerFactory( 6365): registering DASH Player factory...
I/CameraService( 6365): CameraService started (pid=6365)
D/mm-camera-intf( 6365): get_num_of_cameras gMmCameraIntfLogLevel=1
E/mm-camera-intf( 6365): entity id 1
E/mm-camera-intf( 6365): entity name video0 type 65537 group id 2
E/mm-camera-intf( 6365): entity id 2
E/mm-camera-intf( 6365): entity name msm_cci type 131072 group id 0
E/mm-camera-intf( 6365): entity id 3
E/mm-camera-intf( 6365): entity name v4l-subdev0 type 131072 group id 0
E/mm-camera-intf( 6365): entity id 4
E/mm-camera-intf( 6365): entity name v4l-subdev1 type 131072 group id 0
E/mm-camera-intf( 6365): entity id 5
E/mm-camera-intf( 6365): entity name v4l-subdev2 type 131072 group id 0
E/mm-camera-intf( 6365): entity id 6
E/mm-camera-intf( 6365): entity name v4l-subdev3 type 131072 group id 1
E/mm-camera-intf( 6365): entity id 7
E/mm-camera-intf( 6365): entity name v4l-subdev4 type 131072 group id 1
E/mm-camera-intf( 6365): entity id 8
E/mm-camera-intf( 6365): entity name v4l-subdev5 type 131072 group id 1
E/mm-camera-intf( 6365): entity id 9
E/mm-camera-intf( 6365): entity name v4l-subdev6 type 131072 group id 1
E/mm-camera-intf( 6365): entity id 10
E/mm-camera-intf( 6365): entity name v4l-subdev7 type 131072 group id 7
E/mm-camera-intf( 6365): entity id 11
E/mm-camera-intf( 6365): entity name v4l-subdev8 type 131072 group id 7
E/mm-camera-intf( 6365): entity id 12
E/mm-camera-intf( 6365): entity name v4l-subdev9 type 131072 group id 11
E/mm-camera-intf( 6365): entity id 13
E/mm-camera-intf( 6365): entity name v4l-subdev10 type 131072 group id 8
E/mm-camera-intf( 6365): entity id 14
E/mm-camera-intf( 6365): entity name v4l-subdev11 type 131072 group id 14
E/mm-camera-intf( 6365): entity id 1
E/mm-camera-intf( 6365): entity name video1 type 65537 group id 2
E/mm-camera-intf( 6365): entity id 2
E/mm-camera-intf( 6365): Done enumerating media entities
E/mm-camera-intf( 6365): entity id 1
E/mm-camera-intf( 6365): entity name video2 type 65537 group id 2
E/mm-camera-intf( 6365): entity id 2
E/mm-camera-intf( 6365): Done enumerating media entities
D/mm-camera-intf( 6365): index = 0 flag = 1 mount_angle = 90 facing = 0
D/mm-camera-intf( 6365): index = 1 flag = 103 mount_angle = 270 facing = 1
I/CameraService( 6365): Loaded "QCamera Module" camera module
I/AudioPolicyService( 6365): AudioPolicyService CSTOR in new mode
I/AudioPolicyManager( 6365): loadAudioPolicyConfig() loaded /system/etc/audio_policy.conf
W/AudioFlinger( 5524): loadHwModule() module primary already loaded
D/audio_hw_primary( 5524): adev_open_output_stream: enter: sample_rate(48000) channel_mask(0x3) devices(0x2) flags(0x2) stream_handle(0xb5880c40)
E/audio_hw_primary( 5524): adev_open_output_stream: Primary output is already opened
D/audio_hw_primary( 5524): adev_open_output_stream: exit: ret -17
W/AudioPolicyManager( 6365): Cannot open output stream for device 00000002 on hw module primary
D/audio_hw_primary( 5524): adev_open_output_stream: enter: sample_rate(48000) channel_mask(0x3) devices(0x2) flags(0x4) stream_handle(0xb5880100)
D/audio_hw_primary( 5524): adev_open_output_stream: Stream (0xb5880100) picks up usecase (low-latency-playback)
I/AudioFlinger( 5524): HAL output buffer size 240 frames, normal sink buffer size 960 frames
E/AudioPolicyManager( 6365): unknown stream type 13
E/AudioPolicyManager( 6365): unknown stream type 13
E/AudioPolicyManager( 6365): unknown stream type 13
I/AudioFlinger( 5524): AudioFlinger's thread 0xb5a81000 ready to run
D/audio_hw_primary( 5524): out_standby: enter: stream (0xb5880100) usecase(1: low-latency-playback)
D/audio_hw_primary( 5524): out_set_parameters: enter: usecase(1: low-latency-playback) kvpairs: routing=2
W/AudioFlinger( 5524): setStreamVolume() pid 6365 cannot use internal stream type 10
W/AudioFlinger( 5524): setStreamVolume() pid 6365 cannot use internal stream type 11
E/AudioPolicyManager( 6365): unknown stream type 13
W/AudioFlinger( 5524): setStreamVolume() pid 6365 cannot use internal stream type 13
D/audio_hw_primary( 5524): adev_open_input_stream: enter: sample_rate(48000) channel_mask(0xc) devices(0x80000004) stream_handle(0xb4d5f340)
I/AudioFlinger( 5524): AudioFlinger's thread 0xb4dad000 ready to run
D/audio_hw_primary( 5524): adev_close_input_stream: enter:stream_handle(0xb4d5f340)
D/audio_hw_primary( 5524): in_standby: enter: stream (0xb4d5f340) usecase(7: audio-record)
W/AudioFlinger( 5524): loadHwModule() module a2dp already loaded
W/AudioFlinger( 5524): loadHwModule() module usb already loaded
W/AudioFlinger( 5524): loadHwModule() module r_submix already loaded
D/r_submix( 5524): adev_open_input_stream(addr=0)
D/r_submix( 5524): submix_audio_device_create_pipe_l(addr=0, idx=9)
D/r_submix( 5524): now using address 0 for route 9
I/AudioFlinger( 5524): AudioFlinger's thread 0xb5b13000 ready to run
D/r_submix( 5524): adev_close_input_stream()
D/r_submix( 5524): submix_audio_device_release_pipe_l(idx=9) addr=0
D/r_submix( 5524): submix_audio_device_destroy_pipe_l(): pipe destroyed
E/AudioPolicyManager( 6365): Failed to open primary output
E/AudioPolicyManager( 6365): unknown stream type 13
W/AudioSystem( 5616): AudioPolicyService not published, waiting...
W/AudioFlinger( 5524): setStreamVolume() pid 6365 cannot use internal stream type 10
E/AudioPolicyManager( 6365): unknown stream type 13
I/SystemServiceManager( 5616): Starting com.android.server.DockObserver
W/DockObserver( 5616): This kernel does not have dock station support
I/SystemServer( 5616): Wired Accessory Manager
W/WiredAccessoryManager( 5616): This kernel does not have usb audio support
W/WiredAccessoryManager( 5616): This kernel does not have HDMI audio support
I/SystemServer( 5616): Serial Service
I/SystemServiceManager( 5616): Starting com.android.server.twilight.TwilightService
I/SystemServiceManager( 5616): Starting com.android.server.UiModeManagerService
I/SystemServiceManager( 5616): Starting com.android.server.job.JobSchedulerService
E/WifiStateMachine( 5616): handleMessage: E msg.what=131223
D/WifiService( 5616): New client listening to asynchronous messages
E/WifiStateMachine( 5616): processMsg: ConnectedState
E/dbus_Helpers( 5616): unhandled: name: MaxRate type: u
E/dbus_Helpers( 5616): unhandled: name: Frequency type: q
D/ConnectivityService( 5616): registerNetworkAgent NetworkAgentInfo{ ni{[type: WIFI[], state: UNKNOWN/IDLE, reason: (unspecified), extra: (none), roaming: false, failover: false, isAvailable: true, isConnectedToProvisioningNetwork: false]} network{null} lp{{InterfaceName: wlan0 LinkAddresses: [192.168.1.59/24,] Routes: [0.0.0.0/0 -> 192.168.1.1 wlan0,] DnsAddresses: [195.197.54.100,192.168.1.1,] Domains: null MTU: 1500}} nc{[ Transports: WIFI Capabilities: INTERNET&NOT_RESTRICTED&TRUSTED&NOT_VPN LinkUpBandwidth>=1048576Kbps LinkDnBandwidth>=1048576Kbps]} Score{20} everValidated{false} lastValidated{false} created{false} explicitlySelected{false} }
E/WifiStateMachine( 5616): setDetailed state, old =IDLE and new state=CONNECTED hidden=false
E/WifiStateMachine( 5616): setWifiState: enabled
E/WifiStateMachine( 5616): wifi info recent enough
D/ConnectivityService( 5616): NetworkAgentInfo [WIFI () - 100] EVENT_NETWORK_INFO_CHANGED, going from null to UNKNOWN
E/WifiStateMachine( 5616): handleMessage: X
D/ConnectivityService( 5616): NetworkAgentInfo [WIFI () - 100] EVENT_NETWORK_INFO_CHANGED, going from UNKNOWN to CONNECTED
I/SystemServiceManager( 5616): Starting com.android.server.backup.BackupManagerService$Lifecycle
I/SystemServiceManager( 5616): Starting com.android.server.appwidget.AppWidgetService
I/SystemServiceManager( 5616): Starting com.android.server.voiceinteraction.VoiceInteractionManagerService
W/SoundTriggerHelper( 5616): listModules status=0, # of modules=0
I/SystemServer( 5616): DiskStats Service
I/SystemServer( 5616): SamplingProfiler Service
D/ConnectivityService( 5616): notifyType IP_CHANGED for NetworkAgentInfo [WIFI () - 100]
D/ConnectivityService( 5616): notifyType PRECHECK for NetworkAgentInfo [WIFI () - 100] D/NetworkMonitor/NetworkAgentInfo [WIFI () - 100]( 5616): DefaultState{ when=-1ms what=532481 target=com.android.internal.util.StateMachine$SmHandler } D/NetworkMonitor/NetworkAgentInfo [WIFI () - 100]( 5616): Connected D/NetworkMonitor/NetworkAgentInfo [WIFI () - 100]( 5616): EvaluatingState{ when=0 what=532486 arg1=1 target=com.android.internal.util.StateMachine$SmHandler } D/NetworkMonitor/NetworkAgentInfo [WIFI () - 100]( 5616): Checking http://connectivitycheck.android.com/generate_204 on "marsu"
E/WifiStateMachine( 5616): wifi info recent enough
D/ConnectivityService( 5616): rematching NetworkAgentInfo [WIFI () - 100]
D/ConnectivityService( 5616): accepting network in place of null
D/ConnectivityService( 5616): Switching to new default network: NetworkAgentInfo{ ni{[type: WIFI[], state: CONNECTED/CONNECTED, reason: (unspecified), extra: "marsu", roaming: false, failover: false, isAvailable: true, isConnectedToProvisioningNetwork: false]} network{100} lp{{InterfaceName: wlan0 LinkAddresses: [192.168.1.59/24,] Routes: [0.0.0.0/0 -> 192.168.1.1 wlan0,] DnsAddresses: [195.197.54.100,192.168.1.1,] Domains: null MTU: 1500}} nc{[ Transports: WIFI Capabilities: INTERNET&NOT_RESTRICTED&TRUSTED&NOT_VPN LinkUpBandwidth>=1048576Kbps LinkDnBandwidth>=1048576Kbps]} Score{100} everValidated{false} lastValidated{false} created{true} explicitlySelected{true} }
D/ConnectivityService( 5616): Invalid tcpBufferSizes string: null, using defaults
D/ConnectivityService( 5616): Setting tx/rx TCP buffers to 4096,87380,110208,4096,16384,110208
I/SystemServer( 5616): NetworkTimeUpdateService
I/SystemServer( 5616): CommonTimeManagementService
D/ConnectivityService( 5616): notifyType AVAILABLE for NetworkAgentInfo [WIFI () - 100]
D/CSLegacyTypeTracker( 5616): Sending connected broadcast for type 1 NetworkAgentInfo [WIFI () - 100] isDefaultNetwork=true
I/SystemServer( 5616): CertBlacklister
D/ConnectivityService( 5616): sendStickyBroadcast: action=android.net.conn.CONNECTIVITY_CHANGE_IMMEDIATE
D/ConnectivityService( 5616): sendStickyBroadcast: action=android.net.conn.CONNECTIVITY_CHANGE
I/SystemServiceManager( 5616): Starting com.android.server.dreams.DreamManagerService
I/SystemServer( 5616): Assets Atlas Service
D/AssetAtlas( 5616): Computing best atlas configuration...
I/SystemServiceManager( 5616): Starting com.android.server.print.PrintManagerService
D/AssetAtlas( 5616): Running Atlas Worker #3
I/SystemServiceManager( 5616): Starting com.android.server.restrictions.RestrictionsManagerService
I/SystemServiceManager( 5616): Starting com.android.server.media.MediaSessionService
D/AssetAtlas( 5616): Running Atlas Worker #1
I/SystemServer( 5616): Media Router Service
D/AssetAtlas( 5616): Running Atlas Worker #2
D/AssetAtlas( 5616): Running Atlas Worker #4
D/AssetAtlas( 5616): Found best atlas configuration in 0.02s
D/AssetAtlas( 5616): Loaded configuration: SliceMinArea (768x768) flags=0x2 count=2
I/SystemServiceManager( 5616): Starting com.android.server.trust.TrustManagerService
E/NetlinkListener( 5523): recvmsg failed (I/O error)
E/NetlinkListener( 3359): recvmsg failed (I/O error)
I/SystemServiceManager( 5616): Starting com.android.server.fingerprint.FingerprintService
V/Fingerprint-JNI( 5616): nativeInit()
V/Fingerprint-JNI( 5616): nativeOpenHal()
E/Fingerprint-JNI( 5616): Can't open fingerprint HW Module, error: -2
I/SystemServer( 5616): BackgroundDexOptService
I/SystemServiceManager( 5616): Starting com.android.server.pm.LauncherAppsService
D/SystemServer( 5616): Wipower not supported
I/SystemServer( 5616): Digital Pen Service
D/DigitalPenService( 5616): Loaded DigitalPenService library
I/DigitalPenService( 5616): startPostBootThread called
I/SystemServer( 5616): Successfully loaded DigitalPenService class
I/SystemServiceManager( 5616): Starting com.android.server.media.projection.MediaProjectionManagerService
I/Adreno-EGL( 5616): : EGL 1.4 QUALCOMM build: ()
I/Adreno-EGL( 5616): OpenGL ES Shader Compiler Version: E031.25.03.06
I/Adreno-EGL( 5616): Build Date: 01/14/16 Thu I/Adreno-EGL( 5616): Local Branch:
I/Adreno-EGL( 5616): Remote Branch:
I/Adreno-EGL( 5616): Local Patches:
I/Adreno-EGL( 5616): Reconstruct Branch: D/NetworkMonitor/NetworkAgentInfo [WIFI () - 100]( 5616): isCaptivePortal: ret=204 headers={null=[HTTP/1.1 204 No Content], Content-Length=[0], Date=[Tue, 13 Dec 2016 18:06:30 GMT], X-Android-Received-Millis=[1481652389554], X-Android-Response-Source=[NETWORK 204], X-Android-Sent-Millis=[1481652389527]} D/NetworkMonitor/NetworkAgentInfo [WIFI () - 100]( 5616): Don't send network conditions - lacking user consent. D/NetworkMonitor/NetworkAgentInfo [WIFI () - 100]( 5616): Validated
D/ConnectivityService( 5616): setProvNotificationVisibleIntent: E visible=false networkType=0 extraInfo=null
D/ConnectivityService( 5616): Validated NetworkAgentInfo [WIFI () - 100]
D/ConnectivityService( 5616): rematching NetworkAgentInfo [WIFI () - 100]
D/ConnectivityService( 5616): Network NetworkAgentInfo [WIFI () - 100] was already satisfying request 1. No change.
D/ConnectivityService( 5616): notifyType AVAILABLE for NetworkAgentInfo [WIFI () - 100]
D/ConnectivityService( 5616): sendStickyBroadcast: action=android.net.conn.INET_CONDITION_ACTION
D/WifiNetworkAgent( 5616): NetworkAgent: WifiNetworkAgent -> Wifi networkStatus valid, score= 0
E/WifiStateMachine( 5616): handleMessage: E msg.what=131220
E/WifiStateMachine( 5616): processMsg: ConnectedState
E/WifiStateMachine( 5616): handleMessage: X
I/SystemServer( 5616): PrivacyImpactService
I/PrivacyImpactService( 5616): Starting PrivacyImpactService
D/PrivacyImpactService( 5616): Started PrivacyImpactService
E/GlobalSettingsPersister( 5616): FileNotFoundException while opening xml
W/System.err( 5616): java.io.FileNotFoundException: /data/usf/epos/cfg_mtp/service_settings_mtp.xml: open failed: ENOENT (No such file or directory)
W/System.err( 5616): at libcore.io.IoBridge.open(IoBridge.java:456)
W/System.err( 5616): at java.io.FileInputStream.(FileInputStream.java:76)
W/System.err( 5616): at android.util.AtomicFile.openRead(AtomicFile.java:199)
I/WindowManager( 5616): SAFE MODE not enabled
W/System.err( 5616): at com.qti.snapdragon.digitalpen.GlobalSettingsPersister.deserialize(GlobalSettingsPersister.java:69)
W/System.err( 5616): at com.qti.snapdragon.digitalpen.DigitalPenService.setGlobalConfigFromPersister(DigitalPenService.java:1008)
W/System.err( 5616): at com.qti.snapdragon.digitalpen.DigitalPenService.access$1600(DigitalPenService.java:68)
W/System.err( 5616): at com.qti.snapdragon.digitalpen.DigitalPenService$PollingPostBootThread.run(DigitalPenService.java:902)
W/System.err( 5616): Caused by: android.system.ErrnoException: open failed: ENOENT (No such file or directory)
W/System.err( 5616): at libcore.io.Posix.open(Native Method)
W/System.err( 5616): at libcore.io.BlockGuardOs.open(BlockGuardOs.java:186)
W/System.err( 5616): at libcore.io.IoBridge.open(IoBridge.java:442)
W/System.err( 5616): ... 6 more
E/GlobalSettingsPersister( 5616): Error deserializing XML: /data/usf/epos/service_settings.xml getting default DigitalPenConfig
I/DigitalPenService( 5616): isEnabled called
W/DigitalPenService( 5616): Ignoring changeConfig when service not enabled
E/DigitalPenService( 5616): Could not set off screen display dimensions since callback is null
I/SystemServiceManager( 5616): Starting com.android.server.MmsServiceBroker
D/AssetAtlas( 5616): Rendered atlas in 46.25ms (0.14+46.11ms)
E/SQLiteLog( 5616): (1) no such table: locksettings
I/LockSettingsService( 5616): Migrated lock settings to new location
I/LockSettingsService( 5616): Migrated per-user lock settings to new location
E/LockSettingsStorage( 5616): Cannot read file java.io.FileNotFoundException: /data/system/password.key: open failed: ENOENT (No such file or directory)
E/LockSettingsStorage( 5616): Cannot read file java.io.FileNotFoundException: /data/system/gesture.key: open failed: ENOENT (No such file or directory)
I/SystemServiceManager( 5616): Starting phase 480
I/SystemServiceManager( 5616): Starting phase 500
I/WifiService( 5616): WifiService starting up with Wi-Fi disabled
D/WifiService( 5616): setWifiEnabled: true pid=5616, uid=1000
E/WifiService( 5616): Invoking mWifiStateMachine.setWifiEnabled
I/WifiScanningService( 5616): Registering wifiscanner
D/WifiScanningService( 5616): New client, channel: null messenger: null
I/RttService( 5616): Registering rttmanager
D/WifiChangeStateMachine( 5616): Entering IdleState
D/WifiScanningService( 5616): DefaultState
I/ActivityManager( 5616): Config changes=200 {1.0 ?mcc?mnc en_US ?layoutDir sw360dp w360dp h567dp 480dpi nrml port -touch -keyb/h/h -nav/h s.4}
E/SurfaceFlinger( 5519): Permission Denial: can't access SurfaceFlinger pid=5616, uid=1000
E/SurfaceFlinger( 5519): Permission Denial: can't access SurfaceFlinger pid=5616, uid=1000
V/BackupManagerService( 5616): No ancestral data
D/BackupManagerService( 5616): Now staging backup of com.android.browser
F/WindowAnimator( 5616): Unhandled exception in Window Manager
F/WindowAnimator( 5616): java.lang.NullPointerException: Attempt to invoke virtual method 'void android.view.SurfaceControl.setLayer(int)' on a null object reference
F/WindowAnimator( 5616): at com.android.server.wm.FocusedStackFrame.setLayer(FocusedStackFrame.java:140)
F/WindowAnimator( 5616): at com.android.server.wm.WindowManagerService.setFocusedStackLayer(WindowManagerService.java:3985)
F/WindowAnimator( 5616): at com.android.server.wm.WindowAnimator.animateLocked(WindowAnimator.java:708)
F/WindowAnimator( 5616): at com.android.server.wm.WindowAnimator.access$000(WindowAnimator.java:54)
F/WindowAnimator( 5616): at com.android.server.wm.WindowAnimator$1.run(WindowAnimator.java:126)
F/WindowAnimator( 5616): at android.view.Choreographer$CallbackRecord.run(Choreographer.java:767)
F/WindowAnimator( 5616): at android.view.Choreographer.doCallbacks(Choreographer.java:580)
F/WindowAnimator( 5616): at android.view.Choreographer.doFrame(Choreographer.java:549)
F/WindowAnimator( 5616): at android.view.Choreographer$FrameDisplayEventReceiver.run(Choreographer.java:753)
F/WindowAnimator( 5616): at android.os.Handler.handleCallback(Handler.java:739)
F/WindowAnimator( 5616): at android.os.Handler.dispatchMessage(Handler.java:95)
F/WindowAnimator( 5616): at android.os.Looper.loop(Looper.java:135)
F/WindowAnimator( 5616): at android.os.HandlerThread.run(HandlerThread.java:61)
F/WindowAnimator( 5616): at com.android.server.ServiceThread.run(ServiceThread.java:46)
E/SurfaceFlinger( 5519): Permission Denial: can't access SurfaceFlinger pid=5616, uid=1000
D/BackupManagerService( 5616): Now staging backup of android
D/BackupManagerService( 5616): Now staging backup of com.android.mms
D/BackupManagerService( 5616): Now staging backup of com.android.calendar
D/BackupManagerService( 5616): Now staging backup of com.android.providers.settings
D/BackupManagerService( 5616): Now staging backup of com.android.sharedstoragebackup
D/BackupManagerService( 5616): Now staging backup of com.android.dialer
D/BackupManagerService( 5616): Now staging backup of com.qti.backupagent
D/BackupManagerService( 5616): Now staging backup of com.android.providers.userdictionary
V/BackupManagerService( 5616): Starting with transport android/com.android.internal.backup.LocalTransport
V/BackupManagerService( 5616): Found transports: 1
I/BackupManagerService( 5616): Binding to transport host ComponentInfo{android/com.android.internal.backup.LocalTransportService}
E/SurfaceFlinger( 5519): Permission Denial: can't access SurfaceFlinger pid=5616, uid=1000
W/DisplayPowerController( 5616): config_screenBrightnessDark (10) should be less than or equal to the first value of config_autoBrightnessLcdBacklightValues (3).
E/SurfaceFlinger( 5519): Permission Denial: can't access SurfaceFlinger pid=5616, uid=1000
I/ActivityManager( 5616): Sending system update to ComponentInfo{com.android.providers.calendar/com.android.providers.calendar.CalendarUpgradeReceiver} for user 0
E/SurfaceFlinger( 5519): Permission Denial: can't access SurfaceFlinger pid=5616, uid=1000
I/ActivityManager( 5616): Sending system update to ComponentInfo{com.android.providers.contacts/com.android.providers.contacts.ContactsUpgradeReceiver} for user 0
I/ActivityManager( 5616): Sending system update to ComponentInfo{com.android.managedprovisioning/com.android.managedprovisioning.PreBootListener} for user 0
I/ActivityManager( 5616): Sending system update to ComponentInfo{com.android.providers.media/com.android.providers.media.MediaUpgradeReceiver} for user 0
I/ActivityManager( 5616): Sending system update to ComponentInfo{com.android.settings/com.android.settings.ManagedProfileSetup} for user 0
I/DigitalPenService( 5616): registerOffScreenDimensionsCallback called
I/SystemServer( 5616): Enabled StrictMode for system server main thread.
V/WLAN_PSA( 670): NL MSG, len[048], NL type[0x11] WNI type[0x5050] len[028]
V/WLAN_PSA( 670): NL MSG, PID: 670
I/Zygote ( 5616): Process: zygote socket opened, supported ABIS: armeabi-v7a,armeabi
E/libprocessgroup( 6412): failed to open /acct/uid_10001/pid_6412/cgroup.procs: No such file or directory
E/Zygote ( 6412): createProcessGroup(10001, 0) failed: No such file or directory
I/ActivityManager( 5616): Start proc 6412:com.android.providers.calendar/u0a1 for broadcast com.android.providers.calendar/.CalendarUpgradeReceiver
V/ActivityManager( 5616): Display changed displayId=0
V/ActivityManager( 5616): Display changed displayId=0
I/DigitalPenOffScreenDisplayAdapter( 5616): mInfo is null, getting a new one
I/DisplayManagerService( 5616): Display device added: DisplayDeviceInfo{"Digital Pen off-screen display": uniqueId="null", 480 x 640, 60.0 fps, supportedRefreshRates [], density 160, 160.0 x 160.0 dpi, appVsyncOff 0, presDeadline 0, touch EXTERNAL, rotation 0, type BUILT_IN, state ON, FLAG_ROTATES_WITH_CONTENT}
F/WindowAnimator( 5616): Unhandled exception in Window Manager
F/WindowAnimator( 5616): java.lang.NullPointerException: Attempt to invoke virtual method 'void android.view.SurfaceControl.setLayer(int)' on a null object reference
F/WindowAnimator( 5616): at com.android.server.wm.FocusedStackFrame.setLayer(FocusedStackFrame.java:140)
F/WindowAnimator( 5616): at com.android.server.wm.WindowManagerService.setFocusedStackLayer(WindowManagerService.java:3985)
F/WindowAnimator( 5616): at com.android.server.wm.WindowAnimator.animateLocked(WindowAnimator.java:708)
F/WindowAnimator( 5616): at com.android.server.wm.WindowAnimator.access$000(WindowAnimator.java:54)
F/WindowAnimator( 5616): at com.android.server.wm.WindowAnimator$1.run(WindowAnimator.java:126)
F/WindowAnimator( 5616): at android.view.Choreographer$CallbackRecord.run(Choreographer.java:767)
F/WindowAnimator( 5616): at android.view.Choreographer.doCallbacks(Choreographer.java:580)
F/WindowAnimator( 5616): at android.view.Choreographer.doFrame(Choreographer.java:549)
F/WindowAnimator( 5616): at android.view.Choreographer$FrameDisplayEventReceiver.run(Choreographer.java:753)
F/WindowAnimator( 5616): at android.os.Handler.handleCallback(Handler.java:739)
F/WindowAnimator( 5616): at android.os.Handler.dispatchMessage(Handler.java:95)
F/WindowAnimator( 5616): at android.os.Looper.loop(Looper.java:135)
F/WindowAnimator( 5616): at android.os.HandlerThread.run(HandlerThread.java:61)
F/WindowAnimator( 5616): at com.android.server.ServiceThread.run(ServiceThread.java:46)
E/SurfaceFlinger( 5519): Permission Denial: can't access SurfaceFlinger pid=5616, uid=1000
F/WindowManager( 5616): Unhandled exception in Window Manager
F/WindowManager( 5616): java.lang.IllegalArgumentException: displayToken must not be null
F/WindowManager( 5616): at android.view.SurfaceControl.setDisplayLayerStack(SurfaceControl.java:588)
F/WindowManager( 5616): at com.android.server.display.DisplayDevice.setLayerStackInTransactionLocked(DisplayDevice.java:140)
F/WindowManager( 5616): at com.android.server.display.LogicalDisplay.configureDisplayInTransactionLocked(LogicalDisplay.java:262)
F/WindowManager( 5616): at com.android.server.display.DisplayManagerService.configureDisplayInTransactionLocked(DisplayManagerService.java:884)
F/WindowManager( 5616): at com.android.server.display.DisplayManagerService.performTraversalInTransactionLocked(DisplayManagerService.java:806)
F/WindowManager( 5616): at com.android.server.display.DisplayManagerService.performTraversalInTransactionFromWindowManagerInternal(DisplayManagerService.java:317)
F/WindowManager( 5616): at com.android.server.display.DisplayManagerService.access$4200(DisplayManagerService.java:112)
F/WindowManager( 5616): at com.android.server.display.DisplayManagerService$LocalService.performTraversalInTransactionFromWindowManager(DisplayManagerService.java:1539)
F/WindowManager( 5616): at com.android.server.wm.WindowManagerService.performLayoutAndPlaceSurfacesLockedInner(WindowManagerService.java:9960)
F/WindowManager( 5616): at com.android.server.wm.WindowManagerService.performLayoutAndPlaceSurfacesLockedLoop(WindowManagerService.java:8828)
F/WindowManager( 5616): at com.android.server.wm.WindowManagerService.performLayoutAndPlaceSurfacesLocked(WindowManagerService.java:8770)
F/WindowManager( 5616): at com.android.server.wm.WindowManagerService.access$400(WindowManagerService.java:163)
F/WindowManager( 5616): at com.android.server.wm.WindowManagerService$H.handleMessage(WindowManagerService.java:7736)
F/WindowManager( 5616): at android.os.Handler.dispatchMessage(Handler.java:102)
F/WindowManager( 5616): at android.os.Looper.loop(Looper.java:135)
F/WindowManager( 5616): at android.os.HandlerThread.run(HandlerThread.java:61)
F/WindowManager( 5616): at com.android.server.ServiceThread.run(ServiceThread.java:46)
E/SurfaceFlinger( 5519): Permission Denial: can't access SurfaceFlinger pid=5616, uid=1000
E/SurfaceFlinger( 5519): Permission Denial: can't access SurfaceFlinger pid=5616, uid=1000
D/Tethering( 5616): MasterInitialState.processMessage what=3
E/WifiStateMachine( 5616): wifi info recent enough
E/WifiStateMachine( 5616): wifi info recent enough
E/WifiStateMachine( 5616): wifi info recent enough
E/WifiStateMachine( 5616): wifi info recent enough
E/WifiStateMachine( 5616): wifi info recent enough
E/WifiStateMachine( 5616): wifi info recent enough
D/WifiScanningService( 5616): SCAN_AVAILABLE : 1
D/RttService( 5616): SCAN_AVAILABLE : 1
D/WifiScanningService( 5616): DefaultState got{ when=0 what=160007 target=com.android.internal.util.StateMachine$SmHandler }
D/RttService( 5616): DefaultState got{ when=-1ms what=160513 target=com.android.internal.util.StateMachine$SmHandler }
F/WindowAnimator( 5616): Unhandled exception in Window Manager
F/WindowAnimator( 5616): java.lang.NullPointerException: Attempt to invoke virtual method 'void android.view.SurfaceControl.setLayer(int)' on a null object reference
F/WindowAnimator( 5616): at com.android.server.wm.FocusedStackFrame.setLayer(FocusedStackFrame.java:140)
F/WindowAnimator( 5616): at com.android.server.wm.WindowManagerService.setFocusedStackLayer(WindowManagerService.java:3985)
F/WindowAnimator( 5616): at com.android.server.wm.WindowAnimator.animateLocked(WindowAnimator.java:708)
F/WindowAnimator( 5616): at com.android.server.wm.WindowAnimator.access$000(WindowAnimator.java:54)
F/WindowAnimator( 5616): at com.android.server.wm.WindowAnimator$1.run(WindowAnimator.java:126)
F/WindowAnimator( 5616): at android.view.Choreographer$CallbackRecord.run(Choreographer.java:767)
F/WindowAnimator( 5616): at android.view.Choreographer.doCallbacks(Choreographer.java:580)
F/WindowAnimator( 5616): at android.view.Choreographer.doFrame(Choreographer.java:549)
F/WindowAnimator( 5616): at android.view.Choreographer$FrameDisplayEventReceiver.run(Choreographer.java:753)
F/WindowAnimator( 5616): at android.os.Handler.handleCallback(Handler.java:739)
F/WindowAnimator( 5616): at android.os.Handler.dispatchMessage(Handler.java:95)
F/WindowAnimator( 5616): at android.os.Looper.loop(Looper.java:135)
F/WindowAnimator( 5616): at android.os.HandlerThread.run(HandlerThread.java:61)
F/WindowAnimator( 5616): at com.android.server.ServiceThread.run(ServiceThread.java:46)
E/SurfaceFlinger( 5519): Permission Denial: can't access SurfaceFlinger pid=5616, uid=1000
V/ActivityManager( 5616): Display changed displayId=0
W/WindowStateAnimator( 5616): OutOfResourcesException creating surface
I/WindowManager( 5616): Out of memory for surface! Looking for leaks...
W/WindowManager( 5616): No leaked surfaces; killing applicatons!
W/WindowManager( 5616): Due to memory failure, waiting a bit for next layout
I/ActivityManager( 5616): Launching preboot mode app: ProcessRecord{3f23b2a4 6412:com.android.providers.calendar/u0a1}
W/ResourcesManager( 6412): Asset path '/system/framework/android.test.runner.jar' does not exist or contains no resources.
E/libprocessgroup( 6437): failed to open /acct/uid_10005/pid_6437/cgroup.procs: No such file or directory
E/Zygote ( 6437): createProcessGroup(10005, 0) failed: No such file or directory
I/ActivityManager( 5616): Start proc 6437:android.process.acore/u0a5 for broadcast com.android.providers.contacts/.ContactsUpgradeReceiver
I/ActivityManager( 5616): Launching preboot mode app: ProcessRecord{1179380d 6437:android.process.acore/u0a5}
I/ContactsUpgradeReceiver( 6437): Creating or opening contacts database
E/SurfaceFlinger( 5519): Permission Denial: can't access SurfaceFlinger pid=5616, uid=1000
E/SurfaceFlinger( 5519): Permission Denial: can't access SurfaceFlinger pid=5616, uid=1000
W/InputMethodManagerService( 5616): Focus gain on non-focused client android.view.inputmethod.InputMethodManager$1@16b94b42 (uid=1000 pid=5616)
V/ActivityManager( 5616): Display added displayId=1
V/BackupManagerService( 5616): Connected to transport ComponentInfo{android/com.android.internal.backup.LocalTransportService}
V/BackupManagerService( 5616): Registering transport android/com.android.internal.backup.LocalTransportService::android/com.android.internal.backup.LocalTransport = android.app.backup.BackupTransport$TransportImpl@6bf03c2
F/WindowManager( 5616): Unhandled exception in Window Manager
F/WindowManager( 5616): java.lang.IllegalArgumentException: displayToken must not be null
F/WindowManager( 5616): at android.view.SurfaceControl.setDisplayProjection(SurfaceControl.java:573)
F/WindowManager( 5616): at com.android.server.display.DisplayDevice.setProjectionInTransactionLocked(DisplayDevice.java:173)
F/WindowManager( 5616): at com.android.server.display.LogicalDisplay.configureDisplayInTransactionLocked(LogicalDisplay.java:316)
F/WindowManager( 5616): at com.android.server.display.DisplayManagerService.configureDisplayInTransactionLocked(DisplayManagerService.java:884)
F/WindowManager( 5616): at com.android.server.display.DisplayManagerService.performTraversalInTransactionLocked(DisplayManagerService.java:806)
F/WindowManager( 5616): at com.android.server.display.DisplayManagerService.performTraversalInTransactionFromWindowManagerInternal(DisplayManagerService.java:317)
F/WindowManager( 5616): at com.android.server.display.DisplayManagerService.access$4200(DisplayManagerService.java:112)
F/WindowManager( 5616): at com.android.server.display.DisplayManagerService$LocalService.performTraversalInTransactionFromWindowManager(DisplayManagerService.java:1539)
F/WindowManager( 5616): at com.android.server.wm.WindowManagerService.performLayoutAndPlaceSurfacesLockedInner(WindowManagerService.java:9960)
F/WindowManager( 5616): at com.android.server.wm.WindowManagerService.performLayoutAndPlaceSurfacesLockedLoop(WindowManagerService.java:8828)
F/WindowManager( 5616): at com.android.server.wm.WindowManagerService.performLayoutAndPlaceSurfacesLocked(WindowManagerService.java:8770)
F/WindowManager( 5616): at com.android.server.wm.WindowManagerService.access$400(WindowManagerService.java:163)
F/WindowManager( 5616): at com.android.server.wm.WindowManagerService$H.handleMessage(WindowManagerService.java:7736)
F/WindowManager( 5616): at android.os.Handler.dispatchMessage(Handler.java:102)
F/WindowManager( 5616): at android.os.Looper.loop(Looper.java:135)
F/WindowManager( 5616): at android.os.HandlerThread.run(HandlerThread.java:61)
F/WindowManager( 5616): at com.android.server.ServiceThread.run(ServiceThread.java:46)
E/SurfaceFlinger( 5519): Permission Denial: can't access SurfaceFlinger pid=5616, uid=1000
E/SurfaceFlinger( 5519): Permission Denial: can't access SurfaceFlinger pid=5616, uid=1000
V/ActivityManager( 5616): Display changed displayId=1
E/SurfaceFlinger( 5519): Permission Denial: can't access SurfaceFlinger pid=5616, uid=1000
E/SurfaceFlinger( 5519): Permission Denial: can't access SurfaceFlinger pid=5616, uid=1000
F/WindowAnimator( 5616): Unhandled exception in Window Manager
F/WindowAnimator( 5616): java.lang.NullPointerException: Attempt to invoke virtual method 'void android.view.SurfaceControl.setLayer(int)' on a null object reference
F/WindowAnimator( 5616): at com.android.server.wm.FocusedStackFrame.setLayer(FocusedStackFrame.java:140)
F/WindowAnimator( 5616): at com.android.server.wm.WindowManagerService.setFocusedStackLayer(WindowManagerService.java:3985)
F/WindowAnimator( 5616): at com.android.server.wm.WindowAnimator.animateLocked(WindowAnimator.java:708)
F/WindowAnimator( 5616): at com.android.server.wm.WindowAnimator.access$000(WindowAnimator.java:54)
F/WindowAnimator( 5616): at com.android.server.wm.WindowAnimator$1.run(WindowAnimator.java:126)
F/WindowAnimator( 5616): at android.view.Choreographer$CallbackRecord.run(Choreographer.java:767)
F/WindowAnimator( 5616): at android.view.Choreographer.doCallbacks(Choreographer.java:580)
F/WindowAnimator( 5616): at android.view.Choreographer.doFrame(Choreographer.java:549)
F/WindowAnimator( 5616): at android.view.Choreographer$FrameDisplayEventReceiver.run(Choreographer.java:753)
F/WindowAnimator( 5616): at android.os.Handler.handleCallback(Handler.java:739)
F/WindowAnimator( 5616): at android.os.Handler.dispatchMessage(Handler.java:95)
F/WindowAnimator( 5616): at android.os.Looper.loop(Looper.java:135)
F/WindowAnimator( 5616): at android.os.HandlerThread.run(HandlerThread.java:61)
F/WindowAnimator( 5616): at com.android.server.ServiceThread.run(ServiceThread.java:46)
E/SurfaceFlinger( 5519): Permission Denial: can't access SurfaceFlinger pid=5616, uid=1000
E/SurfaceFlinger( 5519): Permission Denial: can't access SurfaceFlinger pid=5616, uid=1000
E/SurfaceFlinger( 5519): Permission Denial: can't access SurfaceFlinger pid=5616, uid=1000
E/SurfaceFlinger( 5519): Permission Denial: can't access SurfaceFlinger pid=5616, uid=1000
E/SurfaceFlinger( 5519): Permission Denial: can't access SurfaceFlinger pid=5616, uid=1000
F/WindowAnimator( 5616): Unhandled exception in Window Manager
F/WindowAnimator( 5616): java.lang.NullPointerException: Attempt to invoke virtual method 'void android.view.SurfaceControl.setLayer(int)' on a null object reference
F/WindowAnimator( 5616): at com.android.server.wm.FocusedStackFrame.setLayer(FocusedStackFrame.java:140)
F/WindowAnimator( 5616): at com.android.server.wm.WindowManagerService.setFocusedStackLayer(WindowManagerService.java:3985)
F/WindowAnimator( 5616): at com.android.server.wm.WindowAnimator.animateLocked(WindowAnimator.java:708)
F/WindowAnimator( 5616): at com.android.server.wm.WindowAnimator.access$000(WindowAnimator.java:54)
F/WindowAnimator( 5616): at com.android.server.wm.WindowAnimator$1.run(WindowAnimator.java:126)
F/WindowAnimator( 5616): at android.view.Choreographer$CallbackRecord.run(Choreographer.java:767)
F/WindowAnimator( 5616): at android.view.Choreographer.doCallbacks(Choreographer.java:580)
F/WindowAnimator( 5616): at android.view.Choreographer.doFrame(Choreographer.java:549)
F/WindowAnimator( 5616): at android.view.Choreographer$FrameDisplayEventReceiver.run(Choreographer.java:753)
F/WindowAnimator( 5616): at android.os.Handler.handleCallback(Handler.java:739)
F/WindowAnimator( 5616): at android.os.Handler.dispatchMessage(Handler.java:95)
F/WindowAnimator( 5616): at android.os.Looper.loop(Looper.java:135)
F/WindowAnimator( 5616): at android.os.HandlerThread.run(HandlerThread.java:61)
F/WindowAnimator( 5616): at com.android.server.ServiceThread.run(ServiceThread.java:46)
E/SurfaceFlinger( 5519): Permission Denial: can't access SurfaceFlinger pid=5616, uid=1000
I/ContactsDatabaseHelper( 6437): Bootstrapping database version: 910
I/ContactsProviderV1( 6437): Bootstrapping database legacy support
E/NetlinkListener( 3359): recvmsg failed (I/O error)
E/NetlinkListener( 5523): recvmsg failed (I/O error)
I/ContactsDatabaseHelper( 6437): Bootstrapping database version: 910
I/ContactsProviderV1( 6437): Bootstrapping database legacy support
I/ContactsProvider( 6437): Locale has changed from null to en-US
I/ContactsDatabaseHelper( 6437): Switching to locale en-US (ICU v53.1.0.1)
I/ContactsDatabaseHelper( 6437): Locale change completed in 120ms
I/ContactsDatabaseHelper( 6437): Switching to locale en-US (ICU v53.1.0.1)
I/ContactsDatabaseHelper( 6437): Locale change completed in 81ms
E/libprocessgroup( 6465): failed to open /acct/uid_10011/pid_6465/cgroup.procs: No such file or directory
E/Zygote ( 6465): createProcessGroup(10011, 0) failed: No such file or directory
I/ActivityManager( 5616): Start proc 6465:com.android.managedprovisioning/u0a11 for broadcast com.android.managedprovisioning/.PreBootListener
I/ActivityManager( 5616): Launching preboot mode app: ProcessRecord{3c85e5d3 6465:com.android.managedprovisioning/u0a11}
E/libprocessgroup( 6483): failed to open /acct/uid_10007/pid_6483/cgroup.procs: No such file or directory
E/Zygote ( 6483): createProcessGroup(10007, 0) failed: No such file or directory
I/ActivityManager( 5616): Start proc 6483:android.process.media/u0a7 for broadcast com.android.providers.media/.MediaUpgradeReceiver
I/ActivityManager( 5616): Launching preboot mode app: ProcessRecord{253b5510 6483:android.process.media/u0a7}
E/libprocessgroup( 6502): failed to open /acct/uid_1000/pid_6502/cgroup.procs: No such file or directory
E/Zygote ( 6502): createProcessGroup(1000, 0) failed: No such file or directory
I/ActivityManager( 5616): Start proc 6502:com.android.settings/1000 for broadcast com.android.settings/.ManagedProfileSetup
I/ActivityManager( 5616): Launching preboot mode app: ProcessRecord{88e4809 6502:com.android.settings/1000}
I/ActivityManager( 5616): Removing system update proc: ProcessRecord{3f23b2a4 6412:com.android.providers.calendar/u0a1}
I/ActivityManager( 5616): Killing 6412:com.android.providers.calendar/u0a1 (adj 15): system update done
W/libprocessgroup( 5616): failed to open /acct/uid_10001/pid_6412/cgroup.procs: No such file or directory
I/ActivityManager( 5616): Removing system update proc: ProcessRecord{1179380d 6437:android.process.acore/u0a5}
I/ActivityManager( 5616): Killing 6437:android.process.acore/u0a5 (adj 15): system update done
W/libprocessgroup( 5616): failed to open /acct/uid_10005/pid_6437/cgroup.procs: No such file or directory
I/ActivityManager( 5616): Removing system update proc: ProcessRecord{3c85e5d3 6465:com.android.managedprovisioning/u0a11}
I/ActivityManager( 5616): Killing 6465:com.android.managedprovisioning/u0a11 (adj 13): system update done
W/libprocessgroup( 5616): failed to open /acct/uid_10011/pid_6465/cgroup.procs: No such file or directory
I/ActivityManager( 5616): Removing system update proc: ProcessRecord{253b5510 6483:android.process.media/u0a7}
I/ActivityManager( 5616): Killing 6483:android.process.media/u0a7 (adj 11): system update done
W/libprocessgroup( 5616): failed to open /acct/uid_10007/pid_6483/cgroup.procs: No such file or directory
I/ActivityManager( 5616): Removing system update proc: ProcessRecord{88e4809 6502:com.android.settings/1000}
I/ActivityManager( 5616): Killing 6502:com.android.settings/1000 (adj 9): system update done
W/libprocessgroup( 5616): failed to open /acct/uid_1000/pid_6502/cgroup.procs: No such file or directory
I/ActivityManager( 5616): System now ready
E/SurfaceFlinger( 5519): Permission Denial: can't access SurfaceFlinger pid=5616, uid=1000
E/SurfaceFlinger( 5519): Permission Denial: can't access SurfaceFlinger pid=5616, uid=1000
I/SystemServer( 5616): Making services ready
I/SystemServiceManager( 5616): Starting phase 550
I/SystemServer( 5616): WebViewFactory preparation
D/Telecom ( 5616): TelecomService: onCreate
I/Telecom ( 5616): TelecomGlobals: TelecomGlobals initializing
D/Telecom ( 5616): MissedCallNotifier: updateOnStartup()...
F/WindowAnimator( 5616): Unhandled exception in Window Manager
F/WindowAnimator( 5616): java.lang.NullPointerException: Attempt to invoke virtual method 'void android.view.SurfaceControl.setLayer(int)' on a null object reference
F/WindowAnimator( 5616): at com.android.server.wm.FocusedStackFrame.setLayer(FocusedStackFrame.java:140)
F/WindowAnimator( 5616): at com.android.server.wm.WindowManagerService.setFocusedStackLayer(WindowManagerService.java:3985)
F/WindowAnimator( 5616): at com.android.server.wm.WindowAnimator.animateLocked(WindowAnimator.java:708)
F/WindowAnimator( 5616): at com.android.server.wm.WindowAnimator.access$000(WindowAnimator.java:54)
F/WindowAnimator( 5616): at com.android.server.wm.WindowAnimator$1.run(WindowAnimator.java:126)
F/WindowAnimator( 5616): at android.view.Choreographer$CallbackRecord.run(Choreographer.java:767)
