I/SurfaceFlinger( 5519): extensions: GL_AMD_compressed_ATC_texture GL_AMD_performance_monitor GL_AMD_program_binary_Z400 GL_EXT_debug_label GL_EXT_debug_marker GL_EXT_discard_framebuffer GL_EXT_robustness GL_EXT_texture_format_BGRA8888 GL_EXT_texture_type_2_10_10_10_REV GL_NV_fence GL_OES_compressed_ETC1_RGB8_texture GL_OES_depth_texture GL_OES_depth24 GL_OES_EGL_image GL_OES_EGL_sync GL_OES_EGL_image_external GL_OES_element_index_uint GL_OES_fbo_render_mipmap GL_OES_fragment_precision_high GL_OES_get_program_binary GL_OES_packed_depth_stencil GL_OES_depth_texture_cube_map GL_OES_rgb8_rgba8 GL_OES_standard_derivatives GL_OES_texture_3D GL_OES_texture_float GL_OES_texture_half_float GL_OES_texture_half_float_linear GL_OES_texture_npot GL_OES_vertex_half_float GL_OES_vertex_type_10_10_10_2 GL_OES_vertex_array_object GL_QCOM_alpha_test GL_QCOM_binning_control GL_QCOM_driver_control GL_QCOM_perfmon_global_mode GL_QCOM_extended_get GL_QCOM_extended_get2 GL_QCOM_tiled_rendering GL_QCOM_writeonly_rendering GL_EXT_sRGB GL_EXT_sRGB_write_con
I/SurfaceFlinger( 5519): GL_MAX_TEXTURE_SIZE = 4096
I/SurfaceFlinger( 5519): GL_MAX_VIEWPORT_DIMS = 4096
E/ServiceManager( 5516): add_service('SurfaceFlinger',4) uid=1000 - ALREADY REGISTERED, OVERRIDE
I/ServiceManager( 5516): service 'SurfaceFlinger' died
D/SurfaceFlinger( 5519): Set power mode=2, type=0 flinger=0xb6482000
E/installd( 3000): DexInv: --- END '/system/app/Browser/Browser.apk' --- status=0x000f, process failed
E/installd( 3000): read error: Connection reset by peer
E/installd( 3000): failed to read size
I/installd( 3000): closing connection
I/ServiceManager( 5520): Waiting for service batterystats...
D/AndroidRuntime( 5522): >>>>>> START com.android.internal.os.ZygoteInit uid 0 <<<<<<
D/AndroidRuntime( 5522): CheckJNI is OFF
I/art ( 5522): option[0]=-Xzygote
I/art ( 5522): option[1]=-Xstacktracefile:/data/anr/traces.txt
I/art ( 5522): option[2]=exit
I/art ( 5522): option[3]=vfprintf
I/art ( 5522): option[4]=sensitiveThread
I/art ( 5522): option[5]=-verbose:gc
I/art ( 5522): option[6]=-Xms8m
I/art ( 5522): option[7]=-Xmx256m
I/art ( 5522): option[8]=-XX:mainThreadStackSize=24K
I/art ( 5522): option[9]=-XX:HeapGrowthLimit=128m
I/art ( 5522): option[10]=-XX:HeapMinFree=2m
I/art ( 5522): option[11]=-XX:HeapMaxFree=8m
I/art ( 5522): option[12]=-XX:HeapTargetUtilization=0.75
I/art ( 5522): option[13]=-agentlib:jdwp=transport=dt_android_adb,suspend=n,server=y
I/art ( 5522): option[14]=-Xlockprofthreshold:500
I/art ( 5522): option[15]=-Ximage-compiler-option
I/art ( 5522): option[16]=--runtime-arg
I/art ( 5522): option[17]=-Ximage-compiler-option
I/art ( 5522): option[18]=-Xms64m
I/art ( 5522): option[19]=-Ximage-compiler-option
I/art ( 5522): option[20]=--runtime-arg
I/art ( 5522): option[21]=-Ximage-compiler-option
I/art ( 5522): option[22]=-Xmx64m
I/art ( 5522): option[23]=-Ximage-compiler-option
I/art ( 5522): option[24]=--image-classes=/system/etc/preloaded-classes
I/art ( 5522): option[25]=-Xcompiler-option
I/art ( 5522): option[26]=--runtime-arg
I/art ( 5522): option[27]=-Xcompiler-option
I/art ( 5522): option[28]=-Xms64m
I/art ( 5522): option[29]=-Xcompiler-option
I/art ( 5522): option[30]=--runtime-arg
I/art ( 5522): option[31]=-Xcompiler-option
I/art ( 5522): option[32]=-Xmx512m
I/art ( 5522): option[33]=-Duser.language=en
I/art ( 5522): option[34]=-Duser.region=US
I/lowmemorykiller( 769): ActivityManager disconnected
I/lowmemorykiller( 769): Closing Activity Manager data connection
V/MediaUtils( 5524): physMem: 1961033728
V/MediaUtils( 5524): requested limit: 1274671905
V/MediaUtils( 5524): actual limit: 1274671905
V/MediaUtils( 5524): original limits: 4294967295/4294967295
V/MediaUtils( 5524): new limits: 1274671905/4294967295
I/mediaserver( 5524): ServiceManager: 0xb58700c0
I/AudioFlinger( 5524): Using default 3000 mSec as standby time.
E/ServiceManager( 5516): add_service('media.audio_flinger',6) uid=1013 - ALREADY REGISTERED, OVERRIDE
I/ServiceManager( 5516): service 'media.audio_flinger' died
I/AudioPolicyService( 5524): AudioPolicyService CSTOR in new mode
I/AudioPolicyManager( 5524): loadAudioPolicyConfig() loaded /system/etc/audio_policy.conf
D/audio_hw_primary( 5524): adev_open: enter
W/ServiceManager( 5519): Permission failure: android.permission.ACCESS_SURFACE_FLINGER from uid=1013 pid=5549
D/PermissionCache( 5519): checking android.permission.ACCESS_SURFACE_FLINGER for uid=1013 => denied (496 us)
E/SurfaceFlinger( 5519): Permission Denial: can't access SurfaceFlinger pid=5549, uid=1013
F/libc ( 5549): Fatal signal 11 (SIGSEGV), code 1, fault addr 0xc in tid 5558 (BootAnimation)
D/SurfaceFlinger( 5519): shader cache generated - 24 shaders in 192.026352 ms
W/sharebuffer( 5519): connecting to renderer
E/sharebuffer( 5519): error connecting to renderer: Connection refused
I/DEBUG ( 663): *** *** *** *** *** *** *** *** *** *** *** *** *** *** *** ***
I/DEBUG ( 663): Build fingerprint: 'Fairphone/FP2/FP2:5.1/FP2/fp2-sibon-16.11.0:userdebug/release-keys'
I/DEBUG ( 663): Revision: '0'
I/DEBUG ( 663): ABI: 'arm'
I/DEBUG ( 663): pid: 5549, tid: 5558, name: BootAnimation >>> /system/bin/bootanimation <<<
I/DEBUG ( 663): signal 11 (SIGSEGV), code 1 (SEGV_MAPERR), fault addr 0xc
I/DEBUG ( 663): r0 00000000 r1 40000000 r2 00000001 r3 00000000
I/DEBUG ( 663): r4 00000000 r5 40000000 r6 b5901bf0 r7 b5901bf8
I/DEBUG ( 663): r8 b5901c08 r9 00000000 sl b5c37130 fp b5901c1c
I/DEBUG ( 663): ip b6f3ff20 sp b5901bb8 lr b6dc2afb pc b6dc2aa2 cpsr 60070030
I/DEBUG ( 663):
I/DEBUG ( 663): backtrace:
I/DEBUG ( 663): #00 pc 00037aa2 /system/lib/libgui.so (_ZNK7android14SurfaceControl8validateEv+1)
I/DEBUG ( 663): #01 pc 00037af7 /system/lib/libgui.so (_ZN7android14SurfaceControl8setLayerEi+6)
I/DEBUG ( 663): #02 pc 0000501d /system/bin/bootanimation
I/DEBUG ( 663): #03 pc 0000ef41 /system/lib/libutils.so (_ZN7android6Thread11_threadLoopEPv+84)
I/DEBUG ( 663): #04 pc 0000eacd /system/lib/libutils.so
I/DEBUG ( 663): #05 pc 00013fc3 /system/lib/libc.so (_ZL15__pthread_startPv+30)
I/DEBUG ( 663): #06 pc 00011f0b /system/lib/libc.so (__start_thread+6)
E/audio_route( 5524): Control 'SLIMBUS_0_RX Port Mixer INT_BT_SCO_TX' doesn't exist - skipping
E/audio_route( 5524): Control 'INTERNAL_BT_SCO_RX Audio Mixer Multimedia6' doesn't exist - skipping
E/audio_route( 5524): Control 'MultiMedia4 Mixer MI2S_TX' doesn't exist - skipping
E/audio_route( 5524): Control 'RX4 DSM MUX' doesn't exist - skipping
E/audio_route( 5524): Control 'RX6 DSM MUX' doesn't exist - skipping
E/audio_route( 5524): Control 'RX4 DSM MUX' doesn't exist - skipping
E/audio_route( 5524): Control 'RX6 DSM MUX' doesn't exist - skipping
D/msm8974_platform( 5524): platform_init: Opened sound card:0
D/ACDB-LOADER( 5524): ACDB -> Load file: /etc/acdbdata/MTP/MTP_Bluetooth_cal.acdb
D/ACDB-LOADER( 5524): ACDB -> Load file: /etc/acdbdata/MTP/MTP_General_cal.acdb
D/ACDB-LOADER( 5524): ACDB -> Load file: /etc/acdbdata/MTP/MTP_Global_cal.acdb
D/ACDB-LOADER( 5524): ACDB -> Load file: /etc/acdbdata/MTP/MTP_Handset_cal.acdb
D/ACDB-LOADER( 5524): ACDB -> Load file: /etc/acdbdata/MTP/MTP_Hdmi_cal.acdb
D/ACDB-LOADER( 5524): ACDB -> Load file: /etc/acdbdata/MTP/MTP_Headset_cal.acdb
D/ACDB-LOADER( 5524): ACDB -> Load file: /etc/acdbdata/MTP/MTP_Speaker_cal.acdb
D/ACDB-LOADER( 5524): ACDB -> ACDB_CMD_INITIALIZE_V2
D/ ( 5524): [ACDB Command]->SW Minor/Major/Revision version mismatch warning /etc/acdbdata/MTP/MTP_Bluetooth_cal.acdb
D/ ( 5524): [ACDB Command]->ACDB Sw Major = 3, ACDB Sw Minor = 0, ACDB Sw Revision = 0
D/ ( 5524): [ACDB Command]->ACDB File Major = 3, ACDB File Minor = 0, ACDB File Revision = 2
D/ ( 5524): [ACDB Command]->SW Minor/Major/Revision version mismatch warning /etc/acdbdata/MTP/MTP_General_cal.acdb
D/ ( 5524): [ACDB Command]->ACDB Sw Major = 3, ACDB Sw Minor = 0, ACDB Sw Revision = 0
D/ ( 5524): [ACDB Command]->ACDB File Major = 3, ACDB File Minor = 0, ACDB File Revision = 2
D/ ( 5524): [ACDB Command]->SW Minor/Major/Revision version mismatch warning /etc/acdbdata/MTP/MTP_Global_cal.acdb
D/ ( 5524): [ACDB Command]->ACDB Sw Major = 3, ACDB Sw Minor = 0, ACDB Sw Revision = 0
D/ ( 5524): [ACDB Command]->ACDB File Major = 3, ACDB File Minor = 0, ACDB File Revision = 2
D/ ( 5524): [ACDB Command]->SW Minor/Major/Revision version mismatch warning /etc/acdbdata/MTP/MTP_Handset_cal.acdb
D/ ( 5524): [ACDB Command]->ACDB Sw Major = 3, ACDB Sw Minor = 0, ACDB Sw Revision = 0
D/ ( 5524): [ACDB Command]->ACDB File Major = 3, ACDB File Minor = 0, ACDB File Revision = 2
D/ ( 5524): [ACDB Command]->SW Minor/Major/Revision version mismatch warning /etc/acdbdata/MTP/MTP_Hdmi_cal.acdb
D/ ( 5524): [ACDB Command]->ACDB Sw Major = 3, ACDB Sw Minor = 0, ACDB Sw Revision = 0
D/ ( 5524): [ACDB Command]->ACDB File Major = 3, ACDB File Minor = 0, ACDB File Revision = 2
D/ ( 5524): [ACDB Command]->SW Minor/Major/Revision version mismatch warning /etc/acdbdata/MTP/MTP_Headset_cal.acdb
D/ ( 5524): [ACDB Command]->ACDB Sw Major = 3, ACDB Sw Minor = 0, ACDB Sw Revision = 0
D/ ( 5524): [ACDB Command]->ACDB File Major = 3, ACDB File Minor = 0, ACDB File Revision = 2
D/ ( 5524): [ACDB Command]->SW Minor/Major/Revision version mismatch warning /etc/acdbdata/MTP/MTP_Speaker_cal.acdb
D/ ( 5524): [ACDB Command]->ACDB Sw Major = 3, ACDB Sw Minor = 0, ACDB Sw Revision = 0
D/ ( 5524): [ACDB Command]->ACDB File Major = 3, ACDB File Minor = 0, ACDB File Revision = 2
D/ACDB-LOADER( 5524): ACDB -> ACPH INIT
D/ ( 5524): [ACPH]->Online service registered with ACPH
D/ ( 5524): [ACPH]->ACPH init success
D/ACDB-LOADER( 5524): ACDB -> RTAC INIT
D/ ( 5524): [ACPH]->DSP RTC service registered with ACPH
D/ACDB-LOADER( 5524): ACDB -> ADIE RTAC INIT
D/ ( 5524): [ACPH]->ADIE RTC service registered with ACPH
D/ACDB-LOADER( 5524): No existing ION info in ACDB driver
D/ACDB-LOADER( 5524): ACDB -> ION_IOC_ALLOC
D/ACDB-LOADER( 5524): ACDB -> ION_IOC_SHARE
D/ACDB-LOADER( 5524): ACDB -> MMAP ADDR
D/ACDB-LOADER( 5524): ACDB -> register MEM to ACDB driver: 0xb607e000
D/ACDB-LOADER( 5524): ACDB -> send_asm_topology
D/ACDB-LOADER( 5524): ACDB -> ACDB_CMD_GET_AUDPROC_STREAM_TOPOLOGY_ID
D/ACDB-LOADER( 5524): ACDB -> send_adm_custom_topology
D/ACDB-LOADER( 5524): ACDB -> ACDB_CMD_GET_AUDIO_COPP_TOPOLOGIES
D/ ( 5524): ACDBFILE_MGR: Property for the pid 00012E47 not found
D/ ( 5524): ACDB_COMMAND: Failed to fetch the property info for pid 00012E47
E/ACDB-LOADER( 5524): Error: ACDB get adm topologies returned = -18
D/ACDB-LOADER( 5524): ACDB -> AUDIO_SET_ADM_CUSTOM_TOPOLOGY
D/ACDB-LOADER( 5524): ACDB -> send_asm_custom_topology
D/ACDB-LOADER( 5524): ACDB -> ACDB_CMD_GET_AUDIO_POPP_TOPOLOGIES
D/ACDB-LOADER( 5524): ACDB -> AUDIO_SET_ASM_CUSTOM_TOPOLOGY
D/ACDB-LOADER( 5524): ACDB -> init done!
D/platform_parser( 5524): platform_info_init: Failed to open /system/etc/platform_info.xml, using defaults.
D/audio_hw_spkr_prot( 5524): audio_extn_spkr_prot_init: Initialize speaker protection module
D/audio_hw_spkr_prot( 5524): audio_extn_spkr_prot_init: Speaker protection disabled
E/msm8974_platform( 5524): hw_util_open Opening device /dev/snd/hwC0D1000
E/msm8974_platform( 5524): hw_util_open success
D/ACDB-LOADER( 5524): ACDB -> ACDB_CMD_GET_ANC_SETTING
D/ACDB-LOADER( 5524): ACDB -> ACDB_CMD_GET_ANC_SETTING
D/ACDB-LOADER( 5524): ACDB -> ACDB_CMD_GET_ANC_SETTING
D/ACDB-LOADER( 5524): ACDB -> ACDB_CMD_GET_ANC_SETTING
D/ACDB-LOADER( 5524): ACDB -> ACDB_CMD_GET_ANC_SETTING
D/ACDB-LOADER( 5524): ACDB -> ACDB_CMD_GET_ANC_SETTING
D/ACDB-LOADER( 5524): ACDB -> ACDB_CMD_GET_ANC_SETTING
E/msm8974_platform( 5524): send_codec_cal cal sent for anc_cal
E/ACDB-LOADER( 5524): ACDB -> send_codec_cal
D/ACDB-LOADER( 5524): ACDB -> ACDB_CMD_GET_CODEC_CAL_DATA
E/msm8974_platform( 5524): send_codec_cal cal sent for mad_cal
D/ACDB-LOADER( 5524): send mbhc data
D/ACDB-LOADER( 5524): ACDB -> MBHC ACDB_PID_GENERAL_CONFIG
D/ACDB-LOADER( 5524): ACDB -> MBHC ACDB_PID_PLUG_REMOVAL_DETECTION
D/ACDB-LOADER( 5524): ACDB -> MBHC ACDB_PID_PLUG_TYPE_DETECTION
D/ACDB-LOADER( 5524): ACDB -> MBHC ACDB_PID_BUTTON_PRESS_DETECTION
D/ACDB-LOADER( 5524): ACDB -> MBHC ACDB_PID_IMPEDANCE_DETECTION
E/msm8974_platform( 5524): send_codec_cal cal sent for mbhc_cal
I/AudioFlinger( 5524): loadHwModule() Loaded primary audio interface from QCOM Audio HAL (audio) handle 1
D/audio_hw_primary( 5524): adev_open_output_stream: enter: sample_rate(48000) channel_mask(0x3) devices(0x2) flags(0x2) stream_handle(0xb58809c0)
D/audio_hw_primary( 5524): adev_open_output_stream: Stream (0xb58809c0) picks up usecase (deep-buffer-playback)
I/AudioFlinger( 5524): HAL output buffer size 960 frames, normal sink buffer size 960 frames
I/AudioMixer( 5524): found effect "Multichannel Downmix To Stereo" from The Android Open Source Project
I/AudioFlinger( 5524): Using module 1 has the primary audio interface
I/AudioFlinger( 5524): AudioFlinger's thread 0xb59e5000 ready to run
E/AudioPolicyManager( 5524): unknown stream type 13
E/AudioPolicyManager( 5524): unknown stream type 13
E/AudioPolicyManager( 5524): unknown stream type 13
W/AudioFlinger( 5524): Thread AudioOut_2 cannot connect to the power manager service
D/audio_hw_primary( 5524): out_standby: enter: stream (0xb58809c0) usecase(0: deep-buffer-playback)
W/AudioFlinger( 5524): Thread AudioOut_2 cannot connect to the power manager service
D/audio_hw_primary( 5524): out_set_parameters: enter: usecase(0: deep-buffer-playback) kvpairs: routing=2
D/audio_hw_extn( 5524): audio_extn_set_anc_parameters: anc_enabled:0
W/AudioFlinger( 5524): Thread AudioOut_2 cannot connect to the power manager service
E/AudioFlinger( 5524): no wake lock to update!
D/audio_hw_primary( 5524): out_set_parameters: enter: usecase(0: deep-buffer-playback) kvpairs: fm_volume=0.0000000000
D/audio_hw_extn( 5524): audio_extn_set_anc_parameters: anc_enabled:0
D/audio_hw_fm( 5524): audio_extn_fm_set_parameters: set_fm_volume usecase
D/audio_hw_fm( 5524): fm_set_volume: (0.000000)
E/AudioPolicyManager( 5524): unknown stream type 13
D/audio_hw_primary( 5524): adev_open_output_stream: enter: sample_rate(48000) channel_mask(0x3) devices(0x2) flags(0x4) stream_handle(0xb5880b00)
D/audio_hw_primary( 5524): adev_open_output_stream: Stream (0xb5880b00) picks up usecase (low-latency-playback)
I/AudioFlinger( 5524): HAL output buffer size 240 frames, normal sink buffer size 960 frames
E/MonoPipe( 5524): Failed to fetch local time frequency when constructing a MonoPipe (res = -32). getNextWriteTimestamp calls will be non-functional
I/SamplingProfilerIntegration( 5522): Profiling disabled.
D/Zygote ( 5522): begin preload
I/Zygote ( 5522): Preloading classes...
I/art ( 5522): Explicit concurrent mark sweep GC freed 824(38KB) AllocSpace objects, 0(0B) LOS objects, 98% free, 52KB/4MB, paused 106us total 3.774ms
I/art ( 5522): Counter: 1
I/art ( 5522): Explicit concurrent mark sweep GC freed 96(4KB) AllocSpace objects, 0(0B) LOS objects, 98% free, 72KB/4MB, paused 106us total 2.636ms
I/DEBUG ( 663):
I/DEBUG ( 663): Tombstone written to: /data/tombstones/tombstone_05
I/art ( 5522): Explicit concurrent mark sweep GC freed 457(29KB) AllocSpace objects, 0(0B) LOS objects, 98% free, 72KB/4MB, paused 99us total 1.646ms
I/art ( 5522): Explicit concurrent mark sweep GC freed 5(160B) AllocSpace objects, 0(0B) LOS objects, 98% free, 72KB/4MB, paused 106us total 1.803ms
W/Zygote ( 5522): Class not found for preloading: android.app.ContextImpl$62
I/art ( 5522): Explicit concurrent mark sweep GC freed 633(41KB) AllocSpace objects, 0(0B) LOS objects, 98% free, 80KB/4MB, paused 107us total 3.112ms
I/art ( 5522): Explicit concurrent mark sweep GC freed 5(160B) AllocSpace objects, 0(0B) LOS objects, 98% free, 80KB/4MB, paused 103us total 1.711ms
I/art ( 5522): Explicit concurrent mark sweep GC freed 443(26KB) AllocSpace objects, 0(0B) LOS objects, 97% free, 110KB/4MB, paused 113us total 2.485ms
I/art ( 5522): Explicit concurrent mark sweep GC freed 25(1056B) AllocSpace objects, 0(0B) LOS objects, 97% free, 109KB/4MB, paused 104us total 1.850ms
E/Minikin ( 5522): addFont failed to create font /system/fonts/NanumGothic.ttf
E/Minikin ( 5522): addFont failed to create font /system/fonts/DroidSansFallback.ttf
I/art ( 5522): Explicit concurrent mark sweep GC freed 1773(128KB) AllocSpace objects, 0(0B) LOS objects, 97% free, 121KB/4MB, paused 103us total 2.626ms
I/art ( 5522): Explicit concurrent mark sweep GC freed 26(880B) AllocSpace objects, 0(0B) LOS objects, 97% free, 121KB/4MB, paused 101us total 1.849ms
I/art ( 5522): Explicit concurrent mark sweep GC freed 1910(91KB) AllocSpace objects, 0(0B) LOS objects, 96% free, 162KB/4MB, paused 112us total 3.445ms
I/art ( 5522): Explicit concurrent mark sweep GC freed 5(160B) AllocSpace objects, 0(0B) LOS objects, 96% free, 162KB/4MB, paused 106us total 1.945ms
I/art ( 5522): Explicit concurrent mark sweep GC freed 1975(87KB) AllocSpace objects, 0(0B) LOS objects, 95% free, 197KB/4MB, paused 110us total 3.170ms
I/art ( 5522): Explicit concurrent mark sweep GC freed 5(160B) AllocSpace objects, 0(0B) LOS objects, 95% free, 197KB/4MB, paused 101us total 1.931ms
I/art ( 5522): Explicit concurrent mark sweep GC freed 369(19KB) AllocSpace objects, 0(0B) LOS objects, 94% free, 230KB/4MB, paused 108us total 3.230ms
I/art ( 5522): Explicit concurrent mark sweep GC freed 5(160B) AllocSpace objects, 0(0B) LOS objects, 94% free, 230KB/4MB, paused 103us total 1.991ms
E/NetlinkListener( 3359): recvmsg failed (I/O error)
E/NetlinkListener( 5523): recvmsg failed (I/O error)
I/art ( 5522): Thread[1,tid=5522,WaitingForJniOnLoad,Thread*=0xb4827800,peer=0x12c411c0,"main"] recursive attempt to load library "/system/lib/libmedia_jni.so"
D/MtpDeviceJNI( 5522): register_android_mtp_MtpDevice
I/art ( 5522): Thread[1,tid=5522,WaitingForJniOnLoad,Thread*=0xb4827800,peer=0x12c411c0,"main"] recursive attempt to load library "/system/lib/libmedia_jni.so"
I/art ( 5522): Thread[1,tid=5522,WaitingForJniOnLoad,Thread*=0xb4827800,peer=0x12c411c0,"main"] recursive attempt to load library "/system/lib/libmedia_jni.so"
I/art ( 5522): Explicit concurrent mark sweep GC freed 748(43KB) AllocSpace objects, 0(0B) LOS objects, 94% free, 239KB/4MB, paused 105us total 3.044ms
I/art ( 5522): Explicit concurrent mark sweep GC freed 7(288B) AllocSpace objects, 0(0B) LOS objects, 94% free, 239KB/4MB, paused 103us total 2.122ms
I/art ( 5522): Explicit concurrent mark sweep GC freed 541(27KB) AllocSpace objects, 0(0B) LOS objects, 94% free, 260KB/4MB, paused 106us total 3.154ms
I/art ( 5522): Explicit concurrent mark sweep GC freed 5(160B) AllocSpace objects, 0(0B) LOS objects, 94% free, 260KB/4MB, paused 102us total 2.134ms
I/art ( 5522): Explicit concurrent mark sweep GC freed 641(35KB) AllocSpace objects, 0(0B) LOS objects, 93% free, 274KB/4MB, paused 113us total 3.442ms
I/art ( 5522): Explicit concurrent mark sweep GC freed 5(160B) AllocSpace objects, 0(0B) LOS objects, 93% free, 274KB/4MB, paused 103us total 2.183ms
I/art ( 5522): Explicit concurrent mark sweep GC freed 222(13KB) AllocSpace objects, 0(0B) LOS objects, 92% free, 312KB/4MB, paused 112us total 2.831ms
I/art ( 5522): Explicit concurrent mark sweep GC freed 5(160B) AllocSpace objects, 0(0B) LOS objects, 92% free, 312KB/4MB, paused 104us total 2.297ms
I/art ( 5522): Explicit concurrent mark sweep GC freed 1815(105KB) AllocSpace objects, 0(0B) LOS objects, 89% free, 462KB/4MB, paused 107us total 3.482ms
I/art ( 5522): Explicit concurrent mark sweep GC freed 5(160B) AllocSpace objects, 0(0B) LOS objects, 89% free, 462KB/4MB, paused 102us total 2.582ms
E/EmojiFactory_jni( 5522): Failed to load libemoji.so: dlopen failed: library "libemoji.so" not found
I/art ( 5522): Explicit concurrent mark sweep GC freed 356(45KB) AllocSpace objects, 0(0B) LOS objects, 84% free, 760KB/4MB, paused 105us total 4.961ms
I/art ( 5522): Explicit concurrent mark sweep GC freed 9(272B) AllocSpace objects, 0(0B) LOS objects, 84% free, 759KB/4MB, paused 105us total 3.458ms
I/art ( 5522): Explicit concurrent mark sweep GC freed 432(30KB) AllocSpace objects, 0(0B) LOS objects, 84% free, 778KB/4MB, paused 108us total 4.128ms
I/art ( 5522): Explicit concurrent mark sweep GC freed 5(160B) AllocSpace objects, 0(0B) LOS objects, 84% free, 778KB/4MB, paused 103us total 3.504ms
I/art ( 5522): Explicit concurrent mark sweep GC freed 787(49KB) AllocSpace objects, 0(0B) LOS objects, 84% free, 780KB/4MB, paused 108us total 3.765ms
I/art ( 5522): Explicit concurrent mark sweep GC freed 5(160B) AllocSpace objects, 0(0B) LOS objects, 84% free, 780KB/4MB, paused 106us total 3.514ms
I/art ( 5522): Explicit concurrent mark sweep GC freed 957(105KB) AllocSpace objects, 0(0B) LOS objects, 83% free, 822KB/4MB, paused 106us total 4.924ms
I/art ( 5522): Explicit concurrent mark sweep GC freed 37(1744B) AllocSpace objects, 0(0B) LOS objects, 83% free, 821KB/4MB, paused 114us total 3.764ms
I/art ( 5522): Explicit concurrent mark sweep GC freed 528(39KB) AllocSpace objects, 0(0B) LOS objects, 83% free, 830KB/4MB, paused 105us total 4.140ms
I/art ( 5522): Explicit concurrent mark sweep GC freed 5(160B) AllocSpace objects, 0(0B) LOS objects, 83% free, 830KB/4MB, paused 104us total 3.639ms
I/art ( 5522): Explicit concurrent mark sweep GC freed 360(25KB) AllocSpace objects, 0(0B) LOS objects, 82% free, 859KB/4MB, paused 107us total 3.754ms
I/art ( 5522): Explicit concurrent mark sweep GC freed 5(160B) AllocSpace objects, 0(0B) LOS objects, 82% free, 859KB/4MB, paused 101us total 3.600ms
I/art ( 5522): Explicit concurrent mark sweep GC freed 10831(530KB) AllocSpace objects, 0(0B) LOS objects, 76% free, 1238KB/5MB, paused 125us total 6.192ms
I/art ( 5522): Explicit concurrent mark sweep GC freed 11(432B) AllocSpace objects, 0(0B) LOS objects, 76% free, 1238KB/5MB, paused 113us total 4.673ms
I/art ( 5522): Explicit concurrent mark sweep GC freed 570(33KB) AllocSpace objects, 0(0B) LOS objects, 76% free, 1254KB/5MB, paused 117us total 5.054ms
I/art ( 5522): Explicit concurrent mark sweep GC freed 5(160B) AllocSpace objects, 0(0B) LOS objects, 76% free, 1254KB/5MB, paused 111us total 5.180ms
I/art ( 5522): Explicit concurrent mark sweep GC freed 739(45KB) AllocSpace objects, 0(0B) LOS objects, 76% free, 1257KB/5MB, paused 121us total 4.911ms
I/art ( 5522): Explicit concurrent mark sweep GC freed 5(160B) AllocSpace objects, 0(0B) LOS objects, 76% free, 1257KB/5MB, paused 120us total 4.592ms
I/System ( 5522): Loaded time zone names for "" in 53ms (48ms in ICU)
I/System ( 5522): Loaded time zone names for "en_US" in 35ms (30ms in ICU)
I/art ( 5522): Explicit concurrent mark sweep GC freed 2343(178KB) AllocSpace objects, 0(0B) LOS objects, 74% free, 1416KB/5MB, paused 120us total 5.631ms
I/art ( 5522): Explicit concurrent mark sweep GC freed 5(160B) AllocSpace objects, 0(0B) LOS objects, 74% free, 1416KB/5MB, paused 113us total 5.340ms
I/art ( 5522): Explicit concurrent mark sweep GC freed 136(12KB) AllocSpace objects, 0(0B) LOS objects, 73% free, 1481KB/5MB, paused 116us total 5.016ms
I/art ( 5522): Explicit concurrent mark sweep GC freed 5(160B) AllocSpace objects, 0(0B) LOS objects, 73% free, 1481KB/5MB, paused 109us total 4.948ms
I/art ( 5522): Explicit concurrent mark sweep GC freed 286(24KB) AllocSpace objects, 0(0B) LOS objects, 72% free, 1526KB/5MB, paused 113us total 5.545ms
I/art ( 5522): Explicit concurrent mark sweep GC freed 13(416B) AllocSpace objects, 0(0B) LOS objects, 72% free, 1526KB/5MB, paused 111us total 4.969ms
I/art ( 5522): Explicit concurrent mark sweep GC freed 667(47KB) AllocSpace objects, 0(0B) LOS objects, 72% free, 1528KB/5MB, paused 111us total 5.607ms
I/art ( 5522): Explicit concurrent mark sweep GC freed 25(800B) AllocSpace objects, 0(0B) LOS objects, 72% free, 1527KB/5MB, paused 110us total 4.904ms
I/Zygote ( 5522): ...preloaded 3004 classes in 716ms.
I/art ( 5522): VMRuntime.preloadDexCaches starting
I/ServiceManager( 5520): Waiting for service batterystats...
I/art ( 5522): VMRuntime.preloadDexCaches strings total=223573 before=41006 after=41006
I/art ( 5522): VMRuntime.preloadDexCaches types total=19030 before=6653 after=6697
I/art ( 5522): VMRuntime.preloadDexCaches fields total=88636 before=32658 after=33035
I/art ( 5522): VMRuntime.preloadDexCaches methods total=156114 before=67685 after=68621
I/art ( 5522): VMRuntime.preloadDexCaches finished
I/art ( 5522): Counter: 0
I/art ( 5522): Counter: 1
I/art ( 5522): Explicit concurrent mark sweep GC freed 41(15KB) AllocSpace objects, 0(0B) LOS objects, 73% free, 1514KB/5MB, paused 111us total 6.698ms
D/idmap ( 5611): error: no read access to /vendor/overlay: No such file or directory
I/Zygote ( 5522): Preloading resources...
W/Resources( 5522): Preloaded drawable resource #0x1080096 (android:drawable/toast_frame) that varies with configuration!!
W/Resources( 5522): Preloaded drawable resource #0x108010d (android:drawable/btn_check_on_pressed_holo_light) that varies with configuration!!
W/Resources( 5522): Preloaded drawable resource #0x108010c (android:drawable/btn_check_on_pressed_holo_dark) that varies with configuration!!
W/Resources( 5522): Preloaded drawable resource #0x108010a (android:drawable/btn_check_on_holo_light) that varies with configuration!!
W/Resources( 5522): Preloaded drawable resource #0x1080109 (android:drawable/btn_check_on_holo_dark) that varies with configuration!!
W/Resources( 5522): Preloaded drawable resource #0x1080107 (android:drawable/btn_check_on_focused_holo_light) that varies with configuration!!
W/Resources( 5522): Preloaded drawable resource #0x1080106 (android:drawable/btn_check_on_focused_holo_dark) that varies with configuration!!
W/Resources( 5522): Preloaded drawable resource #0x1080105 (android:drawable/btn_check_on_disabled_holo_light) that varies with configuration!!
W/Resources( 5522): Preloaded drawable resource #0x1080104 (android:drawable/btn_check_on_disabled_holo_dark) that varies with configuration!!
W/Resources( 5522): Preloaded drawable resource #0x1080103 (android:drawable/btn_check_on_disabled_focused_holo_light) that varies with configuration!!
W/Resources( 5522): Preloaded drawable resource #0x1080102 (android:drawable/btn_check_on_disabled_focused_holo_dark) that varies with configuration!!
W/Resources( 5522): Preloaded drawable resource #0x10800fa (android:drawable/btn_check_off_pressed_holo_light) that varies with configuration!!
W/Resources( 5522): Preloaded drawable resource #0x10800f9 (android:drawable/btn_check_off_pressed_holo_dark) that varies with configuration!!
W/Resources( 5522): Preloaded drawable resource #0x10800f5 (android:drawable/btn_check_off_holo_light) that varies with configuration!!
W/Resources( 5522): Preloaded drawable resource #0x10800f4 (android:drawable/btn_check_off_holo_dark) that varies with configuration!!
W/Resources( 5522): Preloaded drawable resource #0x10800f2 (android:drawable/btn_check_off_focused_holo_light) that varies with configuration!!
W/Resources( 5522): Preloaded drawable resource #0x10800f1 (android:drawable/btn_check_off_focused_holo_dark) that varies with configuration!!
W/Resources( 5522): Preloaded drawable resource #0x10800f0 (android:drawable/btn_check_off_disabled_holo_light) that varies with configuration!!
W/Resources( 5522): Preloaded drawable resource #0x10800ef (android:drawable/btn_check_off_disabled_holo_dark) that varies with configuration!!
W/Resources( 5522): Preloaded drawable resource #0x10800ee (android:drawable/btn_check_off_disabled_focused_holo_light) that varies with configuration!!
W/Resources( 5522): Preloaded drawable resource #0x10800ed (android:drawable/btn_check_off_disabled_focused_holo_dark) that varies with configuration!!
W/Resources( 5522): Preloaded drawable resource #0x108010a (android:drawable/btn_check_on_holo_light) that varies with configuration!!
W/Resources( 5522): Preloaded drawable resource #0x10800f5 (android:drawable/btn_check_off_holo_light) that varies with configuration!!
W/Resources( 5522): Preloaded drawable resource #0x108010d (android:drawable/btn_check_on_pressed_holo_light) that varies with configuration!!
W/Resources( 5522): Preloaded drawable resource #0x10800fa (android:drawable/btn_check_off_pressed_holo_light) that varies with configuration!!
W/Resources( 5522): Preloaded drawable resource #0x1080107 (android:drawable/btn_check_on_focused_holo_light) that varies with configuration!!
W/Resources( 5522): Preloaded drawable resource #0x10800f2 (android:drawable/btn_check_off_focused_holo_light) that varies with configuration!!
W/Resources( 5522): Preloaded drawable resource #0x10800f5 (android:drawable/btn_check_off_holo_light) that varies with configuration!!
W/Resources( 5522): Preloaded drawable resource #0x108010a (android:drawable/btn_check_on_holo_light) that varies with configuration!!
W/Resources( 5522): Preloaded drawable resource #0x1080105 (android:drawable/btn_check_on_disabled_holo_light) that varies with configuration!!
W/Resources( 5522): Preloaded drawable resource #0x10800f0 (android:drawable/btn_check_off_disabled_holo_light) that varies with configuration!!
W/Resources( 5522): Preloaded drawable resource #0x1080103 (android:drawable/btn_check_on_disabled_focused_holo_light) that varies with configuration!!
W/Resources( 5522): Preloaded drawable resource #0x10800ee (android:drawable/btn_check_off_disabled_focused_holo_light) that varies with configuration!!
W/Resources( 5522): Preloaded drawable resource #0x10800f0 (android:drawable/btn_check_off_disabled_holo_light) that varies with configuration!!
W/Resources( 5522): Preloaded drawable resource #0x1080105 (android:drawable/btn_check_on_disabled_holo_light) that varies with configuration!!
W/Resources( 5522): Preloaded drawable resource #0x10800e3 (android:drawable/btn_check_holo_light) that varies with configuration!!
W/Resources( 5522): Preloaded drawable resource #0x1080109 (android:drawable/btn_check_on_holo_dark) that varies with configuration!!
W/Resources( 5522): Preloaded drawable resource #0x10800f4 (android:drawable/btn_check_off_holo_dark) that varies with configuration!!
W/Resources( 5522): Preloaded drawable resource #0x108010c (android:drawable/btn_check_on_pressed_holo_dark) that varies with configuration!!
W/Resources( 5522): Preloaded drawable resource #0x10800f9 (android:drawable/btn_check_off_pressed_holo_dark) that varies with configuration!!
W/Resources( 5522): Preloaded drawable resource #0x1080106 (android:drawable/btn_check_on_focused_holo_dark) that varies with configuration!!
W/Resources( 5522): Preloaded drawable resource #0x10800f1 (android:drawable/btn_check_off_focused_holo_dark) that varies with configuration!!
W/Resources( 5522): Preloaded drawable resource #0x10800f4 (android:drawable/btn_check_off_holo_dark) that varies with configuration!!
W/Resources( 5522): Preloaded drawable resource #0x1080109 (android:drawable/btn_check_on_holo_dark) that varies with configuration!!
W/Resources( 5522): Preloaded drawable resource #0x1080104 (android:drawable/btn_check_on_disabled_holo_dark) that varies with configuration!!
W/Resources( 5522): Preloaded drawable resource #0x10800ef (android:drawable/btn_check_off_disabled_holo_dark) that varies with configuration!!
W/Resources( 5522): Preloaded drawable resource #0x1080102 (android:drawable/btn_check_on_disabled_focused_holo_dark) that varies with configuration!!
W/Resources( 5522): Preloaded drawable resource #0x10800ed (android:drawable/btn_check_off_disabled_focused_holo_dark) that varies with configuration!!
W/Resources( 5522): Preloaded drawable resource #0x10800ef (android:drawable/btn_check_off_disabled_holo_dark) that varies with configuration!!
W/Resources( 5522): Preloaded drawable resource #0x1080104 (android:drawable/btn_check_on_disabled_holo_dark) that varies with configuration!!
W/Resources( 5522): Preloaded drawable resource #0x10800e2 (android:drawable/btn_check_holo_dark) that varies with configuration!!
W/Resources( 5522): Preloaded drawable resource #0x10801bd (android:drawable/btn_radio_on_pressed_holo_light) that varies with configuration!!
W/Resources( 5522): Preloaded drawable resource #0x10801bc (android:drawable/btn_radio_on_pressed_holo_dark) that varies with configuration!!
W/Resources( 5522): Preloaded drawable resource #0x10801b9 (android:drawable/btn_radio_on_holo_light) that varies with configuration!!
W/Resources( 5522): Preloaded drawable resource #0x10801b8 (android:drawable/btn_radio_on_holo_dark) that varies with configuration!!
W/Resources( 5522): Preloaded drawable resource #0x10801b6 (android:drawable/btn_radio_on_focused_holo_light) that varies with configuration!!
W/Resources( 5522): Preloaded drawable resource #0x10801b5 (android:drawable/btn_radio_on_focused_holo_dark) that varies with configuration!!
W/Resources( 5522): Preloaded drawable resource #0x10801b4 (android:drawable/btn_radio_on_disabled_holo_light) that varies with configuration!!
W/Resources( 5522): Preloaded drawable resource #0x10801b3 (android:drawable/btn_radio_on_disabled_holo_dark) that varies with configuration!!
W/Resources( 5522): Preloaded drawable resource #0x10801b2 (android:drawable/btn_radio_on_disabled_focused_holo_light) that varies with configuration!!
W/Resources( 5522): Preloaded drawable resource #0x10801b1 (android:drawable/btn_radio_on_disabled_focused_holo_dark) that varies with configuration!!
W/Resources( 5522): Preloaded drawable resource #0x10801ae (android:drawable/btn_radio_off_pressed_holo_light) that varies with configuration!!
W/Resources( 5522): Preloaded drawable resource #0x10801ad (android:drawable/btn_radio_off_pressed_holo_dark) that varies with configuration!!
W/Resources( 5522): Preloaded drawable resource #0x10801ab (android:drawable/btn_radio_off_holo_light) that varies with configuration!!
W/Resources( 5522): Preloaded drawable resource #0x10801aa (android:drawable/btn_radio_off_holo_dark) that varies with configuration!!
W/Resources( 5522): Preloaded drawable resource #0x10801a8 (android:drawable/btn_radio_off_focused_holo_light) that varies with configuration!!
W/Resources( 5522): Preloaded drawable resource #0x10801a7 (android:drawable/btn_radio_off_focused_holo_dark) that varies with configuration!!
W/Resources( 5522): Preloaded drawable resource #0x10801a6 (android:drawable/btn_radio_off_disabled_holo_light) that varies with configuration!!
W/Resources( 5522): Preloaded drawable resource #0x10801a5 (android:drawable/btn_radio_off_disabled_holo_dark) that varies with configuration!!
W/Resources( 5522): Preloaded drawable resource #0x10801a4 (android:drawable/btn_radio_off_disabled_focused_holo_light) that varies with configuration!!
W/Resources( 5522): Preloaded drawable resource #0x10801a3 (android:drawable/btn_radio_off_disabled_focused_holo_dark) that varies with configuration!!
W/Resources( 5522): Preloaded drawable resource #0x108014e (android:drawable/btn_default_pressed_holo_light) that varies with configuration!!
W/Resources( 5522): Preloaded drawable resource #0x108014d (android:drawable/btn_default_pressed_holo_dark) that varies with configuration!!
W/Resources( 5522): Preloaded drawable resource #0x108014a (android:drawable/btn_default_normal_holo_light) that varies with configuration!!
W/Resources( 5522): Preloaded drawable resource #0x1080149 (android:drawable/btn_default_normal_holo_dark) that varies with configuration!!
W/Resources( 5522): Preloaded drawable resource #0x1080140 (android:drawable/btn_default_focused_holo_light) that varies with configuration!!
W/Resources( 5522): Preloaded drawable resource #0x108013f (android:drawable/btn_default_focused_holo_dark) that varies with configuration!!
W/Resources( 5522): Preloaded drawable resource #0x108013d (android:drawable/btn_default_disabled_holo_light) that varies with configuration!!
W/Resources( 5522): Preloaded drawable resource #0x108013c (android:drawable/btn_default_disabled_holo_dark) that varies with configuration!!
W/Resources( 5522): Preloaded drawable resource #0x108013a (android:drawable/btn_default_disabled_focused_holo_light) that varies with configuration!!
W/Resources( 5522): Preloaded drawable resource #0x1080139 (android:drawable/btn_default_disabled_focused_holo_dark) that varies with configuration!!
W/Resources( 5522): Preloaded drawable resource #0x1080149 (android:drawable/btn_default_normal_holo_dark) that varies with configuration!!
W/Resources( 5522): Preloaded drawable resource #0x108013c (android:drawable/btn_default_disabled_holo_dark) that varies with configuration!!
W/Resources( 5522): Preloaded drawable resource #0x108014d (android:drawable/btn_default_pressed_holo_dark) that varies with configuration!!
W/Resources( 5522): Preloaded drawable resource #0x108013f (android:drawable/btn_default_focused_holo_dark) that varies with configuration!!
W/Resources( 5522): Preloaded drawable resource #0x1080149 (android:drawable/btn_default_normal_holo_dark) that varies with configuration!!
W/Resources( 5522): Preloaded drawable resource #0x1080139 (android:drawable/btn_default_disabled_focused_holo_dark) that varies with configuration!!
W/Resources( 5522): Preloaded drawable resource #0x108013c (android:drawable/btn_default_disabled_holo_dark) that varies with configuration!!
W/Resources( 5522): Preloaded drawable resource #0x1080141 (android:drawable/btn_default_holo_dark) that varies with configuration!!
W/Resources( 5522): Preloaded drawable resource #0x108014a (android:drawable/btn_default_normal_holo_light) that varies with configuration!!
W/Resources( 5522): Preloaded drawable resource #0x108013d (android:drawable/btn_default_disabled_holo_light) that varies with configuration!!
W/Resources( 5522): Preloaded drawable resource #0x108014e (android:drawable/btn_default_pressed_holo_light) that varies with configuration!!
W/Resources( 5522): Preloaded drawable resource #0x1080140 (android:drawable/btn_default_focused_holo_light) that varies with configuration!!
W/Resources( 5522): Preloaded drawable resource #0x108014a (android:drawable/btn_default_normal_holo_light) that varies with configuration!!
W/Resources( 5522): Preloaded drawable resource #0x108013a (android:drawable/btn_default_disabled_focused_holo_light) that varies with configuration!!
W/Resources( 5522): Preloaded drawable resource #0x108013d (android:drawable/btn_default_disabled_holo_light) that varies with configuration!!
W/Resources( 5522): Preloaded drawable resource #0x1080142 (android:drawable/btn_default_holo_light) that varies with configuration!!
W/Resources( 5522): Preloaded drawable resource #0x108021e (android:drawable/btn_star_off_normal_holo_light) that varies with configuration!!
W/Resources( 5522): Preloaded drawable resource #0x1080228 (android:drawable/btn_star_on_normal_holo_light) that varies with configuration!!
W/Resources( 5522): Preloaded drawable resource #0x1080224 (android:drawable/btn_star_on_disabled_holo_light) that varies with configuration!!
W/Resources( 5522): Preloaded drawable resource #0x108021a (android:drawable/btn_star_off_disabled_holo_light) that varies with configuration!!
W/Resources( 5522): Preloaded drawable resource #0x108022a (android:drawable/btn_star_on_pressed_holo_light) that varies with configuration!!
W/Resources( 5522): Preloaded drawable resource #0x1080220 (android:drawable/btn_star_off_pressed_holo_light) that varies with configuration!!
W/Resources( 5522): Preloaded drawable resource #0x1080226 (android:drawable/btn_star_on_focused_holo_light) that varies with configuration!!
W/Resources( 5522): Preloaded drawable resource #0x108021c (android:drawable/btn_star_off_focused_holo_light) that varies with configuration!!
W/Resources( 5522): Preloaded drawable resource #0x1080222 (android:drawable/btn_star_on_disabled_focused_holo_light) that varies with configuration!!
W/Resources( 5522): Preloaded drawable resource #0x1080218 (android:drawable/btn_star_off_disabled_focused_holo_light) that varies with configuration!!
W/Resources( 5522): Preloaded drawable resource #0x108021e (android:drawable/btn_star_off_normal_holo_light) that varies with configuration!!
W/Resources( 5522): Preloaded drawable resource #0x1080228 (android:drawable/btn_star_on_normal_holo_light) that varies with configuration!!
W/Resources( 5522): Preloaded drawable resource #0x1080224 (android:drawable/btn_star_on_disabled_holo_light) that varies with configuration!!
W/Resources( 5522): Preloaded drawable resource #0x108021a (android:drawable/btn_star_off_disabled_holo_light) that varies with configuration!!
W/Resources( 5522): Preloaded drawable resource #0x108022a (android:drawable/btn_star_on_pressed_holo_light) that varies with configuration!!
W/Resources( 5522): Preloaded drawable resource #0x1080220 (android:drawable/btn_star_off_pressed_holo_light) that varies with configuration!!
W/Resources( 5522): Preloaded drawable resource #0x1080226 (android:drawable/btn_star_on_focused_holo_light) that varies with configuration!!
W/Resources( 5522): Preloaded drawable resource #0x108021c (android:drawable/btn_star_off_focused_holo_light) that varies with configuration!!
W/Resources( 5522): Preloaded drawable resource #0x1080222 (android:drawable/btn_star_on_disabled_focused_holo_light) that varies with configuration!!
W/Resources( 5522): Preloaded drawable resource #0x1080224 (android:drawable/btn_star_on_disabled_holo_light) that varies with configuration!!
W/Resources( 5522): Preloaded drawable resource #0x1080218 (android:drawable/btn_star_off_disabled_focused_holo_light) that varies with configuration!!
W/Resources( 5522): Preloaded drawable resource #0x108021a (android:drawable/btn_star_off_disabled_holo_light) that varies with configuration!!
W/Resources( 5522): Preloaded drawable resource #0x108021e (android:drawable/btn_star_off_normal_holo_light) that varies with configuration!!
W/Resources( 5522): Preloaded drawable resource #0x1080228 (android:drawable/btn_star_on_normal_holo_light) that varies with configuration!!
W/Resources( 5522): Preloaded drawable resource #0x1080213 (android:drawable/btn_star_holo_light) that varies with configuration!!
W/Resources( 5522): Preloaded drawable resource #0x108021d (android:drawable/btn_star_off_normal_holo_dark) that varies with configuration!!
W/Resources( 5522): Preloaded drawable resource #0x1080227 (android:drawable/btn_star_on_normal_holo_dark) that varies with configuration!!
W/Resources( 5522): Preloaded drawable resource #0x1080223 (android:drawable/btn_star_on_disabled_holo_dark) that varies with configuration!!
W/Resources( 5522): Preloaded drawable resource #0x1080219 (android:drawable/btn_star_off_disabled_holo_dark) that varies with configuration!!
W/Resources( 5522): Preloaded drawable resource #0x1080229 (android:drawable/btn_star_on_pressed_holo_dark) that varies with configuration!!
W/Resources( 5522): Preloaded drawable resource #0x108021f (android:drawable/btn_star_off_pressed_holo_dark) that varies with configuration!!
W/Resources( 5522): Preloaded drawable resource #0x1080225 (android:drawable/btn_star_on_focused_holo_dark) that varies with configuration!!
W/Resources( 5522): Preloaded drawable resource #0x108021b (android:drawable/btn_star_off_focused_holo_dark) that varies with configuration!!
W/Resources( 5522): Preloaded drawable resource #0x1080221 (android:drawable/btn_star_on_disabled_focused_holo_dark) that varies with configuration!!
W/Resources( 5522): Preloaded drawable resource #0x1080217 (android:drawable/btn_star_off_disabled_focused_holo_dark) that varies with configuration!!
W/Resources( 5522): Preloaded drawable resource #0x108021d (android:drawable/btn_star_off_normal_holo_dark) that varies with configuration!!
W/Resources( 5522): Preloaded drawable resource #0x1080227 (android:drawable/btn_star_on_normal_holo_dark) that varies with configuration!!
W/Resources( 5522): Preloaded drawable resource #0x1080223 (android:drawable/btn_star_on_disabled_holo_dark) that varies with configuration!!
W/Resources( 5522): Preloaded drawable resource #0x1080219 (android:drawable/btn_star_off_disabled_holo_dark) that varies with configuration!!
W/Resources( 5522): Preloaded drawable resource #0x1080229 (android:drawable/btn_star_on_pressed_holo_dark) that varies with configuration!!
W/Resources( 5522): Preloaded drawable resource #0x108021f (android:drawable/btn_star_off_pressed_holo_dark) that varies with configuration!!
W/Resources( 5522): Preloaded drawable resource #0x1080225 (android:drawable/btn_star_on_focused_holo_dark) that varies with configuration!!
W/Resources( 5522): Preloaded drawable resource #0x108021b (android:drawable/btn_star_off_focused_holo_dark) that varies with configuration!!
W/Resources( 5522): Preloaded drawable resource #0x1080221 (android:drawable/btn_star_on_disabled_focused_holo_dark) that varies with configuration!!
W/Resources( 5522): Preloaded drawable resource #0x1080223 (android:drawable/btn_star_on_disabled_holo_dark) that varies with configuration!!
W/Resources( 5522): Preloaded drawable resource #0x1080217 (android:drawable/btn_star_off_disabled_focused_holo_dark) that varies with configuration!!
W/Resources( 5522): Preloaded drawable resource #0x1080219 (android:drawable/btn_star_off_disabled_holo_dark) that varies with configuration!!
W/Resources( 5522): Preloaded drawable resource #0x108021d (android:drawable/btn_star_off_normal_holo_dark) that varies with configuration!!
W/Resources( 5522): Preloaded drawable resource #0x1080227 (android:drawable/btn_star_on_normal_holo_dark) that varies with configuration!!
W/Resources( 5522): Preloaded drawable resource #0x1080212 (android:drawable/btn_star_holo_dark) that varies with configuration!!
W/Resources( 5522): Preloaded drawable resource #0x108025e (android:drawable/btn_toggle_on_pressed_holo_light) that varies with configuration!!
W/Resources( 5522): Preloaded drawable resource #0x108025d (android:drawable/btn_toggle_on_pressed_holo_dark) that varies with configuration!!
W/Resources( 5522): Preloaded drawable resource #0x108025c (android:drawable/btn_toggle_on_normal_holo_light) that varies with configuration!!
W/Resources( 5522): Preloaded drawable resource #0x108025b (android:drawable/btn_toggle_on_normal_holo_dark) that varies with configuration!!
W/Resources( 5522): Preloaded drawable resource #0x108025a (android:drawable/btn_toggle_on_focused_holo_light) that varies with configuration!!
W/Resources( 5522): Preloaded drawable resource #0x1080259 (android:drawable/btn_toggle_on_focused_holo_dark) that varies with configuration!!
W/Resources( 5522): Preloaded drawable resource #0x1080258 (android:drawable/btn_toggle_on_disabled_holo_light) that varies with configuration!!
W/Resources( 5522): Preloaded drawable resource #0x1080257 (android:drawable/btn_toggle_on_disabled_holo_dark) that varies with configuration!!
W/Resources( 5522): Preloaded drawable resource #0x1080256 (android:drawable/btn_toggle_on_disabled_focused_holo_light) that varies with configuration!!
W/Resources( 5522): Preloaded drawable resource #0x1080255 (android:drawable/btn_toggle_on_disabled_focused_holo_dark) that varies with configuration!!
W/Resources( 5522): Preloaded drawable resource #0x1080253 (android:drawable/btn_toggle_off_pressed_holo_light) that varies with configuration!!
W/Resources( 5522): Preloaded drawable resource #0x1080252 (android:drawable/btn_toggle_off_pressed_holo_dark) that varies with configuration!!
W/Resources( 5522): Preloaded drawable resource #0x1080251 (android:drawable/btn_toggle_off_normal_holo_light) that varies with configuration!!
W/Resources( 5522): Preloaded drawable resource #0x1080250 (android:drawable/btn_toggle_off_normal_holo_dark) that varies with configuration!!
W/Resources( 5522): Preloaded drawable resource #0x108024f (android:drawable/btn_toggle_off_focused_holo_light) that varies with configuration!!
W/Resources( 5522): Preloaded drawable resource #0x108024e (android:drawable/btn_toggle_off_focused_holo_dark) that varies with configuration!!
W/Resources( 5522): Preloaded drawable resource #0x108024d (android:drawable/btn_toggle_off_disabled_holo_light) that varies with configuration!!
W/Resources( 5522): Preloaded drawable resource #0x108024c (android:drawable/btn_toggle_off_disabled_holo_dark) that varies with configuration!!
W/Resources( 5522): Preloaded drawable resource #0x108024b (android:drawable/btn_toggle_off_disabled_focused_holo_light) that varies with configuration!!
W/Resources( 5522): Preloaded drawable resource #0x108024a (android:drawable/btn_toggle_off_disabled_focused_holo_dark) that varies with configuration!!
W/Resources( 5522): Preloaded drawable resource #0x108025c (android:drawable/btn_toggle_on_normal_holo_light) that varies with configuration!!
W/Resources( 5522): Preloaded drawable resource #0x1080258 (android:drawable/btn_toggle_on_disabled_holo_light) that varies with configuration!!
W/Resources( 5522): Preloaded drawable resource #0x108025e (android:drawable/btn_toggle_on_pressed_holo_light) that varies with configuration!!
W/Resources( 5522): Preloaded drawable resource #0x108025a (android:drawable/btn_toggle_on_focused_holo_light) that varies with configuration!!
W/Resources( 5522): Preloaded drawable resource #0x108025c (android:drawable/btn_toggle_on_normal_holo_light) that varies with configuration!!
W/Resources( 5522): Preloaded drawable resource #0x1080256 (android:drawable/btn_toggle_on_disabled_focused_holo_light) that varies with configuration!!
W/Resources( 5522): Preloaded drawable resource #0x1080258 (android:drawable/btn_toggle_on_disabled_holo_light) that varies with configuration!!
W/Resources( 5522): Preloaded drawable resource #0x1080251 (android:drawable/btn_toggle_off_normal_holo_light) that varies with configuration!!
W/Resources( 5522): Preloaded drawable resource #0x108024d (android:drawable/btn_toggle_off_disabled_holo_light) that varies with configuration!!
W/Resources( 5522): Preloaded drawable resource #0x1080253 (android:drawable/btn_toggle_off_pressed_holo_light) that varies with configuration!!
