E/art ( 4402): DexFile_isDexOptNeeded file '/system/framework/com.google.android.media.effects.jar' does not exist
W/PackageManager( 4402): Library not found: /system/framework/com.google.android.media.effects.jar
E/NetlinkListener( 4235): recvmsg failed (I/O error)
E/NetlinkListener( 3359): recvmsg failed (I/O error)
I/dex2oat ( 4559): /system/bin/dex2oat --zip-fd=5 --zip-location=/system/framework/com.android.location.provider.jar --oat-fd=6 --oat-location=/data/dalvik-cache/arm/system@framework@com.android.location.provider.jar@classes.dex --instruction-set=arm --instruction-set-features=div --runtime-arg -Xms64m --runtime-arg -Xmx512m --swap-fd=10
I/dex2oat ( 4559): Decided to run without swap.
I/dex2oat ( 4559): dex2oat took 77.570ms (threads: 4) arena alloc=122KB java alloc=73KB native alloc=1282KB free=6MB
I/dex2oat ( 4567): /system/bin/dex2oat --zip-fd=5 --zip-location=/system/framework/cneapiclient.jar --oat-fd=6 --oat-location=/data/dalvik-cache/arm/system@framework@cneapiclient.jar@classes.dex --instruction-set=arm --instruction-set-features=div --runtime-arg -Xms64m --runtime-arg -Xmx512m --swap-fd=10
I/dex2oat ( 4567): Decided to run without swap.
I/dex2oat ( 4567): dex2oat took 53.992ms (threads: 4) arena alloc=97KB java alloc=24KB native alloc=998KB free=7MB
I/dex2oat ( 4572): /system/bin/dex2oat --zip-fd=5 --zip-location=/system/framework/DigitalPenService.jar --oat-fd=6 --oat-location=/data/dalvik-cache/arm/system@framework@DigitalPenService.jar@classes.dex --instruction-set=arm --instruction-set-features=div --runtime-arg -Xms64m --runtime-arg -Xmx512m --swap-fd=10
I/dex2oat ( 4572): Decided to run without swap.
E/NetlinkListener( 4235): recvmsg failed (I/O error)
E/NetlinkListener( 3359): recvmsg failed (I/O error)
E/NetlinkListener( 4235): recvmsg failed (I/O error)
E/NetlinkListener( 3359): recvmsg failed (I/O error)
I/dex2oat ( 4572): dex2oat took 608.317ms (threads: 4) arena alloc=90KB java alloc=694KB native alloc=2MB free=5MB
I/dex2oat ( 4588): /system/bin/dex2oat --zip-fd=5 --zip-location=/system/framework/com.android.future.usb.accessory.jar --oat-fd=6 --oat-location=/data/dalvik-cache/arm/system@framework@com.android.future.usb.accessory.jar@classes.dex --instruction-set=arm --instruction-set-features=div --runtime-arg -Xms64m --runtime-arg -Xmx512m --swap-fd=10
I/dex2oat ( 4588): Decided to run without swap.
I/dex2oat ( 4588): dex2oat took 55.891ms (threads: 4) arena alloc=56KB java alloc=11KB native alloc=858KB free=7MB
E/NetlinkListener( 4235): recvmsg failed (I/O error)
E/NetlinkListener( 3359): recvmsg failed (I/O error)
I/dex2oat ( 4596): /system/bin/dex2oat --zip-fd=5 --zip-location=/system/framework/javax.obex.jar --oat-fd=6 --oat-location=/data/dalvik-cache/arm/system@framework@javax.obex.jar@classes.dex --instruction-set=arm --instruction-set-features=div --runtime-arg -Xms64m --runtime-arg -Xmx512m --swap-fd=10
E/NetlinkListener( 4235): recvmsg failed (I/O error)
I/dex2oat ( 4596): Decided to run without swap.
E/NetlinkListener( 3359): recvmsg failed (I/O error)
I/dex2oat ( 4596): dex2oat took 120.467ms (threads: 4) arena alloc=651KB java alloc=39KB native alloc=1749KB free=6MB
I/dex2oat ( 4607): /system/bin/dex2oat --zip-fd=5 --zip-location=/system/framework/javax.btobex.jar --oat-fd=6 --oat-location=/data/dalvik-cache/arm/system@framework@javax.btobex.jar@classes.dex --instruction-set=arm --instruction-set-features=div --runtime-arg -Xms64m --runtime-arg -Xmx512m --swap-fd=10
I/dex2oat ( 4607): Decided to run without swap.
I/dex2oat ( 4607): dex2oat took 130.071ms (threads: 4) arena alloc=680KB java alloc=47KB native alloc=2MB free=5MB
I/dex2oat ( 4612): /system/bin/dex2oat --zip-fd=5 --zip-location=/system/framework/imscmlibrary.jar --oat-fd=6 --oat-location=/data/dalvik-cache/arm/system@framework@imscmlibrary.jar@classes.dex --instruction-set=arm --instruction-set-features=div --runtime-arg -Xms64m --runtime-arg -Xmx512m --swap-fd=10
I/dex2oat ( 4612): Decided to run without swap.
I/dex2oat ( 4612): dex2oat took 32.155ms (threads: 4) arena alloc=94KB java alloc=7KB native alloc=1367KB free=6MB
I/dex2oat ( 4617): /system/bin/dex2oat --zip-fd=5 --zip-location=/system/framework/qcrilhook.jar --oat-fd=6 --oat-location=/data/dalvik-cache/arm/system@framework@qcrilhook.jar@classes.dex --instruction-set=arm --instruction-set-features=div --runtime-arg -Xms64m --runtime-arg -Xmx512m --swap-fd=10
I/dex2oat ( 4617): Decided to run without swap.
I/dex2oat ( 4617): dex2oat took 319.250ms (threads: 4) arena alloc=173KB java alloc=146KB native alloc=1760KB free=6MB
I/dex2oat ( 4622): /system/bin/dex2oat --zip-fd=5 --zip-location=/system/framework/android.test.runner.jar --oat-fd=6 --oat-location=/data/dalvik-cache/arm/system@framework@android.test.runner.jar@classes.dex --instruction-set=arm --instruction-set-features=div --runtime-arg -Xms64m --runtime-arg -Xmx512m --swap-fd=10
I/dex2oat ( 4622): Decided to run without swap.
E/NetlinkListener( 3359): recvmsg failed (I/O error)
E/NetlinkListener( 4235): recvmsg failed (I/O error)
I/dex2oat ( 4622): dex2oat took 263.195ms (threads: 4) arena alloc=60KB java alloc=241KB native alloc=1861KB free=6MB
E/art ( 4402): DexFile_isDexOptNeeded file '/system/framework/com.google.android.maps.jar' does not exist
W/PackageManager( 4402): Library not found: /system/framework/com.google.android.maps.jar
I/dex2oat ( 4632): /system/bin/dex2oat --zip-fd=5 --zip-location=/system/framework/com.android.media.remotedisplay.jar --oat-fd=6 --oat-location=/data/dalvik-cache/arm/system@framework@com.android.media.remotedisplay.jar@classes.dex --instruction-set=arm --instruction-set-features=div --runtime-arg -Xms64m --runtime-arg -Xmx512m --swap-fd=10
I/dex2oat ( 4632): Decided to run without swap.
I/dex2oat ( 4632): dex2oat took 63.171ms (threads: 4) arena alloc=77KB java alloc=15KB native alloc=1377KB free=6MB
E/art ( 4402): DexFile_isDexOptNeeded file '/system/framework/com.fairphone.hiccup.jar' does not exist
W/PackageManager( 4402): Library not found: /system/framework/com.fairphone.hiccup.jar
I/dex2oat ( 4638): /system/bin/dex2oat --zip-fd=5 --zip-location=/system/framework/com.quicinc.cne.jar --oat-fd=6 --oat-location=/data/dalvik-cache/arm/system@framework@com.quicinc.cne.jar@classes.dex --instruction-set=arm --instruction-set-features=div --runtime-arg -Xms64m --runtime-arg -Xmx512m --swap-fd=10
I/dex2oat ( 4638): Decided to run without swap.
I/dex2oat ( 4638): dex2oat took 250.119ms (threads: 4) arena alloc=73KB java alloc=181KB native alloc=1846KB free=6MB
I/dex2oat ( 4644): /system/bin/dex2oat --zip-fd=5 --zip-location=/system/framework/com.android.mediadrm.signer.jar --oat-fd=6 --oat-location=/data/dalvik-cache/arm/system@framework@com.android.mediadrm.signer.jar@classes.dex --instruction-set=arm --instruction-set-features=div --runtime-arg -Xms64m --runtime-arg -Xmx512m --swap-fd=10
I/dex2oat ( 4644): Decided to run without swap.
I/dex2oat ( 4644): dex2oat took 38.704ms (threads: 4) arena alloc=77KB java alloc=5KB native alloc=1115KB free=6MB
I/dex2oat ( 4649): /system/bin/dex2oat --zip-fd=5 --zip-location=/system/framework/am.jar --oat-fd=6 --oat-location=/data/dalvik-cache/arm/system@framework@am.jar@classes.dex --instruction-set=arm --instruction-set-features=div --runtime-arg -Xms64m --runtime-arg -Xmx512m --swap-fd=10
I/dex2oat ( 4649): Decided to run without swap.
I/dex2oat ( 4649): dex2oat took 123.737ms (threads: 4) arena alloc=315KB java alloc=35KB native alloc=1503KB free=6MB
I/dex2oat ( 4654): /system/bin/dex2oat --zip-fd=5 --zip-location=/system/framework/appops.jar --oat-fd=6 --oat-location=/data/dalvik-cache/arm/system@framework@appops.jar@classes.dex --instruction-set=arm --instruction-set-features=div --runtime-arg -Xms64m --runtime-arg -Xmx512m --swap-fd=10
I/dex2oat ( 4654): Decided to run without swap.
I/dex2oat ( 4654): dex2oat took 79.594ms (threads: 4) arena alloc=26KB java alloc=9KB native alloc=612KB free=7MB
I/dex2oat ( 4659): /system/bin/dex2oat --zip-fd=5 --zip-location=/system/framework/appwidget.jar --oat-fd=6 --oat-location=/data/dalvik-cache/arm/system@framework@appwidget.jar@classes.dex --instruction-set=arm --instruction-set-features=div --runtime-arg -Xms64m --runtime-arg -Xmx512m --swap-fd=10
E/NetlinkListener( 4235): recvmsg failed (I/O error)
E/NetlinkListener( 3359): recvmsg failed (I/O error)
I/dex2oat ( 4659): Decided to run without swap.
I/dex2oat ( 4659): dex2oat took 74.245ms (threads: 4) arena alloc=130KB java alloc=5KB native alloc=1382KB free=6MB
I/dex2oat ( 4667): /system/bin/dex2oat --zip-fd=5 --zip-location=/system/framework/bmgr.jar --oat-fd=6 --oat-location=/data/dalvik-cache/arm/system@framework@bmgr.jar@classes.dex --instruction-set=arm --instruction-set-features=div --runtime-arg -Xms64m --runtime-arg -Xmx512m --swap-fd=10
I/dex2oat ( 4667): Decided to run without swap.
I/dex2oat ( 4667): dex2oat took 93.549ms (threads: 4) arena alloc=83KB java alloc=15KB native alloc=900KB free=7MB
I/dex2oat ( 4672): /system/bin/dex2oat --zip-fd=5 --zip-location=/system/framework/bu.jar --oat-fd=6 --oat-location=/data/dalvik-cache/arm/system@framework@bu.jar@classes.dex --instruction-set=arm --instruction-set-features=div --runtime-arg -Xms64m --runtime-arg -Xmx512m --swap-fd=10
I/dex2oat ( 4672): Decided to run without swap.
I/dex2oat ( 4672): dex2oat took 71.811ms (threads: 4) arena alloc=51KB java alloc=8KB native alloc=598KB free=7MB
I/dex2oat ( 4677): /system/bin/dex2oat --zip-fd=5 --zip-location=/system/framework/com.qti.dpmframework.jar --oat-fd=6 --oat-location=/data/dalvik-cache/arm/system@framework@com.qti.dpmframework.jar@classes.dex --instruction-set=arm --instruction-set-features=div --runtime-arg -Xms64m --runtime-arg -Xmx512m --swap-fd=10
I/dex2oat ( 4677): Decided to run without swap.
V/WLAN_PSA( 670): NL MSG, len[4025], NL type[0x1C] WNI type[0x5900] len[41231]
V/WLAN_PSA( 670): NL MSG, PID: 670
I/dex2oat ( 4677): dex2oat took 149.609ms (threads: 4) arena alloc=360KB java alloc=90KB native alloc=1807KB free=6MB
I/dex2oat ( 4682): /system/bin/dex2oat --zip-fd=5 --zip-location=/system/framework/content.jar --oat-fd=6 --oat-location=/data/dalvik-cache/arm/system@framework@content.jar@classes.dex --instruction-set=arm --instruction-set-features=div --runtime-arg -Xms64m --runtime-arg -Xmx512m --swap-fd=10
I/dex2oat ( 4682): Decided to run without swap.
I/dex2oat ( 4682): dex2oat took 126.068ms (threads: 4) arena alloc=190KB java alloc=13KB native alloc=1388KB free=6MB
E/NetlinkListener( 4235): recvmsg failed (I/O error)
E/NetlinkListener( 3359): recvmsg failed (I/O error)
E/NetlinkListener( 4235): recvmsg failed (I/O error)
E/NetlinkListener( 3359): recvmsg failed (I/O error)
I/dex2oat ( 4688): /system/bin/dex2oat --zip-fd=5 --zip-location=/system/framework/dpm.jar --oat-fd=6 --oat-location=/data/dalvik-cache/arm/system@framework@dpm.jar@classes.dex --instruction-set=arm --instruction-set-features=div --runtime-arg -Xms64m --runtime-arg -Xmx512m --swap-fd=10
I/dex2oat ( 4688): Decided to run without swap.
I/dex2oat ( 4688): dex2oat took 54.308ms (threads: 4) arena alloc=26KB java alloc=4KB native alloc=613KB free=7MB
I/dex2oat ( 4694): /system/bin/dex2oat --zip-fd=5 --zip-location=/system/framework/ethernet-service.jar --oat-fd=6 --oat-location=/data/dalvik-cache/arm/system@framework@ethernet-service.jar@classes.dex --instruction-set=arm --instruction-set-features=div --runtime-arg -Xms64m --runtime-arg -Xmx512m --swap-fd=10
I/dex2oat ( 4694): Decided to run without swap.
I/dex2oat ( 4694): dex2oat took 82.114ms (threads: 4) arena alloc=225KB java alloc=71KB native alloc=1398KB free=6MB
I/dex2oat ( 4699): /system/bin/dex2oat --zip-fd=5 --zip-location=/system/framework/ext.jar --oat-fd=6 --oat-location=/data/dalvik-cache/arm/system@framework@ext.jar@classes.dex --instruction-set=arm --instruction-set-features=div --runtime-arg -Xms64m --runtime-arg -Xmx512m --swap-fd=10
I/dex2oat ( 4699): Decided to run without swap.
I/dex2oat ( 4699): dex2oat took 257.994ms (threads: 4) arena alloc=0B java alloc=1298KB native alloc=216KB free=7MB
I/dex2oat ( 4704): /system/bin/dex2oat --zip-fd=5 --zip-location=/system/framework/framework.jar --oat-fd=6 --oat-location=/data/dalvik-cache/arm/system@framework@framework.jar@classes.dex --instruction-set=arm --instruction-set-features=div --runtime-arg -Xms64m --runtime-arg -Xmx512m --swap-fd=10
V/WLAN_PSA( 670): NL MSG, len[048], NL type[0x11] WNI type[0x5050] len[028]
V/WLAN_PSA( 670): NL MSG, PID: 670
I/dex2oat ( 4704): Decided to run without swap.
E/NetlinkListener( 3359): recvmsg failed (I/O error)
E/NetlinkListener( 4235): recvmsg failed (I/O error)
E/NetlinkListener( 3359): recvmsg failed (I/O error)
E/NetlinkListener( 4235): recvmsg failed (I/O error)
E/NetlinkListener( 3359): recvmsg failed (I/O error)
E/NetlinkListener( 4235): recvmsg failed (I/O error)
E/NetlinkListener( 4235): recvmsg failed (I/O error)
E/NetlinkListener( 3359): recvmsg failed (I/O error)
I/dex2oat ( 4704): dex2oat took 1.987s (threads: 4) arena alloc=62KB java alloc=10MB native alloc=1495KB free=10MB
I/dex2oat ( 4728): /system/bin/dex2oat --zip-fd=5 --zip-location=/system/framework/ime.jar --oat-fd=6 --oat-location=/data/dalvik-cache/arm/system@framework@ime.jar@classes.dex --instruction-set=arm --instruction-set-features=div --runtime-arg -Xms64m --runtime-arg -Xmx512m --swap-fd=10
I/dex2oat ( 4728): Decided to run without swap.
I/dex2oat ( 4728): dex2oat took 37.776ms (threads: 4) arena alloc=62KB java alloc=6KB native alloc=613KB free=7MB
I/dex2oat ( 4733): /system/bin/dex2oat --zip-fd=5 --zip-location=/system/framework/input.jar --oat-fd=6 --oat-location=/data/dalvik-cache/arm/system@framework@input.jar@classes.dex --instruction-set=arm --instruction-set-features=div --runtime-arg -Xms64m --runtime-arg -Xmx512m --swap-fd=10
I/dex2oat ( 4733): Decided to run without swap.
I/dex2oat ( 4733): dex2oat took 42.787ms (threads: 4) arena alloc=111KB java alloc=5KB native alloc=862KB free=7MB
I/dex2oat ( 4738): /system/bin/dex2oat --zip-fd=5 --zip-location=/system/framework/media_cmd.jar --oat-fd=6 --oat-location=/data/dalvik-cache/arm/system@framework@media_cmd.jar@classes.dex --instruction-set=arm --instruction-set-features=div --runtime-arg -Xms64m --runtime-arg -Xmx512m --swap-fd=10
I/dex2oat ( 4738): Decided to run without swap.
I/dex2oat ( 4738): dex2oat took 39.209ms (threads: 4) arena alloc=165KB java alloc=31KB native alloc=1001KB free=7MB
I/dex2oat ( 4743): /system/bin/dex2oat --zip-fd=5 --zip-location=/system/framework/monkey.jar --oat-fd=6 --oat-location=/data/dalvik-cache/arm/system@framework@monkey.jar@classes.dex --instruction-set=arm --instruction-set-features=div --runtime-arg -Xms64m --runtime-arg -Xmx512m --swap-fd=10
I/dex2oat ( 4743): Decided to run without swap.
I/dex2oat ( 4743): dex2oat took 154.506ms (threads: 4) arena alloc=1125KB java alloc=120KB native alloc=2MB free=5MB
I/dex2oat ( 4748): /system/bin/dex2oat --zip-fd=5 --zip-location=/system/framework/pm.jar --oat-fd=6 --oat-location=/data/dalvik-cache/arm/system@framework@pm.jar@classes.dex --instruction-set=arm --instruction-set-features=div --runtime-arg -Xms64m --runtime-arg -Xmx512m --swap-fd=10
I/dex2oat ( 4748): Decided to run without swap.
I/dex2oat ( 4748): dex2oat took 100.116ms (threads: 4) arena alloc=137KB java alloc=38KB native alloc=1472KB free=6MB
I/dex2oat ( 4753): /system/bin/dex2oat --zip-fd=5 --zip-location=/system/framework/qmapbridge.jar --oat-fd=6 --oat-location=/data/dalvik-cache/arm/system@framework@qmapbridge.jar@classes.dex --instruction-set=arm --instruction-set-features=div --runtime-arg -Xms64m --runtime-arg -Xmx512m --swap-fd=10
I/dex2oat ( 4753): Decided to run without swap.
I/dex2oat ( 4753): dex2oat took 58.568ms (threads: 4) arena alloc=70KB java alloc=64KB native alloc=1421KB free=6MB
I/dex2oat ( 4758): /system/bin/dex2oat --zip-fd=5 --zip-location=/system/framework/rcsimssettings.jar --oat-fd=6 --oat-location=/data/dalvik-cache/arm/system@framework@rcsimssettings.jar@classes.dex --instruction-set=arm --instruction-set-features=div --runtime-arg -Xms64m --runtime-arg -Xmx512m --swap-fd=10
I/dex2oat ( 4758): Decided to run without swap.
I/dex2oat ( 4758): dex2oat took 75.666ms (threads: 4) arena alloc=84KB java alloc=60KB native alloc=1499KB free=6MB
I/dex2oat ( 4763): /system/bin/dex2oat --zip-fd=5 --zip-location=/system/framework/rcsservice.jar --oat-fd=6 --oat-location=/data/dalvik-cache/arm/system@framework@rcsservice.jar@classes.dex --instruction-set=arm --instruction-set-features=div --runtime-arg -Xms64m --runtime-arg -Xmx512m --swap-fd=10
I/dex2oat ( 4763): Decided to run without swap.
E/NetlinkListener( 3359): recvmsg failed (I/O error)
E/NetlinkListener( 4235): recvmsg failed (I/O error)
E/NetlinkListener( 4235): recvmsg failed (I/O error)
E/NetlinkListener( 3359): recvmsg failed (I/O error)
I/dex2oat ( 4763): dex2oat took 460.982ms (threads: 4) arena alloc=125KB java alloc=589KB native alloc=2MB free=5MB
I/dex2oat ( 4780): /system/bin/dex2oat --zip-fd=5 --zip-location=/system/framework/requestsync.jar --oat-fd=6 --oat-location=/data/dalvik-cache/arm/system@framework@requestsync.jar@classes.dex --instruction-set=arm --instruction-set-features=div --runtime-arg -Xms64m --runtime-arg -Xmx512m --swap-fd=10
I/dex2oat ( 4780): Decided to run without swap.
I/dex2oat ( 4780): dex2oat took 59.252ms (threads: 4) arena alloc=27KB java alloc=3KB native alloc=603KB free=7MB
I/dex2oat ( 4785): /system/bin/dex2oat --zip-fd=5 --zip-location=/system/framework/services.jar --oat-fd=6 --oat-location=/data/dalvik-cache/arm/system@framework@services.jar@classes.dex --instruction-set=arm --instruction-set-features=div --runtime-arg -Xms64m --runtime-arg -Xmx512m --swap-fd=10
E/NetlinkListener( 3359): recvmsg failed (I/O error)
E/NetlinkListener( 4235): recvmsg failed (I/O error)
E/NetlinkListener( 4235): recvmsg failed (I/O error)
E/NetlinkListener( 3359): recvmsg failed (I/O error)
I/dex2oat ( 4785): Decided to run without swap.
E/NetlinkListener( 4235): recvmsg failed (I/O error)
E/NetlinkListener( 3359): recvmsg failed (I/O error)
E/NetlinkListener( 4235): recvmsg failed (I/O error)
E/NetlinkListener( 3359): recvmsg failed (I/O error)
V/WLAN_PSA( 670): NL MSG, len[4077], NL type[0x1C] WNI type[0x5900] len[54543]
V/WLAN_PSA( 670): NL MSG, PID: 670
V/WLAN_PSA( 670): NL MSG, len[048], NL type[0x11] WNI type[0x5050] len[028]
V/WLAN_PSA( 670): NL MSG, PID: 670
E/NetlinkListener( 3359): recvmsg failed (I/O error)
E/NetlinkListener( 4235): recvmsg failed (I/O error)
E/NetlinkListener( 4235): recvmsg failed (I/O error)
E/NetlinkListener( 3359): recvmsg failed (I/O error)
I/dex2oat ( 4785): dex2oat took 4.671s (threads: 4) arena alloc=2MB java alloc=4MB native alloc=16MB free=7MB
I/dex2oat ( 4817): /system/bin/dex2oat --zip-fd=5 --zip-location=/system/framework/settings.jar --oat-fd=6 --oat-location=/data/dalvik-cache/arm/system@framework@settings.jar@classes.dex --instruction-set=arm --instruction-set-features=div --runtime-arg -Xms64m --runtime-arg -Xmx512m --swap-fd=10
I/dex2oat ( 4817): Decided to run without swap.
I/dex2oat ( 4817): dex2oat took 204.224ms (threads: 4) arena alloc=244KB java alloc=5KB native alloc=861KB free=7MB
I/dex2oat ( 4822): /system/bin/dex2oat --zip-fd=5 --zip-location=/system/framework/svc.jar --oat-fd=6 --oat-location=/data/dalvik-cache/arm/system@framework@svc.jar@classes.dex --instruction-set=arm --instruction-set-features=div --runtime-arg -Xms64m --runtime-arg -Xmx512m --swap-fd=10
I/dex2oat ( 4822): Decided to run without swap.
I/dex2oat ( 4822): dex2oat took 248.141ms (threads: 4) arena alloc=46KB java alloc=13KB native alloc=1248KB free=6MB
I/dex2oat ( 4827): /system/bin/dex2oat --zip-fd=5 --zip-location=/system/framework/uiautomator.jar --oat-fd=6 --oat-location=/data/dalvik-cache/arm/system@framework@uiautomator.jar@classes.dex --instruction-set=arm --instruction-set-features=div --runtime-arg -Xms64m --runtime-arg -Xmx512m --swap-fd=10
I/dex2oat ( 4827): Decided to run without swap.
I/dex2oat ( 4827): dex2oat took 293.409ms (threads: 4) arena alloc=74KB java alloc=133KB native alloc=1421KB free=6MB
I/dex2oat ( 4832): /system/bin/dex2oat --zip-fd=5 --zip-location=/system/framework/wifi-service.jar --oat-fd=6 --oat-location=/data/dalvik-cache/arm/system@framework@wifi-service.jar@classes.dex --instruction-set=arm --instruction-set-features=div --runtime-arg -Xms64m --runtime-arg -Xmx512m --swap-fd=10
E/QCALOG ( 1010): [MessageQ] ProcessNewMessage: [LOWI-SERVER] unknown deliver target [OS-Agent]
I/dex2oat ( 4832): Decided to run without swap.
E/NetlinkListener( 4235): recvmsg failed (I/O error)
E/NetlinkListener( 3359): recvmsg failed (I/O error)
E/NetlinkListener( 3359): recvmsg failed (I/O error)
E/NetlinkListener( 4235): recvmsg failed (I/O error)
E/NetlinkListener( 3359): recvmsg failed (I/O error)
E/NetlinkListener( 4235): recvmsg failed (I/O error)
E/NetlinkListener( 4235): recvmsg failed (I/O error)
E/NetlinkListener( 3359): recvmsg failed (I/O error)
I/dex2oat ( 4832): dex2oat took 883.747ms (threads: 4) arena alloc=2MB java alloc=904KB native alloc=5MB free=2MB
I/dex2oat ( 4857): /system/bin/dex2oat --zip-fd=5 --zip-location=/system/framework/wm.jar --oat-fd=6 --oat-location=/data/dalvik-cache/arm/system@framework@wm.jar@classes.dex --instruction-set=arm --instruction-set-features=div --runtime-arg -Xms64m --runtime-arg -Xmx512m --swap-fd=10
I/dex2oat ( 4857): Decided to run without swap.
I/dex2oat ( 4857): dex2oat took 52.782ms (threads: 4) arena alloc=26KB java alloc=3KB native alloc=614KB free=7MB
D/PackageManager( 4402): No files in app dir /vendor/overlay
I/PackageManager( 4402): /usr/libexec/sfdroid/system/priv-app/Settings changed; collecting certs
W/PackageManager( 4402): Trying to update system app code path from /system/priv-app/Settings to /usr/libexec/sfdroid/system/priv-app/Settings
W/PackageManager( 4402): Failed to parse /usr/libexec/sfdroid/system/priv-app/Settings: Signature mismatch for shared user : SharedUserSetting{59a66d0 android.uid.system/1000}
I/PackageManager( 4402): /system/priv-app/CNEService changed; collecting certs
W/PackageManager( 4402): Failed to parse /system/priv-app/CNEService: Signature mismatch for shared user : SharedUserSetting{59a66d0 android.uid.system/1000}
W/ResourceType( 4402): Failure getting entry for 0x7f0b0232 (t=10 e=562) (error -75)
W/PackageParser( 4402): No actions in intent filter at /system/priv-app/Contacts/Contacts.apk Binary XML file line #364
W/PackageParser( 4402): No actions in intent filter at /system/priv-app/Dialer/Dialer.apk Binary XML file line #168
W/PackageParser( 4402): No actions in intent filter at /system/priv-app/ProximitySensorTools/ProximitySensorTools.apk Binary XML file line #54
W/PackageManager( 4402): Failed to parse /system/priv-app/Settings: Signature mismatch for shared user : SharedUserSetting{59a66d0 android.uid.system/1000}
W/ResourceType( 4402): Failure getting entry for 0x7f08031d (t=7 e=797) (error -75)
W/PackageParser( 4402): Unknown element under : android at /system/priv-app/Telecom/Telecom.apk Binary XML file line #233
I/PackageManager( 4402): /system/priv-app/com.qualcomm.location changed; collecting certs
W/PackageManager( 4402): Failed to parse /system/priv-app/com.qualcomm.location: Signature mismatch for shared user : SharedUserSetting{59a66d0 android.uid.system/1000}
I/PackageManager( 4402): /system/priv-app/com.qualcomm.msapm changed; collecting certs
W/PackageManager( 4402): Failed to parse /system/priv-app/com.qualcomm.msapm: Signature mismatch for shared user : SharedUserSetting{59a66d0 android.uid.system/1000}
W/PackageParser( 4402): No actions in intent filter at /system/app/Bluetooth/Bluetooth.apk Binary XML file line #229
W/PackageParser( 4402): Unknown element under : uses-feature at /system/app/BluetoothExt/BluetoothExt.apk Binary XML file line #57
W/PackageParser( 4402): No actions in intent filter at /system/app/BluetoothExt/BluetoothExt.apk Binary XML file line #110
W/PackageParser( 4402): No actions in intent filter at /system/app/BluetoothExt/BluetoothExt.apk Binary XML file line #134
W/PackageParser( 4402): No actions in intent filter at /system/app/BluetoothExt/BluetoothExt.apk Binary XML file line #161
I/PackageManager( 4402): /system/app/CABLService changed; collecting certs
W/PackageManager( 4402): Failed to parse /system/app/CABLService: Signature mismatch for shared user : SharedUserSetting{59a66d0 android.uid.system/1000}
V/WLAN_PSA( 670): NL MSG, len[048], NL type[0x11] WNI type[0x5050] len[028]
V/WLAN_PSA( 670): NL MSG, PID: 670
V/WLAN_PSA( 670): NL MSG, len[4026], NL type[0x1C] WNI type[0x5900] len[41487]
V/WLAN_PSA( 670): NL MSG, PID: 670
W/PackageParser( 4402): Unknown element under : permission at /system/app/Gallery2/Gallery2.apk Binary XML file line #254
W/PackageParser( 4402): Unknown element under : permission at /system/app/Gallery2/Gallery2.apk Binary XML file line #257
I/PackageManager( 4402): /system/app/GsmTuneAway changed; collecting certs
W/PackageManager( 4402): Failed to parse /system/app/GsmTuneAway: Signature mismatch for shared user : SharedUserSetting{206aa92c android.uid.phone/1001}
I/PackageParser( 4402): com.qualcomm.interfacepermissions: compat added android.permission.WRITE_EXTERNAL_STORAGE android.permission.READ_PHONE_STATE
I/PackageManager( 4402): /system/app/NetworkSetting changed; collecting certs
W/PackageManager( 4402): Failed to parse /system/app/NetworkSetting: Signature mismatch for shared user : SharedUserSetting{206aa92c android.uid.phone/1001}
I/PackageParser( 4402): com.qualcomm.qcom_qmi: compat added android.permission.WRITE_EXTERNAL_STORAGE android.permission.READ_PHONE_STATE
I/PackageManager( 4402): /system/app/SVIService changed; collecting certs
W/PackageManager( 4402): Failed to parse /system/app/SVIService: Signature mismatch for shared user : SharedUserSetting{59a66d0 android.uid.system/1000}
I/PackageManager( 4402): /system/app/TimeService changed; collecting certs
W/PackageManager( 4402): Failed to parse /system/app/TimeService: Signature mismatch for shared user : SharedUserSetting{59a66d0 android.uid.system/1000}
I/PackageManager( 4402): /system/app/WfdService changed; collecting certs
W/PackageManager( 4402): Failed to parse /system/app/WfdService: Signature mismatch for shared user : SharedUserSetting{59a66d0 android.uid.system/1000}
I/PackageManager( 4402): /system/app/btmultisim changed; collecting certs
W/PackageManager( 4402): Failed to parse /system/app/btmultisim: Signature mismatch for shared user : SharedUserSetting{206aa92c android.uid.phone/1001}
I/PackageManager( 4402): /system/app/com.qualcomm.qti.services.secureui changed; collecting certs
W/PackageManager( 4402): Failed to parse /system/app/com.qualcomm.qti.services.secureui: Signature mismatch for shared user : SharedUserSetting{59a66d0 android.uid.system/1000}
I/PackageManager( 4402): /system/app/fastdormancy changed; collecting certs
W/PackageManager( 4402): Failed to parse /system/app/fastdormancy: Signature mismatch for shared user : SharedUserSetting{59a66d0 android.uid.system/1000}
I/PackageManager( 4402): /system/app/qcrilmsgtunnel changed; collecting certs
W/PackageManager( 4402): Failed to parse /system/app/qcrilmsgtunnel: Signature mismatch for shared user : SharedUserSetting{206aa92c android.uid.phone/1001}
I/PackageManager( 4402): /system/vendor/app/ims changed; collecting certs
W/PackageManager( 4402): Failed to parse /system/vendor/app/ims: Signature mismatch for shared user : SharedUserSetting{206aa92c android.uid.phone/1001}
D/PackageManager( 4402): No files in app dir /oem/app
W/PackageManager( 4402): System package com.android.settings no longer exists; wiping its data
D/PackageManager( 4402): No files in app dir /data/app
D/PackageManager( 4402): No files in app dir /data/app-private
W/PackageManager( 4402): Package org.codeaurora.bluetooth desires unavailable shared library com.quicinc.wbc; ignoring!
W/PackageManager( 4402): Package com.android.email desires unavailable shared library org.apache.http.legacy; ignoring!
I/PackageManager( 4402): Adjusting ABI for : com.codeaurora.fmrecording to armeabi-v7a
I/PackageManager( 4402): Running dexopt on: /system/app/FMRecord/FMRecord.apk pkg=com.codeaurora.fmrecording isa=arm vmSafeMode=false
I/dex2oat ( 4862): /system/bin/dex2oat --zip-fd=5 --zip-location=/system/app/FMRecord/FMRecord.apk --oat-fd=6 --oat-location=/data/dalvik-cache/arm/system@app@FMRecord@FMRecord.apk@classes.dex --instruction-set=arm --instruction-set-features=div --runtime-arg -Xms64m --runtime-arg -Xmx512m --swap-fd=10
I/dex2oat ( 4862): Decided to run without swap.
I/dex2oat ( 4862): dex2oat took 93.084ms (threads: 4) arena alloc=161KB java alloc=31KB native alloc=1421KB free=6MB
I/PackageManager( 4402): Adjusting ABI for : com.android.server.telecom to armeabi-v7a
I/PackageManager( 4402): Running dexopt on: /system/priv-app/Telecom/Telecom.apk pkg=com.android.server.telecom isa=arm vmSafeMode=false
I/dex2oat ( 4867): /system/bin/dex2oat --zip-fd=5 --zip-location=/system/priv-app/Telecom/Telecom.apk --oat-fd=6 --oat-location=/data/dalvik-cache/arm/system@priv-app@Telecom@Telecom.apk@classes.dex --instruction-set=arm --instruction-set-features=div --runtime-arg -Xms64m --runtime-arg -Xmx512m --swap-fd=10
I/dex2oat ( 4867): Decided to run without swap.
E/NetlinkListener( 3359): recvmsg failed (I/O error)
E/NetlinkListener( 4235): recvmsg failed (I/O error)
E/NetlinkListener( 3359): recvmsg failed (I/O error)
E/NetlinkListener( 4235): recvmsg failed (I/O error)
I/dex2oat ( 4867): dex2oat took 655.810ms (threads: 4) arena alloc=104KB java alloc=698KB native alloc=2MB free=5MB
I/PackageManager( 4402): Adjusting ABI for : com.fairphone.privacyimpact to armeabi-v7a
I/PackageManager( 4402): Running dexopt on: /system/priv-app/FairphonePrivacyImpact/FairphonePrivacyImpact.apk pkg=com.fairphone.privacyimpact isa=arm vmSafeMode=false
I/dex2oat ( 4884): /system/bin/dex2oat --zip-fd=5 --zip-location=/system/priv-app/FairphonePrivacyImpact/FairphonePrivacyImpact.apk --oat-fd=6 --oat-location=/data/dalvik-cache/arm/system@priv-app@FairphonePrivacyImpact@FairphonePrivacyImpact.apk@classes.dex --instruction-set=arm --instruction-set-features=div --runtime-arg -Xms64m --runtime-arg -Xmx512m --swap-fd=10
I/dex2oat ( 4884): Decided to run without swap.
E/NetlinkListener( 4235): recvmsg failed (I/O error)
E/NetlinkListener( 3359): recvmsg failed (I/O error)
W/dex2oat ( 4884): Before Android 4.1, method int android.support.v7.internal.widget.ListViewCompat.lookForSelectablePosition(int, boolean) would have incorrectly overridden the package-private method in android.widget.ListView
E/NetlinkListener( 3359): recvmsg failed (I/O error)
E/NetlinkListener( 4235): recvmsg failed (I/O error)
E/NetlinkListener( 3359): recvmsg failed (I/O error)
E/NetlinkListener( 4235): recvmsg failed (I/O error)
E/NetlinkListener( 3359): recvmsg failed (I/O error)
E/NetlinkListener( 4235): recvmsg failed (I/O error)
I/dex2oat ( 4884): dex2oat took 1.099s (threads: 4) arena alloc=237KB java alloc=1398KB native alloc=3MB free=4MB
I/PackageManager( 4402): Adjusting ABI for : com.android.keychain to armeabi-v7a
I/PackageManager( 4402): Running dexopt on: /system/app/KeyChain/KeyChain.apk pkg=com.android.keychain isa=arm vmSafeMode=false
I/dex2oat ( 4909): /system/bin/dex2oat --zip-fd=5 --zip-location=/system/app/KeyChain/KeyChain.apk --oat-fd=6 --oat-location=/data/dalvik-cache/arm/system@app@KeyChain@KeyChain.apk@classes.dex --instruction-set=arm --instruction-set-features=div --runtime-arg -Xms64m --runtime-arg -Xmx512m --swap-fd=10
I/dex2oat ( 4909): Decided to run without swap.
E/NetlinkListener( 4235): recvmsg failed (I/O error)
E/NetlinkListener( 3359): recvmsg failed (I/O error)
I/dex2oat ( 4909): dex2oat took 95.740ms (threads: 4) arena alloc=55KB java alloc=78KB native alloc=1471KB free=6MB
I/PackageManager( 4402): Adjusting ABI for : com.android.providers.settings to armeabi-v7a
I/PackageManager( 4402): Running dexopt on: /system/priv-app/SettingsProvider/SettingsProvider.apk pkg=com.android.providers.settings isa=arm vmSafeMode=false
I/dex2oat ( 4917): /system/bin/dex2oat --zip-fd=5 --zip-location=/system/priv-app/SettingsProvider/SettingsProvider.apk --oat-fd=6 --oat-location=/data/dalvik-cache/arm/system@priv-app@SettingsProvider@SettingsProvider.apk@classes.dex --instruction-set=arm --instruction-set-features=div --runtime-arg -Xms64m --runtime-arg -Xmx512m --swap-fd=10
E/NetlinkListener( 4235): recvmsg failed (I/O error)
E/NetlinkListener( 3359): recvmsg failed (I/O error)
I/dex2oat ( 4917): Decided to run without swap.
I/dex2oat ( 4917): dex2oat took 169.578ms (threads: 4) arena alloc=2MB java alloc=108KB native alloc=3MB free=4MB
I/PackageManager( 4402): Adjusting ABI for : com.android.inputdevices to armeabi-v7a
I/PackageManager( 4402): Running dexopt on: /system/priv-app/InputDevices/InputDevices.apk pkg=com.android.inputdevices isa=arm vmSafeMode=false
I/dex2oat ( 4925): /system/bin/dex2oat --zip-fd=5 --zip-location=/system/priv-app/InputDevices/InputDevices.apk --oat-fd=6 --oat-location=/data/dalvik-cache/arm/system@priv-app@InputDevices@InputDevices.apk@classes.dex --instruction-set=arm --instruction-set-features=div --runtime-arg -Xms64m --runtime-arg -Xmx512m --swap-fd=10
I/dex2oat ( 4925): Decided to run without swap.
I/dex2oat ( 4925): dex2oat took 29.775ms (threads: 4) arena alloc=23KB java alloc=1984B native alloc=585KB free=7MB
I/PackageManager( 4402): Adjusting ABI for : com.fairphone.setupwizard to armeabi-v7a
I/PackageManager( 4402): Running dexopt on: /system/priv-app/FairphoneSetupWizard/FairphoneSetupWizard.apk pkg=com.fairphone.setupwizard isa=arm vmSafeMode=false
I/dex2oat ( 4930): /system/bin/dex2oat --zip-fd=5 --zip-location=/system/priv-app/FairphoneSetupWizard/FairphoneSetupWizard.apk --oat-fd=6 --oat-location=/data/dalvik-cache/arm/system@priv-app@FairphoneSetupWizard@FairphoneSetupWizard.apk@classes.dex --instruction-set=arm --instruction-set-features=div --runtime-arg -Xms64m --runtime-arg -Xmx512m --swap-fd=10
I/dex2oat ( 4930): Decided to run without swap.
E/NetlinkListener( 4235): recvmsg failed (I/O error)
E/NetlinkListener( 3359): recvmsg failed (I/O error)
E/NetlinkListener( 3359): recvmsg failed (I/O error)
E/NetlinkListener( 4235): recvmsg failed (I/O error)
I/dex2oat ( 4930): dex2oat took 669.688ms (threads: 4) arena alloc=81KB java alloc=571KB native alloc=2MB free=5MB
I/PackageManager( 4402): Adjusting ABI for : com.android.dialer to armeabi-v7a
I/PackageManager( 4402): Running dexopt on: /system/priv-app/Dialer/Dialer.apk pkg=com.android.dialer isa=arm vmSafeMode=false
I/dex2oat ( 4947): /system/bin/dex2oat --zip-fd=5 --zip-location=/system/priv-app/Dialer/Dialer.apk --oat-fd=6 --oat-location=/data/dalvik-cache/arm/system@priv-app@Dialer@Dialer.apk@classes.dex --instruction-set=arm --instruction-set-features=div --runtime-arg -Xms64m --runtime-arg -Xmx512m --swap-fd=10
E/NetlinkListener( 4235): recvmsg failed (I/O error)
E/NetlinkListener( 3359): recvmsg failed (I/O error)
I/dex2oat ( 4947): Decided to run without swap.
E/NetlinkListener( 3359): recvmsg failed (I/O error)
E/NetlinkListener( 4235): recvmsg failed (I/O error)
E/NetlinkListener( 3359): recvmsg failed (I/O error)
E/NetlinkListener( 4235): recvmsg failed (I/O error)
E/NetlinkListener( 3359): recvmsg failed (I/O error)
E/NetlinkListener( 4235): recvmsg failed (I/O error)
E/NetlinkListener( 4235): recvmsg failed (I/O error)
E/NetlinkListener( 3359): recvmsg failed (I/O error)
V/WLAN_PSA( 670): NL MSG, len[4023], NL type[0x1C] WNI type[0x5900] len[40719]
V/WLAN_PSA( 670): NL MSG, PID: 670
E/NetlinkListener( 3359): recvmsg failed (I/O error)
E/NetlinkListener( 4235): recvmsg failed (I/O error)
E/NetlinkListener( 4235): recvmsg failed (I/O error)
E/NetlinkListener( 3359): recvmsg failed (I/O error)
E/NetlinkListener( 4235): recvmsg failed (I/O error)
E/NetlinkListener( 3359): recvmsg failed (I/O error)
V/WLAN_PSA( 670): NL MSG, len[048], NL type[0x11] WNI type[0x5050] len[028]
V/WLAN_PSA( 670): NL MSG, PID: 670
E/NetlinkListener( 4235): recvmsg failed (I/O error)
E/NetlinkListener( 3359): recvmsg failed (I/O error)
I/dex2oat ( 4947): dex2oat took 1.979s (threads: 4) arena alloc=96KB java alloc=2MB native alloc=5MB free=6MB
E/NetlinkListener( 4235): recvmsg failed (I/O error)
E/NetlinkListener( 3359): recvmsg failed (I/O error)
I/PackageManager( 4402): Adjusting ABI for : com.dsi.ant.server to armeabi-v7a
I/PackageManager( 4402): Running dexopt on: /system/app/AntHalService/AntHalService.apk pkg=com.dsi.ant.server isa=arm vmSafeMode=false
I/dex2oat ( 4996): /system/bin/dex2oat --zip-fd=5 --zip-location=/system/app/AntHalService/AntHalService.apk --oat-fd=6 --oat-location=/data/dalvik-cache/arm/system@app@AntHalService@AntHalService.apk@classes.dex --instruction-set=arm --instruction-set-features=div --runtime-arg -Xms64m --runtime-arg -Xmx512m --swap-fd=10
I/dex2oat ( 4996): Decided to run without swap.
I/dex2oat ( 4996): dex2oat took 121.784ms (threads: 4) arena alloc=72KB java alloc=34KB native alloc=1435KB free=6MB
I/PackageManager( 4402): Adjusting ABI for : com.android.location.fused to armeabi-v7a
I/PackageManager( 4402): Running dexopt on: /system/priv-app/FusedLocation/FusedLocation.apk pkg=com.android.location.fused isa=arm vmSafeMode=false
I/dex2oat ( 5001): /system/bin/dex2oat --zip-fd=5 --zip-location=/system/priv-app/FusedLocation/FusedLocation.apk --oat-fd=6 --oat-location=/data/dalvik-cache/arm/system@priv-app@FusedLocation@FusedLocation.apk@classes.dex --instruction-set=arm --instruction-set-features=div --runtime-arg -Xms64m --runtime-arg -Xmx512m --swap-fd=10
I/dex2oat ( 5001): Decided to run without swap.
I/dex2oat ( 5001): dex2oat took 73.168ms (threads: 4) arena alloc=95KB java alloc=44KB native alloc=1383KB free=6MB
I/PackageManager( 4402): Adjusting ABI for : com.android.soundrecorder to armeabi-v7a
I/PackageManager( 4402): Running dexopt on: /system/app/SoundRecorder/SoundRecorder.apk pkg=com.android.soundrecorder isa=arm vmSafeMode=false
I/dex2oat ( 5006): /system/bin/dex2oat --zip-fd=5 --zip-location=/system/app/SoundRecorder/SoundRecorder.apk --oat-fd=6 --oat-location=/data/dalvik-cache/arm/system@app@SoundRecorder@SoundRecorder.apk@classes.dex --instruction-set=arm --instruction-set-features=div --runtime-arg -Xms64m --runtime-arg -Xmx512m --swap-fd=10
I/dex2oat ( 5006): Decided to run without swap.
I/dex2oat ( 5006): dex2oat took 123.032ms (threads: 4) arena alloc=51KB java alloc=66KB native alloc=1457KB free=6MB
I/PackageManager( 4402): Adjusting ABI for : com.fairphone.psensor to armeabi-v7a
I/PackageManager( 4402): Running dexopt on: /system/priv-app/ProximitySensorTools/ProximitySensorTools.apk pkg=com.fairphone.psensor isa=arm vmSafeMode=false
I/dex2oat ( 5011): /system/bin/dex2oat --zip-fd=5 --zip-location=/system/priv-app/ProximitySensorTools/ProximitySensorTools.apk --oat-fd=6 --oat-location=/data/dalvik-cache/arm/system@priv-app@ProximitySensorTools@ProximitySensorTools.apk@classes.dex --instruction-set=arm --instruction-set-features=div --runtime-arg -Xms64m --runtime-arg -Xmx512m --swap-fd=10
I/dex2oat ( 5011): Decided to run without swap.
E/NetlinkListener( 4235): recvmsg failed (I/O error)
E/NetlinkListener( 3359): recvmsg failed (I/O error)
E/NetlinkListener( 4235): recvmsg failed (I/O error)
E/NetlinkListener( 3359): recvmsg failed (I/O error)
I/dex2oat ( 5011): dex2oat took 1.071s (threads: 4) arena alloc=187KB java alloc=1404KB native alloc=3MB free=4MB
I/PackageManager( 4402): Time to scan packages: 21.993 seconds
W/PackageManager( 4402): Unknown permission com.google.android.googleapps.permission.GOOGLE_AUTH in package com.android.providers.calendar
W/PackageManager( 4402): Unknown permission com.google.android.googleapps.permission.GOOGLE_AUTH.cl in package com.android.providers.calendar
W/PackageManager( 4402): Unknown permission com.qualcomm.permission.USE_QCRIL_MSG_TUNNEL in package com.qualcomm.shutdownlistner
W/PackageManager( 4402): Unknown permission android.permission.PREVENT_POWER_KEY in package com.fairphone.checkup
W/PackageManager( 4402): Not granting permission android.permission.GLOBAL_SEARCH to package com.android.quicksearchbox (protectionLevel=18 flags=0x48be45)
W/PackageManager( 4402): Not granting permission android.permission.ACCESS_DOWNLOAD_MANAGER to package com.android.browser (protectionLevel=18 flags=0x9be45)
W/PackageManager( 4402): Not granting permission android.permission.SEND_DOWNLOAD_COMPLETED_INTENTS to package com.android.browser (protectionLevel=2 flags=0x9be45)
W/PackageManager( 4402): Unknown permission android.permission.MMS_PUSH in package org.codeaurora.bluetooth
W/PackageManager( 4402): Not granting permission android.permission.BIND_WALLPAPER to package com.android.camera2 (protectionLevel=18 flags=0x58bc45)
W/PackageManager( 4402): Unknown permission android.permission.INSTALL_DRM in package com.android.mms
W/PackageManager( 4402): Unknown permission com.google.android.googleapps.permission.GOOGLE_AUTH.mail in package com.android.calendar
W/PackageManager( 4402): Unknown permission com.android.launcher.permission.READ_SETTINGS in package com.android.onetimeinitializer
W/PackageManager( 4402): Unknown permission com.android.launcher.permission.WRITE_SETTINGS in package com.android.onetimeinitializer
W/PackageManager( 4402): Not granting permission android.permission.DELETE_PACKAGES to package com.svox.pico (protectionLevel=18 flags=0x8be45)
W/PackageManager( 4402): Unknown permission android.permission.ACCESS_THEME_MANAGER in package com.fairphone.setupwizard
W/PackageManager( 4402): Unknown permission com.google.android.gallery3d.permission.PICASA_STORE in package com.android.dreams.phototable
W/PackageManager( 4402): Unknown permission android.permission.ACCESS_SUPERUSER in package com.amaze.filemanager
W/PackageManager( 4402): Unknown permission com.android.launcher.permission.READ_SETTINGS in package com.fairphone.fplauncher3
W/PackageManager( 4402): Unknown permission com.android.launcher.permission.WRITE_SETTINGS in package com.fairphone.fplauncher3
W/PackageManager( 4402): Unknown permission android.permission.ACCESS_SUPERUSER in package com.fairphone.updater
W/PackageManager( 4402): Not granting permission android.permission.DEVICE_POWER to package com.android.deskclock (protectionLevel=2 flags=0x48be45)
W/PackageManager( 4402): Unknown permission com.google.android.gallery3d.permission.GALLERY_PROVIDER in package com.android.bluetooth
I/art ( 4402): Explicit concurrent mark sweep GC freed 51184(2MB) AllocSpace objects, 19(304KB) LOS objects, 61% free, 2MB/6MB, paused 1.353ms total 24.143ms
I/SystemServer( 4402): User Service
E/ServiceManager( 4226): add_service('permission',15) uid=1000 - ALREADY REGISTERED, OVERRIDE
I/ServiceManager( 4226): service 'permission' died
I/lowmemorykiller( 769): ActivityManager connected
I/SystemServiceManager( 4402): Starting com.android.server.lights.LightsService
I/SystemServiceManager( 4402): Starting com.android.server.BatteryService
I/SystemServiceManager( 4402): Starting com.android.server.usage.UsageStatsService
E/NetlinkListener( 3359): recvmsg failed (I/O error)
E/NetlinkListener( 4235): recvmsg failed (I/O error)
I/UsageStatsService( 4402): User[0] Rollover scheduled @ 2016-12-14 00:00:00(1481673600000)
I/SystemServiceManager( 4402): Starting com.android.server.webkit.WebViewUpdateService
I/SystemServer( 4402): Reading configuration...
I/SystemServer( 4402): Scheduling Policy
I/SystemServiceManager( 4402): Starting com.android.server.telecom.TelecomLoaderService
I/SystemServer( 4402): Telephony Registry
I/SystemServer( 4402): Entropy Mixer
I/EntropyMixer( 4402): Writing entropy...
I/SystemServer( 4402): Account Manager
I/SystemServer( 4402): Content Manager
I/SystemServer( 4402): System Content Providers
E/NetlinkListener( 3359): recvmsg failed (I/O error)
E/NetlinkListener( 4235): recvmsg failed (I/O error)
I/SystemServer( 4402): Vibrator Service
I/SystemServer( 4402): Consumer IR Service
E/ConsumerIrService( 4402): Can't open consumer IR HW Module, error: sfdroid disabled
I/SystemServiceManager( 4402): Starting com.android.server.AlarmManagerService
W/AlarmManager( 4402): Failed to open alarm driver. Falling back to a handler.
I/SystemServer( 4402): Init Watchdog
I/SystemServer( 4402): Input Manager
I/InputManager( 4402): Initializing input manager, mUseDevInputEventForAudioJack=true
I/SystemServer( 4402): Window Manager
I/WindowManager( 4402): No existing display settings /data/system/display_settings.xml; starting empty
W/ServiceManager( 4229): Permission failure: android.permission.ACCESS_SURFACE_FLINGER from uid=1000 pid=4402
D/PermissionCache( 4229): checking android.permission.ACCESS_SURFACE_FLINGER for uid=1000 => denied (231 us)
E/SurfaceFlinger( 4229): Permission Denial: can't access SurfaceFlinger pid=4402, uid=1000
E/SurfaceFlinger( 4229): Permission Denial: can't access SurfaceFlinger pid=4402, uid=1000
E/WindowManager( 4402): Exception creating Dim surface
E/WindowManager( 4402): android.view.Surface$OutOfResourcesException
E/WindowManager( 4402): at android.view.SurfaceControl.nativeCreate(Native Method)
E/WindowManager( 4402): at android.view.SurfaceControl.(SurfaceControl.java:292)
E/WindowManager( 4402): at com.android.server.wm.DimLayer.(DimLayer.java:81)
E/WindowManager( 4402): at com.android.server.wm.TaskStack.attachDisplayContent(TaskStack.java:233)
E/WindowManager( 4402): at com.android.server.wm.WindowManagerService.attachStack(WindowManagerService.java:5158)
E/WindowManager( 4402): at com.android.server.am.ActivityStackSupervisor$ActivityContainer.attachToDisplayLocked(ActivityStackSupervisor.java:3766)
E/WindowManager( 4402): at com.android.server.am.ActivityStackSupervisor.createStackOnDisplay(ActivityStackSupervisor.java:2649)
E/WindowManager( 4402): at com.android.server.am.ActivityStackSupervisor.setWindowManager(ActivityStackSupervisor.java:394)
E/WindowManager( 4402): at com.android.server.am.ActivityManagerService.setWindowManager(ActivityManagerService.java:1943)
E/WindowManager( 4402): at com.android.server.SystemServer.startOtherServices(SystemServer.java:498)
E/WindowManager( 4402): at com.android.server.SystemServer.run(SystemServer.java:265)
E/WindowManager( 4402): at com.android.server.SystemServer.main(SystemServer.java:179)
E/WindowManager( 4402): at java.lang.reflect.Method.invoke(Native Method)
E/WindowManager( 4402): at java.lang.reflect.Method.invoke(Method.java:372)
E/WindowManager( 4402): at com.android.internal.os.ZygoteInit$MethodAndArgsCaller.run(ZygoteInit.java:904)
E/WindowManager( 4402): at com.android.internal.os.ZygoteInit.main(ZygoteInit.java:699)
E/SurfaceFlinger( 4229): Permission Denial: can't access SurfaceFlinger pid=4402, uid=1000
E/WindowManager( 4402): Exception creating Dim surface
E/WindowManager( 4402): android.view.Surface$OutOfResourcesException
E/WindowManager( 4402): at android.view.SurfaceControl.nativeCreate(Native Method)
E/WindowManager( 4402): at android.view.SurfaceControl.(SurfaceControl.java:292)
E/WindowManager( 4402): at com.android.server.wm.DimLayer.(DimLayer.java:81)
E/WindowManager( 4402): at com.android.server.wm.TaskStack.attachDisplayContent(TaskStack.java:234)
E/WindowManager( 4402): at com.android.server.wm.WindowManagerService.attachStack(WindowManagerService.java:5158)
E/WindowManager( 4402): at com.android.server.am.ActivityStackSupervisor$ActivityContainer.attachToDisplayLocked(ActivityStackSupervisor.java:3766)
E/WindowManager( 4402): at com.android.server.am.ActivityStackSupervisor.createStackOnDisplay(ActivityStackSupervisor.java:2649)
E/WindowManager( 4402): at com.android.server.am.ActivityStackSupervisor.setWindowManager(ActivityStackSupervisor.java:394)
E/WindowManager( 4402): at com.android.server.am.ActivityManagerService.setWindowManager(ActivityManagerService.java:1943)
E/WindowManager( 4402): at com.android.server.SystemServer.startOtherServices(SystemServer.java:498)
E/WindowManager( 4402): at com.android.server.SystemServer.run(SystemServer.java:265)
E/WindowManager( 4402): at com.android.server.SystemServer.main(SystemServer.java:179)
E/WindowManager( 4402): at java.lang.reflect.Method.invoke(Native Method)
E/WindowManager( 4402): at java.lang.reflect.Method.invoke(Method.java:372)
E/WindowManager( 4402): at com.android.internal.os.ZygoteInit$MethodAndArgsCaller.run(ZygoteInit.java:904)
E/WindowManager( 4402): at com.android.internal.os.ZygoteInit.main(ZygoteInit.java:699)
E/SurfaceFlinger( 4229): Permission Denial: can't access SurfaceFlinger pid=4402, uid=1000
I/InputManager( 4402): Starting input manager
I/SystemServer( 4402): sfdroid: Bluetooth Service disabled
I/SystemServer( 4402): Input Method Service
E/EventHub( 4402): could not open /dev/input/event4, Permission denied
E/EventHub( 4402): could not open /dev/input/event3, Permission denied
E/EventHub( 4402): could not open /dev/input/by-path, Is a directory
E/EventHub( 4402): could not open /dev/input/event2, Permission denied
E/EventHub( 4402): could not open /dev/input/event1, Permission denied
E/EventHub( 4402): could not open /dev/input/event0, Permission denied
E/EventHub( 4402): could not open /dev/input/mice, Permission denied
W/InputMethodManagerService( 4402): Couldn't create dir.: /data/system/inputmethod
I/InputReader( 4402): Device added: id=-1, name='Virtual', sources=0x00000301
W/InputMethodManagerService( 4402): No IME selected. Choose the most applicable IME.
I/InputMethodManagerService( 4402): Default found, using com.android.inputmethod.latin/.LatinIME
I/SystemServer( 4402): Accessibility Manager
I/XXXXXX ( 4402): choosing minFree values for 32 Bit
I/XXXXXX ( 4402): choosing minFree values for 32 Bit
I/XXXXXX ( 4402): choosing minFree values for 32 Bit
I/XXXXXX ( 4402): choosing minFree values for 32 Bit
I/XXXXXX ( 4402): choosing minFree values for 32 Bit
