W/Resources( 4232): Preloaded drawable resource #0x1080638 (android:drawable/spinner_disabled_holo_dark) that varies with configuration!!
W/Resources( 4232): Preloaded drawable resource #0x1080646 (android:drawable/spinner_pressed_holo_dark) that varies with configuration!!
W/Resources( 4232): Preloaded drawable resource #0x108063e (android:drawable/spinner_focused_holo_dark) that varies with configuration!!
W/Resources( 4232): Preloaded drawable resource #0x1080633 (android:drawable/spinner_default_holo_dark) that varies with configuration!!
W/Resources( 4232): Preloaded drawable resource #0x108062c (android:drawable/spinner_background_holo_dark) that varies with configuration!!
W/Resources( 4232): Preloaded drawable resource #0x108063a (android:drawable/spinner_disabled_holo_light) that varies with configuration!!
W/Resources( 4232): Preloaded drawable resource #0x1080648 (android:drawable/spinner_pressed_holo_light) that varies with configuration!!
W/Resources( 4232): Preloaded drawable resource #0x1080640 (android:drawable/spinner_focused_holo_light) that varies with configuration!!
W/Resources( 4232): Preloaded drawable resource #0x1080635 (android:drawable/spinner_default_holo_light) that varies with configuration!!
W/Resources( 4232): Preloaded drawable resource #0x108062d (android:drawable/spinner_background_holo_light) that varies with configuration!!
W/Resources( 4232): Preloaded drawable resource #0x1080618 (android:drawable/spinner_ab_default_holo_dark) that varies with configuration!!
W/Resources( 4232): Preloaded drawable resource #0x108061a (android:drawable/spinner_ab_default_holo_light) that varies with configuration!!
W/Resources( 4232): Preloaded drawable resource #0x108061c (android:drawable/spinner_ab_disabled_holo_dark) that varies with configuration!!
W/Resources( 4232): Preloaded drawable resource #0x108061e (android:drawable/spinner_ab_disabled_holo_light) that varies with configuration!!
W/Resources( 4232): Preloaded drawable resource #0x1080620 (android:drawable/spinner_ab_focused_holo_dark) that varies with configuration!!
W/Resources( 4232): Preloaded drawable resource #0x1080622 (android:drawable/spinner_ab_focused_holo_light) that varies with configuration!!
W/Resources( 4232): Preloaded drawable resource #0x1080626 (android:drawable/spinner_ab_pressed_holo_dark) that varies with configuration!!
W/Resources( 4232): Preloaded drawable resource #0x1080628 (android:drawable/spinner_ab_pressed_holo_light) that varies with configuration!!
W/Resources( 4232): Preloaded drawable resource #0x108061c (android:drawable/spinner_ab_disabled_holo_dark) that varies with configuration!!
W/Resources( 4232): Preloaded drawable resource #0x1080626 (android:drawable/spinner_ab_pressed_holo_dark) that varies with configuration!!
W/Resources( 4232): Preloaded drawable resource #0x1080620 (android:drawable/spinner_ab_focused_holo_dark) that varies with configuration!!
W/Resources( 4232): Preloaded drawable resource #0x1080618 (android:drawable/spinner_ab_default_holo_dark) that varies with configuration!!
W/Resources( 4232): Preloaded drawable resource #0x1080624 (android:drawable/spinner_ab_holo_dark) that varies with configuration!!
W/Resources( 4232): Preloaded drawable resource #0x108061e (android:drawable/spinner_ab_disabled_holo_light) that varies with configuration!!
W/Resources( 4232): Preloaded drawable resource #0x1080628 (android:drawable/spinner_ab_pressed_holo_light) that varies with configuration!!
W/Resources( 4232): Preloaded drawable resource #0x1080622 (android:drawable/spinner_ab_focused_holo_light) that varies with configuration!!
W/Resources( 4232): Preloaded drawable resource #0x108061a (android:drawable/spinner_ab_default_holo_light) that varies with configuration!!
W/Resources( 4232): Preloaded drawable resource #0x1080625 (android:drawable/spinner_ab_holo_light) that varies with configuration!!
W/Resources( 4232): Preloaded drawable resource #0x1080633 (android:drawable/spinner_default_holo_dark) that varies with configuration!!
W/Resources( 4232): Preloaded drawable resource #0x1080635 (android:drawable/spinner_default_holo_light) that varies with configuration!!
W/Resources( 4232): Preloaded drawable resource #0x1080638 (android:drawable/spinner_disabled_holo_dark) that varies with configuration!!
W/Resources( 4232): Preloaded drawable resource #0x108063a (android:drawable/spinner_disabled_holo_light) that varies with configuration!!
W/Resources( 4232): Preloaded drawable resource #0x108063e (android:drawable/spinner_focused_holo_dark) that varies with configuration!!
W/Resources( 4232): Preloaded drawable resource #0x1080640 (android:drawable/spinner_focused_holo_light) that varies with configuration!!
W/Resources( 4232): Preloaded drawable resource #0x1080646 (android:drawable/spinner_pressed_holo_dark) that varies with configuration!!
W/Resources( 4232): Preloaded drawable resource #0x1080648 (android:drawable/spinner_pressed_holo_light) that varies with configuration!!
W/Resources( 4232): Preloaded drawable resource #0x108026f (android:drawable/cab_background_bottom_holo_dark) that varies with configuration!!
W/Resources( 4232): Preloaded drawable resource #0x1080274 (android:drawable/cab_background_top_holo_light) that varies with configuration!!
W/Resources( 4232): Preloaded drawable resource #0x1080270 (android:drawable/cab_background_bottom_holo_light) that varies with configuration!!
W/Resources( 4232): Preloaded drawable resource #0x108032f (android:drawable/ic_cab_done_holo_dark) that varies with configuration!!
W/Resources( 4232): Preloaded drawable resource #0x1080273 (android:drawable/cab_background_top_holo_dark) that varies with configuration!!
W/Resources( 4232): Preloaded drawable resource #0x1080330 (android:drawable/ic_cab_done_holo_light) that varies with configuration!!
W/Resources( 4232): Preloaded drawable resource #0x10800d5 (android:drawable/btn_cab_done_default_holo_dark) that varies with configuration!!
W/Resources( 4232): Preloaded drawable resource #0x10800d8 (android:drawable/btn_cab_done_focused_holo_light) that varies with configuration!!
W/Resources( 4232): Preloaded drawable resource #0x10800d6 (android:drawable/btn_cab_done_default_holo_light) that varies with configuration!!
W/Resources( 4232): Preloaded drawable resource #0x10800dd (android:drawable/btn_cab_done_pressed_holo_dark) that varies with configuration!!
W/Resources( 4232): Preloaded drawable resource #0x10800d7 (android:drawable/btn_cab_done_focused_holo_dark) that varies with configuration!!
W/Resources( 4232): Preloaded drawable resource #0x10800de (android:drawable/btn_cab_done_pressed_holo_light) that varies with configuration!!
W/Resources( 4232): Preloaded drawable resource #0x10804a5 (android:drawable/list_pressed_holo_light) that varies with configuration!!
W/Resources( 4232): Preloaded drawable resource #0x10800d8 (android:drawable/btn_cab_done_focused_holo_light) that varies with configuration!!
W/Resources( 4232): Preloaded drawable resource #0x10800d6 (android:drawable/btn_cab_done_default_holo_light) that varies with configuration!!
W/Resources( 4232): Preloaded drawable resource #0x10800da (android:drawable/btn_cab_done_holo_light) that varies with configuration!!
W/Resources( 4232): Preloaded drawable resource #0x10804a4 (android:drawable/list_pressed_holo_dark) that varies with configuration!!
W/Resources( 4232): Preloaded drawable resource #0x10800d7 (android:drawable/btn_cab_done_focused_holo_dark) that varies with configuration!!
W/Resources( 4232): Preloaded drawable resource #0x10800d5 (android:drawable/btn_cab_done_default_holo_dark) that varies with configuration!!
W/Resources( 4232): Preloaded drawable resource #0x10800d9 (android:drawable/btn_cab_done_holo_dark) that varies with configuration!!
W/Resources( 4232): Preloaded drawable resource #0x1080038 (android:drawable/ic_menu_close_clear_cancel) that varies with configuration!!
W/Resources( 4232): Preloaded drawable resource #0x10803d3 (android:drawable/ic_menu_copy_holo_dark) that varies with configuration!!
W/Resources( 4232): Preloaded drawable resource #0x10803d4 (android:drawable/ic_menu_copy_holo_light) that varies with configuration!!
W/Resources( 4232): Preloaded drawable resource #0x10803d7 (android:drawable/ic_menu_cut_holo_dark) that varies with configuration!!
W/Resources( 4232): Preloaded drawable resource #0x10803d8 (android:drawable/ic_menu_cut_holo_light) that varies with configuration!!
W/Resources( 4232): Preloaded drawable resource #0x1080045 (android:drawable/ic_menu_more) that varies with configuration!!
W/Resources( 4232): Preloaded drawable resource #0x10803ef (android:drawable/ic_menu_moreoverflow_normal_holo_dark) that varies with configuration!!
W/Resources( 4232): Preloaded drawable resource #0x10803ec (android:drawable/ic_menu_moreoverflow_holo_dark) that varies with configuration!!
W/Resources( 4232): Preloaded drawable resource #0x10803f0 (android:drawable/ic_menu_moreoverflow_normal_holo_light) that varies with configuration!!
W/Resources( 4232): Preloaded drawable resource #0x10803ed (android:drawable/ic_menu_moreoverflow_holo_light) that varies with configuration!!
W/Resources( 4232): Preloaded drawable resource #0x10803f9 (android:drawable/ic_menu_paste_holo_dark) that varies with configuration!!
W/Resources( 4232): Preloaded drawable resource #0x10803fa (android:drawable/ic_menu_paste_holo_light) that varies with configuration!!
W/Resources( 4232): Preloaded drawable resource #0x1080403 (android:drawable/ic_menu_selectall_holo_light) that varies with configuration!!
W/Resources( 4232): Preloaded drawable resource #0x1080402 (android:drawable/ic_menu_selectall_holo_dark) that varies with configuration!!
W/Resources( 4232): Preloaded drawable resource #0x1080334 (android:drawable/ic_clear_disabled) that varies with configuration!!
W/Resources( 4232): Preloaded drawable resource #0x1080339 (android:drawable/ic_clear_normal) that varies with configuration!!
W/Resources( 4232): Preloaded drawable resource #0x1080333 (android:drawable/ic_clear) that varies with configuration!!
W/Resources( 4232): Preloaded drawable resource #0x1080334 (android:drawable/ic_clear_disabled) that varies with configuration!!
W/Resources( 4232): Preloaded drawable resource #0x1080339 (android:drawable/ic_clear_normal) that varies with configuration!!
W/Resources( 4232): Preloaded drawable resource #0x1080436 (android:drawable/ic_search_api_holo_dark) that varies with configuration!!
W/Resources( 4232): Preloaded drawable resource #0x1080437 (android:drawable/ic_search_api_holo_light) that varies with configuration!!
W/Resources( 4232): Preloaded drawable resource #0x1080361 (android:drawable/ic_go) that varies with configuration!!
W/Resources( 4232): Preloaded drawable resource #0x1080444 (android:drawable/ic_voice_search_api_holo_dark) that varies with configuration!!
W/Resources( 4232): Preloaded drawable resource #0x1080445 (android:drawable/ic_voice_search_api_holo_light) that varies with configuration!!
W/Resources( 4232): Preloaded drawable resource #0x108028f (android:drawable/dialog_bottom_holo_dark) that varies with configuration!!
W/Resources( 4232): Preloaded drawable resource #0x1080290 (android:drawable/dialog_bottom_holo_light) that varies with configuration!!
W/Resources( 4232): Preloaded drawable resource #0x1080294 (android:drawable/dialog_full_holo_dark) that varies with configuration!!
W/Resources( 4232): Preloaded drawable resource #0x1080295 (android:drawable/dialog_full_holo_light) that varies with configuration!!
W/Resources( 4232): Preloaded drawable resource #0x108029d (android:drawable/dialog_middle_holo_dark) that varies with configuration!!
W/Resources( 4232): Preloaded drawable resource #0x108029e (android:drawable/dialog_middle_holo_light) that varies with configuration!!
W/Resources( 4232): Preloaded drawable resource #0x108029f (android:drawable/dialog_top_holo_dark) that varies with configuration!!
W/Resources( 4232): Preloaded drawable resource #0x10802a0 (android:drawable/dialog_top_holo_light) that varies with configuration!!
W/Resources( 4232): Preloaded drawable resource #0x1080350 (android:drawable/ic_dialog_alert_holo_dark) that varies with configuration!!
W/Resources( 4232): Preloaded drawable resource #0x1080351 (android:drawable/ic_dialog_alert_holo_light) that varies with configuration!!
W/Resources( 4232): Preloaded drawable resource #0x1080498 (android:drawable/list_divider_holo_dark) that varies with configuration!!
W/Resources( 4232): Preloaded drawable resource #0x1080499 (android:drawable/list_divider_holo_light) that varies with configuration!!
W/Resources( 4232): Preloaded drawable resource #0x1080499 (android:drawable/list_divider_holo_light) that varies with configuration!!
W/Resources( 4232): Preloaded drawable resource #0x10800c1 (android:drawable/ab_transparent_dark_holo) that varies with configuration!!
W/Resources( 4232): Preloaded drawable resource #0x10800bf (android:drawable/ab_stacked_transparent_dark_holo) that varies with configuration!!
W/Resources( 4232): Preloaded drawable resource #0x10800a1 (android:drawable/ab_bottom_transparent_dark_holo) that varies with configuration!!
W/Resources( 4232): Preloaded drawable resource #0x10800b7 (android:drawable/ab_solid_dark_holo) that varies with configuration!!
W/Resources( 4232): Preloaded drawable resource #0x10800bc (android:drawable/ab_stacked_solid_dark_holo) that varies with configuration!!
W/Resources( 4232): Preloaded drawable resource #0x108009e (android:drawable/ab_bottom_solid_dark_holo) that varies with configuration!!
W/Resources( 4232): Preloaded drawable resource #0x10800c2 (android:drawable/ab_transparent_light_holo) that varies with configuration!!
W/Resources( 4232): Preloaded drawable resource #0x10800c0 (android:drawable/ab_stacked_transparent_light_holo) that varies with configuration!!
W/Resources( 4232): Preloaded drawable resource #0x10800a2 (android:drawable/ab_bottom_transparent_light_holo) that varies with configuration!!
W/Resources( 4232): Preloaded drawable resource #0x10800b8 (android:drawable/ab_solid_light_holo) that varies with configuration!!
W/Resources( 4232): Preloaded drawable resource #0x10800be (android:drawable/ab_stacked_solid_light_holo) that varies with configuration!!
W/Resources( 4232): Preloaded drawable resource #0x10800a0 (android:drawable/ab_bottom_solid_light_holo) that varies with configuration!!
W/Resources( 4232): Preloaded drawable resource #0x10800b9 (android:drawable/ab_solid_shadow_holo) that varies with configuration!!
W/Resources( 4232): Preloaded drawable resource #0x10804c5 (android:drawable/list_selector_disabled_holo_dark) that varies with configuration!!
W/Resources( 4232): Preloaded drawable resource #0x10804c5 (android:drawable/list_selector_disabled_holo_dark) that varies with configuration!!
W/Resources( 4232): Preloaded drawable resource #0x10804a4 (android:drawable/list_pressed_holo_dark) that varies with configuration!!
W/Resources( 4232): Preloaded drawable resource #0x10804a2 (android:drawable/list_longpressed_holo_dark) that varies with configuration!!
W/Resources( 4232): Preloaded drawable resource #0x10804c2 (android:drawable/list_selector_background_transition_holo_dark) that varies with configuration!!
W/Resources( 4232): Preloaded drawable resource #0x10804a4 (android:drawable/list_pressed_holo_dark) that varies with configuration!!
W/Resources( 4232): Preloaded drawable resource #0x10804a2 (android:drawable/list_longpressed_holo_dark) that varies with configuration!!
W/Resources( 4232): Preloaded drawable resource #0x10804c2 (android:drawable/list_selector_background_transition_holo_dark) that varies with configuration!!
W/Resources( 4232): Preloaded drawable resource #0x108049d (android:drawable/list_focused_holo) that varies with configuration!!
W/Resources( 4232): Preloaded drawable resource #0x1080456 (android:drawable/item_background_holo_dark) that varies with configuration!!
W/Resources( 4232): Preloaded drawable resource #0x10804c6 (android:drawable/list_selector_disabled_holo_light) that varies with configuration!!
W/Resources( 4232): Preloaded drawable resource #0x10804c6 (android:drawable/list_selector_disabled_holo_light) that varies with configuration!!
W/Resources( 4232): Preloaded drawable resource #0x10804a5 (android:drawable/list_pressed_holo_light) that varies with configuration!!
W/Resources( 4232): Preloaded drawable resource #0x10804a3 (android:drawable/list_longpressed_holo_light) that varies with configuration!!
W/Resources( 4232): Preloaded drawable resource #0x10804c3 (android:drawable/list_selector_background_transition_holo_light) that varies with configuration!!
W/Resources( 4232): Preloaded drawable resource #0x10804a5 (android:drawable/list_pressed_holo_light) that varies with configuration!!
W/Resources( 4232): Preloaded drawable resource #0x10804a3 (android:drawable/list_longpressed_holo_light) that varies with configuration!!
W/Resources( 4232): Preloaded drawable resource #0x10804c3 (android:drawable/list_selector_background_transition_holo_light) that varies with configuration!!
W/Resources( 4232): Preloaded drawable resource #0x108049d (android:drawable/list_focused_holo) that varies with configuration!!
W/Resources( 4232): Preloaded drawable resource #0x1080457 (android:drawable/item_background_holo_light) that varies with configuration!!
W/Resources( 4232): Preloaded drawable resource #0x10802f2 (android:drawable/fastscroll_thumb_pressed_holo) that varies with configuration!!
W/Resources( 4232): Preloaded drawable resource #0x10802ef (android:drawable/fastscroll_thumb_default_holo) that varies with configuration!!
W/Resources( 4232): Preloaded drawable resource #0x10802f0 (android:drawable/fastscroll_thumb_holo) that varies with configuration!!
W/Resources( 4232): Preloaded drawable resource #0x10802f2 (android:drawable/fastscroll_thumb_pressed_holo) that varies with configuration!!
W/Resources( 4232): Preloaded drawable resource #0x10802ef (android:drawable/fastscroll_thumb_default_holo) that varies with configuration!!
W/Resources( 4232): Preloaded drawable resource #0x10802f8 (android:drawable/fastscroll_track_pressed_holo_dark) that varies with configuration!!
W/Resources( 4232): Preloaded drawable resource #0x10802f3 (android:drawable/fastscroll_track_default_holo_dark) that varies with configuration!!
W/Resources( 4232): Preloaded drawable resource #0x10802f5 (android:drawable/fastscroll_track_holo_dark) that varies with configuration!!
W/Resources( 4232): Preloaded drawable resource #0x10802f8 (android:drawable/fastscroll_track_pressed_holo_dark) that varies with configuration!!
W/Resources( 4232): Preloaded drawable resource #0x10802f3 (android:drawable/fastscroll_track_default_holo_dark) that varies with configuration!!
W/Resources( 4232): Preloaded drawable resource #0x10802e9 (android:drawable/fastscroll_label_left_holo_dark) that varies with configuration!!
W/Resources( 4232): Preloaded drawable resource #0x10802ec (android:drawable/fastscroll_label_right_holo_dark) that varies with configuration!!
W/Resources( 4232): Preloaded drawable resource #0x10802f9 (android:drawable/fastscroll_track_pressed_holo_light) that varies with configuration!!
W/Resources( 4232): Preloaded drawable resource #0x10802f4 (android:drawable/fastscroll_track_default_holo_light) that varies with configuration!!
W/Resources( 4232): Preloaded drawable resource #0x10802f6 (android:drawable/fastscroll_track_holo_light) that varies with configuration!!
W/Resources( 4232): Preloaded drawable resource #0x10802f9 (android:drawable/fastscroll_track_pressed_holo_light) that varies with configuration!!
W/Resources( 4232): Preloaded drawable resource #0x10802f4 (android:drawable/fastscroll_track_default_holo_light) that varies with configuration!!
W/Resources( 4232): Preloaded drawable resource #0x10802ea (android:drawable/fastscroll_label_left_holo_light) that varies with configuration!!
W/Resources( 4232): Preloaded drawable resource #0x10802ed (android:drawable/fastscroll_label_right_holo_light) that varies with configuration!!
W/Resources( 4232): Preloaded drawable resource #0x10802ca (android:drawable/editbox_dropdown_background_dark) that varies with configuration!!
W/Resources( 4232): Preloaded drawable resource #0x1080740 (android:drawable/textfield_search_selected_holo_dark) that varies with configuration!!
W/Resources( 4232): Preloaded drawable resource #0x1080732 (android:drawable/textfield_search_default_holo_dark) that varies with configuration!!
W/Resources( 4232): Preloaded drawable resource #0x1080742 (android:drawable/textfield_searchview_holo_dark) that varies with configuration!!
W/Resources( 4232): Preloaded drawable resource #0x108073d (android:drawable/textfield_search_right_selected_holo_dark) that varies with configuration!!
W/Resources( 4232): Preloaded drawable resource #0x108073b (android:drawable/textfield_search_right_default_holo_dark) that varies with configuration!!
W/Resources( 4232): Preloaded drawable resource #0x1080744 (android:drawable/textfield_searchview_right_holo_dark) that varies with configuration!!
W/Resources( 4232): Preloaded drawable resource #0x1080741 (android:drawable/textfield_search_selected_holo_light) that varies with configuration!!
W/Resources( 4232): Preloaded drawable resource #0x1080733 (android:drawable/textfield_search_default_holo_light) that varies with configuration!!
W/Resources( 4232): Preloaded drawable resource #0x1080743 (android:drawable/textfield_searchview_holo_light) that varies with configuration!!
W/Resources( 4232): Preloaded drawable resource #0x108073e (android:drawable/textfield_search_right_selected_holo_light) that varies with configuration!!
W/Resources( 4232): Preloaded drawable resource #0x108073c (android:drawable/textfield_search_right_default_holo_light) that varies with configuration!!
W/Resources( 4232): Preloaded drawable resource #0x1080745 (android:drawable/textfield_searchview_right_holo_light) that varies with configuration!!
W/Resources( 4232): Preloaded drawable resource #0x1080740 (android:drawable/textfield_search_selected_holo_dark) that varies with configuration!!
W/Resources( 4232): Preloaded drawable resource #0x1080732 (android:drawable/textfield_search_default_holo_dark) that varies with configuration!!
W/Resources( 4232): Preloaded drawable resource #0x108073d (android:drawable/textfield_search_right_selected_holo_dark) that varies with configuration!!
W/Resources( 4232): Preloaded drawable resource #0x108073b (android:drawable/textfield_search_right_default_holo_dark) that varies with configuration!!
W/Resources( 4232): Preloaded drawable resource #0x1080741 (android:drawable/textfield_search_selected_holo_light) that varies with configuration!!
W/Resources( 4232): Preloaded drawable resource #0x1080733 (android:drawable/textfield_search_default_holo_light) that varies with configuration!!
W/Resources( 4232): Preloaded drawable resource #0x108073e (android:drawable/textfield_search_right_selected_holo_light) that varies with configuration!!
W/Resources( 4232): Preloaded drawable resource #0x108073c (android:drawable/textfield_search_right_default_holo_light) that varies with configuration!!
W/Resources( 4232): Preloaded drawable resource #0x10806fc (android:drawable/tab_unselected_holo) that varies with configuration!!
W/Resources( 4232): Preloaded drawable resource #0x10806f7 (android:drawable/tab_selected_holo) that varies with configuration!!
W/Resources( 4232): Preloaded drawable resource #0x10806fb (android:drawable/tab_unselected_focused_holo) that varies with configuration!!
W/Resources( 4232): Preloaded drawable resource #0x10806f6 (android:drawable/tab_selected_focused_holo) that varies with configuration!!
W/Resources( 4232): Preloaded drawable resource #0x10806fd (android:drawable/tab_unselected_pressed_holo) that varies with configuration!!
W/Resources( 4232): Preloaded drawable resource #0x10806f8 (android:drawable/tab_selected_pressed_holo) that varies with configuration!!
W/Resources( 4232): Preloaded drawable resource #0x10806fd (android:drawable/tab_unselected_pressed_holo) that varies with configuration!!
W/Resources( 4232): Preloaded drawable resource #0x10806f8 (android:drawable/tab_selected_pressed_holo) that varies with configuration!!
W/Resources( 4232): Preloaded drawable resource #0x10806e9 (android:drawable/tab_indicator_holo) that varies with configuration!!
W/Resources( 4232): Preloaded drawable resource #0x10806fc (android:drawable/tab_unselected_holo) that varies with configuration!!
W/Resources( 4232): Preloaded drawable resource #0x10806f7 (android:drawable/tab_selected_holo) that varies with configuration!!
W/Resources( 4232): Preloaded drawable resource #0x10806fb (android:drawable/tab_unselected_focused_holo) that varies with configuration!!
W/Resources( 4232): Preloaded drawable resource #0x10806f6 (android:drawable/tab_selected_focused_holo) that varies with configuration!!
W/Resources( 4232): Preloaded drawable resource #0x10806fd (android:drawable/tab_unselected_pressed_holo) that varies with configuration!!
W/Resources( 4232): Preloaded drawable resource #0x10806f8 (android:drawable/tab_selected_pressed_holo) that varies with configuration!!
W/Resources( 4232): Preloaded drawable resource #0x10805a0 (android:drawable/quickcontact_badge_overlay_pressed_dark) that varies with configuration!!
W/Resources( 4232): Preloaded drawable resource #0x1080597 (android:drawable/quickcontact_badge_overlay_focused_dark) that varies with configuration!!
W/Resources( 4232): Preloaded drawable resource #0x108059c (android:drawable/quickcontact_badge_overlay_normal_dark) that varies with configuration!!
W/Resources( 4232): Preloaded drawable resource #0x1080596 (android:drawable/quickcontact_badge_overlay_dark) that varies with configuration!!
W/Resources( 4232): Preloaded drawable resource #0x108059c (android:drawable/quickcontact_badge_overlay_normal_dark) that varies with configuration!!
W/Resources( 4232): Preloaded drawable resource #0x10805a0 (android:drawable/quickcontact_badge_overlay_pressed_dark) that varies with configuration!!
W/Resources( 4232): Preloaded drawable resource #0x10805a2 (android:drawable/quickcontact_badge_overlay_pressed_light) that varies with configuration!!
W/Resources( 4232): Preloaded drawable resource #0x1080599 (android:drawable/quickcontact_badge_overlay_focused_light) that varies with configuration!!
W/Resources( 4232): Preloaded drawable resource #0x108059e (android:drawable/quickcontact_badge_overlay_normal_light) that varies with configuration!!
W/Resources( 4232): Preloaded drawable resource #0x108059b (android:drawable/quickcontact_badge_overlay_light) that varies with configuration!!
W/Resources( 4232): Preloaded drawable resource #0x108059e (android:drawable/quickcontact_badge_overlay_normal_light) that varies with configuration!!
W/Resources( 4232): Preloaded drawable resource #0x10805a2 (android:drawable/quickcontact_badge_overlay_pressed_light) that varies with configuration!!
W/Resources( 4232): Preloaded drawable resource #0x10800b5 (android:drawable/ab_share_pack_material) that varies with configuration!!
W/Resources( 4232): Preloaded drawable resource #0x10800ba (android:drawable/ab_solid_shadow_material) that varies with configuration!!
W/Resources( 4232): Preloaded drawable resource #0x10800db (android:drawable/btn_cab_done_material) that varies with configuration!!
W/Resources( 4232): Preloaded drawable resource #0x10800e5 (android:drawable/btn_check_material_anim) that varies with configuration!!
W/Resources( 4232): Preloaded drawable resource #0x10801a1 (android:drawable/btn_radio_material_anim) that varies with configuration!!
W/Resources( 4232): Preloaded drawable resource #0x1080215 (android:drawable/btn_star_material) that varies with configuration!!
W/Resources( 4232): Preloaded drawable resource #0x1080248 (android:drawable/btn_toggle_material) that varies with configuration!!
W/Resources( 4232): Preloaded drawable resource #0x1080271 (android:drawable/cab_background_bottom_material) that varies with configuration!!
W/Resources( 4232): Preloaded drawable resource #0x1080275 (android:drawable/cab_background_top_material) that varies with configuration!!
W/Resources( 4232): Preloaded drawable resource #0x108028e (android:drawable/dialog_background_shadow_material) that varies with configuration!!
W/Resources( 4232): Preloaded drawable resource #0x10802c7 (android:drawable/edit_text_material) that varies with configuration!!
W/Resources( 4232): Preloaded drawable resource #0x10802e3 (android:drawable/expander_group_material) that varies with configuration!!
W/Resources( 4232): Preloaded drawable resource #0x1080343 (android:drawable/ic_commit_search_api_material) that varies with configuration!!
W/Resources( 4232): Preloaded drawable resource #0x108035b (android:drawable/ic_find_next_material) that varies with configuration!!
W/Resources( 4232): Preloaded drawable resource #0x108035f (android:drawable/ic_find_previous_material) that varies with configuration!!
W/Resources( 4232): Preloaded drawable resource #0x10803ad (android:drawable/ic_media_route_connecting_material) that varies with configuration!!
W/Resources( 4232): Preloaded drawable resource #0x10803ad (android:drawable/ic_media_route_connecting_material) that varies with configuration!!
W/Resources( 4232): Preloaded drawable resource #0x10803b3 (android:drawable/ic_media_route_material) that varies with configuration!!
W/Resources( 4232): Preloaded drawable resource #0x10803df (android:drawable/ic_menu_find_material) that varies with configuration!!
W/Resources( 4232): Preloaded drawable resource #0x1080400 (android:drawable/ic_menu_search_material) that varies with configuration!!
W/Resources( 4232): Preloaded drawable resource #0x108049b (android:drawable/list_divider_material) that varies with configuration!!
W/Resources( 4232): Preloaded drawable resource #0x10804a8 (android:drawable/list_section_divider_material) that varies with configuration!!
W/Resources( 4232): Preloaded drawable resource #0x108056e (android:drawable/progress_horizontal_material) that varies with configuration!!
W/Resources( 4232): Preloaded drawable resource #0x10805c4 (android:drawable/ratingbar_full_empty_material) that varies with configuration!!
W/Resources( 4232): Preloaded drawable resource #0x10805c8 (android:drawable/ratingbar_full_filled_material) that varies with configuration!!
W/Resources( 4232): Preloaded drawable resource #0x10805c4 (android:drawable/ratingbar_full_empty_material) that varies with configuration!!
W/Resources( 4232): Preloaded drawable resource #0x10805c4 (android:drawable/ratingbar_full_empty_material) that varies with configuration!!
W/Resources( 4232): Preloaded drawable resource #0x10805c8 (android:drawable/ratingbar_full_filled_material) that varies with configuration!!
W/Resources( 4232): Preloaded drawable resource #0x10805cb (android:drawable/ratingbar_full_material) that varies with configuration!!
W/Resources( 4232): Preloaded drawable resource #0x10805e3 (android:drawable/scrubber_control_material_anim) that varies with configuration!!
W/Resources( 4232): Preloaded drawable resource #0x10805eb (android:drawable/scrubber_control_selector_material) that varies with configuration!!
W/Resources( 4232): Preloaded drawable resource #0x10805f6 (android:drawable/scrubber_progress_horizontal_material) that varies with configuration!!
W/Resources( 4232): Preloaded drawable resource #0x108062e (android:drawable/spinner_background_material) that varies with configuration!!
W/Resources( 4232): Preloaded drawable resource #0x108064b (android:drawable/spinner_textfield_background_material) that varies with configuration!!
W/Resources( 4232): Preloaded drawable resource #0x10806bb (android:drawable/switch_thumb_material_anim) that varies with configuration!!
W/Resources( 4232): Preloaded drawable resource #0x10806c0 (android:drawable/switch_track_material) that varies with configuration!!
W/Resources( 4232): Preloaded drawable resource #0x10806ea (android:drawable/tab_indicator_material) that varies with configuration!!
W/Resources( 4232): Preloaded drawable resource #0x1080701 (android:drawable/text_cursor_material) that varies with configuration!!
W/Resources( 4232): Preloaded drawable resource #0x1080739 (android:drawable/textfield_search_material) that varies with configuration!!
W/Resources( 4232): Preloaded drawable resource #0x1080707 (android:drawable/text_select_handle_left_material) that varies with configuration!!
W/Resources( 4232): Preloaded drawable resource #0x108070a (android:drawable/text_select_handle_middle_material) that varies with configuration!!
W/Resources( 4232): Preloaded drawable resource #0x108070d (android:drawable/text_select_handle_right_material) that varies with configuration!!
I/art ( 4232): Explicit concurrent mark sweep GC freed 9114(4MB) AllocSpace objects, 0(0B) LOS objects, 50% free, 3MB/7MB, paused 156us total 10.359ms
I/Zygote ( 4232): ...preloaded 343 resources in 876ms.
I/art ( 4232): Explicit concurrent mark sweep GC freed 2094(2MB) AllocSpace objects, 0(0B) LOS objects, 70% free, 1729KB/5MB, paused 242us total 14.945ms
I/Zygote ( 4232): ...preloaded 41 resources in 47ms.
I/art ( 4232): Counter: 0
D/libEGL ( 4232): loaded /vendor/lib/egl/libEGL_adreno.so
D/libEGL ( 4232): loaded /vendor/lib/egl/libGLESv1_CM_adreno.so
D/libEGL ( 4232): loaded /vendor/lib/egl/libGLESv2_adreno.so
I/Zygote ( 4232): Preloading shared libraries...
D/Zygote ( 4232): end preload
I/art ( 4232): Explicit concurrent mark sweep GC freed 509(22KB) AllocSpace objects, 0(0B) LOS objects, 70% free, 1715KB/5MB, paused 174us total 9.505ms
I/art ( 4232): Explicit concurrent mark sweep GC freed 41(1568B) AllocSpace objects, 0(0B) LOS objects, 70% free, 1713KB/5MB, paused 129us total 6.411ms
I/art ( 4232): Explicit concurrent mark sweep GC freed 5(160B) AllocSpace objects, 0(0B) LOS objects, 70% free, 1713KB/5MB, paused 128us total 6.333ms
I/Zygote ( 4232): System server process 4402 has been created
I/Zygote ( 4232): Accepting command socket connections
I/InstallerConnection( 4402): connecting...
I/installd( 3000): new connection
I/dex2oat ( 4418): /system/bin/dex2oat --zip-fd=5 --zip-location=/usr/libexec/sfdroid/system/framework/services.jar --oat-fd=6 --oat-location=/data/dalvik-cache/arm/usr@libexec@sfdroid@system@framework@services.jar@classes.dex --instruction-set=arm --instruction-set-features=div --runtime-arg -Xms64m --runtime-arg -Xmx512m --swap-fd=10
V/WLAN_PSA( 670): NL MSG, len[048], NL type[0x11] WNI type[0x5050] len[028]
V/WLAN_PSA( 670): NL MSG, PID: 670
I/dex2oat ( 4418): Decided to run without swap.
E/NetlinkListener( 4235): recvmsg failed (I/O error)
E/NetlinkListener( 3359): recvmsg failed (I/O error)
E/NetlinkListener( 3359): recvmsg failed (I/O error)
E/NetlinkListener( 4235): recvmsg failed (I/O error)
E/NetlinkListener( 4235): recvmsg failed (I/O error)
E/NetlinkListener( 3359): recvmsg failed (I/O error)
E/NetlinkListener( 3359): recvmsg failed (I/O error)
E/NetlinkListener( 4235): recvmsg failed (I/O error)
E/NetlinkListener( 3359): recvmsg failed (I/O error)
E/NetlinkListener( 4235): recvmsg failed (I/O error)
E/NetlinkListener( 4235): recvmsg failed (I/O error)
E/NetlinkListener( 3359): recvmsg failed (I/O error)
I/dex2oat ( 4418): dex2oat took 3.937s (threads: 4) arena alloc=2MB java alloc=4MB native alloc=15MB free=8MB
I/dex2oat ( 4453): /system/bin/dex2oat --zip-fd=5 --zip-location=/usr/libexec/sfdroid/system/framework/ethernet-service.jar --oat-fd=6 --oat-location=/data/dalvik-cache/arm/usr@libexec@sfdroid@system@framework@ethernet-service.jar@classes.dex --instruction-set=arm --instruction-set-features=div --runtime-arg -Xms64m --runtime-arg -Xmx512m --swap-fd=10
I/dex2oat ( 4453): Decided to run without swap.
I/dex2oat ( 4453): dex2oat took 49.498ms (threads: 4) arena alloc=221KB java alloc=65KB native alloc=1274KB free=6MB
I/dex2oat ( 4458): /system/bin/dex2oat --zip-fd=5 --zip-location=/usr/libexec/sfdroid/system/framework/wifi-service.jar --oat-fd=6 --oat-location=/data/dalvik-cache/arm/usr@libexec@sfdroid@system@framework@wifi-service.jar@classes.dex --instruction-set=arm --instruction-set-features=div --runtime-arg -Xms64m --runtime-arg -Xmx512m --swap-fd=10
I/dex2oat ( 4458): Decided to run without swap.
E/NetlinkListener( 3359): recvmsg failed (I/O error)
E/NetlinkListener( 4235): recvmsg failed (I/O error)
E/NetlinkListener( 4235): recvmsg failed (I/O error)
E/NetlinkListener( 3359): recvmsg failed (I/O error)
V/WLAN_PSA( 670): NL MSG, len[4011], NL type[0x1C] WNI type[0x5900] len[37647]
V/WLAN_PSA( 670): NL MSG, PID: 670
I/dex2oat ( 4458): dex2oat took 761.951ms (threads: 4) arena alloc=1738KB java alloc=905KB native alloc=4MB free=3MB
I/InstallerConnection( 4402): disconnecting...
E/installd( 3000): eof
E/installd( 3000): failed to read size
I/installd( 3000): closing connection
I/SystemServer( 4402): Entered the Android system server!
E/NetlinkListener( 4235): recvmsg failed (I/O error)
E/NetlinkListener( 3359): recvmsg failed (I/O error)
V/Fingerprint-JNI( 4402): FingerprintManager JNI ready.
I/ ( 4402): System server: starting sensor init.
D/SensorService( 4402): nuSensorService starting...
I/SystemServiceManager( 4402): Starting com.android.server.pm.Installer
I/Installer( 4402): Waiting for installd to be ready.
I/InstallerConnection( 4402): connecting...
I/installd( 3000): new connection
I/SystemServiceManager( 4402): Starting com.android.server.am.ActivityManagerService$Lifecycle
E/qti_sensors_hal( 4402): SensorsContext: Hal opened lib /system/lib/hw/sensors.oem.so failed!
E/Sensors ( 1059): sns_acm_mr.c(432):Transport error -45
I/XXXXXX ( 4402): choosing minFree values for 32 Bit
I/XXXXXX ( 4402): choosing minFree values for 32 Bit
I/XXXXXX ( 4402): choosing minFree values for 32 Bit
I/XXXXXX ( 4402): choosing minFree values for 32 Bit
I/XXXXXX ( 4402): choosing minFree values for 32 Bit
I/XXXXXX ( 4402): choosing minFree values for 32 Bit
E/Sensors ( 1059): sns_acm_mr.c(432):Transport error -45
E/Sensors ( 1059): sns_acm_mr.c(432):Transport error -45
E/Sensors ( 1059): sns_acm_mr.c(432):Transport error -45
I/ActivityManager( 4402): Memory class: 128
I/ServiceThread( 4402): Enabled StrictMode logging for ActivityManager looper.
E/Sensors ( 1059): sns_acm_mr.c(432):Transport error -45
E/Sensors ( 1059): sns_acm_mr.c(432):Transport error -45
E/Sensors ( 1059): sns_acm_mr.c(432):Transport error -45
E/Sensors ( 1059): sns_acm_mr.c(432):Transport error -45
E/Sensors ( 1059): sns_acm_mr.c(432):Transport error -45
E/Sensors ( 1059): sns_acm_mr.c(734):Request made to disabled service
E/Sensors ( 1059): sns_main.c(1331):Error writing request. sns_err 3 error 0 qmi_err 0
E/qti_sensors_hal( 4402): SAMSensor_sensor1_cb: attributes request failed for handle 55
E/qti_sensors_hal( 4402): processResp: Msg 36; Result: 1, Error: 3
W/qti_sensors_hal( 4402): addSensor : Not supported sensor with handle 31!
W/qti_sensors_hal( 4402): addSensor : Not supported sensor with handle 32!
I/AppOps ( 4402): No existing app ops /data/system/appops.xml; starting empty
E/Sensors ( 1059): sns_acm_mr.c(432):Transport error -45
E/Sensors ( 1059): sns_acm_mr.c(432):Transport error -45
E/Sensors ( 1059): sns_acm_mr.c(432):Transport error -45
E/Sensors ( 1059): sns_acm_mr.c(432):Transport error -45
E/Sensors ( 1059): sns_acm_mr.c(432):Transport error -45
E/Sensors ( 1059): sns_acm_mr.c(432):Transport error -45
E/Sensors ( 1059): sns_acm_mr.c(432):Transport error -45
E/Sensors ( 1059): sns_acm_mr.c(432):Transport error -45
E/Sensors ( 1059): sns_acm_mr.c(734):Request made to disabled service
E/qti_sensors_hal( 4402): SAMSensor_sensor1_cb: attributes request failed for handle 46
E/qti_sensors_hal( 4402): processResp: Msg 36; Result: 1, Error: 3
E/Sensors ( 1059): sns_main.c(1331):Error writing request. sns_err 3 error 0 qmi_err 0
E/qti_sensors_hal( 4402): processSingleSensorInfoResp: either handle_wakeup is -1 or error is true or mSensors[handle_wakeup] is NULL!
E/qti_sensors_hal( 4402): processSingleSensorInfoResp: either handle_wakeup is -1 or error is true or mSensors[handle_wakeup] is NULL!
E/qti_sensors_hal( 4402): processSingleSensorInfoResp: either handle_wakeup is -1 or error is true or mSensors[handle_wakeup] is NULL!
E/qti_sensors_hal( 4402): processSingleSensorInfoResp: either handle is -1 or error is true or mSensors[handle] is NULL!
E/qti_sensors_hal( 4402): processSingleSensorInfoResp: either handle_wakeup is -1 or error is true or mSensors[handle_wakeup] is NULL!
E/qti_sensors_hal( 4402): OEMAddSensors : The OEM_module is NULL!
W/ProcessCpuTracker( 4402): Skipping unknown process pid 4469
W/ProcessCpuTracker( 4402): Skipping unknown process pid 4470
W/ProcessCpuTracker( 4402): Skipping unknown process pid 4473
W/ProcessCpuTracker( 4402): Skipping unknown process pid 4477
I/IntentFirewall( 4402): Read new rules (A:0 B:0 S:0)
I/ServiceThread( 4402): Enabled StrictMode logging for android.ui looper.
W/qti_sensors_hal( 4402): sensors_get_sensors_list: handle 51 is not registered!
W/qti_sensors_hal( 4402): sensors_get_sensors_list: handle 52 is not registered!
W/qti_sensors_hal( 4402): sensors_get_sensors_list: handle 17 is not registered!
W/qti_sensors_hal( 4402): sensors_get_sensors_list: handle 26 is not registered!
W/qti_sensors_hal( 4402): sensors_get_sensors_list: handle 27 is not registered!
W/qti_sensors_hal( 4402): sensors_get_sensors_list: handle 65 is not registered!
W/qti_sensors_hal( 4402): sensors_get_sensors_list: handle 66 is not registered!
W/qti_sensors_hal( 4402): sensors_get_sensors_list: handle 19 is not registered!
W/qti_sensors_hal( 4402): sensors_get_sensors_list: handle 24 is not registered!
W/qti_sensors_hal( 4402): sensors_get_sensors_list: handle 64 is not registered!
W/qti_sensors_hal( 4402): sensors_get_sensors_list: handle 18 is not registered!
W/qti_sensors_hal( 4402): sensors_get_sensors_list: handle 20 is not registered!
W/qti_sensors_hal( 4402): sensors_get_sensors_list: handle 25 is not registered!
W/qti_sensors_hal( 4402): sensors_get_sensors_list: handle 28 is not registered!
W/qti_sensors_hal( 4402): sensors_get_sensors_list: handle 57 is not registered!
W/qti_sensors_hal( 4402): sensors_get_sensors_list: handle 58 is not registered!
W/qti_sensors_hal( 4402): sensors_get_sensors_list: handle 59 is not registered!
W/qti_sensors_hal( 4402): sensors_get_sensors_list: handle 62 is not registered!
W/qti_sensors_hal( 4402): sensors_get_sensors_list: handle 63 is not registered!
W/qti_sensors_hal( 4402): sensors_get_sensors_list: handle 60 is not registered!
W/qti_sensors_hal( 4402): sensors_get_sensors_list: handle 61 is not registered!
W/qti_sensors_hal( 4402): sensors_get_sensors_list: handle 56 is not registered!
W/qti_sensors_hal( 4402): sensors_get_sensors_list: handle 21 is not registered!
W/qti_sensors_hal( 4402): sensors_get_sensors_list: handle 22 is not registered!
W/qti_sensors_hal( 4402): sensors_get_sensors_list: handle 23 is not registered!
W/qti_sensors_hal( 4402): sensors_get_sensors_list: handle 31 is not registered!
W/qti_sensors_hal( 4402): sensors_get_sensors_list: handle 32 is not registered!
W/qti_sensors_hal( 4402): sensors_get_sensors_list: handle 35 is not registered!
W/qti_sensors_hal( 4402): sensors_get_sensors_list: handle 41 is not registered!
W/qti_sensors_hal( 4402): sensors_get_sensors_list: handle 54 is not registered!
D/SensorService( 4402): new thread SensorEventAckReceiver
I/ ( 4402): System server: sensor init done.
D/SensorService( 4402): nuSensorService thread starting...
I/ServiceThread( 4402): Enabled StrictMode logging for android.display looper.
E/ServiceManager( 4226): add_service('appops',b) uid=1000 - ALREADY REGISTERED, OVERRIDE
I/ServiceManager( 4226): service 'appops' died
D/AppOps ( 4402): AppOpsService published
I/SystemServiceManager( 4402): Starting com.android.server.power.PowerManagerService
I/ServiceThread( 4402): Enabled StrictMode logging for PowerManagerService looper.
E/PowerManagerService-JNI( 4402): Couldn't load power module (Operation not permitted)
W/libsuspend( 4402): Error writing 'on' to /sys/power/state: Invalid argument
I/libsuspend( 4402): Selected wakeup count
I/SystemServiceManager( 4402): Starting com.android.server.display.DisplayManagerService
E/BatteryStatsService( 4402): Failed to open /sys/kernel/wakeup_reasons/last_resume_reason
I/SystemServiceManager( 4402): Starting phase 100
I/DisplayManagerService( 4402): Display device added: DisplayDeviceInfo{"Built-in Screen": uniqueId="local:0", 1080 x 1920, 0.466 fps, supportedRefreshRates [0.466], density 480, 160.42105 x 159.89508 dpi, appVsyncOff 0, presDeadline 2146922789, touch INTERNAL, rotation 0, type BUILT_IN, state UNKNOWN, FLAG_DEFAULT_DISPLAY, FLAG_ROTATES_WITH_CONTENT, FLAG_SECURE, FLAG_SUPPORTS_PROTECTED_BUFFERS}
I/SystemServer( 4402): Package Manager
E/SELinuxMMAC( 4402): Error with hashing seapp_contexts.
E/SELinuxMMAC( 4402): java.io.FileNotFoundException: /seapp_contexts: open failed: ENOENT (No such file or directory)
E/SELinuxMMAC( 4402): at libcore.io.IoBridge.open(IoBridge.java:456)
E/SELinuxMMAC( 4402): at libcore.io.IoUtils$FileReader.(IoUtils.java:209)
E/SELinuxMMAC( 4402): at libcore.io.IoUtils.readFileAsByteArray(IoUtils.java:109)
E/SELinuxMMAC( 4402): at com.android.server.pm.SELinuxMMAC.returnHash(SELinuxMMAC.java:456)
E/SELinuxMMAC( 4402): at com.android.server.pm.SELinuxMMAC.shouldRestorecon(SELinuxMMAC.java:389)
E/SELinuxMMAC( 4402): at com.android.server.pm.PackageManagerService.(PackageManagerService.java:419)
E/SELinuxMMAC( 4402): at com.android.server.pm.PackageManagerService.main(PackageManagerService.java:1261)
E/SELinuxMMAC( 4402): at com.android.server.SystemServer.startBootstrapServices(SystemServer.java:358)
E/SELinuxMMAC( 4402): at com.android.server.SystemServer.run(SystemServer.java:263)
E/SELinuxMMAC( 4402): at com.android.server.SystemServer.main(SystemServer.java:179)
E/SELinuxMMAC( 4402): at java.lang.reflect.Method.invoke(Native Method)
E/SELinuxMMAC( 4402): at java.lang.reflect.Method.invoke(Method.java:372)
E/SELinuxMMAC( 4402): at com.android.internal.os.ZygoteInit$MethodAndArgsCaller.run(ZygoteInit.java:904)
E/SELinuxMMAC( 4402): at com.android.internal.os.ZygoteInit.main(ZygoteInit.java:699)
E/SELinuxMMAC( 4402): Caused by: android.system.ErrnoException: open failed: ENOENT (No such file or directory)
E/SELinuxMMAC( 4402): at libcore.io.Posix.open(Native Method)
E/SELinuxMMAC( 4402): at libcore.io.BlockGuardOs.open(BlockGuardOs.java:186)
E/SELinuxMMAC( 4402): at libcore.io.IoBridge.open(IoBridge.java:442)
E/SELinuxMMAC( 4402): ... 13 more
D/EntSec ( 4402): [QSB ] [QSB_CLIENT ] QualcommSecurityBridge: PackageManager
I/EntSec ( 4402): [QSB ] [PORT_SWITCH] QSB Client Thread created
I/EntSec ( 4402): [QSB ] [PORT_SWITCH] QSB Port Switching Thread start running...
D/EntSec ( 4402): [QSB ] [PORT_SWITCH] Creating NQS Communicator instance
D/EntSec ( 4402): [QSB ] [NQS_CONECTOR] Trying to open a local socket
E/EntSec ( 4402): [QSB ] [NQS_CONECTOR] Failed to create and connect a local socket. [Error Description: No such file or directory ]
E/EntSec ( 4402): [QSB ] [NQS_CONECTOR] Failed to connect to the NQS [Error Description: No such file or directory ]
D/EntSec ( 4402): [QSB ] [PORT_SWITCH] NQS Communicator is disconnected
E/EntSec ( 4402): [QSB ] [PORT_SWITCH] No connection with the NQS; QSB initializes with the default port
I/EntSec ( 4402): [QSB ] [QSB_CLIENT ] Revert Loading port completed successfully
E/EntSec ( 4402): [QSB ] [PORT_SWITCH] QSB Port Switching Thread stop running.
W/SystemConfig( 4402): No directory /system/etc/sysconfig, skipping
D/SELinuxMMAC( 4402): Using policy file /system/etc/security/mac_permissions.xml
V/WLAN_PSA( 670): NL MSG, len[048], NL type[0x11] WNI type[0x5050] len[028]
V/WLAN_PSA( 670): NL MSG, PID: 670
I/dex2oat ( 4544): /system/bin/dex2oat --zip-fd=5 --zip-location=/system/framework/qcnvitems.jar --oat-fd=6 --oat-location=/data/dalvik-cache/arm/system@framework@qcnvitems.jar@classes.dex --instruction-set=arm --instruction-set-features=div --runtime-arg -Xms64m --runtime-arg -Xmx512m --swap-fd=10
I/dex2oat ( 4544): Decided to run without swap.
I/dex2oat ( 4544): dex2oat took 222.587ms (threads: 4) arena alloc=65KB java alloc=472KB native alloc=1793KB free=6MB
E/art ( 4402): DexFile_isDexOptNeeded file '/system/framework/com.google.widevine.software.drm.jar' does not exist
W/PackageManager( 4402): Library not found: /system/framework/com.google.widevine.software.drm.jar
I/dex2oat ( 4549): /system/bin/dex2oat --zip-fd=5 --zip-location=/system/framework/dpmapi.jar --oat-fd=6 --oat-location=/data/dalvik-cache/arm/system@framework@dpmapi.jar@classes.dex --instruction-set=arm --instruction-set-features=div --runtime-arg -Xms64m --runtime-arg -Xmx512m --swap-fd=10
I/dex2oat ( 4549): Decided to run without swap.
I/dex2oat ( 4549): dex2oat took 51.194ms (threads: 4) arena alloc=93KB java alloc=15KB native alloc=872KB free=7MB
I/dex2oat ( 4554): /system/bin/dex2oat --zip-fd=5 --zip-location=/system/framework/btmultisimlibrary.jar --oat-fd=6 --oat-location=/data/dalvik-cache/arm/system@framework@btmultisimlibrary.jar@classes.dex --instruction-set=arm --instruction-set-features=div --runtime-arg -Xms64m --runtime-arg -Xmx512m --swap-fd=10
I/dex2oat ( 4554): Decided to run without swap.
E/qdhwcomposer( 1519): isValidDimension: layer handle is NULL
E/qdhwcomposer( 1519): isValidDimension: layer handle is NULL
E/qdoverlay( 1519): Bad ov dump: mdp_overlay z=0 fg=0 alpha=255 mask=-1 flags=0x220000 id=16
E/qdoverlay( 1519): src msmfb_img w=1152 h=1920 format=13 MDP_RGBA_8888
E/qdoverlay( 1519): src_rect mdp_rect x=0 y=0 w=1080 h=1920
E/qdoverlay( 1519): dst_rect mdp_rect x=0 y=0 w=1080 h=1920
I/dex2oat ( 4554): dex2oat took 73.422ms (threads: 4) arena alloc=103KB java alloc=6KB native alloc=879KB free=7MB
