I/dex2oat (16622): /system/bin/dex2oat --zip-fd=5 --zip-location=/system/priv-app/ProxyHandler/ProxyHandler.apk --oat-fd=6 --oat-location=/data/dalvik-cache/arm/system@priv-app@ProxyHandler@ProxyHandler.apk@classes.dex --instruction-set=arm --instruction-set-features=div --runtime-arg -Xms64m --runtime-arg -Xmx512m --swap-fd=7
I/dex2oat (16622): Decided to run without swap.
I/dex2oat (16622): dex2oat took 59.530ms (threads: 4) arena alloc=300KB java alloc=17KB native alloc=1384KB free=6MB
I/PackageManager(15883): Running dexopt on: /system/priv-app/SystemUI/SystemUI.apk pkg=com.android.systemui isa=arm vmSafeMode=false
E/NetlinkListener( 683): recvmsg failed (I/O error)
E/NetlinkListener(15793): recvmsg failed (I/O error)
I/dex2oat (16627): /system/bin/dex2oat --zip-fd=5 --zip-location=/system/priv-app/SystemUI/SystemUI.apk --oat-fd=6 --oat-location=/data/dalvik-cache/arm/system@priv-app@SystemUI@SystemUI.apk@classes.dex --instruction-set=arm --instruction-set-features=div --runtime-arg -Xms64m --runtime-arg -Xmx512m --swap-fd=7
E/NetlinkListener(15793): recvmsg failed (I/O error)
E/NetlinkListener( 683): recvmsg failed (I/O error)
I/dex2oat (16627): Decided to run without swap.
E/NetlinkListener( 683): recvmsg failed (I/O error)
E/NetlinkListener(15793): recvmsg failed (I/O error)
E/NetlinkListener( 683): recvmsg failed (I/O error)
E/NetlinkListener(15793): recvmsg failed (I/O error)
V/WLAN_PSA( 669): NL MSG, len[048], NL type[0x11] WNI type[0x5050] len[028]
V/WLAN_PSA( 669): NL MSG, PID: 669
I/dex2oat (16627): dex2oat took 1.758s (threads: 4) arena alloc=86KB java alloc=3MB native alloc=6MB free=5MB
I/PackageManager(15883): Running dexopt on: /system/priv-app/ContactsProvider/ContactsProvider.apk pkg=com.android.providers.contacts isa=arm vmSafeMode=false
E/NetlinkListener(15793): recvmsg failed (I/O error)
E/NetlinkListener( 683): recvmsg failed (I/O error)
I/dex2oat (16654): /system/bin/dex2oat --zip-fd=5 --zip-location=/system/priv-app/ContactsProvider/ContactsProvider.apk --oat-fd=6 --oat-location=/data/dalvik-cache/arm/system@priv-app@ContactsProvider@ContactsProvider.apk@classes.dex --instruction-set=arm --instruction-set-features=div --runtime-arg -Xms64m --runtime-arg -Xmx512m --swap-fd=7
E/NetlinkListener(15793): recvmsg failed (I/O error)
E/NetlinkListener( 683): recvmsg failed (I/O error)
I/dex2oat (16654): Decided to run without swap.
E/NetlinkListener( 683): recvmsg failed (I/O error)
E/NetlinkListener(15793): recvmsg failed (I/O error)
E/NetlinkListener(15793): recvmsg failed (I/O error)
E/NetlinkListener( 683): recvmsg failed (I/O error)
E/NetlinkListener(15793): recvmsg failed (I/O error)
E/NetlinkListener( 683): recvmsg failed (I/O error)
E/NetlinkListener( 683): recvmsg failed (I/O error)
E/NetlinkListener(15793): recvmsg failed (I/O error)
I/dex2oat (16654): dex2oat took 1.018s (threads: 4) arena alloc=1051KB java alloc=737KB native alloc=4MB free=3MB
I/PackageManager(15883): Running dexopt on: /system/priv-app/CalendarProvider/CalendarProvider.apk pkg=com.android.providers.calendar isa=arm vmSafeMode=false
I/dex2oat (16684): /system/bin/dex2oat --zip-fd=5 --zip-location=/system/priv-app/CalendarProvider/CalendarProvider.apk --oat-fd=6 --oat-location=/data/dalvik-cache/arm/system@priv-app@CalendarProvider@CalendarProvider.apk@classes.dex --instruction-set=arm --instruction-set-features=div --runtime-arg -Xms64m --runtime-arg -Xmx512m --swap-fd=7
I/dex2oat (16684): Decided to run without swap.
E/NetlinkListener(15793): recvmsg failed (I/O error)
E/NetlinkListener( 683): recvmsg failed (I/O error)
E/NetlinkListener( 683): recvmsg failed (I/O error)
E/NetlinkListener(15793): recvmsg failed (I/O error)
I/dex2oat (16684): dex2oat took 502.507ms (threads: 4) arena alloc=347KB java alloc=439KB native alloc=2MB free=5MB
I/PackageManager(15883): Running dexopt on: /system/priv-app/MediaProvider/MediaProvider.apk pkg=com.android.providers.media isa=arm vmSafeMode=false
I/dex2oat (16698): /system/bin/dex2oat --zip-fd=5 --zip-location=/system/priv-app/MediaProvider/MediaProvider.apk --oat-fd=6 --oat-location=/data/dalvik-cache/arm/system@priv-app@MediaProvider@MediaProvider.apk@classes.dex --instruction-set=arm --instruction-set-features=div --runtime-arg -Xms64m --runtime-arg -Xmx512m --swap-fd=7
I/dex2oat (16698): Decided to run without swap.
E/NetlinkListener(15793): recvmsg failed (I/O error)
E/NetlinkListener( 683): recvmsg failed (I/O error)
I/dex2oat (16698): dex2oat took 320.704ms (threads: 4) arena alloc=936KB java alloc=150KB native alloc=1728KB free=6MB
I/PackageManager(15883): Running dexopt on: /system/priv-app/ManagedProvisioning/ManagedProvisioning.apk pkg=com.android.managedprovisioning isa=arm vmSafeMode=false
I/dex2oat (16707): /system/bin/dex2oat --zip-fd=5 --zip-location=/system/priv-app/ManagedProvisioning/ManagedProvisioning.apk --oat-fd=6 --oat-location=/data/dalvik-cache/arm/system@priv-app@ManagedProvisioning@ManagedProvisioning.apk@classes.dex --instruction-set=arm --instruction-set-features=div --runtime-arg -Xms64m --runtime-arg -Xmx512m --swap-fd=7
E/NetlinkListener(15793): recvmsg failed (I/O error)
E/NetlinkListener( 683): recvmsg failed (I/O error)
I/dex2oat (16707): Decided to run without swap.
E/NetlinkListener(15793): recvmsg failed (I/O error)
E/NetlinkListener( 683): recvmsg failed (I/O error)
V/WLAN_PSA( 669): NL MSG, len[4025], NL type[0x1C] WNI type[0x5900] len[41231]
V/WLAN_PSA( 669): NL MSG, PID: 669
E/NetlinkListener(15793): recvmsg failed (I/O error)
E/NetlinkListener( 683): recvmsg failed (I/O error)
I/dex2oat (16707): dex2oat took 766.384ms (threads: 4) arena alloc=131KB java alloc=550KB native alloc=2MB free=5MB
I/PackageManager(15883): Running dexopt on: /system/app/VisualizationWallpapers/VisualizationWallpapers.apk pkg=com.android.musicvis isa=arm vmSafeMode=false
I/dex2oat (16728): /system/bin/dex2oat --zip-fd=5 --zip-location=/system/app/VisualizationWallpapers/VisualizationWallpapers.apk --oat-fd=6 --oat-location=/data/dalvik-cache/arm/system@app@VisualizationWallpapers@VisualizationWallpapers.apk@classes.dex --instruction-set=arm --instruction-set-features=div --runtime-arg -Xms64m --runtime-arg -Xmx512m --swap-fd=7
I/dex2oat (16728): Decided to run without swap.
E/NetlinkListener( 683): recvmsg failed (I/O error)
E/NetlinkListener(15793): recvmsg failed (I/O error)
I/dex2oat (16728): dex2oat took 234.113ms (threads: 4) arena alloc=100KB java alloc=139KB native alloc=1435KB free=6MB
I/PackageManager(15883): Running dexopt on: /system/app/DeskClock/DeskClock.apk pkg=com.android.deskclock isa=arm vmSafeMode=false
I/dex2oat (16736): /system/bin/dex2oat --zip-fd=5 --zip-location=/system/app/DeskClock/DeskClock.apk --oat-fd=6 --oat-location=/data/dalvik-cache/arm/system@app@DeskClock@DeskClock.apk@classes.dex --instruction-set=arm --instruction-set-features=div --runtime-arg -Xms64m --runtime-arg -Xmx512m --swap-fd=7
I/dex2oat (16736): Decided to run without swap.
E/NetlinkListener(15793): recvmsg failed (I/O error)
E/NetlinkListener( 683): recvmsg failed (I/O error)
D/audio_hw_primary(15794): out_set_parameters: enter: usecase(0: deep-buffer-playback) kvpairs: exiting=1
D/audio_hw_extn(15794): audio_extn_set_anc_parameters: anc_enabled:0
W/AudioFlinger(15794): Thread AudioOut_2 cannot connect to the power manager service
D/audio_hw_primary(15794): adev_close_output_stream: enter:stream_handle(0xb58809c0)
D/audio_hw_primary(15794): out_standby: enter: stream (0xb58809c0) usecase(0: deep-buffer-playback)
D/audio_hw_primary(15794): out_set_parameters: enter: usecase(1: low-latency-playback) kvpairs: exiting=1
D/audio_hw_primary(15794): adev_close_output_stream: enter:stream_handle(0xb5880b00)
D/audio_hw_primary(15794): out_standby: enter: stream (0xb5880b00) usecase(1: low-latency-playback)
W/SurfaceComposerClient(15883): ComposerService remote (surfaceflinger) died [0xafc31380]
E/DisplayEventReceiver(15883): Display event receiver pipe was closed or an error occurred. events=0x9
E/DisplayEventReceiver(15883): Display event receiver pipe was closed or an error occurred. events=0x9
E/DisplayEventReceiver(15883): Display event receiver pipe was closed or an error occurred. events=0x9
E/OpenGLRenderer(15883): Display event receiver pipe was closed or an error occurred. events=0x9
E/NetlinkListener( 683): recvmsg failed (I/O error)
E/NetlinkListener( 683): recvmsg failed (I/O error)
I/Netd (16751): Netd 1.0 starting
D/MDnsDS (16751): MDnsSdListener::Hander starting up
D/MDnsDS (16751): MDnsSdListener starting to monitor
D/MDnsDS (16751): Going to poll with pollCount 1
I/SurfaceFlinger(16752): SurfaceFlinger is starting
I/SurfaceFlinger(16752): SurfaceFlinger's main thread ready to run. Initializing graphics H/W...
D/libEGL (16752): loaded /vendor/lib/egl/libEGL_adreno.so
D/libEGL (16752): loaded /vendor/lib/egl/libGLESv1_CM_adreno.so
D/libEGL (16752): loaded /vendor/lib/egl/libGLESv2_adreno.so
I/Adreno-EGL(16752): : EGL 1.4 QUALCOMM build: ()
I/Adreno-EGL(16752): OpenGL ES Shader Compiler Version: E031.25.03.06
I/Adreno-EGL(16752): Build Date: 01/14/16 Thu I/Adreno-EGL(16752): Local Branch:
I/Adreno-EGL(16752): Remote Branch:
I/Adreno-EGL(16752): Local Patches:
I/Adreno-EGL(16752): Reconstruct Branch:
I/sharebuffer(16752): using (fd=11)
I/sharebuffer(16752): id = mdssfb_90000
I/sharebuffer(16752): xres = 1080 px
I/sharebuffer(16752): yres = 1920 px
I/sharebuffer(16752): xres_virtual = 1080 px
I/sharebuffer(16752): yres_virtual = 3840 px
I/sharebuffer(16752): bpp = 32
I/sharebuffer(16752): r = 24:8
I/sharebuffer(16752): g = 16:8
I/sharebuffer(16752): b = 8:8
I/sharebuffer(16752): width = 171 mm (160.421051 dpi)
I/sharebuffer(16752): height = 305 mm (159.895081 dpi)
I/sharebuffer(16752): refresh rate = 0.47 Hz
I/SurfaceFlinger(16752): EGL information:
I/SurfaceFlinger(16752): vendor : Android
I/SurfaceFlinger(16752): version : 1.4 Android META-EGL
I/SurfaceFlinger(16752): extensions: EGL_KHR_get_all_proc_addresses EGL_ANDROID_presentation_time EGL_KHR_image EGL_KHR_image_base EGL_KHR_lock_surface EGL_KHR_gl_texture_2D_image EGL_KHR_gl_texture_cubemap_image EGL_KHR_gl_renderbuffer_image EGL_KHR_fence_sync EGL_KHR_create_context EGL_EXT_create_context_robustness EGL_ANDROID_image_native_buffer EGL_KHR_wait_sync EGL_ANDROID_recordable
I/SurfaceFlinger(16752): Client API: OpenGL_ES
I/SurfaceFlinger(16752): EGLSurface: 8-8-8-8, config=0x5
I/SurfaceFlinger(16752): OpenGL ES informations:
I/SurfaceFlinger(16752): vendor : Qualcomm
I/SurfaceFlinger(16752): renderer : Adreno (TM) 330
I/SurfaceFlinger(16752): version : OpenGL ES 3.0 V@95.0 AU@ (CL@)
I/SurfaceFlinger(16752): extensions: GL_AMD_compressed_ATC_texture GL_AMD_performance_monitor GL_AMD_program_binary_Z400 GL_EXT_debug_label GL_EXT_debug_marker GL_EXT_discard_framebuffer GL_EXT_robustness GL_EXT_texture_format_BGRA8888 GL_EXT_texture_type_2_10_10_10_REV GL_NV_fence GL_OES_compressed_ETC1_RGB8_texture GL_OES_depth_texture GL_OES_depth24 GL_OES_EGL_image GL_OES_EGL_sync GL_OES_EGL_image_external GL_OES_element_index_uint GL_OES_fbo_render_mipmap GL_OES_fragment_precision_high GL_OES_get_program_binary GL_OES_packed_depth_stencil GL_OES_depth_texture_cube_map GL_OES_rgb8_rgba8 GL_OES_standard_derivatives GL_OES_texture_3D GL_OES_texture_float GL_OES_texture_half_float GL_OES_texture_half_float_linear GL_OES_texture_npot GL_OES_vertex_half_float GL_OES_vertex_type_10_10_10_2 GL_OES_vertex_array_object GL_QCOM_alpha_test GL_QCOM_binning_control GL_QCOM_driver_control GL_QCOM_perfmon_global_mode GL_QCOM_extended_get GL_QCOM_extended_get2 GL_QCOM_tiled_rendering GL_QCOM_writeonly_rendering GL_EXT_sRGB GL_EXT_sRGB_write_con
I/SurfaceFlinger(16752): GL_MAX_TEXTURE_SIZE = 4096
I/SurfaceFlinger(16752): GL_MAX_VIEWPORT_DIMS = 4096
E/installd(12055): DexInv: --- END '/system/app/DeskClock/DeskClock.apk' --- status=0x000f, process failed
E/ServiceManager(16745): add_service('SurfaceFlinger',5) uid=1000 - ALREADY REGISTERED, OVERRIDE
I/ServiceManager(16745): service 'SurfaceFlinger' died
D/SurfaceFlinger(16752): Set power mode=2, type=0 flinger=0xb6082000
E/installd(12055): read error: Connection reset by peer
E/installd(12055): failed to read size
I/installd(12055): closing connection
D/AndroidRuntime(16750): >>>>>> START com.android.internal.os.ZygoteInit uid 0 <<<<<<
D/AndroidRuntime(16750): CheckJNI is OFF
I/art (16750): option[0]=-Xzygote
I/art (16750): option[1]=-Xstacktracefile:/data/anr/traces.txt
I/art (16750): option[2]=exit
I/art (16750): option[3]=vfprintf
I/art (16750): option[4]=sensitiveThread
I/art (16750): option[5]=-verbose:gc
I/art (16750): option[6]=-Xms8m
I/art (16750): option[7]=-Xmx256m
I/art (16750): option[8]=-XX:mainThreadStackSize=24K
I/art (16750): option[9]=-XX:HeapGrowthLimit=128m
I/art (16750): option[10]=-XX:HeapMinFree=2m
I/art (16750): option[11]=-XX:HeapMaxFree=8m
I/art (16750): option[12]=-XX:HeapTargetUtilization=0.75
I/art (16750): option[13]=-agentlib:jdwp=transport=dt_android_adb,suspend=n,server=y
I/art (16750): option[14]=-Xlockprofthreshold:500
I/art (16750): option[15]=-Ximage-compiler-option
I/art (16750): option[16]=--runtime-arg
I/art (16750): option[17]=-Ximage-compiler-option
I/art (16750): option[18]=-Xms64m
I/art (16750): option[19]=-Ximage-compiler-option
I/art (16750): option[20]=--runtime-arg
I/art (16750): option[21]=-Ximage-compiler-option
I/art (16750): option[22]=-Xmx64m
I/art (16750): option[23]=-Ximage-compiler-option
I/art (16750): option[24]=--image-classes=/system/etc/preloaded-classes
I/art (16750): option[25]=-Xcompiler-option
I/art (16750): option[26]=--runtime-arg
I/art (16750): option[27]=-Xcompiler-option
I/art (16750): option[28]=-Xms64m
I/art (16750): option[29]=-Xcompiler-option
I/art (16750): option[30]=--runtime-arg
I/art (16750): option[31]=-Xcompiler-option
I/art (16750): option[32]=-Xmx512m
I/art (16750): option[33]=-Duser.language=en
I/art (16750): option[34]=-Duser.region=US
I/ServiceManager(16749): Waiting for service batterystats...
V/MediaUtils(16753): physMem: 1961033728
V/MediaUtils(16753): requested limit: 1274671905
V/MediaUtils(16753): actual limit: 1274671905
V/MediaUtils(16753): original limits: 4294967295/4294967295
V/MediaUtils(16753): new limits: 1274671905/4294967295
I/mediaserver(16753): ServiceManager: 0xb58700c0
I/AudioFlinger(16753): Using default 3000 mSec as standby time.
E/ServiceManager(16745): add_service('media.audio_flinger',7) uid=1013 - ALREADY REGISTERED, OVERRIDE
I/ServiceManager(16745): service 'media.audio_flinger' died
I/AudioPolicyService(16753): AudioPolicyService CSTOR in new mode
I/AudioPolicyManager(16753): loadAudioPolicyConfig() loaded /system/etc/audio_policy.conf
D/audio_hw_primary(16753): adev_open: enter
W/ServiceManager(16752): Permission failure: android.permission.ACCESS_SURFACE_FLINGER from uid=1013 pid=16783
D/PermissionCache(16752): checking android.permission.ACCESS_SURFACE_FLINGER for uid=1013 => denied (517 us)
E/SurfaceFlinger(16752): Permission Denial: can't access SurfaceFlinger pid=16783, uid=1013
F/libc (16783): Fatal signal 11 (SIGSEGV), code 1, fault addr 0xc in tid 16792 (BootAnimation)
I/DEBUG ( 662): *** *** *** *** *** *** *** *** *** *** *** *** *** *** *** ***
I/DEBUG ( 662): Build fingerprint: 'Fairphone/FP2/FP2:5.1/FP2/fp2-sibon-16.11.0:userdebug/release-keys'
I/DEBUG ( 662): Revision: '0'
I/DEBUG ( 662): ABI: 'arm'
I/DEBUG ( 662): pid: 16783, tid: 16792, name: BootAnimation >>> /system/bin/bootanimation <<<
I/DEBUG ( 662): signal 11 (SIGSEGV), code 1 (SEGV_MAPERR), fault addr 0xc
I/DEBUG ( 662): r0 00000000 r1 40000000 r2 00000001 r3 00000000
I/DEBUG ( 662): r4 00000000 r5 40000000 r6 b5903bf0 r7 b5903bf8
I/DEBUG ( 662): r8 b5903c08 r9 00000000 sl b5c37130 fp b5903c1c
I/DEBUG ( 662): ip b6f96f20 sp b5903bb8 lr b6e19afb pc b6e19aa2 cpsr 60070030
I/DEBUG ( 662):
I/DEBUG ( 662): backtrace:
I/DEBUG ( 662): #00 pc 00037aa2 /system/lib/libgui.so (_ZNK7android14SurfaceControl8validateEv+1)
I/DEBUG ( 662): #01 pc 00037af7 /system/lib/libgui.so (_ZN7android14SurfaceControl8setLayerEi+6)
I/DEBUG ( 662): #02 pc 0000501d /system/bin/bootanimation
I/DEBUG ( 662): #03 pc 0000ef41 /system/lib/libutils.so (_ZN7android6Thread11_threadLoopEPv+84)
I/DEBUG ( 662): #04 pc 0000eacd /system/lib/libutils.so
I/DEBUG ( 662): #05 pc 00013fc3 /system/lib/libc.so (_ZL15__pthread_startPv+30)
I/DEBUG ( 662): #06 pc 00011f0b /system/lib/libc.so (__start_thread+6)
D/SurfaceFlinger(16752): shader cache generated - 24 shaders in 223.444382 ms
W/sharebuffer(16752): connecting to renderer
E/sharebuffer(16752): error connecting to renderer: Connection refused
E/audio_route(16753): Control 'SLIMBUS_0_RX Port Mixer INT_BT_SCO_TX' doesn't exist - skipping
E/audio_route(16753): Control 'INTERNAL_BT_SCO_RX Audio Mixer Multimedia6' doesn't exist - skipping
E/audio_route(16753): Control 'MultiMedia4 Mixer MI2S_TX' doesn't exist - skipping
I/lowmemorykiller( 685): ActivityManager disconnected
I/lowmemorykiller( 685): Closing Activity Manager data connection
E/audio_route(16753): Control 'RX4 DSM MUX' doesn't exist - skipping
E/audio_route(16753): Control 'RX6 DSM MUX' doesn't exist - skipping
E/audio_route(16753): Control 'RX4 DSM MUX' doesn't exist - skipping
E/audio_route(16753): Control 'RX6 DSM MUX' doesn't exist - skipping
D/msm8974_platform(16753): platform_init: Opened sound card:0
D/ACDB-LOADER(16753): ACDB -> Load file: /etc/acdbdata/MTP/MTP_Bluetooth_cal.acdb
D/ACDB-LOADER(16753): ACDB -> Load file: /etc/acdbdata/MTP/MTP_General_cal.acdb
D/ACDB-LOADER(16753): ACDB -> Load file: /etc/acdbdata/MTP/MTP_Global_cal.acdb
D/ACDB-LOADER(16753): ACDB -> Load file: /etc/acdbdata/MTP/MTP_Handset_cal.acdb
D/ACDB-LOADER(16753): ACDB -> Load file: /etc/acdbdata/MTP/MTP_Hdmi_cal.acdb
D/ACDB-LOADER(16753): ACDB -> Load file: /etc/acdbdata/MTP/MTP_Headset_cal.acdb
D/ACDB-LOADER(16753): ACDB -> Load file: /etc/acdbdata/MTP/MTP_Speaker_cal.acdb
D/ACDB-LOADER(16753): ACDB -> ACDB_CMD_INITIALIZE_V2
D/ (16753): [ACDB Command]->SW Minor/Major/Revision version mismatch warning /etc/acdbdata/MTP/MTP_Bluetooth_cal.acdb
D/ (16753): [ACDB Command]->ACDB Sw Major = 3, ACDB Sw Minor = 0, ACDB Sw Revision = 0
D/ (16753): [ACDB Command]->ACDB File Major = 3, ACDB File Minor = 0, ACDB File Revision = 2
D/ (16753): [ACDB Command]->SW Minor/Major/Revision version mismatch warning /etc/acdbdata/MTP/MTP_General_cal.acdb
D/ (16753): [ACDB Command]->ACDB Sw Major = 3, ACDB Sw Minor = 0, ACDB Sw Revision = 0
D/ (16753): [ACDB Command]->ACDB File Major = 3, ACDB File Minor = 0, ACDB File Revision = 2
D/ (16753): [ACDB Command]->SW Minor/Major/Revision version mismatch warning /etc/acdbdata/MTP/MTP_Global_cal.acdb
D/ (16753): [ACDB Command]->ACDB Sw Major = 3, ACDB Sw Minor = 0, ACDB Sw Revision = 0
D/ (16753): [ACDB Command]->ACDB File Major = 3, ACDB File Minor = 0, ACDB File Revision = 2
D/ (16753): [ACDB Command]->SW Minor/Major/Revision version mismatch warning /etc/acdbdata/MTP/MTP_Handset_cal.acdb
D/ (16753): [ACDB Command]->ACDB Sw Major = 3, ACDB Sw Minor = 0, ACDB Sw Revision = 0
D/ (16753): [ACDB Command]->ACDB File Major = 3, ACDB File Minor = 0, ACDB File Revision = 2
D/ (16753): [ACDB Command]->SW Minor/Major/Revision version mismatch warning /etc/acdbdata/MTP/MTP_Hdmi_cal.acdb
D/ (16753): [ACDB Command]->ACDB Sw Major = 3, ACDB Sw Minor = 0, ACDB Sw Revision = 0
D/ (16753): [ACDB Command]->ACDB File Major = 3, ACDB File Minor = 0, ACDB File Revision = 2
D/ (16753): [ACDB Command]->SW Minor/Major/Revision version mismatch warning /etc/acdbdata/MTP/MTP_Headset_cal.acdb
D/ (16753): [ACDB Command]->ACDB Sw Major = 3, ACDB Sw Minor = 0, ACDB Sw Revision = 0
D/ (16753): [ACDB Command]->ACDB File Major = 3, ACDB File Minor = 0, ACDB File Revision = 2
D/ (16753): [ACDB Command]->SW Minor/Major/Revision version mismatch warning /etc/acdbdata/MTP/MTP_Speaker_cal.acdb
D/ (16753): [ACDB Command]->ACDB Sw Major = 3, ACDB Sw Minor = 0, ACDB Sw Revision = 0
D/ (16753): [ACDB Command]->ACDB File Major = 3, ACDB File Minor = 0, ACDB File Revision = 2
D/ACDB-LOADER(16753): ACDB -> ACPH INIT
D/ (16753): [ACPH]->Online service registered with ACPH
D/ (16753): [ACPH]->ACPH init success
D/ACDB-LOADER(16753): ACDB -> RTAC INIT
D/ (16753): [ACPH]->DSP RTC service registered with ACPH
D/ACDB-LOADER(16753): ACDB -> ADIE RTAC INIT
D/ (16753): [ACPH]->ADIE RTC service registered with ACPH
D/ACDB-LOADER(16753): No existing ION info in ACDB driver
D/ACDB-LOADER(16753): ACDB -> ION_IOC_ALLOC
D/ACDB-LOADER(16753): ACDB -> ION_IOC_SHARE
D/ACDB-LOADER(16753): ACDB -> MMAP ADDR
D/ACDB-LOADER(16753): ACDB -> register MEM to ACDB driver: 0xb6064000
D/ACDB-LOADER(16753): ACDB -> send_asm_topology
D/ACDB-LOADER(16753): ACDB -> ACDB_CMD_GET_AUDPROC_STREAM_TOPOLOGY_ID
D/ACDB-LOADER(16753): ACDB -> send_adm_custom_topology
D/ACDB-LOADER(16753): ACDB -> ACDB_CMD_GET_AUDIO_COPP_TOPOLOGIES
D/ (16753): ACDBFILE_MGR: Property for the pid 00012E47 not found
D/ (16753): ACDB_COMMAND: Failed to fetch the property info for pid 00012E47
E/ACDB-LOADER(16753): Error: ACDB get adm topologies returned = -18
D/ACDB-LOADER(16753): ACDB -> AUDIO_SET_ADM_CUSTOM_TOPOLOGY
D/ACDB-LOADER(16753): ACDB -> send_asm_custom_topology
D/ACDB-LOADER(16753): ACDB -> ACDB_CMD_GET_AUDIO_POPP_TOPOLOGIES
D/ACDB-LOADER(16753): ACDB -> AUDIO_SET_ASM_CUSTOM_TOPOLOGY
D/ACDB-LOADER(16753): ACDB -> init done!
D/platform_parser(16753): platform_info_init: Failed to open /system/etc/platform_info.xml, using defaults.
D/audio_hw_spkr_prot(16753): audio_extn_spkr_prot_init: Initialize speaker protection module
D/audio_hw_spkr_prot(16753): audio_extn_spkr_prot_init: Speaker protection disabled
E/msm8974_platform(16753): hw_util_open Opening device /dev/snd/hwC0D1000
E/msm8974_platform(16753): hw_util_open success
D/ACDB-LOADER(16753): ACDB -> ACDB_CMD_GET_ANC_SETTING
D/ACDB-LOADER(16753): ACDB -> ACDB_CMD_GET_ANC_SETTING
D/ACDB-LOADER(16753): ACDB -> ACDB_CMD_GET_ANC_SETTING
D/ACDB-LOADER(16753): ACDB -> ACDB_CMD_GET_ANC_SETTING
D/ACDB-LOADER(16753): ACDB -> ACDB_CMD_GET_ANC_SETTING
D/ACDB-LOADER(16753): ACDB -> ACDB_CMD_GET_ANC_SETTING
D/ACDB-LOADER(16753): ACDB -> ACDB_CMD_GET_ANC_SETTING
E/msm8974_platform(16753): send_codec_cal cal sent for anc_cal
E/ACDB-LOADER(16753): ACDB -> send_codec_cal
D/ACDB-LOADER(16753): ACDB -> ACDB_CMD_GET_CODEC_CAL_DATA
E/msm8974_platform(16753): send_codec_cal cal sent for mad_cal
D/ACDB-LOADER(16753): send mbhc data
D/ACDB-LOADER(16753): ACDB -> MBHC ACDB_PID_GENERAL_CONFIG
D/ACDB-LOADER(16753): ACDB -> MBHC ACDB_PID_PLUG_REMOVAL_DETECTION
D/ACDB-LOADER(16753): ACDB -> MBHC ACDB_PID_PLUG_TYPE_DETECTION
D/ACDB-LOADER(16753): ACDB -> MBHC ACDB_PID_BUTTON_PRESS_DETECTION
D/ACDB-LOADER(16753): ACDB -> MBHC ACDB_PID_IMPEDANCE_DETECTION
E/msm8974_platform(16753): send_codec_cal cal sent for mbhc_cal
I/AudioFlinger(16753): loadHwModule() Loaded primary audio interface from QCOM Audio HAL (audio) handle 1
D/audio_hw_primary(16753): adev_open_output_stream: enter: sample_rate(48000) channel_mask(0x3) devices(0x2) flags(0x2) stream_handle(0xb58809c0)
D/audio_hw_primary(16753): adev_open_output_stream: Stream (0xb58809c0) picks up usecase (deep-buffer-playback)
I/AudioFlinger(16753): HAL output buffer size 960 frames, normal sink buffer size 960 frames
I/AudioMixer(16753): found effect "Multichannel Downmix To Stereo" from The Android Open Source Project
I/AudioFlinger(16753): Using module 1 has the primary audio interface
I/AudioFlinger(16753): AudioFlinger's thread 0xb59e5000 ready to run
E/AudioPolicyManager(16753): unknown stream type 13
E/AudioPolicyManager(16753): unknown stream type 13
E/AudioPolicyManager(16753): unknown stream type 13
W/AudioFlinger(16753): Thread AudioOut_2 cannot connect to the power manager service
D/audio_hw_primary(16753): out_set_parameters: enter: usecase(0: deep-buffer-playback) kvpairs: routing=2
D/audio_hw_extn(16753): audio_extn_set_anc_parameters: anc_enabled:0
D/audio_hw_primary(16753): out_standby: enter: stream (0xb58809c0) usecase(0: deep-buffer-playback)
W/AudioFlinger(16753): Thread AudioOut_2 cannot connect to the power manager service
W/AudioFlinger(16753): Thread AudioOut_2 cannot connect to the power manager service
E/AudioFlinger(16753): no wake lock to update!
D/audio_hw_primary(16753): out_set_parameters: enter: usecase(0: deep-buffer-playback) kvpairs: fm_volume=0.0000000000
D/audio_hw_extn(16753): audio_extn_set_anc_parameters: anc_enabled:0
D/audio_hw_fm(16753): audio_extn_fm_set_parameters: set_fm_volume usecase
D/audio_hw_fm(16753): fm_set_volume: (0.000000)
E/AudioPolicyManager(16753): unknown stream type 13
D/audio_hw_primary(16753): adev_open_output_stream: enter: sample_rate(48000) channel_mask(0x3) devices(0x2) flags(0x4) stream_handle(0xb5880b00)
D/audio_hw_primary(16753): adev_open_output_stream: Stream (0xb5880b00) picks up usecase (low-latency-playback)
I/AudioFlinger(16753): HAL output buffer size 240 frames, normal sink buffer size 960 frames
E/MonoPipe(16753): Failed to fetch local time frequency when constructing a MonoPipe (res = -32). getNextWriteTimestamp calls will be non-functional
I/DEBUG ( 662):
I/DEBUG ( 662): Tombstone written to: /data/tombstones/tombstone_03
I/SamplingProfilerIntegration(16750): Profiling disabled.
D/Zygote (16750): begin preload
I/Zygote (16750): Preloading classes...
I/art (16750): Explicit concurrent mark sweep GC freed 824(38KB) AllocSpace objects, 0(0B) LOS objects, 98% free, 52KB/4MB, paused 110us total 3.462ms
I/art (16750): Counter: 1
I/art (16750): Explicit concurrent mark sweep GC freed 96(4KB) AllocSpace objects, 0(0B) LOS objects, 98% free, 72KB/4MB, paused 107us total 2.659ms
I/art (16750): Explicit concurrent mark sweep GC freed 457(29KB) AllocSpace objects, 0(0B) LOS objects, 98% free, 72KB/4MB, paused 99us total 1.725ms
I/art (16750): Explicit concurrent mark sweep GC freed 5(160B) AllocSpace objects, 0(0B) LOS objects, 98% free, 72KB/4MB, paused 103us total 1.616ms
W/Zygote (16750): Class not found for preloading: android.app.ContextImpl$62
I/art (16750): Explicit concurrent mark sweep GC freed 633(41KB) AllocSpace objects, 0(0B) LOS objects, 98% free, 80KB/4MB, paused 110us total 3.193ms
I/art (16750): Explicit concurrent mark sweep GC freed 5(160B) AllocSpace objects, 0(0B) LOS objects, 98% free, 80KB/4MB, paused 101us total 1.728ms
I/art (16750): Explicit concurrent mark sweep GC freed 443(26KB) AllocSpace objects, 0(0B) LOS objects, 97% free, 110KB/4MB, paused 124us total 2.706ms
I/art (16750): Explicit concurrent mark sweep GC freed 25(1056B) AllocSpace objects, 0(0B) LOS objects, 97% free, 109KB/4MB, paused 115us total 2.047ms
E/Minikin (16750): addFont failed to create font /system/fonts/NanumGothic.ttf
E/Minikin (16750): addFont failed to create font /system/fonts/DroidSansFallback.ttf
E/NetlinkListener( 683): recvmsg failed (I/O error)
E/NetlinkListener(16751): recvmsg failed (I/O error)
I/art (16750): Explicit concurrent mark sweep GC freed 1773(128KB) AllocSpace objects, 0(0B) LOS objects, 97% free, 121KB/4MB, paused 121us total 2.994ms
I/art (16750): Explicit concurrent mark sweep GC freed 26(880B) AllocSpace objects, 0(0B) LOS objects, 97% free, 121KB/4MB, paused 108us total 2.069ms
I/art (16750): Explicit concurrent mark sweep GC freed 1910(91KB) AllocSpace objects, 0(0B) LOS objects, 96% free, 162KB/4MB, paused 117us total 3.782ms
I/art (16750): Explicit concurrent mark sweep GC freed 5(160B) AllocSpace objects, 0(0B) LOS objects, 96% free, 162KB/4MB, paused 112us total 2.130ms
I/art (16750): Explicit concurrent mark sweep GC freed 1975(87KB) AllocSpace objects, 0(0B) LOS objects, 95% free, 197KB/4MB, paused 120us total 3.915ms
I/art (16750): Explicit concurrent mark sweep GC freed 5(160B) AllocSpace objects, 0(0B) LOS objects, 95% free, 197KB/4MB, paused 112us total 2.300ms
I/art (16750): Explicit concurrent mark sweep GC freed 369(19KB) AllocSpace objects, 0(0B) LOS objects, 94% free, 230KB/4MB, paused 126us total 3.695ms
I/art (16750): Explicit concurrent mark sweep GC freed 5(160B) AllocSpace objects, 0(0B) LOS objects, 94% free, 230KB/4MB, paused 117us total 2.293ms
I/art (16750): Thread[1,tid=16750,WaitingForJniOnLoad,Thread*=0xb4827800,peer=0x12c411c0,"main"] recursive attempt to load library "/system/lib/libmedia_jni.so"
D/MtpDeviceJNI(16750): register_android_mtp_MtpDevice
I/art (16750): Thread[1,tid=16750,WaitingForJniOnLoad,Thread*=0xb4827800,peer=0x12c411c0,"main"] recursive attempt to load library "/system/lib/libmedia_jni.so"
I/art (16750): Thread[1,tid=16750,WaitingForJniOnLoad,Thread*=0xb4827800,peer=0x12c411c0,"main"] recursive attempt to load library "/system/lib/libmedia_jni.so"
I/art (16750): Explicit concurrent mark sweep GC freed 748(43KB) AllocSpace objects, 0(0B) LOS objects, 94% free, 239KB/4MB, paused 109us total 3.138ms
I/art (16750): Explicit concurrent mark sweep GC freed 7(288B) AllocSpace objects, 0(0B) LOS objects, 94% free, 239KB/4MB, paused 118us total 2.216ms
I/art (16750): Explicit concurrent mark sweep GC freed 541(27KB) AllocSpace objects, 0(0B) LOS objects, 94% free, 260KB/4MB, paused 106us total 3.221ms
I/art (16750): Explicit concurrent mark sweep GC freed 5(160B) AllocSpace objects, 0(0B) LOS objects, 94% free, 260KB/4MB, paused 107us total 2.133ms
I/art (16750): Explicit concurrent mark sweep GC freed 641(35KB) AllocSpace objects, 0(0B) LOS objects, 93% free, 274KB/4MB, paused 120us total 3.878ms
I/art (16750): Explicit concurrent mark sweep GC freed 5(160B) AllocSpace objects, 0(0B) LOS objects, 93% free, 274KB/4MB, paused 121us total 2.448ms
I/art (16750): Explicit concurrent mark sweep GC freed 222(13KB) AllocSpace objects, 0(0B) LOS objects, 92% free, 312KB/4MB, paused 115us total 3.171ms
I/art (16750): Explicit concurrent mark sweep GC freed 5(160B) AllocSpace objects, 0(0B) LOS objects, 92% free, 312KB/4MB, paused 115us total 2.516ms
I/art (16750): Explicit concurrent mark sweep GC freed 1815(105KB) AllocSpace objects, 0(0B) LOS objects, 89% free, 462KB/4MB, paused 116us total 3.963ms
I/art (16750): Explicit concurrent mark sweep GC freed 5(160B) AllocSpace objects, 0(0B) LOS objects, 89% free, 462KB/4MB, paused 116us total 2.883ms
E/EmojiFactory_jni(16750): Failed to load libemoji.so: dlopen failed: library "libemoji.so" not found
I/art (16750): Explicit concurrent mark sweep GC freed 356(45KB) AllocSpace objects, 0(0B) LOS objects, 84% free, 760KB/4MB, paused 111us total 5.116ms
I/art (16750): Explicit concurrent mark sweep GC freed 9(272B) AllocSpace objects, 0(0B) LOS objects, 84% free, 759KB/4MB, paused 107us total 3.505ms
I/art (16750): Explicit concurrent mark sweep GC freed 432(30KB) AllocSpace objects, 0(0B) LOS objects, 84% free, 778KB/4MB, paused 103us total 4.083ms
I/art (16750): Explicit concurrent mark sweep GC freed 5(160B) AllocSpace objects, 0(0B) LOS objects, 84% free, 778KB/4MB, paused 106us total 3.468ms
I/art (16750): Explicit concurrent mark sweep GC freed 787(49KB) AllocSpace objects, 0(0B) LOS objects, 84% free, 780KB/4MB, paused 122us total 4.201ms
I/art (16750): Explicit concurrent mark sweep GC freed 5(160B) AllocSpace objects, 0(0B) LOS objects, 84% free, 780KB/4MB, paused 115us total 3.928ms
I/art (16750): Explicit concurrent mark sweep GC freed 957(105KB) AllocSpace objects, 0(0B) LOS objects, 83% free, 822KB/4MB, paused 148us total 5.362ms
I/art (16750): Explicit concurrent mark sweep GC freed 37(1744B) AllocSpace objects, 0(0B) LOS objects, 83% free, 821KB/4MB, paused 111us total 3.915ms
I/art (16750): Explicit concurrent mark sweep GC freed 528(39KB) AllocSpace objects, 0(0B) LOS objects, 83% free, 830KB/4MB, paused 121us total 4.572ms
I/art (16750): Explicit concurrent mark sweep GC freed 5(160B) AllocSpace objects, 0(0B) LOS objects, 83% free, 830KB/4MB, paused 114us total 4.089ms
I/art (16750): Explicit concurrent mark sweep GC freed 360(25KB) AllocSpace objects, 0(0B) LOS objects, 82% free, 859KB/4MB, paused 109us total 3.850ms
I/art (16750): Explicit concurrent mark sweep GC freed 5(160B) AllocSpace objects, 0(0B) LOS objects, 82% free, 859KB/4MB, paused 101us total 3.591ms
I/art (16750): Explicit concurrent mark sweep GC freed 10831(530KB) AllocSpace objects, 0(0B) LOS objects, 76% free, 1238KB/5MB, paused 113us total 5.809ms
I/art (16750): Explicit concurrent mark sweep GC freed 11(432B) AllocSpace objects, 0(0B) LOS objects, 76% free, 1238KB/5MB, paused 117us total 5.013ms
I/art (16750): Explicit concurrent mark sweep GC freed 570(33KB) AllocSpace objects, 0(0B) LOS objects, 76% free, 1254KB/5MB, paused 134us total 5.694ms
I/art (16750): Explicit concurrent mark sweep GC freed 5(160B) AllocSpace objects, 0(0B) LOS objects, 76% free, 1254KB/5MB, paused 130us total 5.195ms
V/WLAN_PSA( 669): NL MSG, len[048], NL type[0x11] WNI type[0x5050] len[028]
V/WLAN_PSA( 669): NL MSG, PID: 669
I/art (16750): Explicit concurrent mark sweep GC freed 739(45KB) AllocSpace objects, 0(0B) LOS objects, 76% free, 1257KB/5MB, paused 132us total 5.939ms
I/art (16750): Explicit concurrent mark sweep GC freed 5(160B) AllocSpace objects, 0(0B) LOS objects, 76% free, 1257KB/5MB, paused 127us total 5.174ms
I/System (16750): Loaded time zone names for "" in 53ms (49ms in ICU)
I/System (16750): Loaded time zone names for "en_US" in 34ms (30ms in ICU)
I/art (16750): Explicit concurrent mark sweep GC freed 2343(178KB) AllocSpace objects, 0(0B) LOS objects, 74% free, 1416KB/5MB, paused 123us total 7.379ms
I/art (16750): Explicit concurrent mark sweep GC freed 5(160B) AllocSpace objects, 0(0B) LOS objects, 74% free, 1416KB/5MB, paused 118us total 5.316ms
I/ServiceManager(16749): Waiting for service batterystats...
E/NetlinkListener(16751): recvmsg failed (I/O error)
E/NetlinkListener( 683): recvmsg failed (I/O error)
I/art (16750): Explicit concurrent mark sweep GC freed 136(12KB) AllocSpace objects, 0(0B) LOS objects, 73% free, 1481KB/5MB, paused 111us total 9.813ms
I/art (16750): Explicit concurrent mark sweep GC freed 5(160B) AllocSpace objects, 0(0B) LOS objects, 73% free, 1481KB/5MB, paused 108us total 4.935ms
I/art (16750): Explicit concurrent mark sweep GC freed 286(24KB) AllocSpace objects, 0(0B) LOS objects, 72% free, 1526KB/5MB, paused 111us total 5.440ms
I/art (16750): Explicit concurrent mark sweep GC freed 13(416B) AllocSpace objects, 0(0B) LOS objects, 72% free, 1526KB/5MB, paused 109us total 5.045ms
I/art (16750): Explicit concurrent mark sweep GC freed 667(47KB) AllocSpace objects, 0(0B) LOS objects, 72% free, 1528KB/5MB, paused 124us total 5.667ms
I/art (16750): Explicit concurrent mark sweep GC freed 25(800B) AllocSpace objects, 0(0B) LOS objects, 72% free, 1527KB/5MB, paused 122us total 5.652ms
I/Zygote (16750): ...preloaded 3004 classes in 747ms.
I/art (16750): VMRuntime.preloadDexCaches starting
I/art (16750): VMRuntime.preloadDexCaches strings total=223573 before=41006 after=41006
I/art (16750): VMRuntime.preloadDexCaches types total=19030 before=6653 after=6697
I/art (16750): VMRuntime.preloadDexCaches fields total=88636 before=32658 after=33035
I/art (16750): VMRuntime.preloadDexCaches methods total=156114 before=67685 after=68621
I/art (16750): VMRuntime.preloadDexCaches finished
I/art (16750): Counter: 0
I/art (16750): Counter: 1
I/art (16750): Explicit concurrent mark sweep GC freed 41(15KB) AllocSpace objects, 0(0B) LOS objects, 73% free, 1514KB/5MB, paused 116us total 7.415ms
D/idmap (16849): error: no read access to /vendor/overlay: No such file or directory
I/Zygote (16750): Preloading resources...
W/Resources(16750): Preloaded drawable resource #0x1080096 (android:drawable/toast_frame) that varies with configuration!!
W/Resources(16750): Preloaded drawable resource #0x108010d (android:drawable/btn_check_on_pressed_holo_light) that varies with configuration!!
W/Resources(16750): Preloaded drawable resource #0x108010c (android:drawable/btn_check_on_pressed_holo_dark) that varies with configuration!!
W/Resources(16750): Preloaded drawable resource #0x108010a (android:drawable/btn_check_on_holo_light) that varies with configuration!!
W/Resources(16750): Preloaded drawable resource #0x1080109 (android:drawable/btn_check_on_holo_dark) that varies with configuration!!
W/Resources(16750): Preloaded drawable resource #0x1080107 (android:drawable/btn_check_on_focused_holo_light) that varies with configuration!!
W/Resources(16750): Preloaded drawable resource #0x1080106 (android:drawable/btn_check_on_focused_holo_dark) that varies with configuration!!
W/Resources(16750): Preloaded drawable resource #0x1080105 (android:drawable/btn_check_on_disabled_holo_light) that varies with configuration!!
W/Resources(16750): Preloaded drawable resource #0x1080104 (android:drawable/btn_check_on_disabled_holo_dark) that varies with configuration!!
W/Resources(16750): Preloaded drawable resource #0x1080103 (android:drawable/btn_check_on_disabled_focused_holo_light) that varies with configuration!!
W/Resources(16750): Preloaded drawable resource #0x1080102 (android:drawable/btn_check_on_disabled_focused_holo_dark) that varies with configuration!!
W/Resources(16750): Preloaded drawable resource #0x10800fa (android:drawable/btn_check_off_pressed_holo_light) that varies with configuration!!
W/Resources(16750): Preloaded drawable resource #0x10800f9 (android:drawable/btn_check_off_pressed_holo_dark) that varies with configuration!!
W/Resources(16750): Preloaded drawable resource #0x10800f5 (android:drawable/btn_check_off_holo_light) that varies with configuration!!
W/Resources(16750): Preloaded drawable resource #0x10800f4 (android:drawable/btn_check_off_holo_dark) that varies with configuration!!
W/Resources(16750): Preloaded drawable resource #0x10800f2 (android:drawable/btn_check_off_focused_holo_light) that varies with configuration!!
W/Resources(16750): Preloaded drawable resource #0x10800f1 (android:drawable/btn_check_off_focused_holo_dark) that varies with configuration!!
W/Resources(16750): Preloaded drawable resource #0x10800f0 (android:drawable/btn_check_off_disabled_holo_light) that varies with configuration!!
W/Resources(16750): Preloaded drawable resource #0x10800ef (android:drawable/btn_check_off_disabled_holo_dark) that varies with configuration!!
W/Resources(16750): Preloaded drawable resource #0x10800ee (android:drawable/btn_check_off_disabled_focused_holo_light) that varies with configuration!!
W/Resources(16750): Preloaded drawable resource #0x10800ed (android:drawable/btn_check_off_disabled_focused_holo_dark) that varies with configuration!!
W/Resources(16750): Preloaded drawable resource #0x108010a (android:drawable/btn_check_on_holo_light) that varies with configuration!!
W/Resources(16750): Preloaded drawable resource #0x10800f5 (android:drawable/btn_check_off_holo_light) that varies with configuration!!
W/Resources(16750): Preloaded drawable resource #0x108010d (android:drawable/btn_check_on_pressed_holo_light) that varies with configuration!!
W/Resources(16750): Preloaded drawable resource #0x10800fa (android:drawable/btn_check_off_pressed_holo_light) that varies with configuration!!
W/Resources(16750): Preloaded drawable resource #0x1080107 (android:drawable/btn_check_on_focused_holo_light) that varies with configuration!!
W/Resources(16750): Preloaded drawable resource #0x10800f2 (android:drawable/btn_check_off_focused_holo_light) that varies with configuration!!
W/Resources(16750): Preloaded drawable resource #0x10800f5 (android:drawable/btn_check_off_holo_light) that varies with configuration!!
W/Resources(16750): Preloaded drawable resource #0x108010a (android:drawable/btn_check_on_holo_light) that varies with configuration!!
W/Resources(16750): Preloaded drawable resource #0x1080105 (android:drawable/btn_check_on_disabled_holo_light) that varies with configuration!!
W/Resources(16750): Preloaded drawable resource #0x10800f0 (android:drawable/btn_check_off_disabled_holo_light) that varies with configuration!!
W/Resources(16750): Preloaded drawable resource #0x1080103 (android:drawable/btn_check_on_disabled_focused_holo_light) that varies with configuration!!
W/Resources(16750): Preloaded drawable resource #0x10800ee (android:drawable/btn_check_off_disabled_focused_holo_light) that varies with configuration!!
W/Resources(16750): Preloaded drawable resource #0x10800f0 (android:drawable/btn_check_off_disabled_holo_light) that varies with configuration!!
W/Resources(16750): Preloaded drawable resource #0x1080105 (android:drawable/btn_check_on_disabled_holo_light) that varies with configuration!!
W/Resources(16750): Preloaded drawable resource #0x10800e3 (android:drawable/btn_check_holo_light) that varies with configuration!!
W/Resources(16750): Preloaded drawable resource #0x1080109 (android:drawable/btn_check_on_holo_dark) that varies with configuration!!
W/Resources(16750): Preloaded drawable resource #0x10800f4 (android:drawable/btn_check_off_holo_dark) that varies with configuration!!
W/Resources(16750): Preloaded drawable resource #0x108010c (android:drawable/btn_check_on_pressed_holo_dark) that varies with configuration!!
W/Resources(16750): Preloaded drawable resource #0x10800f9 (android:drawable/btn_check_off_pressed_holo_dark) that varies with configuration!!
W/Resources(16750): Preloaded drawable resource #0x1080106 (android:drawable/btn_check_on_focused_holo_dark) that varies with configuration!!
W/Resources(16750): Preloaded drawable resource #0x10800f1 (android:drawable/btn_check_off_focused_holo_dark) that varies with configuration!!
W/Resources(16750): Preloaded drawable resource #0x10800f4 (android:drawable/btn_check_off_holo_dark) that varies with configuration!!
W/Resources(16750): Preloaded drawable resource #0x1080109 (android:drawable/btn_check_on_holo_dark) that varies with configuration!!
W/Resources(16750): Preloaded drawable resource #0x1080104 (android:drawable/btn_check_on_disabled_holo_dark) that varies with configuration!!
W/Resources(16750): Preloaded drawable resource #0x10800ef (android:drawable/btn_check_off_disabled_holo_dark) that varies with configuration!!
W/Resources(16750): Preloaded drawable resource #0x1080102 (android:drawable/btn_check_on_disabled_focused_holo_dark) that varies with configuration!!
W/Resources(16750): Preloaded drawable resource #0x10800ed (android:drawable/btn_check_off_disabled_focused_holo_dark) that varies with configuration!!
W/Resources(16750): Preloaded drawable resource #0x10800ef (android:drawable/btn_check_off_disabled_holo_dark) that varies with configuration!!
W/Resources(16750): Preloaded drawable resource #0x1080104 (android:drawable/btn_check_on_disabled_holo_dark) that varies with configuration!!
W/Resources(16750): Preloaded drawable resource #0x10800e2 (android:drawable/btn_check_holo_dark) that varies with configuration!!
W/Resources(16750): Preloaded drawable resource #0x10801bd (android:drawable/btn_radio_on_pressed_holo_light) that varies with configuration!!
W/Resources(16750): Preloaded drawable resource #0x10801bc (android:drawable/btn_radio_on_pressed_holo_dark) that varies with configuration!!
W/Resources(16750): Preloaded drawable resource #0x10801b9 (android:drawable/btn_radio_on_holo_light) that varies with configuration!!
W/Resources(16750): Preloaded drawable resource #0x10801b8 (android:drawable/btn_radio_on_holo_dark) that varies with configuration!!
W/Resources(16750): Preloaded drawable resource #0x10801b6 (android:drawable/btn_radio_on_focused_holo_light) that varies with configuration!!
W/Resources(16750): Preloaded drawable resource #0x10801b5 (android:drawable/btn_radio_on_focused_holo_dark) that varies with configuration!!
W/Resources(16750): Preloaded drawable resource #0x10801b4 (android:drawable/btn_radio_on_disabled_holo_light) that varies with configuration!!
W/Resources(16750): Preloaded drawable resource #0x10801b3 (android:drawable/btn_radio_on_disabled_holo_dark) that varies with configuration!!
W/Resources(16750): Preloaded drawable resource #0x10801b2 (android:drawable/btn_radio_on_disabled_focused_holo_light) that varies with configuration!!
W/Resources(16750): Preloaded drawable resource #0x10801b1 (android:drawable/btn_radio_on_disabled_focused_holo_dark) that varies with configuration!!
W/Resources(16750): Preloaded drawable resource #0x10801ae (android:drawable/btn_radio_off_pressed_holo_light) that varies with configuration!!
W/Resources(16750): Preloaded drawable resource #0x10801ad (android:drawable/btn_radio_off_pressed_holo_dark) that varies with configuration!!
W/Resources(16750): Preloaded drawable resource #0x10801ab (android:drawable/btn_radio_off_holo_light) that varies with configuration!!
W/Resources(16750): Preloaded drawable resource #0x10801aa (android:drawable/btn_radio_off_holo_dark) that varies with configuration!!
W/Resources(16750): Preloaded drawable resource #0x10801a8 (android:drawable/btn_radio_off_focused_holo_light) that varies with configuration!!
W/Resources(16750): Preloaded drawable resource #0x10801a7 (android:drawable/btn_radio_off_focused_holo_dark) that varies with configuration!!
W/Resources(16750): Preloaded drawable resource #0x10801a6 (android:drawable/btn_radio_off_disabled_holo_light) that varies with configuration!!
W/Resources(16750): Preloaded drawable resource #0x10801a5 (android:drawable/btn_radio_off_disabled_holo_dark) that varies with configuration!!
W/Resources(16750): Preloaded drawable resource #0x10801a4 (android:drawable/btn_radio_off_disabled_focused_holo_light) that varies with configuration!!
W/Resources(16750): Preloaded drawable resource #0x10801a3 (android:drawable/btn_radio_off_disabled_focused_holo_dark) that varies with configuration!!
W/Resources(16750): Preloaded drawable resource #0x108014e (android:drawable/btn_default_pressed_holo_light) that varies with configuration!!
W/Resources(16750): Preloaded drawable resource #0x108014d (android:drawable/btn_default_pressed_holo_dark) that varies with configuration!!
W/Resources(16750): Preloaded drawable resource #0x108014a (android:drawable/btn_default_normal_holo_light) that varies with configuration!!
W/Resources(16750): Preloaded drawable resource #0x1080149 (android:drawable/btn_default_normal_holo_dark) that varies with configuration!!
W/Resources(16750): Preloaded drawable resource #0x1080140 (android:drawable/btn_default_focused_holo_light) that varies with configuration!!
W/Resources(16750): Preloaded drawable resource #0x108013f (android:drawable/btn_default_focused_holo_dark) that varies with configuration!!
W/Resources(16750): Preloaded drawable resource #0x108013d (android:drawable/btn_default_disabled_holo_light) that varies with configuration!!
W/Resources(16750): Preloaded drawable resource #0x108013c (android:drawable/btn_default_disabled_holo_dark) that varies with configuration!!
W/Resources(16750): Preloaded drawable resource #0x108013a (android:drawable/btn_default_disabled_focused_holo_light) that varies with configuration!!
W/Resources(16750): Preloaded drawable resource #0x1080139 (android:drawable/btn_default_disabled_focused_holo_dark) that varies with configuration!!
W/Resources(16750): Preloaded drawable resource #0x1080149 (android:drawable/btn_default_normal_holo_dark) that varies with configuration!!
W/Resources(16750): Preloaded drawable resource #0x108013c (android:drawable/btn_default_disabled_holo_dark) that varies with configuration!!
W/Resources(16750): Preloaded drawable resource #0x108014d (android:drawable/btn_default_pressed_holo_dark) that varies with configuration!!
W/Resources(16750): Preloaded drawable resource #0x108013f (android:drawable/btn_default_focused_holo_dark) that varies with configuration!!
W/Resources(16750): Preloaded drawable resource #0x1080149 (android:drawable/btn_default_normal_holo_dark) that varies with configuration!!
W/Resources(16750): Preloaded drawable resource #0x1080139 (android:drawable/btn_default_disabled_focused_holo_dark) that varies with configuration!!
W/Resources(16750): Preloaded drawable resource #0x108013c (android:drawable/btn_default_disabled_holo_dark) that varies with configuration!!
W/Resources(16750): Preloaded drawable resource #0x1080141 (android:drawable/btn_default_holo_dark) that varies with configuration!!
W/Resources(16750): Preloaded drawable resource #0x108014a (android:drawable/btn_default_normal_holo_light) that varies with configuration!!
W/Resources(16750): Preloaded drawable resource #0x108013d (android:drawable/btn_default_disabled_holo_light) that varies with configuration!!
W/Resources(16750): Preloaded drawable resource #0x108014e (android:drawable/btn_default_pressed_holo_light) that varies with configuration!!
W/Resources(16750): Preloaded drawable resource #0x1080140 (android:drawable/btn_default_focused_holo_light) that varies with configuration!!
W/Resources(16750): Preloaded drawable resource #0x108014a (android:drawable/btn_default_normal_holo_light) that varies with configuration!!
W/Resources(16750): Preloaded drawable resource #0x108013a (android:drawable/btn_default_disabled_focused_holo_light) that varies with configuration!!
W/Resources(16750): Preloaded drawable resource #0x108013d (android:drawable/btn_default_disabled_holo_light) that varies with configuration!!
W/Resources(16750): Preloaded drawable resource #0x1080142 (android:drawable/btn_default_holo_light) that varies with configuration!!
W/Resources(16750): Preloaded drawable resource #0x108021e (android:drawable/btn_star_off_normal_holo_light) that varies with configuration!!
W/Resources(16750): Preloaded drawable resource #0x1080228 (android:drawable/btn_star_on_normal_holo_light) that varies with configuration!!
W/Resources(16750): Preloaded drawable resource #0x1080224 (android:drawable/btn_star_on_disabled_holo_light) that varies with configuration!!
W/Resources(16750): Preloaded drawable resource #0x108021a (android:drawable/btn_star_off_disabled_holo_light) that varies with configuration!!
W/Resources(16750): Preloaded drawable resource #0x108022a (android:drawable/btn_star_on_pressed_holo_light) that varies with configuration!!
