I/SurfaceFlinger(17451): extensions: GL_AMD_compressed_ATC_texture GL_AMD_performance_monitor GL_AMD_program_binary_Z400 GL_EXT_debug_label GL_EXT_debug_marker GL_EXT_discard_framebuffer GL_EXT_robustness GL_EXT_texture_format_BGRA8888 GL_EXT_texture_type_2_10_10_10_REV GL_NV_fence GL_OES_compressed_ETC1_RGB8_texture GL_OES_depth_texture GL_OES_depth24 GL_OES_EGL_image GL_OES_EGL_sync GL_OES_EGL_image_external GL_OES_element_index_uint GL_OES_fbo_render_mipmap GL_OES_fragment_precision_high GL_OES_get_program_binary GL_OES_packed_depth_stencil GL_OES_depth_texture_cube_map GL_OES_rgb8_rgba8 GL_OES_standard_derivatives GL_OES_texture_3D GL_OES_texture_float GL_OES_texture_half_float GL_OES_texture_half_float_linear GL_OES_texture_npot GL_OES_vertex_half_float GL_OES_vertex_type_10_10_10_2 GL_OES_vertex_array_object GL_QCOM_alpha_test GL_QCOM_binning_control GL_QCOM_driver_control GL_QCOM_perfmon_global_mode GL_QCOM_extended_get GL_QCOM_extended_get2 GL_QCOM_tiled_rendering GL_QCOM_writeonly_rendering GL_EXT_sRGB GL_EXT_sRGB_write_con
I/SurfaceFlinger(17451): GL_MAX_TEXTURE_SIZE = 4096
I/SurfaceFlinger(17451): GL_MAX_VIEWPORT_DIMS = 4096
E/ServiceManager(17446): add_service('SurfaceFlinger',5) uid=1000 - ALREADY REGISTERED, OVERRIDE
I/ServiceManager(17446): service 'SurfaceFlinger' died
D/SurfaceFlinger(17451): Set power mode=2, type=0 flinger=0xb6082000
I/lowmemorykiller( 685): ActivityManager disconnected
I/lowmemorykiller( 685): Closing Activity Manager data connection
V/MediaUtils(17453): physMem: 1961033728
V/MediaUtils(17453): requested limit: 1274671905
V/MediaUtils(17453): actual limit: 1274671905
V/MediaUtils(17453): original limits: 4294967295/4294967295
V/MediaUtils(17453): new limits: 1274671905/4294967295
I/mediaserver(17453): ServiceManager: 0xb58700c0
I/AudioFlinger(17453): Using default 3000 mSec as standby time.
E/ServiceManager(17446): add_service('media.audio_flinger',7) uid=1013 - ALREADY REGISTERED, OVERRIDE
I/ServiceManager(17446): service 'media.audio_flinger' died
I/AudioPolicyService(17453): AudioPolicyService CSTOR in new mode
I/AudioPolicyManager(17453): loadAudioPolicyConfig() loaded /system/etc/audio_policy.conf
D/audio_hw_primary(17453): adev_open: enter
W/ServiceManager(17451): Permission failure: android.permission.ACCESS_SURFACE_FLINGER from uid=1013 pid=17486
D/PermissionCache(17451): checking android.permission.ACCESS_SURFACE_FLINGER for uid=1013 => denied (444 us)
E/SurfaceFlinger(17451): Permission Denial: can't access SurfaceFlinger pid=17486, uid=1013
F/libc (17486): Fatal signal 11 (SIGSEGV), code 1, fault addr 0xc in tid 17493 (BootAnimation)
I/ServiceManager(17450): Waiting for service batterystats...
D/AndroidRuntime(17452): >>>>>> START com.android.internal.os.ZygoteInit uid 0 <<<<<<
D/AndroidRuntime(17452): CheckJNI is OFF
I/art (17452): option[0]=-Xzygote
I/art (17452): option[1]=-Xstacktracefile:/data/anr/traces.txt
I/art (17452): option[2]=exit
I/art (17452): option[3]=vfprintf
I/art (17452): option[4]=sensitiveThread
I/art (17452): option[5]=-verbose:gc
I/art (17452): option[6]=-Xms8m
I/art (17452): option[7]=-Xmx256m
I/art (17452): option[8]=-XX:mainThreadStackSize=24K
I/art (17452): option[9]=-XX:HeapGrowthLimit=128m
I/art (17452): option[10]=-XX:HeapMinFree=2m
I/art (17452): option[11]=-XX:HeapMaxFree=8m
I/art (17452): option[12]=-XX:HeapTargetUtilization=0.75
I/art (17452): option[13]=-agentlib:jdwp=transport=dt_android_adb,suspend=n,server=y
I/art (17452): option[14]=-Xlockprofthreshold:500
I/art (17452): option[15]=-Ximage-compiler-option
I/art (17452): option[16]=--runtime-arg
I/art (17452): option[17]=-Ximage-compiler-option
I/art (17452): option[18]=-Xms64m
I/art (17452): option[19]=-Ximage-compiler-option
I/art (17452): option[20]=--runtime-arg
I/art (17452): option[21]=-Ximage-compiler-option
I/art (17452): option[22]=-Xmx64m
I/art (17452): option[23]=-Ximage-compiler-option
I/art (17452): option[24]=--image-classes=/system/etc/preloaded-classes
I/art (17452): option[25]=-Xcompiler-option
I/art (17452): option[26]=--runtime-arg
I/art (17452): option[27]=-Xcompiler-option
I/art (17452): option[28]=-Xms64m
I/art (17452): option[29]=-Xcompiler-option
I/art (17452): option[30]=--runtime-arg
I/art (17452): option[31]=-Xcompiler-option
I/art (17452): option[32]=-Xmx512m
I/art (17452): option[33]=-Duser.language=en
I/art (17452): option[34]=-Duser.region=US
W/art (17452): Incomplete boot detected. Pruning dalvik cache
I/DEBUG ( 662): *** *** *** *** *** *** *** *** *** *** *** *** *** *** *** ***
I/DEBUG ( 662): Build fingerprint: 'Fairphone/FP2/FP2:5.1/FP2/fp2-sibon-16.11.0:userdebug/release-keys'
I/DEBUG ( 662): Revision: '0'
I/DEBUG ( 662): ABI: 'arm'
I/DEBUG ( 662): pid: 17486, tid: 17493, name: BootAnimation >>> /system/bin/bootanimation <<<
I/DEBUG ( 662): signal 11 (SIGSEGV), code 1 (SEGV_MAPERR), fault addr 0xc
I/DEBUG ( 662): r0 00000000 r1 40000000 r2 00000001 r3 00000000
I/DEBUG ( 662): r4 00000000 r5 40000000 r6 b5a01bf0 r7 b5a01bf8
I/DEBUG ( 662): r8 b5a01c08 r9 00000000 sl b5c37130 fp b5a01c1c
I/DEBUG ( 662): ip b6fd1f20 sp b5a01bb8 lr b6e54afb pc b6e54aa2 cpsr 60070030
I/DEBUG ( 662):
I/DEBUG ( 662): backtrace:
I/DEBUG ( 662): #00 pc 00037aa2 /system/lib/libgui.so (_ZNK7android14SurfaceControl8validateEv+1)
I/DEBUG ( 662): #01 pc 00037af7 /system/lib/libgui.so (_ZN7android14SurfaceControl8setLayerEi+6)
I/DEBUG ( 662): #02 pc 0000501d /system/bin/bootanimation
I/DEBUG ( 662): #03 pc 0000ef41 /system/lib/libutils.so (_ZN7android6Thread11_threadLoopEPv+84)
I/DEBUG ( 662): #04 pc 0000eacd /system/lib/libutils.so
I/DEBUG ( 662): #05 pc 00013fc3 /system/lib/libc.so (_ZL15__pthread_startPv+30)
I/DEBUG ( 662): #06 pc 00011f0b /system/lib/libc.so (__start_thread+6)
D/SurfaceFlinger(17451): shader cache generated - 24 shaders in 243.938431 ms
W/sharebuffer(17451): connecting to renderer
E/sharebuffer(17451): error connecting to renderer: Connection refused
E/audio_route(17453): Control 'SLIMBUS_0_RX Port Mixer INT_BT_SCO_TX' doesn't exist - skipping
E/audio_route(17453): Control 'INTERNAL_BT_SCO_RX Audio Mixer Multimedia6' doesn't exist - skipping
E/audio_route(17453): Control 'MultiMedia4 Mixer MI2S_TX' doesn't exist - skipping
E/audio_route(17453): Control 'RX4 DSM MUX' doesn't exist - skipping
E/audio_route(17453): Control 'RX6 DSM MUX' doesn't exist - skipping
E/audio_route(17453): Control 'RX4 DSM MUX' doesn't exist - skipping
E/audio_route(17453): Control 'RX6 DSM MUX' doesn't exist - skipping
D/msm8974_platform(17453): platform_init: Opened sound card:0
D/ACDB-LOADER(17453): ACDB -> Load file: /etc/acdbdata/MTP/MTP_Bluetooth_cal.acdb
D/ACDB-LOADER(17453): ACDB -> Load file: /etc/acdbdata/MTP/MTP_General_cal.acdb
D/ACDB-LOADER(17453): ACDB -> Load file: /etc/acdbdata/MTP/MTP_Global_cal.acdb
D/ACDB-LOADER(17453): ACDB -> Load file: /etc/acdbdata/MTP/MTP_Handset_cal.acdb
D/ACDB-LOADER(17453): ACDB -> Load file: /etc/acdbdata/MTP/MTP_Hdmi_cal.acdb
D/ACDB-LOADER(17453): ACDB -> Load file: /etc/acdbdata/MTP/MTP_Headset_cal.acdb
D/ACDB-LOADER(17453): ACDB -> Load file: /etc/acdbdata/MTP/MTP_Speaker_cal.acdb
D/ACDB-LOADER(17453): ACDB -> ACDB_CMD_INITIALIZE_V2
D/ (17453): [ACDB Command]->SW Minor/Major/Revision version mismatch warning /etc/acdbdata/MTP/MTP_Bluetooth_cal.acdb
D/ (17453): [ACDB Command]->ACDB Sw Major = 3, ACDB Sw Minor = 0, ACDB Sw Revision = 0
D/ (17453): [ACDB Command]->ACDB File Major = 3, ACDB File Minor = 0, ACDB File Revision = 2
D/ (17453): [ACDB Command]->SW Minor/Major/Revision version mismatch warning /etc/acdbdata/MTP/MTP_General_cal.acdb
D/ (17453): [ACDB Command]->ACDB Sw Major = 3, ACDB Sw Minor = 0, ACDB Sw Revision = 0
D/ (17453): [ACDB Command]->ACDB File Major = 3, ACDB File Minor = 0, ACDB File Revision = 2
D/ (17453): [ACDB Command]->SW Minor/Major/Revision version mismatch warning /etc/acdbdata/MTP/MTP_Global_cal.acdb
D/ (17453): [ACDB Command]->ACDB Sw Major = 3, ACDB Sw Minor = 0, ACDB Sw Revision = 0
D/ (17453): [ACDB Command]->ACDB File Major = 3, ACDB File Minor = 0, ACDB File Revision = 2
D/ (17453): [ACDB Command]->SW Minor/Major/Revision version mismatch warning /etc/acdbdata/MTP/MTP_Handset_cal.acdb
D/ (17453): [ACDB Command]->ACDB Sw Major = 3, ACDB Sw Minor = 0, ACDB Sw Revision = 0
D/ (17453): [ACDB Command]->ACDB File Major = 3, ACDB File Minor = 0, ACDB File Revision = 2
D/ (17453): [ACDB Command]->SW Minor/Major/Revision version mismatch warning /etc/acdbdata/MTP/MTP_Hdmi_cal.acdb
D/ (17453): [ACDB Command]->ACDB Sw Major = 3, ACDB Sw Minor = 0, ACDB Sw Revision = 0
D/ (17453): [ACDB Command]->ACDB File Major = 3, ACDB File Minor = 0, ACDB File Revision = 2
D/ (17453): [ACDB Command]->SW Minor/Major/Revision version mismatch warning /etc/acdbdata/MTP/MTP_Headset_cal.acdb
D/ (17453): [ACDB Command]->ACDB Sw Major = 3, ACDB Sw Minor = 0, ACDB Sw Revision = 0
D/ (17453): [ACDB Command]->ACDB File Major = 3, ACDB File Minor = 0, ACDB File Revision = 2
D/ (17453): [ACDB Command]->SW Minor/Major/Revision version mismatch warning /etc/acdbdata/MTP/MTP_Speaker_cal.acdb
D/ (17453): [ACDB Command]->ACDB Sw Major = 3, ACDB Sw Minor = 0, ACDB Sw Revision = 0
D/ (17453): [ACDB Command]->ACDB File Major = 3, ACDB File Minor = 0, ACDB File Revision = 2
D/ACDB-LOADER(17453): ACDB -> ACPH INIT
D/ (17453): [ACPH]->Online service registered with ACPH
D/ (17453): [ACPH]->ACPH init success
D/ACDB-LOADER(17453): ACDB -> RTAC INIT
D/ (17453): [ACPH]->DSP RTC service registered with ACPH
D/ACDB-LOADER(17453): ACDB -> ADIE RTAC INIT
D/ (17453): [ACPH]->ADIE RTC service registered with ACPH
D/ACDB-LOADER(17453): No existing ION info in ACDB driver
D/ACDB-LOADER(17453): ACDB -> ION_IOC_ALLOC
D/ACDB-LOADER(17453): ACDB -> ION_IOC_SHARE
D/ACDB-LOADER(17453): ACDB -> MMAP ADDR
D/ACDB-LOADER(17453): ACDB -> register MEM to ACDB driver: 0xb539e000
D/ACDB-LOADER(17453): ACDB -> send_asm_topology
D/ACDB-LOADER(17453): ACDB -> ACDB_CMD_GET_AUDPROC_STREAM_TOPOLOGY_ID
D/ACDB-LOADER(17453): ACDB -> send_adm_custom_topology
D/ACDB-LOADER(17453): ACDB -> ACDB_CMD_GET_AUDIO_COPP_TOPOLOGIES
D/ (17453): ACDBFILE_MGR: Property for the pid 00012E47 not found
D/ (17453): ACDB_COMMAND: Failed to fetch the property info for pid 00012E47
E/ACDB-LOADER(17453): Error: ACDB get adm topologies returned = -18
D/ACDB-LOADER(17453): ACDB -> AUDIO_SET_ADM_CUSTOM_TOPOLOGY
D/ACDB-LOADER(17453): ACDB -> send_asm_custom_topology
D/ACDB-LOADER(17453): ACDB -> ACDB_CMD_GET_AUDIO_POPP_TOPOLOGIES
D/ACDB-LOADER(17453): ACDB -> AUDIO_SET_ASM_CUSTOM_TOPOLOGY
D/ACDB-LOADER(17453): ACDB -> init done!
D/platform_parser(17453): platform_info_init: Failed to open /system/etc/platform_info.xml, using defaults.
D/audio_hw_spkr_prot(17453): audio_extn_spkr_prot_init: Initialize speaker protection module
D/audio_hw_spkr_prot(17453): audio_extn_spkr_prot_init: Speaker protection disabled
E/msm8974_platform(17453): hw_util_open Opening device /dev/snd/hwC0D1000
E/msm8974_platform(17453): hw_util_open success
D/ACDB-LOADER(17453): ACDB -> ACDB_CMD_GET_ANC_SETTING
D/ACDB-LOADER(17453): ACDB -> ACDB_CMD_GET_ANC_SETTING
D/ACDB-LOADER(17453): ACDB -> ACDB_CMD_GET_ANC_SETTING
D/ACDB-LOADER(17453): ACDB -> ACDB_CMD_GET_ANC_SETTING
D/ACDB-LOADER(17453): ACDB -> ACDB_CMD_GET_ANC_SETTING
D/ACDB-LOADER(17453): ACDB -> ACDB_CMD_GET_ANC_SETTING
D/ACDB-LOADER(17453): ACDB -> ACDB_CMD_GET_ANC_SETTING
E/msm8974_platform(17453): send_codec_cal cal sent for anc_cal
E/ACDB-LOADER(17453): ACDB -> send_codec_cal
D/ACDB-LOADER(17453): ACDB -> ACDB_CMD_GET_CODEC_CAL_DATA
E/msm8974_platform(17453): send_codec_cal cal sent for mad_cal
D/ACDB-LOADER(17453): send mbhc data
D/ACDB-LOADER(17453): ACDB -> MBHC ACDB_PID_GENERAL_CONFIG
D/ACDB-LOADER(17453): ACDB -> MBHC ACDB_PID_PLUG_REMOVAL_DETECTION
D/ACDB-LOADER(17453): ACDB -> MBHC ACDB_PID_PLUG_TYPE_DETECTION
D/ACDB-LOADER(17453): ACDB -> MBHC ACDB_PID_BUTTON_PRESS_DETECTION
D/ACDB-LOADER(17453): ACDB -> MBHC ACDB_PID_IMPEDANCE_DETECTION
E/msm8974_platform(17453): send_codec_cal cal sent for mbhc_cal
I/AudioFlinger(17453): loadHwModule() Loaded primary audio interface from QCOM Audio HAL (audio) handle 1
D/audio_hw_primary(17453): adev_open_output_stream: enter: sample_rate(48000) channel_mask(0x3) devices(0x2) flags(0x2) stream_handle(0xb58809c0)
D/audio_hw_primary(17453): adev_open_output_stream: Stream (0xb58809c0) picks up usecase (deep-buffer-playback)
I/AudioFlinger(17453): HAL output buffer size 960 frames, normal sink buffer size 960 frames
I/AudioMixer(17453): found effect "Multichannel Downmix To Stereo" from The Android Open Source Project
I/AudioFlinger(17453): Using module 1 has the primary audio interface
I/AudioFlinger(17453): AudioFlinger's thread 0xb59e5000 ready to run
E/AudioPolicyManager(17453): unknown stream type 13
E/AudioPolicyManager(17453): unknown stream type 13
E/AudioPolicyManager(17453): unknown stream type 13
W/AudioFlinger(17453): Thread AudioOut_2 cannot connect to the power manager service
D/audio_hw_primary(17453): out_set_parameters: enter: usecase(0: deep-buffer-playback) kvpairs: routing=2
D/audio_hw_extn(17453): audio_extn_set_anc_parameters: anc_enabled:0
D/audio_hw_primary(17453): out_standby: enter: stream (0xb58809c0) usecase(0: deep-buffer-playback)
W/AudioFlinger(17453): Thread AudioOut_2 cannot connect to the power manager service
W/AudioFlinger(17453): Thread AudioOut_2 cannot connect to the power manager service
E/AudioFlinger(17453): no wake lock to update!
I/DEBUG ( 662):
I/DEBUG ( 662): Tombstone written to: /data/tombstones/tombstone_04
D/audio_hw_primary(17453): out_set_parameters: enter: usecase(0: deep-buffer-playback) kvpairs: fm_volume=0.0000000000
D/audio_hw_extn(17453): audio_extn_set_anc_parameters: anc_enabled:0
D/audio_hw_fm(17453): audio_extn_fm_set_parameters: set_fm_volume usecase
D/audio_hw_fm(17453): fm_set_volume: (0.000000)
E/AudioPolicyManager(17453): unknown stream type 13
D/audio_hw_primary(17453): adev_open_output_stream: enter: sample_rate(48000) channel_mask(0x3) devices(0x2) flags(0x4) stream_handle(0xb5880b00)
D/audio_hw_primary(17453): adev_open_output_stream: Stream (0xb5880b00) picks up usecase (low-latency-playback)
I/AudioFlinger(17453): HAL output buffer size 240 frames, normal sink buffer size 960 frames
E/MonoPipe(17453): Failed to fetch local time frequency when constructing a MonoPipe (res = -32). getNextWriteTimestamp calls will be non-functional
W/art (17452): Invalid image header in '/data/dalvik-cache/arm/system@framework@boot.art'
I/art (17452): Pruning dalvik-cache since we are generating an image and will need to recompile
I/art (17452): Using an offset of 0xff32f000 from default art base address of 0x70000000
I/art (17452): GenerateImage: /system/bin/dex2oat --image=/data/dalvik-cache/arm/system@framework@boot.art --dex-file=/system/framework/core-libart.jar --dex-file=/system/framework/conscrypt.jar --dex-file=/system/framework/okhttp.jar --dex-file=/system/framework/core-junit.jar --dex-file=/system/framework/bouncycastle.jar --dex-file=/usr/libexec/sfdroid/system/framework/ext.jar --dex-file=/usr/libexec/sfdroid/system/framework/framework.jar --dex-file=/system/framework/telephony-common.jar --dex-file=/system/framework/voip-common.jar --dex-file=/system/framework/ims-common.jar --dex-file=/system/framework/mms-common.jar --dex-file=/system/framework/android.policy.jar --dex-file=/system/framework/apache-xml.jar --dex-file=/system/framework/qcmediaplayer.jar --dex-file=/system/framework/org.codeaurora.Performance.jar --dex-file=/system/framework/vcard.jar --dex-file=/system/framework/tcmiface.jar --dex-file=/system/framework/WfdCommon.jar --dex-file=/system/framework/qcom.fmradio.jar --dex-file=/system/framework/security-bri
E/NetlinkListener(17454): recvmsg failed (I/O error)
E/NetlinkListener( 683): recvmsg failed (I/O error)
I/dex2oat (17515): /system/bin/dex2oat --image=/data/dalvik-cache/arm/system@framework@boot.art --dex-file=/system/framework/core-libart.jar --dex-file=/system/framework/conscrypt.jar --dex-file=/system/framework/okhttp.jar --dex-file=/system/framework/core-junit.jar --dex-file=/system/framework/bouncycastle.jar --dex-file=/usr/libexec/sfdroid/system/framework/ext.jar --dex-file=/usr/libexec/sfdroid/system/framework/framework.jar --dex-file=/system/framework/telephony-common.jar --dex-file=/system/framework/voip-common.jar --dex-file=/system/framework/ims-common.jar --dex-file=/system/framework/mms-common.jar --dex-file=/system/framework/android.policy.jar --dex-file=/system/framework/apache-xml.jar --dex-file=/system/framework/qcmediaplayer.jar --dex-file=/system/framework/org.codeaurora.Performance.jar --dex-file=/system/framework/vcard.jar --dex-file=/system/framework/tcmiface.jar --dex-file=/system/framework/WfdCommon.jar --dex-file=/system/framework/qcom.fmradio.jar --dex-file=/system/framework/security-bridge.jar --dex-f
E/NetlinkListener(17454): recvmsg failed (I/O error)
E/NetlinkListener( 683): recvmsg failed (I/O error)
I/ServiceManager(17450): Waiting for service batterystats...
V/WLAN_PSA( 669): NL MSG, len[4009], NL type[0x1C] WNI type[0x5900] len[37135]
V/WLAN_PSA( 669): NL MSG, PID: 669
I/ServiceManager(17450): Waiting for service batterystats...
E/NetlinkListener( 683): recvmsg failed (I/O error)
E/NetlinkListener(17454): recvmsg failed (I/O error)
E/NetlinkListener(17454): recvmsg failed (I/O error)
E/NetlinkListener( 683): recvmsg failed (I/O error)
I/ServiceManager(17450): Waiting for service batterystats...
W/dex2oat (17515): Skipping class org.codeaurora.camera.ExtendedFace from /system/framework/org.codeaurora.Performance.jar previously found in /usr/libexec/sfdroid/system/framework/framework.jar:classes2.dex
W/dex2oat (17515): Skipping class org.codeaurora.camera.QCFace from /system/framework/org.codeaurora.Performance.jar previously found in /usr/libexec/sfdroid/system/framework/framework.jar:classes2.dex
W/dex2oat (17515): Skipping class org.codeaurora.Performance from /system/framework/org.codeaurora.Performance.jar previously found in /usr/libexec/sfdroid/system/framework/framework.jar:classes2.dex
V/WLAN_PSA( 669): NL MSG, len[048], NL type[0x11] WNI type[0x5050] len[028]
V/WLAN_PSA( 669): NL MSG, PID: 669
I/ServiceManager(17450): Waiting for service batterystats...
E/MediaPlayerFactory(17450): calling dlopen on FACTORY_LIB
E/MediaPlayerFactory(17450): calling dlsym on pFactoryLib for FACTORY_CREATE_FN
E/MediaPlayerFactory(17450): registering DASH Player factory...
I/CameraService(17450): CameraService started (pid=17450)
D/mm-camera-intf(17450): get_num_of_cameras gMmCameraIntfLogLevel=1
E/mm-camera-intf(17450): entity id 1
E/mm-camera-intf(17450): entity name video0 type 65537 group id 2
E/mm-camera-intf(17450): entity id 2
E/mm-camera-intf(17450): entity name msm_cci type 131072 group id 0
E/mm-camera-intf(17450): entity id 3
E/mm-camera-intf(17450): entity name v4l-subdev0 type 131072 group id 0
E/mm-camera-intf(17450): entity id 4
E/mm-camera-intf(17450): entity name v4l-subdev1 type 131072 group id 0
E/mm-camera-intf(17450): entity id 5
E/mm-camera-intf(17450): entity name v4l-subdev2 type 131072 group id 0
E/mm-camera-intf(17450): entity id 6
E/mm-camera-intf(17450): entity name v4l-subdev3 type 131072 group id 1
E/mm-camera-intf(17450): entity id 7
E/mm-camera-intf(17450): entity name v4l-subdev4 type 131072 group id 1
E/mm-camera-intf(17450): entity id 8
E/mm-camera-intf(17450): entity name v4l-subdev5 type 131072 group id 1
E/mm-camera-intf(17450): entity id 9
E/mm-camera-intf(17450): entity name v4l-subdev6 type 131072 group id 1
E/mm-camera-intf(17450): entity id 10
E/mm-camera-intf(17450): entity name v4l-subdev7 type 131072 group id 7
E/mm-camera-intf(17450): entity id 11
E/mm-camera-intf(17450): entity name v4l-subdev8 type 131072 group id 7
E/mm-camera-intf(17450): entity id 12
E/mm-camera-intf(17450): entity name v4l-subdev9 type 131072 group id 11
E/mm-camera-intf(17450): entity id 13
E/mm-camera-intf(17450): entity name v4l-subdev10 type 131072 group id 8
E/mm-camera-intf(17450): entity id 14
E/mm-camera-intf(17450): entity name v4l-subdev11 type 131072 group id 14
E/mm-camera-intf(17450): entity id 1
E/mm-camera-intf(17450): entity name video1 type 65537 group id 2
E/mm-camera-intf(17450): entity id 2
E/mm-camera-intf(17450): Done enumerating media entities
E/mm-camera-intf(17450): entity id 1
E/mm-camera-intf(17450): entity name video2 type 65537 group id 2
E/mm-camera-intf(17450): entity id 2
E/mm-camera-intf(17450): Done enumerating media entities
D/mm-camera-intf(17450): index = 0 flag = 1 mount_angle = 90 facing = 0
D/mm-camera-intf(17450): index = 1 flag = 103 mount_angle = 270 facing = 1
I/CameraService(17450): Loaded "QCamera Module" camera module
I/AudioPolicyService(17450): AudioPolicyService CSTOR in new mode
I/AudioPolicyManager(17450): loadAudioPolicyConfig() loaded /system/etc/audio_policy.conf
E/NetlinkListener(17454): recvmsg failed (I/O error)
E/NetlinkListener( 683): recvmsg failed (I/O error)
V/WLAN_PSA( 669): NL MSG, len[4091], NL type[0x1C] WNI type[0x5900] len[58127]
V/WLAN_PSA( 669): NL MSG, PID: 669
W/dex2oat (17515): Skipping class org.codeaurora.Performance from /system/framework/org.codeaurora.Performance.jar previously found in /usr/libexec/sfdroid/system/framework/framework.jar:classes2.dex
W/dex2oat (17515): Skipping class org.codeaurora.camera.ExtendedFace from /system/framework/org.codeaurora.Performance.jar previously found in /usr/libexec/sfdroid/system/framework/framework.jar:classes2.dex
W/dex2oat (17515): Skipping class org.codeaurora.camera.QCFace from /system/framework/org.codeaurora.Performance.jar previously found in /usr/libexec/sfdroid/system/framework/framework.jar:classes2.dex
E/NetlinkListener(17454): recvmsg failed (I/O error)
E/NetlinkListener( 683): recvmsg failed (I/O error)
V/WLAN_PSA( 669): NL MSG, len[048], NL type[0x11] WNI type[0x5050] len[028]
V/WLAN_PSA( 669): NL MSG, PID: 669
W/dex2oat (17515): Skipping class org.codeaurora.Performance from /system/framework/org.codeaurora.Performance.jar previously found in /usr/libexec/sfdroid/system/framework/framework.jar:classes2.dex
W/dex2oat (17515): Skipping class org.codeaurora.camera.ExtendedFace from /system/framework/org.codeaurora.Performance.jar previously found in /usr/libexec/sfdroid/system/framework/framework.jar:classes2.dex
W/dex2oat (17515): Skipping class org.codeaurora.camera.QCFace from /system/framework/org.codeaurora.Performance.jar previously found in /usr/libexec/sfdroid/system/framework/framework.jar:classes2.dex
I/dex2oat (17515): Explicit concurrent mark sweep GC freed 44509(5MB) AllocSpace objects, 0(0B) LOS objects, 15% free, 21MB/25MB, paused 159us total 153.701ms