E/AndroidRuntime(15351): at java.lang.reflect.Method.invoke(Method.java:372)
E/AndroidRuntime(15351): at com.android.internal.os.ZygoteInit$MethodAndArgsCaller.run(ZygoteInit.java:904)
E/AndroidRuntime(15351): at com.android.internal.os.ZygoteInit.main(ZygoteInit.java:699)
E/AndroidRuntime(15351): Caused by: java.lang.SecurityException
E/AndroidRuntime(15351): at android.os.BinderProxy.transactNative(Native Method)
E/AndroidRuntime(15351): at android.os.BinderProxy.transact(Binder.java:496)
E/AndroidRuntime(15351): at com.android.server.accessibility.DisplayAdjustmentUtils.setDaltonizerMode(DisplayAdjustmentUtils.java:129)
E/AndroidRuntime(15351): at com.android.server.accessibility.DisplayAdjustmentUtils.applyAdjustments(DisplayAdjustmentUtils.java:101)
E/AndroidRuntime(15351): at com.android.server.accessibility.AccessibilityManagerService.updateDisplayColorAdjustmentSettingsLocked(AccessibilityManagerService.java:1604)
E/AndroidRuntime(15351): at com.android.server.accessibility.AccessibilityManagerService.onUserStateChangedLocked(AccessibilityManagerService.java:1330)
E/AndroidRuntime(15351): at com.android.server.accessibility.AccessibilityManagerService.switchUser(AccessibilityManagerService.java:844)
E/AndroidRuntime(15351): at com.android.server.accessibility.AccessibilityManagerService.access$800(AccessibilityManagerService.java:119)
E/AndroidRuntime(15351): at com.android.server.accessibility.AccessibilityManagerService$2.onReceive(AccessibilityManagerService.java:361)
E/AndroidRuntime(15351): at android.app.LoadedApk$ReceiverDispatcher$Args.run(LoadedApk.java:866)
E/AndroidRuntime(15351): ... 9 more
F/WindowAnimator(15351): Unhandled exception in Window Manager
F/WindowAnimator(15351): java.lang.NullPointerException: Attempt to invoke virtual method 'void android.view.SurfaceControl.setLayer(int)' on a null object reference
F/WindowAnimator(15351): at com.android.server.wm.FocusedStackFrame.setLayer(FocusedStackFrame.java:140)
F/WindowAnimator(15351): at com.android.server.wm.WindowManagerService.setFocusedStackLayer(WindowManagerService.java:3985)
F/WindowAnimator(15351): at com.android.server.wm.WindowAnimator.animateLocked(WindowAnimator.java:708)
F/WindowAnimator(15351): at com.android.server.wm.WindowAnimator.access$000(WindowAnimator.java:54)
F/WindowAnimator(15351): at com.android.server.wm.WindowAnimator$1.run(WindowAnimator.java:126)
F/WindowAnimator(15351): at android.view.Choreographer$CallbackRecord.run(Choreographer.java:767)
F/WindowAnimator(15351): at android.view.Choreographer.doCallbacks(Choreographer.java:580)
F/WindowAnimator(15351): at android.view.Choreographer.doFrame(Choreographer.java:549)
F/WindowAnimator(15351): at android.view.Choreographer$FrameDisplayEventReceiver.run(Choreographer.java:753)
F/WindowAnimator(15351): at android.os.Handler.handleCallback(Handler.java:739)
F/WindowAnimator(15351): at android.os.Handler.dispatchMessage(Handler.java:95)
F/WindowAnimator(15351): at android.os.Looper.loop(Looper.java:135)
F/WindowAnimator(15351): at android.os.HandlerThread.run(HandlerThread.java:61)
F/WindowAnimator(15351): at com.android.server.ServiceThread.run(ServiceThread.java:46)
E/AndroidRuntime(15589): FATAL EXCEPTION: Executor - contacts.en_US
E/AndroidRuntime(15589): Process: com.android.inputmethod.latin, PID: 15589
E/AndroidRuntime(15589): java.lang.SecurityException: Permission Denial: reading com.android.providers.contacts.ContactsProvider2 uri content://com.android.contacts/profile from pid=15589, uid=10040 requires android.permission.READ_CONTACTS, or grantUriPermission()
E/AndroidRuntime(15589): at android.os.Parcel.readException(Parcel.java:1546)
E/AndroidRuntime(15589): at android.database.DatabaseUtils.readExceptionFromParcel(DatabaseUtils.java:185)
E/AndroidRuntime(15589): at android.database.DatabaseUtils.readExceptionFromParcel(DatabaseUtils.java:137)
E/AndroidRuntime(15589): at android.content.ContentProviderProxy.query(ContentProviderNative.java:421)
E/AndroidRuntime(15589): at android.content.ContentResolver.query(ContentResolver.java:478)
E/AndroidRuntime(15589): at android.content.ContentResolver.query(ContentResolver.java:422)
E/AndroidRuntime(15589): at com.android.inputmethod.latin.ContactsBinaryDictionary.loadDictionaryForUriLocked(ContactsBinaryDictionary.java:148)
E/AndroidRuntime(15589): at com.android.inputmethod.latin.ContactsBinaryDictionary.loadInitialContentsLocked(ContactsBinaryDictionary.java:123)
E/AndroidRuntime(15589): at com.android.inputmethod.latin.ExpandableBinaryDictionary.createNewDictionaryLocked(ExpandableBinaryDictionary.java:562)
E/AndroidRuntime(15589): at com.android.inputmethod.latin.ExpandableBinaryDictionary.access$700(ExpandableBinaryDictionary.java:53)
E/AndroidRuntime(15589): at com.android.inputmethod.latin.ExpandableBinaryDictionary$12.run(ExpandableBinaryDictionary.java:605)
E/AndroidRuntime(15589): at com.android.inputmethod.latin.ExpandableBinaryDictionary$1.run(ExpandableBinaryDictionary.java:194)
E/AndroidRuntime(15589): at java.util.concurrent.ThreadPoolExecutor.runWorker(ThreadPoolExecutor.java:1112)
E/AndroidRuntime(15589): at java.util.concurrent.ThreadPoolExecutor$Worker.run(ThreadPoolExecutor.java:587)
E/AndroidRuntime(15589): at java.lang.Thread.run(Thread.java:818)
E/AndroidRuntime(15589): Error reporting crash
E/AndroidRuntime(15589): android.os.DeadObjectException
E/AndroidRuntime(15589): at android.os.BinderProxy.transactNative(Native Method)
E/AndroidRuntime(15589): at android.os.BinderProxy.transact(Binder.java:496)
E/AndroidRuntime(15589): at android.app.ActivityManagerProxy.handleApplicationCrash(ActivityManagerNative.java:4207)
E/AndroidRuntime(15589): at com.android.internal.os.RuntimeInit$UncaughtHandler.uncaughtException(RuntimeInit.java:89)
E/AndroidRuntime(15589): at java.lang.ThreadGroup.uncaughtException(ThreadGroup.java:693)
E/AndroidRuntime(15589): at java.lang.ThreadGroup.uncaughtException(ThreadGroup.java:690)
E/AndroidRuntime(15554): FATAL EXCEPTION: main
E/AndroidRuntime(15554): Process: com.android.systemui, PID: 15554
E/AndroidRuntime(15554): java.lang.RuntimeException: Unable to create service com.android.systemui.SystemUIService: java.lang.NullPointerException: Attempt to read from field 'float android.view.DisplayInfo.refreshRate' on a null object reference
E/AndroidRuntime(15554): at android.app.ActivityThread.handleCreateService(ActivityThread.java:2771)
E/AndroidRuntime(15554): at android.app.ActivityThread.access$1800(ActivityThread.java:151)
E/AndroidRuntime(15554): at android.app.ActivityThread$H.handleMessage(ActivityThread.java:1386)
E/AndroidRuntime(15554): at android.os.Handler.dispatchMessage(Handler.java:102)
E/AndroidRuntime(15554): at android.os.Looper.loop(Looper.java:135)
E/AndroidRuntime(15554): at android.app.ActivityThread.main(ActivityThread.java:5254)
E/AndroidRuntime(15554): at java.lang.reflect.Method.invoke(Native Method)
E/AndroidRuntime(15554): at java.lang.reflect.Method.invoke(Method.java:372)
E/AndroidRuntime(15554): at com.android.internal.os.ZygoteInit$MethodAndArgsCaller.run(ZygoteInit.java:904)
E/AndroidRuntime(15554): at com.android.internal.os.ZygoteInit.main(ZygoteInit.java:699)
E/AndroidRuntime(15554): Caused by: java.lang.NullPointerException: Attempt to read from field 'float android.view.DisplayInfo.refreshRate' on a null object reference
E/AndroidRuntime(15554): at android.view.Choreographer.getRefreshRate(Choreographer.java:181)
E/AndroidRuntime(15554): at android.view.Choreographer.(Choreographer.java:170)
E/AndroidRuntime(15554): at android.view.Choreographer.(Choreographer.java:72)
E/AndroidRuntime(15554): at android.view.Choreographer$1.initialValue(Choreographer.java:98)
E/AndroidRuntime(15554): at android.view.Choreographer$1.initialValue(Choreographer.java:91)
E/AndroidRuntime(15554): at java.lang.ThreadLocal$Values.getAfterMiss(ThreadLocal.java:430)
E/AndroidRuntime(15554): at java.lang.ThreadLocal.get(ThreadLocal.java:65)
E/AndroidRuntime(15554): at android.view.Choreographer.getInstance(Choreographer.java:192)
E/AndroidRuntime(15554): at android.animation.ValueAnimator$AnimationHandler.(ValueAnimator.java:656)
E/AndroidRuntime(15554): at android.animation.ValueAnimator$AnimationHandler.(ValueAnimator.java:631)
E/AndroidRuntime(15554): at android.animation.ValueAnimator.getOrCreateAnimationHandler(ValueAnimator.java:1453)
E/AndroidRuntime(15554): at android.animation.ValueAnimator.start(ValueAnimator.java:1034)
E/AndroidRuntime(15554): at android.animation.ValueAnimator.start(ValueAnimator.java:1050)
E/AndroidRuntime(15554): at android.animation.ObjectAnimator.start(ObjectAnimator.java:829)
E/AndroidRuntime(15554): at android.animation.AnimatorSet.start(AnimatorSet.java:585)
E/AndroidRuntime(15554): at android.animation.StateListAnimator.start(StateListAnimator.java:187)
E/AndroidRuntime(15554): at android.animation.StateListAnimator.setState(StateListAnimator.java:180)
E/AndroidRuntime(15554): at android.view.View.drawableStateChanged(View.java:15996)
E/AndroidRuntime(15554): at android.widget.TextView.drawableStateChanged(TextView.java:3662)
E/AndroidRuntime(15554): at android.view.View.refreshDrawableState(View.java:16040)
E/AndroidRuntime(15554): at android.view.View.setSelected(View.java:16734)
E/AndroidRuntime(15554): at android.widget.TextView.setSelected(TextView.java:7951)
E/AndroidRuntime(15554): at com.android.systemui.volume.SegmentedButtons.setSelectedValue(SegmentedButtons.java:62)
E/AndroidRuntime(15554): at com.android.systemui.volume.ZenModePanel.handleUpdateZen(ZenModePanel.java:369)
E/AndroidRuntime(15554): at com.android.systemui.volume.ZenModePanel.init(ZenModePanel.java:312)
E/AndroidRuntime(15554): at com.android.systemui.volume.VolumePanel.initZenModePanel(VolumePanel.java:576)
E/AndroidRuntime(15554): at com.android.systemui.volume.VolumePanel.(VolumePanel.java:450)
E/AndroidRuntime(15554): at com.android.systemui.volume.VolumePanel.(VolumePanel.java:507)
E/AndroidRuntime(15554): at com.android.systemui.volume.VolumeUI.initPanel(VolumeUI.java:108)
E/AndroidRuntime(15554): at com.android.systemui.volume.VolumeUI.start(VolumeUI.java:70)
E/AndroidRuntime(15554): at com.android.systemui.SystemUIApplication.startServicesIfNeeded(SystemUIApplication.java:124)
E/AndroidRuntime(15554): at com.android.systemui.SystemUIService.onCreate(SystemUIService.java:31)
E/AndroidRuntime(15554): at android.app.ActivityThread.handleCreateService(ActivityThread.java:2761)
E/AndroidRuntime(15554): ... 9 more
E/AndroidRuntime(15554): Error reporting crash
E/AndroidRuntime(15554): android.os.DeadObjectException
E/AndroidRuntime(15554): at android.os.BinderProxy.transactNative(Native Method)
E/AndroidRuntime(15554): at android.os.BinderProxy.transact(Binder.java:496)
E/AndroidRuntime(15554): at android.app.ActivityManagerProxy.handleApplicationCrash(ActivityManagerNative.java:4207)
E/AndroidRuntime(15554): at com.android.internal.os.RuntimeInit$UncaughtHandler.uncaughtException(RuntimeInit.java:89)
E/AndroidRuntime(15554): at java.lang.ThreadGroup.uncaughtException(ThreadGroup.java:693)
E/AndroidRuntime(15554): at java.lang.ThreadGroup.uncaughtException(ThreadGroup.java:690)
E/AndroidRuntime(15643): FATAL EXCEPTION: main
E/AndroidRuntime(15643): Process: com.android.phone, PID: 15643
E/AndroidRuntime(15643): java.lang.RuntimeException: Unable to create application com.android.phone.PhoneApp: java.lang.RuntimeException: Package manager has died
E/AndroidRuntime(15643): at android.app.ActivityThread.handleBindApplication(ActivityThread.java:4556)
E/AndroidRuntime(15643): at android.app.ActivityThread.access$1500(ActivityThread.java:151)
E/AndroidRuntime(15643): at android.app.ActivityThread$H.handleMessage(ActivityThread.java:1364)
E/AndroidRuntime(15643): at android.os.Handler.dispatchMessage(Handler.java:102)
E/AndroidRuntime(15643): at android.os.Looper.loop(Looper.java:135)
E/AndroidRuntime(15643): at android.app.ActivityThread.main(ActivityThread.java:5254)
E/AndroidRuntime(15643): at java.lang.reflect.Method.invoke(Native Method)
E/AndroidRuntime(15643): at java.lang.reflect.Method.invoke(Method.java:372)
E/AndroidRuntime(15643): at com.android.internal.os.ZygoteInit$MethodAndArgsCaller.run(ZygoteInit.java:904)
E/AndroidRuntime(15643): at com.android.internal.os.ZygoteInit.main(ZygoteInit.java:699)
E/AndroidRuntime(15643): Caused by: java.lang.RuntimeException: Package manager has died
E/AndroidRuntime(15643): at android.app.ApplicationPackageManager.getPackagesForUid(ApplicationPackageManager.java:466)
E/AndroidRuntime(15643): at com.android.providers.telephony.TelephonyProvider.checkPermission(TelephonyProvider.java:1187)
E/AndroidRuntime(15643): at com.android.providers.telephony.TelephonyProvider.query(TelephonyProvider.java:787)
E/AndroidRuntime(15643): at android.content.ContentProvider.query(ContentProvider.java:1001)
E/AndroidRuntime(15643): at android.content.ContentProvider$Transport.query(ContentProvider.java:215)
E/AndroidRuntime(15643): at android.content.ContentResolver.query(ContentResolver.java:478)
E/AndroidRuntime(15643): at android.content.ContentResolver.query(ContentResolver.java:422)
E/AndroidRuntime(15643): at com.android.internal.telephony.dataconnection.DcTracker.initEmergencyApnSetting(DcTracker.java:3256)
E/AndroidRuntime(15643): at com.android.internal.telephony.dataconnection.DcTracker.(DcTracker.java:237)
E/AndroidRuntime(15643): at com.android.internal.telephony.gsm.GSMPhone.(GSMPhone.java:199)
E/AndroidRuntime(15643): at com.android.internal.telephony.gsm.GSMPhone.(GSMPhone.java:183)
E/AndroidRuntime(15643): at com.android.internal.telephony.PhoneFactory.makeDefaultPhone(PhoneFactory.java:183)
E/AndroidRuntime(15643): at com.android.internal.telephony.PhoneFactory.makeDefaultPhones(PhoneFactory.java:80)
E/AndroidRuntime(15643): at com.android.phone.PhoneGlobals.onCreate(PhoneGlobals.java:338)
E/AndroidRuntime(15643): at com.android.phone.PhoneApp.onCreate(PhoneApp.java:41)
E/AndroidRuntime(15643): at android.app.Instrumentation.callApplicationOnCreate(Instrumentation.java:1012)
E/AndroidRuntime(15643): at android.app.ActivityThread.handleBindApplication(ActivityThread.java:4553)
E/AndroidRuntime(15643): ... 9 more
E/AndroidRuntime(15643): Caused by: android.os.DeadObjectException
E/AndroidRuntime(15643): at android.os.BinderProxy.transactNative(Native Method)
E/AndroidRuntime(15643): at android.os.BinderProxy.transact(Binder.java:496)
E/AndroidRuntime(15643): at android.content.pm.IPackageManager$Stub$Proxy.getPackagesForUid(IPackageManager.java:2313)
E/AndroidRuntime(15643): at android.app.ApplicationPackageManager.getPackagesForUid(ApplicationPackageManager.java:464)
E/AndroidRuntime(15643): ... 25 more
E/AndroidRuntime(15643): Error reporting crash
E/AndroidRuntime(15643): android.os.DeadObjectException
E/AndroidRuntime(15643): at android.os.BinderProxy.transactNative(Native Method)
E/AndroidRuntime(15643): at android.os.BinderProxy.transact(Binder.java:496)
E/AndroidRuntime(15643): at android.app.ActivityManagerProxy.handleApplicationCrash(ActivityManagerNative.java:4207)
E/AndroidRuntime(15643): at com.android.internal.os.RuntimeInit$UncaughtHandler.uncaughtException(RuntimeInit.java:89)
E/AndroidRuntime(15643): at java.lang.ThreadGroup.uncaughtException(ThreadGroup.java:693)
E/AndroidRuntime(15643): at java.lang.ThreadGroup.uncaughtException(ThreadGroup.java:690)
E/AndroidRuntime(15702): FATAL EXCEPTION: ContactsProviderWorker
E/AndroidRuntime(15702): Process: android.process.acore, PID: 15702
E/AndroidRuntime(15702): java.lang.NullPointerException: Attempt to invoke interface method 'android.accounts.Account[] android.accounts.IAccountManager.getAccounts(java.lang.String)' on a null object reference
E/AndroidRuntime(15702): at android.accounts.AccountManager.getAccounts(AccountManager.java:407)
E/AndroidRuntime(15702): at com.android.providers.contacts.ContactsProvider2.performBackgroundTask(ContactsProvider2.java:1667)
E/AndroidRuntime(15702): at com.android.providers.contacts.ContactsProvider2$1.handleMessage(ContactsProvider2.java:1496)
E/AndroidRuntime(15702): at android.os.Handler.dispatchMessage(Handler.java:102)
E/AndroidRuntime(15702): at android.os.Looper.loop(Looper.java:135)
E/AndroidRuntime(15702): at android.os.HandlerThread.run(HandlerThread.java:61)
E/AndroidRuntime(15702): Error reporting crash
E/AndroidRuntime(15702): android.os.DeadObjectException
E/AndroidRuntime(15702): at android.os.BinderProxy.transactNative(Native Method)
E/AndroidRuntime(15702): at android.os.BinderProxy.transact(Binder.java:496)
E/AndroidRuntime(15702): at android.app.ActivityManagerProxy.handleApplicationCrash(ActivityManagerNative.java:4207)
E/AndroidRuntime(15702): at com.android.internal.os.RuntimeInit$UncaughtHandler.uncaughtException(RuntimeInit.java:89)
E/AndroidRuntime(15702): at java.lang.ThreadGroup.uncaughtException(ThreadGroup.java:693)
E/AndroidRuntime(15702): at java.lang.ThreadGroup.uncaughtException(ThreadGroup.java:690)
E/NetlinkListener( 683): recvmsg failed (I/O error)
E/NetlinkListener(15793): recvmsg failed (I/O error) --------- beginning of main
I/AudioFlinger(15794): AudioFlinger's thread 0xb59e5000 ready to run
W/AudioFlinger(15794): Thread AudioOut_2 cannot connect to the power manager service
D/audio_hw_primary(15794): out_set_parameters: enter: usecase(0: deep-buffer-playback) kvpairs: routing=2
D/audio_hw_extn(15794): audio_extn_set_anc_parameters: anc_enabled:0
D/audio_hw_primary(15794): out_standby: enter: stream (0xb58809c0) usecase(0: deep-buffer-playback)
W/AudioFlinger(15794): Thread AudioOut_2 cannot connect to the power manager service
W/AudioFlinger(15794): Thread AudioOut_2 cannot connect to the power manager service
E/AudioFlinger(15794): no wake lock to update!
D/audio_hw_primary(15794): out_set_parameters: enter: usecase(0: deep-buffer-playback) kvpairs: fm_volume=0.0000000000
D/audio_hw_extn(15794): audio_extn_set_anc_parameters: anc_enabled:0
D/audio_hw_fm(15794): audio_extn_fm_set_parameters: set_fm_volume usecase
D/audio_hw_fm(15794): fm_set_volume: (0.000000)
E/AudioPolicyManager(15794): unknown stream type 13
D/audio_hw_primary(15794): adev_open_output_stream: enter: sample_rate(48000) channel_mask(0x3) devices(0x2) flags(0x4) stream_handle(0xb5880b00)
D/audio_hw_primary(15794): adev_open_output_stream: Stream (0xb5880b00) picks up usecase (low-latency-playback)
I/AudioFlinger(15794): HAL output buffer size 240 frames, normal sink buffer size 960 frames
E/MonoPipe(15794): Failed to fetch local time frequency when constructing a MonoPipe (res = -32). getNextWriteTimestamp calls will be non-functional
W/art (15792): Invalid image header in '/data/dalvik-cache/arm/system@framework@boot.art'
I/art (15792): Pruning dalvik-cache since we are generating an image and will need to recompile
I/art (15792): Using an offset of 0xe76000 from default art base address of 0x70000000
I/art (15792): GenerateImage: /system/bin/dex2oat --image=/data/dalvik-cache/arm/system@framework@boot.art --dex-file=/system/framework/core-libart.jar --dex-file=/system/framework/conscrypt.jar --dex-file=/system/framework/okhttp.jar --dex-file=/system/framework/core-junit.jar --dex-file=/system/framework/bouncycastle.jar --dex-file=/usr/libexec/sfdroid/system/framework/ext.jar --dex-file=/usr/libexec/sfdroid/system/framework/framework.jar --dex-file=/system/framework/telephony-common.jar --dex-file=/system/framework/voip-common.jar --dex-file=/system/framework/ims-common.jar --dex-file=/system/framework/mms-common.jar --dex-file=/system/framework/android.policy.jar --dex-file=/system/framework/apache-xml.jar --dex-file=/system/framework/qcmediaplayer.jar --dex-file=/system/framework/org.codeaurora.Performance.jar --dex-file=/system/framework/vcard.jar --dex-file=/system/framework/tcmiface.jar --dex-file=/system/framework/WfdCommon.jar --dex-file=/system/framework/qcom.fmradio.jar --dex-file=/system/framework/security-bri
I/dex2oat (15811): /system/bin/dex2oat --image=/data/dalvik-cache/arm/system@framework@boot.art --dex-file=/system/framework/core-libart.jar --dex-file=/system/framework/conscrypt.jar --dex-file=/system/framework/okhttp.jar --dex-file=/system/framework/core-junit.jar --dex-file=/system/framework/bouncycastle.jar --dex-file=/usr/libexec/sfdroid/system/framework/ext.jar --dex-file=/usr/libexec/sfdroid/system/framework/framework.jar --dex-file=/system/framework/telephony-common.jar --dex-file=/system/framework/voip-common.jar --dex-file=/system/framework/ims-common.jar --dex-file=/system/framework/mms-common.jar --dex-file=/system/framework/android.policy.jar --dex-file=/system/framework/apache-xml.jar --dex-file=/system/framework/qcmediaplayer.jar --dex-file=/system/framework/org.codeaurora.Performance.jar --dex-file=/system/framework/vcard.jar --dex-file=/system/framework/tcmiface.jar --dex-file=/system/framework/WfdCommon.jar --dex-file=/system/framework/qcom.fmradio.jar --dex-file=/system/framework/security-bridge.jar --dex-f
E/NetlinkListener(15793): recvmsg failed (I/O error)
E/NetlinkListener( 683): recvmsg failed (I/O error)
V/WLAN_PSA( 669): NL MSG, len[048], NL type[0x11] WNI type[0x5050] len[028]
V/WLAN_PSA( 669): NL MSG, PID: 669
V/WLAN_PSA( 669): NL MSG, len[4053], NL type[0x1C] WNI type[0x5900] len[48399]
V/WLAN_PSA( 669): NL MSG, PID: 669
E/NetlinkListener(15793): recvmsg failed (I/O error)
E/NetlinkListener( 683): recvmsg failed (I/O error)
E/NetlinkListener(15793): recvmsg failed (I/O error)
E/NetlinkListener( 683): recvmsg failed (I/O error)
W/dex2oat (15811): Skipping class org.codeaurora.Performance from /system/framework/org.codeaurora.Performance.jar previously found in /usr/libexec/sfdroid/system/framework/framework.jar:classes2.dex
W/dex2oat (15811): Skipping class org.codeaurora.camera.ExtendedFace from /system/framework/org.codeaurora.Performance.jar previously found in /usr/libexec/sfdroid/system/framework/framework.jar:classes2.dex
W/dex2oat (15811): Skipping class org.codeaurora.camera.QCFace from /system/framework/org.codeaurora.Performance.jar previously found in /usr/libexec/sfdroid/system/framework/framework.jar:classes2.dex
E/NetlinkListener(15793): recvmsg failed (I/O error)
E/NetlinkListener( 683): recvmsg failed (I/O error)
E/NetlinkListener(15793): recvmsg failed (I/O error)
E/NetlinkListener( 683): recvmsg failed (I/O error)
V/WLAN_PSA( 669): NL MSG, len[4081], NL type[0x1C] WNI type[0x5900] len[55567]
V/WLAN_PSA( 669): NL MSG, PID: 669
V/WLAN_PSA( 669): NL MSG, len[048], NL type[0x11] WNI type[0x5050] len[028]
V/WLAN_PSA( 669): NL MSG, PID: 669
W/dex2oat (15811): Skipping class org.codeaurora.Performance from /system/framework/org.codeaurora.Performance.jar previously found in /usr/libexec/sfdroid/system/framework/framework.jar:classes2.dex
W/dex2oat (15811): Skipping class org.codeaurora.camera.ExtendedFace from /system/framework/org.codeaurora.Performance.jar previously found in /usr/libexec/sfdroid/system/framework/framework.jar:classes2.dex
W/dex2oat (15811): Skipping class org.codeaurora.camera.QCFace from /system/framework/org.codeaurora.Performance.jar previously found in /usr/libexec/sfdroid/system/framework/framework.jar:classes2.dex
E/NetlinkListener(15793): recvmsg failed (I/O error)
E/NetlinkListener( 683): recvmsg failed (I/O error)
E/NetlinkListener( 683): recvmsg failed (I/O error)
E/NetlinkListener(15793): recvmsg failed (I/O error)
W/dex2oat (15811): Skipping class org.codeaurora.Performance from /system/framework/org.codeaurora.Performance.jar previously found in /usr/libexec/sfdroid/system/framework/framework.jar:classes2.dex
W/dex2oat (15811): Skipping class org.codeaurora.camera.ExtendedFace from /system/framework/org.codeaurora.Performance.jar previously found in /usr/libexec/sfdroid/system/framework/framework.jar:classes2.dex
W/dex2oat (15811): Skipping class org.codeaurora.camera.QCFace from /system/framework/org.codeaurora.Performance.jar previously found in /usr/libexec/sfdroid/system/framework/framework.jar:classes2.dex
I/dex2oat (15811): Explicit concurrent mark sweep GC freed 43519(5MB) AllocSpace objects, 0(0B) LOS objects, 15% free, 21MB/25MB, paused 159us total 151.547ms
E/NetlinkListener( 683): recvmsg failed (I/O error)
E/NetlinkListener(15793): recvmsg failed (I/O error)
E/NetlinkListener(15793): recvmsg failed (I/O error)
E/NetlinkListener( 683): recvmsg failed (I/O error)
V/WLAN_PSA( 669): NL MSG, len[048], NL type[0x11] WNI type[0x5050] len[028]
V/WLAN_PSA( 669): NL MSG, PID: 669
V/WLAN_PSA( 669): NL MSG, len[4039], NL type[0x1C] WNI type[0x5900] len[44815]
V/WLAN_PSA( 669): NL MSG, PID: 669
I/dex2oat (15811): Method exceeds compiler instruction limit: 21296 in void org.ccil.cowan.tagsoup.HTMLSchema.()
E/NetlinkListener(15793): recvmsg failed (I/O error)
E/NetlinkListener( 683): recvmsg failed (I/O error)
E/NetlinkListener(15793): recvmsg failed (I/O error)
E/NetlinkListener( 683): recvmsg failed (I/O error)
V/WLAN_PSA( 669): NL MSG, len[4068], NL type[0x1C] WNI type[0x5900] len[52239]
V/WLAN_PSA( 669): NL MSG, PID: 669
V/WLAN_PSA( 669): NL MSG, len[048], NL type[0x11] WNI type[0x5050] len[028]
V/WLAN_PSA( 669): NL MSG, PID: 669
W/dex2oat (15811): Skipping class org.codeaurora.Performance from /system/framework/org.codeaurora.Performance.jar previously found in /usr/libexec/sfdroid/system/framework/framework.jar:classes2.dex
W/dex2oat (15811): Skipping class org.codeaurora.camera.QCFace from /system/framework/org.codeaurora.Performance.jar previously found in /usr/libexec/sfdroid/system/framework/framework.jar:classes2.dex
W/dex2oat (15811): Skipping class org.codeaurora.camera.ExtendedFace from /system/framework/org.codeaurora.Performance.jar previously found in /usr/libexec/sfdroid/system/framework/framework.jar:classes2.dex
E/NetlinkListener(15793): recvmsg failed (I/O error)
E/NetlinkListener( 683): recvmsg failed (I/O error)
E/NetlinkListener(15793): recvmsg failed (I/O error)
E/NetlinkListener( 683): recvmsg failed (I/O error)
V/WLAN_PSA( 669): NL MSG, len[048], NL type[0x11] WNI type[0x5050] len[028]
V/WLAN_PSA( 669): NL MSG, PID: 669
V/WLAN_PSA( 669): NL MSG, len[4018], NL type[0x1C] WNI type[0x5900] len[39439]
V/WLAN_PSA( 669): NL MSG, PID: 669
E/QCALOG ( 930): [MessageQ] ProcessNewMessage: [LOWI-SERVER] unknown deliver target [OS-Agent]
I/dex2oat (15811): Explicit concurrent mark sweep GC freed 233598(16MB) AllocSpace objects, 0(0B) LOS objects, 26% free, 11MB/15MB, paused 191us total 65.949ms
V/WLAN_PSA( 669): NL MSG, len[048], NL type[0x11] WNI type[0x5050] len[028]
V/WLAN_PSA( 669): NL MSG, PID: 669
V/WLAN_PSA( 669): NL MSG, len[4027], NL type[0x1C] WNI type[0x5900] len[41743]
V/WLAN_PSA( 669): NL MSG, PID: 669
I/dex2oat (15811): dex2oat took 25.761s (threads: 4) arena alloc=2MB java alloc=11MB native alloc=68MB free=15MB
I/SamplingProfilerIntegration(15792): Profiling disabled.
D/Zygote (15792): begin preload
I/Zygote (15792): Preloading classes...
I/art (15792): Explicit concurrent mark sweep GC freed 824(38KB) AllocSpace objects, 0(0B) LOS objects, 98% free, 52KB/4MB, paused 110us total 4.386ms
I/art (15792): Counter: 1
I/art (15792): Explicit concurrent mark sweep GC freed 96(4KB) AllocSpace objects, 0(0B) LOS objects, 98% free, 72KB/4MB, paused 110us total 3.085ms
I/art (15792): Explicit concurrent mark sweep GC freed 457(29KB) AllocSpace objects, 0(0B) LOS objects, 98% free, 72KB/4MB, paused 106us total 1.893ms
I/art (15792): Explicit concurrent mark sweep GC freed 5(160B) AllocSpace objects, 0(0B) LOS objects, 98% free, 72KB/4MB, paused 102us total 1.581ms
W/Zygote (15792): Class not found for preloading: android.app.ContextImpl$62
I/art (15792): Explicit concurrent mark sweep GC freed 633(41KB) AllocSpace objects, 0(0B) LOS objects, 98% free, 80KB/4MB, paused 110us total 3.089ms
I/art (15792): Explicit concurrent mark sweep GC freed 5(160B) AllocSpace objects, 0(0B) LOS objects, 98% free, 80KB/4MB, paused 104us total 1.609ms
I/art (15792): Explicit concurrent mark sweep GC freed 443(26KB) AllocSpace objects, 0(0B) LOS objects, 97% free, 110KB/4MB, paused 108us total 2.346ms
I/art (15792): Explicit concurrent mark sweep GC freed 25(1056B) AllocSpace objects, 0(0B) LOS objects, 97% free, 109KB/4MB, paused 102us total 1.691ms
E/Minikin (15792): addFont failed to create font /system/fonts/NanumGothic.ttf
E/Minikin (15792): addFont failed to create font /system/fonts/DroidSansFallback.ttf
I/art (15792): Explicit concurrent mark sweep GC freed 1773(128KB) AllocSpace objects, 0(0B) LOS objects, 97% free, 121KB/4MB, paused 113us total 3.758ms
I/art (15792): Explicit concurrent mark sweep GC freed 26(880B) AllocSpace objects, 0(0B) LOS objects, 97% free, 121KB/4MB, paused 103us total 1.823ms
I/art (15792): Explicit concurrent mark sweep GC freed 1910(91KB) AllocSpace objects, 0(0B) LOS objects, 96% free, 162KB/4MB, paused 110us total 3.895ms
I/art (15792): Explicit concurrent mark sweep GC freed 5(160B) AllocSpace objects, 0(0B) LOS objects, 96% free, 162KB/4MB, paused 105us total 1.845ms
I/art (15792): Explicit concurrent mark sweep GC freed 1975(87KB) AllocSpace objects, 0(0B) LOS objects, 95% free, 197KB/4MB, paused 110us total 3.240ms
I/art (15792): Explicit concurrent mark sweep GC freed 5(160B) AllocSpace objects, 0(0B) LOS objects, 95% free, 197KB/4MB, paused 104us total 1.930ms
I/art (15792): Explicit concurrent mark sweep GC freed 369(19KB) AllocSpace objects, 0(0B) LOS objects, 94% free, 230KB/4MB, paused 110us total 3.374ms
I/art (15792): Explicit concurrent mark sweep GC freed 5(160B) AllocSpace objects, 0(0B) LOS objects, 94% free, 230KB/4MB, paused 96us total 2.153ms
I/art (15792): Thread[1,tid=15792,WaitingForJniOnLoad,Thread*=0xb4827800,peer=0x12c411c0,"main"] recursive attempt to load library "/system/lib/libmedia_jni.so"
D/MtpDeviceJNI(15792): register_android_mtp_MtpDevice
I/art (15792): Thread[1,tid=15792,WaitingForJniOnLoad,Thread*=0xb4827800,peer=0x12c411c0,"main"] recursive attempt to load library "/system/lib/libmedia_jni.so"
I/art (15792): Thread[1,tid=15792,WaitingForJniOnLoad,Thread*=0xb4827800,peer=0x12c411c0,"main"] recursive attempt to load library "/system/lib/libmedia_jni.so"
I/art (15792): Explicit concurrent mark sweep GC freed 748(43KB) AllocSpace objects, 0(0B) LOS objects, 94% free, 239KB/4MB, paused 111us total 3.355ms
I/art (15792): Explicit concurrent mark sweep GC freed 7(288B) AllocSpace objects, 0(0B) LOS objects, 94% free, 239KB/4MB, paused 104us total 2.084ms
I/art (15792): Explicit concurrent mark sweep GC freed 541(27KB) AllocSpace objects, 0(0B) LOS objects, 94% free, 260KB/4MB, paused 122us total 3.736ms
I/art (15792): Explicit concurrent mark sweep GC freed 5(160B) AllocSpace objects, 0(0B) LOS objects, 94% free, 260KB/4MB, paused 115us total 2.372ms
I/art (15792): Explicit concurrent mark sweep GC freed 641(35KB) AllocSpace objects, 0(0B) LOS objects, 93% free, 274KB/4MB, paused 125us total 4.178ms
I/art (15792): Explicit concurrent mark sweep GC freed 5(160B) AllocSpace objects, 0(0B) LOS objects, 93% free, 274KB/4MB, paused 116us total 2.529ms
I/art (15792): Explicit concurrent mark sweep GC freed 222(13KB) AllocSpace objects, 0(0B) LOS objects, 92% free, 312KB/4MB, paused 123us total 3.374ms
I/art (15792): Explicit concurrent mark sweep GC freed 5(160B) AllocSpace objects, 0(0B) LOS objects, 92% free, 312KB/4MB, paused 115us total 2.826ms
I/art (15792): Explicit concurrent mark sweep GC freed 1815(105KB) AllocSpace objects, 0(0B) LOS objects, 89% free, 462KB/4MB, paused 114us total 3.811ms
I/art (15792): Explicit concurrent mark sweep GC freed 5(160B) AllocSpace objects, 0(0B) LOS objects, 89% free, 462KB/4MB, paused 107us total 2.614ms
E/EmojiFactory_jni(15792): Failed to load libemoji.so: dlopen failed: library "libemoji.so" not found
I/art (15792): Explicit concurrent mark sweep GC freed 356(45KB) AllocSpace objects, 0(0B) LOS objects, 84% free, 760KB/4MB, paused 115us total 5.546ms
I/art (15792): Explicit concurrent mark sweep GC freed 9(272B) AllocSpace objects, 0(0B) LOS objects, 84% free, 759KB/4MB, paused 108us total 3.542ms
I/art (15792): Explicit concurrent mark sweep GC freed 432(30KB) AllocSpace objects, 0(0B) LOS objects, 84% free, 778KB/4MB, paused 115us total 4.471ms
I/art (15792): Explicit concurrent mark sweep GC freed 5(160B) AllocSpace objects, 0(0B) LOS objects, 84% free, 778KB/4MB, paused 110us total 3.737ms
I/art (15792): Explicit concurrent mark sweep GC freed 787(49KB) AllocSpace objects, 0(0B) LOS objects, 84% free, 780KB/4MB, paused 116us total 4.233ms
I/art (15792): Explicit concurrent mark sweep GC freed 5(160B) AllocSpace objects, 0(0B) LOS objects, 84% free, 780KB/4MB, paused 106us total 3.604ms
I/art (15792): Explicit concurrent mark sweep GC freed 957(105KB) AllocSpace objects, 0(0B) LOS objects, 83% free, 822KB/4MB, paused 115us total 5.457ms
I/art (15792): Explicit concurrent mark sweep GC freed 37(1744B) AllocSpace objects, 0(0B) LOS objects, 83% free, 821KB/4MB, paused 108us total 3.806ms
I/art (15792): Explicit concurrent mark sweep GC freed 528(39KB) AllocSpace objects, 0(0B) LOS objects, 83% free, 830KB/4MB, paused 118us total 4.458ms
I/art (15792): Explicit concurrent mark sweep GC freed 5(160B) AllocSpace objects, 0(0B) LOS objects, 83% free, 830KB/4MB, paused 108us total 3.775ms
I/art (15792): Explicit concurrent mark sweep GC freed 360(25KB) AllocSpace objects, 0(0B) LOS objects, 82% free, 859KB/4MB, paused 116us total 4.255ms
I/art (15792): Explicit concurrent mark sweep GC freed 5(160B) AllocSpace objects, 0(0B) LOS objects, 82% free, 859KB/4MB, paused 103us total 3.884ms
I/art (15792): Explicit concurrent mark sweep GC freed 10831(530KB) AllocSpace objects, 0(0B) LOS objects, 76% free, 1238KB/5MB, paused 122us total 6.919ms
I/art (15792): Explicit concurrent mark sweep GC freed 11(432B) AllocSpace objects, 0(0B) LOS objects, 76% free, 1238KB/5MB, paused 119us total 5.142ms
I/art (15792): Explicit concurrent mark sweep GC freed 570(33KB) AllocSpace objects, 0(0B) LOS objects, 76% free, 1254KB/5MB, paused 124us total 5.717ms
I/art (15792): Explicit concurrent mark sweep GC freed 5(160B) AllocSpace objects, 0(0B) LOS objects, 76% free, 1254KB/5MB, paused 118us total 5.099ms
I/art (15792): Explicit concurrent mark sweep GC freed 739(45KB) AllocSpace objects, 0(0B) LOS objects, 76% free, 1257KB/5MB, paused 119us total 5.131ms
I/art (15792): Explicit concurrent mark sweep GC freed 5(160B) AllocSpace objects, 0(0B) LOS objects, 76% free, 1257KB/5MB, paused 116us total 4.646ms
I/System (15792): Loaded time zone names for "" in 49ms (46ms in ICU)
I/System (15792): Loaded time zone names for "en_US" in 34ms (30ms in ICU)
I/art (15792): Explicit concurrent mark sweep GC freed 2343(178KB) AllocSpace objects, 0(0B) LOS objects, 74% free, 1416KB/5MB, paused 120us total 5.728ms
I/art (15792): Explicit concurrent mark sweep GC freed 5(160B) AllocSpace objects, 0(0B) LOS objects, 74% free, 1416KB/5MB, paused 119us total 4.856ms
I/art (15792): Explicit concurrent mark sweep GC freed 136(12KB) AllocSpace objects, 0(0B) LOS objects, 73% free, 1481KB/5MB, paused 118us total 5.139ms
I/art (15792): Explicit concurrent mark sweep GC freed 5(160B) AllocSpace objects, 0(0B) LOS objects, 73% free, 1481KB/5MB, paused 120us total 5.656ms
I/art (15792): Explicit concurrent mark sweep GC freed 286(24KB) AllocSpace objects, 0(0B) LOS objects, 72% free, 1526KB/5MB, paused 132us total 6.933ms
I/art (15792): Explicit concurrent mark sweep GC freed 13(416B) AllocSpace objects, 0(0B) LOS objects, 72% free, 1526KB/5MB, paused 132us total 6.341ms
I/art (15792): Explicit concurrent mark sweep GC freed 667(47KB) AllocSpace objects, 0(0B) LOS objects, 72% free, 1528KB/5MB, paused 134us total 6.044ms
I/art (15792): Explicit concurrent mark sweep GC freed 25(800B) AllocSpace objects, 0(0B) LOS objects, 72% free, 1527KB/5MB, paused 130us total 5.747ms
I/Zygote (15792): ...preloaded 3004 classes in 751ms.
I/art (15792): VMRuntime.preloadDexCaches starting
I/art (15792): VMRuntime.preloadDexCaches strings total=223573 before=41006 after=41006
I/art (15792): VMRuntime.preloadDexCaches types total=19030 before=6653 after=6697
I/art (15792): VMRuntime.preloadDexCaches fields total=88636 before=32658 after=33035
I/art (15792): VMRuntime.preloadDexCaches methods total=156114 before=67685 after=68621
I/art (15792): VMRuntime.preloadDexCaches finished
I/art (15792): Counter: 0
I/art (15792): Counter: 1
I/art (15792): Explicit concurrent mark sweep GC freed 41(15KB) AllocSpace objects, 0(0B) LOS objects, 73% free, 1514KB/5MB, paused 116us total 7.235ms
D/idmap (15882): error: no read access to /vendor/overlay: No such file or directory
I/Zygote (15792): Preloading resources...
W/Resources(15792): Preloaded drawable resource #0x1080096 (android:drawable/toast_frame) that varies with configuration!!
W/Resources(15792): Preloaded drawable resource #0x108010d (android:drawable/btn_check_on_pressed_holo_light) that varies with configuration!!
W/Resources(15792): Preloaded drawable resource #0x108010c (android:drawable/btn_check_on_pressed_holo_dark) that varies with configuration!!
W/Resources(15792): Preloaded drawable resource #0x108010a (android:drawable/btn_check_on_holo_light) that varies with configuration!!
W/Resources(15792): Preloaded drawable resource #0x1080109 (android:drawable/btn_check_on_holo_dark) that varies with configuration!!
W/Resources(15792): Preloaded drawable resource #0x1080107 (android:drawable/btn_check_on_focused_holo_light) that varies with configuration!!
W/Resources(15792): Preloaded drawable resource #0x1080106 (android:drawable/btn_check_on_focused_holo_dark) that varies with configuration!!
W/Resources(15792): Preloaded drawable resource #0x1080105 (android:drawable/btn_check_on_disabled_holo_light) that varies with configuration!!
W/Resources(15792): Preloaded drawable resource #0x1080104 (android:drawable/btn_check_on_disabled_holo_dark) that varies with configuration!!
W/Resources(15792): Preloaded drawable resource #0x1080103 (android:drawable/btn_check_on_disabled_focused_holo_light) that varies with configuration!!
W/Resources(15792): Preloaded drawable resource #0x1080102 (android:drawable/btn_check_on_disabled_focused_holo_dark) that varies with configuration!!
W/Resources(15792): Preloaded drawable resource #0x10800fa (android:drawable/btn_check_off_pressed_holo_light) that varies with configuration!!
W/Resources(15792): Preloaded drawable resource #0x10800f9 (android:drawable/btn_check_off_pressed_holo_dark) that varies with configuration!!
W/Resources(15792): Preloaded drawable resource #0x10800f5 (android:drawable/btn_check_off_holo_light) that varies with configuration!!
W/Resources(15792): Preloaded drawable resource #0x10800f4 (android:drawable/btn_check_off_holo_dark) that varies with configuration!!
W/Resources(15792): Preloaded drawable resource #0x10800f2 (android:drawable/btn_check_off_focused_holo_light) that varies with configuration!!
W/Resources(15792): Preloaded drawable resource #0x10800f1 (android:drawable/btn_check_off_focused_holo_dark) that varies with configuration!!
W/Resources(15792): Preloaded drawable resource #0x10800f0 (android:drawable/btn_check_off_disabled_holo_light) that varies with configuration!!
W/Resources(15792): Preloaded drawable resource #0x10800ef (android:drawable/btn_check_off_disabled_holo_dark) that varies with configuration!!
W/Resources(15792): Preloaded drawable resource #0x10800ee (android:drawable/btn_check_off_disabled_focused_holo_light) that varies with configuration!!
W/Resources(15792): Preloaded drawable resource #0x10800ed (android:drawable/btn_check_off_disabled_focused_holo_dark) that varies with configuration!!
W/Resources(15792): Preloaded drawable resource #0x108010a (android:drawable/btn_check_on_holo_light) that varies with configuration!!
W/Resources(15792): Preloaded drawable resource #0x10800f5 (android:drawable/btn_check_off_holo_light) that varies with configuration!!
W/Resources(15792): Preloaded drawable resource #0x108010d (android:drawable/btn_check_on_pressed_holo_light) that varies with configuration!!
W/Resources(15792): Preloaded drawable resource #0x10800fa (android:drawable/btn_check_off_pressed_holo_light) that varies with configuration!!
W/Resources(15792): Preloaded drawable resource #0x1080107 (android:drawable/btn_check_on_focused_holo_light) that varies with configuration!!
W/Resources(15792): Preloaded drawable resource #0x10800f2 (android:drawable/btn_check_off_focused_holo_light) that varies with configuration!!
W/Resources(15792): Preloaded drawable resource #0x10800f5 (android:drawable/btn_check_off_holo_light) that varies with configuration!!
W/Resources(15792): Preloaded drawable resource #0x108010a (android:drawable/btn_check_on_holo_light) that varies with configuration!!
W/Resources(15792): Preloaded drawable resource #0x1080105 (android:drawable/btn_check_on_disabled_holo_light) that varies with configuration!!
W/Resources(15792): Preloaded drawable resource #0x10800f0 (android:drawable/btn_check_off_disabled_holo_light) that varies with configuration!!
W/Resources(15792): Preloaded drawable resource #0x1080103 (android:drawable/btn_check_on_disabled_focused_holo_light) that varies with configuration!!
W/Resources(15792): Preloaded drawable resource #0x10800ee (android:drawable/btn_check_off_disabled_focused_holo_light) that varies with configuration!!
W/Resources(15792): Preloaded drawable resource #0x10800f0 (android:drawable/btn_check_off_disabled_holo_light) that varies with configuration!!
W/Resources(15792): Preloaded drawable resource #0x1080105 (android:drawable/btn_check_on_disabled_holo_light) that varies with configuration!!
W/Resources(15792): Preloaded drawable resource #0x10800e3 (android:drawable/btn_check_holo_light) that varies with configuration!!
W/Resources(15792): Preloaded drawable resource #0x1080109 (android:drawable/btn_check_on_holo_dark) that varies with configuration!!
W/Resources(15792): Preloaded drawable resource #0x10800f4 (android:drawable/btn_check_off_holo_dark) that varies with configuration!!
W/Resources(15792): Preloaded drawable resource #0x108010c (android:drawable/btn_check_on_pressed_holo_dark) that varies with configuration!!
W/Resources(15792): Preloaded drawable resource #0x10800f9 (android:drawable/btn_check_off_pressed_holo_dark) that varies with configuration!!
W/Resources(15792): Preloaded drawable resource #0x1080106 (android:drawable/btn_check_on_focused_holo_dark) that varies with configuration!!
W/Resources(15792): Preloaded drawable resource #0x10800f1 (android:drawable/btn_check_off_focused_holo_dark) that varies with configuration!!
W/Resources(15792): Preloaded drawable resource #0x10800f4 (android:drawable/btn_check_off_holo_dark) that varies with configuration!!
W/Resources(15792): Preloaded drawable resource #0x1080109 (android:drawable/btn_check_on_holo_dark) that varies with configuration!!
W/Resources(15792): Preloaded drawable resource #0x1080104 (android:drawable/btn_check_on_disabled_holo_dark) that varies with configuration!!
W/Resources(15792): Preloaded drawable resource #0x10800ef (android:drawable/btn_check_off_disabled_holo_dark) that varies with configuration!!
W/Resources(15792): Preloaded drawable resource #0x1080102 (android:drawable/btn_check_on_disabled_focused_holo_dark) that varies with configuration!!
W/Resources(15792): Preloaded drawable resource #0x10800ed (android:drawable/btn_check_off_disabled_focused_holo_dark) that varies with configuration!!
W/Resources(15792): Preloaded drawable resource #0x10800ef (android:drawable/btn_check_off_disabled_holo_dark) that varies with configuration!!
W/Resources(15792): Preloaded drawable resource #0x1080104 (android:drawable/btn_check_on_disabled_holo_dark) that varies with configuration!!
W/Resources(15792): Preloaded drawable resource #0x10800e2 (android:drawable/btn_check_holo_dark) that varies with configuration!!
W/Resources(15792): Preloaded drawable resource #0x10801bd (android:drawable/btn_radio_on_pressed_holo_light) that varies with configuration!!
W/Resources(15792): Preloaded drawable resource #0x10801bc (android:drawable/btn_radio_on_pressed_holo_dark) that varies with configuration!!
W/Resources(15792): Preloaded drawable resource #0x10801b9 (android:drawable/btn_radio_on_holo_light) that varies with configuration!!
W/Resources(15792): Preloaded drawable resource #0x10801b8 (android:drawable/btn_radio_on_holo_dark) that varies with configuration!!
W/Resources(15792): Preloaded drawable resource #0x10801b6 (android:drawable/btn_radio_on_focused_holo_light) that varies with configuration!!
W/Resources(15792): Preloaded drawable resource #0x10801b5 (android:drawable/btn_radio_on_focused_holo_dark) that varies with configuration!!
W/Resources(15792): Preloaded drawable resource #0x10801b4 (android:drawable/btn_radio_on_disabled_holo_light) that varies with configuration!!
W/Resources(15792): Preloaded drawable resource #0x10801b3 (android:drawable/btn_radio_on_disabled_holo_dark) that varies with configuration!!
W/Resources(15792): Preloaded drawable resource #0x10801b2 (android:drawable/btn_radio_on_disabled_focused_holo_light) that varies with configuration!!
W/Resources(15792): Preloaded drawable resource #0x10801b1 (android:drawable/btn_radio_on_disabled_focused_holo_dark) that varies with configuration!!
W/Resources(15792): Preloaded drawable resource #0x10801ae (android:drawable/btn_radio_off_pressed_holo_light) that varies with configuration!!
W/Resources(15792): Preloaded drawable resource #0x10801ad (android:drawable/btn_radio_off_pressed_holo_dark) that varies with configuration!!
W/Resources(15792): Preloaded drawable resource #0x10801ab (android:drawable/btn_radio_off_holo_light) that varies with configuration!!
W/Resources(15792): Preloaded drawable resource #0x10801aa (android:drawable/btn_radio_off_holo_dark) that varies with configuration!!
W/Resources(15792): Preloaded drawable resource #0x10801a8 (android:drawable/btn_radio_off_focused_holo_light) that varies with configuration!!
W/Resources(15792): Preloaded drawable resource #0x10801a7 (android:drawable/btn_radio_off_focused_holo_dark) that varies with configuration!!
W/Resources(15792): Preloaded drawable resource #0x10801a6 (android:drawable/btn_radio_off_disabled_holo_light) that varies with configuration!!
W/Resources(15792): Preloaded drawable resource #0x10801a5 (android:drawable/btn_radio_off_disabled_holo_dark) that varies with configuration!!
W/Resources(15792): Preloaded drawable resource #0x10801a4 (android:drawable/btn_radio_off_disabled_focused_holo_light) that varies with configuration!!
W/Resources(15792): Preloaded drawable resource #0x10801a3 (android:drawable/btn_radio_off_disabled_focused_holo_dark) that varies with configuration!!
W/Resources(15792): Preloaded drawable resource #0x108014e (android:drawable/btn_default_pressed_holo_light) that varies with configuration!!
W/Resources(15792): Preloaded drawable resource #0x108014d (android:drawable/btn_default_pressed_holo_dark) that varies with configuration!!
W/Resources(15792): Preloaded drawable resource #0x108014a (android:drawable/btn_default_normal_holo_light) that varies with configuration!!
W/Resources(15792): Preloaded drawable resource #0x1080149 (android:drawable/btn_default_normal_holo_dark) that varies with configuration!!
W/Resources(15792): Preloaded drawable resource #0x1080140 (android:drawable/btn_default_focused_holo_light) that varies with configuration!!
W/Resources(15792): Preloaded drawable resource #0x108013f (android:drawable/btn_default_focused_holo_dark) that varies with configuration!!
W/Resources(15792): Preloaded drawable resource #0x108013d (android:drawable/btn_default_disabled_holo_light) that varies with configuration!!
W/Resources(15792): Preloaded drawable resource #0x108013c (android:drawable/btn_default_disabled_holo_dark) that varies with configuration!!
W/Resources(15792): Preloaded drawable resource #0x108013a (android:drawable/btn_default_disabled_focused_holo_light) that varies with configuration!!
W/Resources(15792): Preloaded drawable resource #0x1080139 (android:drawable/btn_default_disabled_focused_holo_dark) that varies with configuration!!
W/Resources(15792): Preloaded drawable resource #0x1080149 (android:drawable/btn_default_normal_holo_dark) that varies with configuration!!
W/Resources(15792): Preloaded drawable resource #0x108013c (android:drawable/btn_default_disabled_holo_dark) that varies with configuration!!
W/Resources(15792): Preloaded drawable resource #0x108014d (android:drawable/btn_default_pressed_holo_dark) that varies with configuration!!
W/Resources(15792): Preloaded drawable resource #0x108013f (android:drawable/btn_default_focused_holo_dark) that varies with configuration!!
W/Resources(15792): Preloaded drawable resource #0x1080149 (android:drawable/btn_default_normal_holo_dark) that varies with configuration!!
W/Resources(15792): Preloaded drawable resource #0x1080139 (android:drawable/btn_default_disabled_focused_holo_dark) that varies with configuration!!
W/Resources(15792): Preloaded drawable resource #0x108013c (android:drawable/btn_default_disabled_holo_dark) that varies with configuration!!
W/Resources(15792): Preloaded drawable resource #0x1080141 (android:drawable/btn_default_holo_dark) that varies with configuration!!
W/Resources(15792): Preloaded drawable resource #0x108014a (android:drawable/btn_default_normal_holo_light) that varies with configuration!!
W/Resources(15792): Preloaded drawable resource #0x108013d (android:drawable/btn_default_disabled_holo_light) that varies with configuration!!
W/Resources(15792): Preloaded drawable resource #0x108014e (android:drawable/btn_default_pressed_holo_light) that varies with configuration!!
W/Resources(15792): Preloaded drawable resource #0x1080140 (android:drawable/btn_default_focused_holo_light) that varies with configuration!!
