E/WindowManager(15351): at com.android.server.am.ActivityManagerService.setWindowManager(ActivityManagerService.java:1943)
E/WindowManager(15351): at com.android.server.SystemServer.startOtherServices(SystemServer.java:498)
E/WindowManager(15351): at com.android.server.SystemServer.run(SystemServer.java:265)
E/WindowManager(15351): at com.android.server.SystemServer.main(SystemServer.java:179)
E/WindowManager(15351): at java.lang.reflect.Method.invoke(Native Method)
E/WindowManager(15351): at java.lang.reflect.Method.invoke(Method.java:372)
E/WindowManager(15351): at com.android.internal.os.ZygoteInit$MethodAndArgsCaller.run(ZygoteInit.java:904)
E/WindowManager(15351): at com.android.internal.os.ZygoteInit.main(ZygoteInit.java:699)
E/WindowManager(15351): Exception creating Dim surface
E/WindowManager(15351): android.view.Surface$OutOfResourcesException
E/WindowManager(15351): at android.view.SurfaceControl.nativeCreate(Native Method)
E/WindowManager(15351): at android.view.SurfaceControl.(SurfaceControl.java:292)
E/WindowManager(15351): at com.android.server.wm.DimLayer.(DimLayer.java:81)
E/WindowManager(15351): at com.android.server.wm.TaskStack.attachDisplayContent(TaskStack.java:234)
E/WindowManager(15351): at com.android.server.wm.WindowManagerService.attachStack(WindowManagerService.java:5158)
E/WindowManager(15351): at com.android.server.am.ActivityStackSupervisor$ActivityContainer.attachToDisplayLocked(ActivityStackSupervisor.java:3766)
E/WindowManager(15351): at com.android.server.am.ActivityStackSupervisor.createStackOnDisplay(ActivityStackSupervisor.java:2649)
E/WindowManager(15351): at com.android.server.am.ActivityStackSupervisor.setWindowManager(ActivityStackSupervisor.java:394)
E/WindowManager(15351): at com.android.server.am.ActivityManagerService.setWindowManager(ActivityManagerService.java:1943)
E/WindowManager(15351): at com.android.server.SystemServer.startOtherServices(SystemServer.java:498)
E/WindowManager(15351): at com.android.server.SystemServer.run(SystemServer.java:265)
E/WindowManager(15351): at com.android.server.SystemServer.main(SystemServer.java:179)
E/WindowManager(15351): at java.lang.reflect.Method.invoke(Native Method)
E/WindowManager(15351): at java.lang.reflect.Method.invoke(Method.java:372)
E/WindowManager(15351): at com.android.internal.os.ZygoteInit$MethodAndArgsCaller.run(ZygoteInit.java:904)
E/WindowManager(15351): at com.android.internal.os.ZygoteInit.main(ZygoteInit.java:699)
I/InputManager(15351): Starting input manager
I/SystemServer(15351): sfdroid: Bluetooth Service disabled
I/SystemServer(15351): Input Method Service
W/InputMethodManagerService(15351): Couldn't create dir.: /data/system/inputmethod
I/SystemServer(15351): Accessibility Manager
I/XXXXXX (15351): choosing minFree values for 32 Bit
I/XXXXXX (15351): choosing minFree values for 32 Bit
I/XXXXXX (15351): choosing minFree values for 32 Bit
I/XXXXXX (15351): choosing minFree values for 32 Bit
I/XXXXXX (15351): choosing minFree values for 32 Bit
I/XXXXXX (15351): choosing minFree values for 32 Bit
I/ActivityManager(15351): Config changes=1df8 {1.0 ?mcc?mnc en_US ?layoutDir sw360dp w360dp h640dp 480dpi nrml long port ?uimode ?night -touch -keyb/v/h -nav/h s.2}
I/ActivityManager(15351): Config changes=500 {1.0 ?mcc?mnc en_US ?layoutDir sw360dp w360dp h567dp 480dpi nrml port ?uimode ?night -touch -keyb/v/h -nav/h s.3}
I/SystemServer(15351): Mount Service
D/MountService(15351): got storage path: /storage/sdcard0 description: Internal storage primary: true removable: false emulated: true mtpReserve: 100 allowMassStorage: false maxFileSize: 0 allowMtp: true
D/MountService(15351): addVolumeLocked() StorageVolume:
D/MountService(15351): mStorageId=65537 mPath=/storage/emulated/0 mDescriptionId=17040829
D/MountService(15351): mPrimary=true mRemovable=false mEmulated=true mMtpReserveSpace=100
D/MountService(15351): mAllowMassStorage=false mMaxFileSize=0 mOwner=UserHandle{0} mUuid=null
D/MountService(15351): mUserLabel=null mState=null mAllowMtp=true
D/MountService(15351): got storage path: /storage/sdcard1 description: SD card primary: false removable: true emulated: false mtpReserve: 0 allowMassStorage: true maxFileSize: 0 allowMtp: true
D/MountService(15351): addVolumeLocked() StorageVolume:
D/MountService(15351): mStorageId=0 mPath=/storage/sdcard1 mDescriptionId=17040830 mPrimary=false
D/MountService(15351): mRemovable=true mEmulated=false mMtpReserveSpace=0 mAllowMassStorage=true
D/MountService(15351): mMaxFileSize=0 mOwner=null mUuid=null mUserLabel=null mState=null
D/MountService(15351): mAllowMtp=true
D/MountService(15351): got storage path: /storage/usbotg description: USB storage primary: false removable: true emulated: false mtpReserve: 0 allowMassStorage: false maxFileSize: 0 allowMtp: true
D/MountService(15351): addVolumeLocked() StorageVolume:
D/MountService(15351): mStorageId=0 mPath=/storage/usbotg mDescriptionId=17040831 mPrimary=false
D/MountService(15351): mRemovable=true mEmulated=false mMtpReserveSpace=0 mAllowMassStorage=false
D/MountService(15351): mMaxFileSize=0 mOwner=null mUuid=null mUserLabel=null mState=null
D/MountService(15351): mAllowMtp=true
I/SystemServer(15351): LockSettingsService
I/SystemServiceManager(15351): Starting com.android.server.devicepolicy.DevicePolicyManagerService$Lifecycle
F/WindowAnimator(15351): Unhandled exception in Window Manager
F/WindowAnimator(15351): java.lang.NullPointerException: Attempt to invoke virtual method 'void android.view.SurfaceControl.setLayer(int)' on a null object reference
F/WindowAnimator(15351): at com.android.server.wm.FocusedStackFrame.setLayer(FocusedStackFrame.java:140)
F/WindowAnimator(15351): at com.android.server.wm.WindowManagerService.setFocusedStackLayer(WindowManagerService.java:3985)
F/WindowAnimator(15351): at com.android.server.wm.WindowAnimator.animateLocked(WindowAnimator.java:708)
F/WindowAnimator(15351): at com.android.server.wm.WindowAnimator.access$000(WindowAnimator.java:54)
F/WindowAnimator(15351): at com.android.server.wm.WindowAnimator$1.run(WindowAnimator.java:126)
F/WindowAnimator(15351): at android.view.Choreographer$CallbackRecord.run(Choreographer.java:767)
F/WindowAnimator(15351): at android.view.Choreographer.doCallbacks(Choreographer.java:580)
F/WindowAnimator(15351): at android.view.Choreographer.doFrame(Choreographer.java:549)
F/WindowAnimator(15351): at android.view.Choreographer$FrameDisplayEventReceiver.run(Choreographer.java:753)
F/WindowAnimator(15351): at android.os.Handler.handleCallback(Handler.java:739)
F/WindowAnimator(15351): at android.os.Handler.dispatchMessage(Handler.java:95)
F/WindowAnimator(15351): at android.os.Looper.loop(Looper.java:135)
F/WindowAnimator(15351): at android.os.HandlerThread.run(HandlerThread.java:61)
F/WindowAnimator(15351): at com.android.server.ServiceThread.run(ServiceThread.java:46)
I/SystemServer(15351): Status Bar
I/SystemServer(15351): Clipboard Service
I/SystemServer(15351): Text Service Manager Service
W/PackageManager(15351): Unknown permission com.google.android.googleapps.permission.GOOGLE_AUTH in package com.android.providers.calendar
W/PackageManager(15351): Unknown permission com.google.android.googleapps.permission.GOOGLE_AUTH.cl in package com.android.providers.calendar
W/PackageManager(15351): Unknown permission com.qualcomm.permission.USE_QCRIL_MSG_TUNNEL in package com.qualcomm.shutdownlistner
W/PackageManager(15351): Unknown permission android.permission.PREVENT_POWER_KEY in package com.fairphone.checkup
W/PackageManager(15351): Not granting permission android.permission.GLOBAL_SEARCH to package com.android.quicksearchbox (protectionLevel=18 flags=0x48be45)
W/PackageManager(15351): Not granting permission android.permission.ACCESS_DOWNLOAD_MANAGER to package com.android.browser (protectionLevel=18 flags=0x9be45)
W/PackageManager(15351): Not granting permission android.permission.SEND_DOWNLOAD_COMPLETED_INTENTS to package com.android.browser (protectionLevel=2 flags=0x9be45)
W/PackageManager(15351): Unknown permission android.permission.MMS_PUSH in package org.codeaurora.bluetooth
W/PackageManager(15351): Not granting permission android.permission.BIND_WALLPAPER to package com.android.camera2 (protectionLevel=18 flags=0x58bc45)
W/PackageManager(15351): Unknown permission android.permission.INSTALL_DRM in package com.android.mms
W/PackageManager(15351): Unknown permission com.google.android.googleapps.permission.GOOGLE_AUTH.mail in package com.android.calendar
W/PackageManager(15351): Unknown permission com.android.launcher.permission.READ_SETTINGS in package com.android.onetimeinitializer
W/PackageManager(15351): Unknown permission com.android.launcher.permission.WRITE_SETTINGS in package com.android.onetimeinitializer
W/PackageManager(15351): Not granting permission android.permission.DELETE_PACKAGES to package com.svox.pico (protectionLevel=18 flags=0x8be45)
W/PackageManager(15351): Unknown permission android.permission.ACCESS_THEME_MANAGER in package com.fairphone.setupwizard
W/PackageManager(15351): Unknown permission com.google.android.gallery3d.permission.PICASA_STORE in package com.android.dreams.phototable
W/PackageManager(15351): Unknown permission android.permission.ACCESS_SUPERUSER in package com.amaze.filemanager
W/PackageManager(15351): Unknown permission com.google.android.googleapps.permission.GOOGLE_AUTH in package com.android.settings
W/PackageManager(15351): Unknown permission com.android.launcher.permission.READ_SETTINGS in package com.android.settings
W/PackageManager(15351): Unknown permission com.android.launcher.permission.WRITE_SETTINGS in package com.android.settings
W/PackageManager(15351): Unknown permission com.android.launcher.permission.READ_SETTINGS in package com.fairphone.fplauncher3
W/PackageManager(15351): Unknown permission com.android.launcher.permission.WRITE_SETTINGS in package com.fairphone.fplauncher3
W/PackageManager(15351): Unknown permission android.permission.ACCESS_SUPERUSER in package com.fairphone.updater
W/PackageManager(15351): Not granting permission android.permission.DEVICE_POWER to package com.android.deskclock (protectionLevel=2 flags=0x48be45)
W/PackageManager(15351): Unknown permission com.google.android.gallery3d.permission.GALLERY_PROVIDER in package com.android.bluetooth
I/SystemServer(15351): Network Score Service
I/SystemServer(15351): NetworkStats Service
I/SystemServer(15351): NetworkPolicy Service
I/SystemServiceManager(15351): Starting com.android.server.wifi.p2p.WifiP2pService
W/WindowStateAnimator(15351): OutOfResourcesException creating surface
I/WindowManager(15351): Out of memory for surface! Looking for leaks...
W/WindowManager(15351): No leaked surfaces; killing applicatons!
W/WindowManager(15351): Due to memory failure, waiting a bit for next layout
I/SystemServiceManager(15351): Starting com.android.server.wifi.WifiService
I/SystemServiceManager(15351): Starting com.android.server.wifi.WifiScanningService
I/SystemServiceManager(15351): Starting com.android.server.wifi.RttService
I/SystemServer(15351): Connectivity Service
D/ConnectivityService(15351): ConnectivityService starting up
D/ConnectivityService(15351): wifiOnly=true
D/ConnectivityService(15351): networkAttributes - ignoring mobile as this dev is wifiOnly 0
D/ConnectivityService(15351): networkAttributes - ignoring mobile as this dev is wifiOnly 2
D/ConnectivityService(15351): networkAttributes - ignoring mobile as this dev is wifiOnly 3
D/ConnectivityService(15351): networkAttributes - ignoring mobile as this dev is wifiOnly 4
D/ConnectivityService(15351): networkAttributes - ignoring mobile as this dev is wifiOnly 5
D/ConnectivityService(15351): networkAttributes - ignoring mobile as this dev is wifiOnly 10
D/ConnectivityService(15351): networkAttributes - ignoring mobile as this dev is wifiOnly 11
D/ConnectivityService(15351): networkAttributes - ignoring mobile as this dev is wifiOnly 12
E/ConnectivityService(15351): Ignoring protectedNetwork 10
E/ConnectivityService(15351): Ignoring protectedNetwork 11
E/ConnectivityService(15351): Ignoring protectedNetwork 12
E/ConnectivityService(15351): Ignoring protectedNetwork 14
E/ConnectivityService(15351): Ignoring protectedNetwork 15
I/SystemServer(15351): Network Service Discovery Service
D/NsdService(15351): Network service discovery enabled true
I/SystemServer(15351): DPM Service
I/SystemServer(15351): DPM configuration set to 0
I/SystemServer(15351): UpdateLock Service
I/SystemServiceManager(15351): Starting com.android.server.notification.NotificationManagerService
D/ZenLog (15351): set_zen_mode: off,setting
I/SystemServiceManager(15351): Starting com.android.server.storage.DeviceStorageMonitorService
I/SystemServer(15351): Location Manager
I/SystemServer(15351): Country Detector
F/WindowAnimator(15351): Unhandled exception in Window Manager
F/WindowAnimator(15351): java.lang.NullPointerException: Attempt to invoke virtual method 'void android.view.SurfaceControl.setLayer(int)' on a null object reference
F/WindowAnimator(15351): at com.android.server.wm.FocusedStackFrame.setLayer(FocusedStackFrame.java:140)
F/WindowAnimator(15351): at com.android.server.wm.WindowManagerService.setFocusedStackLayer(WindowManagerService.java:3985)
F/WindowAnimator(15351): at com.android.server.wm.WindowAnimator.animateLocked(WindowAnimator.java:708)
F/WindowAnimator(15351): at com.android.server.wm.WindowAnimator.access$000(WindowAnimator.java:54)
F/WindowAnimator(15351): at com.android.server.wm.WindowAnimator$1.run(WindowAnimator.java:126)
F/WindowAnimator(15351): at android.view.Choreographer$CallbackRecord.run(Choreographer.java:767)
F/WindowAnimator(15351): at android.view.Choreographer.doCallbacks(Choreographer.java:580)
F/WindowAnimator(15351): at android.view.Choreographer.doFrame(Choreographer.java:549)
F/WindowAnimator(15351): at android.view.Choreographer$FrameDisplayEventReceiver.run(Choreographer.java:753)
F/WindowAnimator(15351): at android.os.Handler.handleCallback(Handler.java:739)
F/WindowAnimator(15351): at android.os.Handler.dispatchMessage(Handler.java:95)
F/WindowAnimator(15351): at android.os.Looper.loop(Looper.java:135)
F/WindowAnimator(15351): at android.os.HandlerThread.run(HandlerThread.java:61)
F/WindowAnimator(15351): at com.android.server.ServiceThread.run(ServiceThread.java:46)
I/SystemServer(15351): Search Service
I/SystemServer(15351): DropBox Service
I/SystemServer(15351): Wallpaper Service
I/SystemServer(15351): Audio Service
F/WindowAnimator(15351): Unhandled exception in Window Manager
F/WindowAnimator(15351): java.lang.NullPointerException: Attempt to invoke virtual method 'void android.view.SurfaceControl.setLayer(int)' on a null object reference
F/WindowAnimator(15351): at com.android.server.wm.FocusedStackFrame.setLayer(FocusedStackFrame.java:140)
F/WindowAnimator(15351): at com.android.server.wm.WindowManagerService.setFocusedStackLayer(WindowManagerService.java:3985)
F/WindowAnimator(15351): at com.android.server.wm.WindowAnimator.animateLocked(WindowAnimator.java:708)
F/WindowAnimator(15351): at com.android.server.wm.WindowAnimator.access$000(WindowAnimator.java:54)
F/WindowAnimator(15351): at com.android.server.wm.WindowAnimator$1.run(WindowAnimator.java:126)
F/WindowAnimator(15351): at android.view.Choreographer$CallbackRecord.run(Choreographer.java:767)
F/WindowAnimator(15351): at android.view.Choreographer.doCallbacks(Choreographer.java:580)
F/WindowAnimator(15351): at android.view.Choreographer.doFrame(Choreographer.java:549)
F/WindowAnimator(15351): at android.view.Choreographer$FrameDisplayEventReceiver.run(Choreographer.java:753)
F/WindowAnimator(15351): at android.os.Handler.handleCallback(Handler.java:739)
F/WindowAnimator(15351): at android.os.Handler.dispatchMessage(Handler.java:95)
F/WindowAnimator(15351): at android.os.Looper.loop(Looper.java:135)
F/WindowAnimator(15351): at android.os.HandlerThread.run(HandlerThread.java:61)
F/WindowAnimator(15351): at com.android.server.ServiceThread.run(ServiceThread.java:46)
I/DropBoxManagerService(15351): Cleaning temp file: /data/system/dropbox/drop18.tmp
I/SystemServiceManager(15351): Starting com.android.server.DockObserver
W/DockObserver(15351): This kernel does not have dock station support
I/SystemServer(15351): Wired Accessory Manager
W/WiredAccessoryManager(15351): This kernel does not have usb audio support
W/WiredAccessoryManager(15351): This kernel does not have HDMI audio support
I/SystemServer(15351): Serial Service
I/SystemServiceManager(15351): Starting com.android.server.twilight.TwilightService
I/SystemServiceManager(15351): Starting com.android.server.UiModeManagerService
I/SystemServiceManager(15351): Starting com.android.server.job.JobSchedulerService
D/WifiService(15351): New client listening to asynchronous messages
D/ConnectivityService(15351): registerNetworkAgent NetworkAgentInfo{ ni{[type: WIFI[], state: UNKNOWN/IDLE, reason: (unspecified), extra: (none), roaming: false, failover: false, isAvailable: true, isConnectedToProvisioningNetwork: false]} network{null} lp{{InterfaceName: wlan0 LinkAddresses: [192.168.1.59/24,] Routes: [0.0.0.0/0 -> 192.168.1.1 wlan0,] DnsAddresses: [195.197.54.100,192.168.1.1,] Domains: null MTU: 1500}} nc{[ Transports: WIFI Capabilities: INTERNET&NOT_RESTRICTED&TRUSTED&NOT_VPN LinkUpBandwidth>=1048576Kbps LinkDnBandwidth>=1048576Kbps]} Score{20} everValidated{false} lastValidated{false} created{false} explicitlySelected{false} }
D/ConnectivityService(15351): NetworkAgentInfo [WIFI () - 100] EVENT_NETWORK_INFO_CHANGED, going from null to UNKNOWN
I/SystemServiceManager(15351): Starting com.android.server.backup.BackupManagerService$Lifecycle
D/ConnectivityService(15351): NetworkAgentInfo [WIFI () - 100] EVENT_NETWORK_INFO_CHANGED, going from UNKNOWN to CONNECTED
D/ConnectivityService(15351): notifyType IP_CHANGED for NetworkAgentInfo [WIFI () - 100]
D/ConnectivityService(15351): notifyType PRECHECK for NetworkAgentInfo [WIFI () - 100]
D/ConnectivityService(15351): rematching NetworkAgentInfo [WIFI () - 100]
D/ConnectivityService(15351): accepting network in place of null
D/ConnectivityService(15351): Switching to new default network: NetworkAgentInfo{ ni{[type: WIFI[], state: CONNECTED/CONNECTED, reason: (unspecified), extra: "marsu", roaming: false, failover: false, isAvailable: true, isConnectedToProvisioningNetwork: false]} network{100} lp{{InterfaceName: wlan0 LinkAddresses: [192.168.1.59/24,] Routes: [0.0.0.0/0 -> 192.168.1.1 wlan0,] DnsAddresses: [195.197.54.100,192.168.1.1,] Domains: null MTU: 1500}} nc{[ Transports: WIFI Capabilities: INTERNET&NOT_RESTRICTED&TRUSTED&NOT_VPN LinkUpBandwidth>=1048576Kbps LinkDnBandwidth>=1048576Kbps]} Score{100} everValidated{false} lastValidated{false} created{true} explicitlySelected{true} }
D/ConnectivityService(15351): Invalid tcpBufferSizes string: null, using defaults
D/ConnectivityService(15351): Setting tx/rx TCP buffers to 4096,87380,110208,4096,16384,110208
I/SystemServiceManager(15351): Starting com.android.server.appwidget.AppWidgetService
D/ConnectivityService(15351): notifyType AVAILABLE for NetworkAgentInfo [WIFI () - 100]
D/CSLegacyTypeTracker(15351): Sending connected broadcast for type 1 NetworkAgentInfo [WIFI () - 100] isDefaultNetwork=true
D/ConnectivityService(15351): sendStickyBroadcast: action=android.net.conn.CONNECTIVITY_CHANGE_IMMEDIATE
D/ConnectivityService(15351): sendStickyBroadcast: action=android.net.conn.CONNECTIVITY_CHANGE
D/ConnectivityService(15351): setProvNotificationVisibleIntent: E visible=false networkType=0 extraInfo=null
D/ConnectivityService(15351): Validated NetworkAgentInfo [WIFI () - 100]
D/ConnectivityService(15351): rematching NetworkAgentInfo [WIFI () - 100]
D/ConnectivityService(15351): Network NetworkAgentInfo [WIFI () - 100] was already satisfying request 1. No change.
D/ConnectivityService(15351): notifyType AVAILABLE for NetworkAgentInfo [WIFI () - 100]
D/ConnectivityService(15351): sendStickyBroadcast: action=android.net.conn.INET_CONDITION_ACTION
I/SystemServiceManager(15351): Starting com.android.server.voiceinteraction.VoiceInteractionManagerService
W/SoundTriggerHelper(15351): listModules status=0, # of modules=0
I/SystemServer(15351): DiskStats Service
I/SystemServer(15351): SamplingProfiler Service
I/SystemServer(15351): NetworkTimeUpdateService
I/SystemServer(15351): CommonTimeManagementService
I/SystemServer(15351): CertBlacklister
I/SystemServiceManager(15351): Starting com.android.server.dreams.DreamManagerService
I/SystemServer(15351): Assets Atlas Service
I/SystemServiceManager(15351): Starting com.android.server.print.PrintManagerService
I/SystemServiceManager(15351): Starting com.android.server.restrictions.RestrictionsManagerService
I/SystemServiceManager(15351): Starting com.android.server.media.MediaSessionService
I/SystemServer(15351): Media Router Service
I/SystemServiceManager(15351): Starting com.android.server.trust.TrustManagerService
I/SystemServiceManager(15351): Starting com.android.server.fingerprint.FingerprintService
I/SystemServer(15351): BackgroundDexOptService
I/SystemServiceManager(15351): Starting com.android.server.pm.LauncherAppsService
D/SystemServer(15351): Wipower not supported
I/SystemServer(15351): Digital Pen Service
I/SystemServer(15351): Successfully loaded DigitalPenService class
I/SystemServiceManager(15351): Starting com.android.server.media.projection.MediaProjectionManagerService
I/SystemServer(15351): PrivacyImpactService
I/SystemServiceManager(15351): Starting com.android.server.MmsServiceBroker
E/LockSettingsStorage(15351): Cannot read file java.io.FileNotFoundException: /data/system/password.key: open failed: ENOENT (No such file or directory)
E/LockSettingsStorage(15351): Cannot read file java.io.FileNotFoundException: /data/system/gesture.key: open failed: ENOENT (No such file or directory)
I/SystemServiceManager(15351): Starting phase 480
I/SystemServiceManager(15351): Starting phase 500
I/WifiService(15351): WifiService starting up with Wi-Fi enabled
D/WifiService(15351): setWifiEnabled: true pid=15351, uid=1000
E/WifiService(15351): Invoking mWifiStateMachine.setWifiEnabled
D/WifiScanningService(15351): New client, channel: null messenger: null
I/ActivityManager(15351): Config changes=200 {1.0 ?mcc?mnc en_US ?layoutDir sw360dp w360dp h567dp 480dpi nrml port -touch -keyb/v/h -nav/h s.4}
V/BackupManagerService(15351): No ancestral data
D/BackupManagerService(15351): Now staging backup of com.android.browser
F/WindowAnimator(15351): Unhandled exception in Window Manager
F/WindowAnimator(15351): java.lang.NullPointerException: Attempt to invoke virtual method 'void android.view.SurfaceControl.setLayer(int)' on a null object reference
F/WindowAnimator(15351): at com.android.server.wm.FocusedStackFrame.setLayer(FocusedStackFrame.java:140)
F/WindowAnimator(15351): at com.android.server.wm.WindowManagerService.setFocusedStackLayer(WindowManagerService.java:3985)
F/WindowAnimator(15351): at com.android.server.wm.WindowAnimator.animateLocked(WindowAnimator.java:708)
F/WindowAnimator(15351): at com.android.server.wm.WindowAnimator.access$000(WindowAnimator.java:54)
F/WindowAnimator(15351): at com.android.server.wm.WindowAnimator$1.run(WindowAnimator.java:126)
F/WindowAnimator(15351): at android.view.Choreographer$CallbackRecord.run(Choreographer.java:767)
F/WindowAnimator(15351): at android.view.Choreographer.doCallbacks(Choreographer.java:580)
F/WindowAnimator(15351): at android.view.Choreographer.doFrame(Choreographer.java:549)
F/WindowAnimator(15351): at android.view.Choreographer$FrameDisplayEventReceiver.run(Choreographer.java:753)
F/WindowAnimator(15351): at android.os.Handler.handleCallback(Handler.java:739)
F/WindowAnimator(15351): at android.os.Handler.dispatchMessage(Handler.java:95)
F/WindowAnimator(15351): at android.os.Looper.loop(Looper.java:135)
F/WindowAnimator(15351): at android.os.HandlerThread.run(HandlerThread.java:61)
F/WindowAnimator(15351): at com.android.server.ServiceThread.run(ServiceThread.java:46)
D/BackupManagerService(15351): Now staging backup of android
D/BackupManagerService(15351): Now staging backup of com.android.mms
D/BackupManagerService(15351): Now staging backup of com.android.calendar
D/BackupManagerService(15351): Now staging backup of com.android.providers.settings
D/BackupManagerService(15351): Now staging backup of com.android.sharedstoragebackup
D/BackupManagerService(15351): Now staging backup of com.android.dialer
D/BackupManagerService(15351): Now staging backup of com.qti.backupagent
D/BackupManagerService(15351): Now staging backup of com.android.providers.userdictionary
V/BackupManagerService(15351): Starting with transport android/com.android.internal.backup.LocalTransport
V/BackupManagerService(15351): Found transports: 1
I/BackupManagerService(15351): Binding to transport host ComponentInfo{android/com.android.internal.backup.LocalTransportService}
I/BackupManagerService(15351): Found stale backup journal, scheduling
W/DisplayPowerController(15351): config_screenBrightnessDark (10) should be less than or equal to the first value of config_autoBrightnessLcdBacklightValues (3).
I/ActivityManager(15351): System now ready
I/SystemServer(15351): Making services ready
I/SystemServiceManager(15351): Starting phase 550
I/SystemServer(15351): WebViewFactory preparation
F/WindowAnimator(15351): Unhandled exception in Window Manager
F/WindowAnimator(15351): java.lang.NullPointerException: Attempt to invoke virtual method 'void android.view.SurfaceControl.setLayer(int)' on a null object reference
F/WindowAnimator(15351): at com.android.server.wm.FocusedStackFrame.setLayer(FocusedStackFrame.java:140)
F/WindowAnimator(15351): at com.android.server.wm.WindowManagerService.setFocusedStackLayer(WindowManagerService.java:3985)
F/WindowAnimator(15351): at com.android.server.wm.WindowAnimator.animateLocked(WindowAnimator.java:708)
F/WindowAnimator(15351): at com.android.server.wm.WindowAnimator.access$000(WindowAnimator.java:54)
F/WindowAnimator(15351): at com.android.server.wm.WindowAnimator$1.run(WindowAnimator.java:126)
F/WindowAnimator(15351): at android.view.Choreographer$CallbackRecord.run(Choreographer.java:767)
F/WindowAnimator(15351): at android.view.Choreographer.doCallbacks(Choreographer.java:580)
F/WindowAnimator(15351): at android.view.Choreographer.doFrame(Choreographer.java:549)
F/WindowAnimator(15351): at android.view.Choreographer$FrameDisplayEventReceiver.run(Choreographer.java:753)
F/WindowAnimator(15351): at android.os.Handler.handleCallback(Handler.java:739)
F/WindowAnimator(15351): at android.os.Handler.dispatchMessage(Handler.java:95)
F/WindowAnimator(15351): at android.os.Looper.loop(Looper.java:135)
F/WindowAnimator(15351): at android.os.HandlerThread.run(HandlerThread.java:61)
F/WindowAnimator(15351): at com.android.server.ServiceThread.run(ServiceThread.java:46)
E/libprocessgroup(15536): failed to open /acct/uid_1037/pid_15536/cgroup.procs: No such file or directory
I/ActivityManager(15351): Start proc 15536:WebViewLoader-armeabi-v7a/1037 [android.webkit.WebViewFactory$RelroFileCreator] for
I/ActivityManager(15351): Start proc 15554:com.android.systemui/u0a19 for service com.android.systemui/.SystemUIService
I/DigitalPenOffScreenDisplayAdapter(15351): mInfo is null, getting a new one
I/DisplayManagerService(15351): Display device added: DisplayDeviceInfo{"Digital Pen off-screen display": uniqueId="null", 480 x 640, 60.0 fps, supportedRefreshRates [], density 160, 160.0 x 160.0 dpi, appVsyncOff 0, presDeadline 0, touch EXTERNAL, rotation 0, type BUILT_IN, state ON, FLAG_ROTATES_WITH_CONTENT}
W/NetworkStats(15351): bandwidth controls disabled, unable to track stats
W/NetworkPolicy(15351): bandwidth controls disabled, unable to enforce policy
F/WindowManager(15351): Unhandled exception in Window Manager
F/WindowManager(15351): java.lang.IllegalArgumentException: displayToken must not be null
F/WindowManager(15351): at android.view.SurfaceControl.setDisplayLayerStack(SurfaceControl.java:588)
F/WindowManager(15351): at com.android.server.display.DisplayDevice.setLayerStackInTransactionLocked(DisplayDevice.java:140)
F/WindowManager(15351): at com.android.server.display.LogicalDisplay.configureDisplayInTransactionLocked(LogicalDisplay.java:262)
F/WindowManager(15351): at com.android.server.display.DisplayManagerService.configureDisplayInTransactionLocked(DisplayManagerService.java:884)
F/WindowManager(15351): at com.android.server.display.DisplayManagerService.performTraversalInTransactionLocked(DisplayManagerService.java:806)
F/WindowManager(15351): at com.android.server.display.DisplayManagerService.performTraversalInTransactionFromWindowManagerInternal(DisplayManagerService.java:317)
F/WindowManager(15351): at com.android.server.display.DisplayManagerService.access$4200(DisplayManagerService.java:112)
F/WindowManager(15351): at com.android.server.display.DisplayManagerService$LocalService.performTraversalInTransactionFromWindowManager(DisplayManagerService.java:1539)
F/WindowManager(15351): at com.android.server.wm.WindowManagerService.performLayoutAndPlaceSurfacesLockedInner(WindowManagerService.java:9960)
F/WindowManager(15351): at com.android.server.wm.WindowManagerService.performLayoutAndPlaceSurfacesLockedLoop(WindowManagerService.java:8828)
F/WindowManager(15351): at com.android.server.wm.WindowManagerService.performLayoutAndPlaceSurfacesLocked(WindowManagerService.java:8770)
F/WindowManager(15351): at com.android.server.wm.WindowManagerService.access$400(WindowManagerService.java:163)
F/WindowManager(15351): at com.android.server.wm.WindowManagerService$H.handleMessage(WindowManagerService.java:7736)
F/WindowManager(15351): at android.os.Handler.dispatchMessage(Handler.java:102)
F/WindowManager(15351): at android.os.Looper.loop(Looper.java:135)
F/WindowManager(15351): at android.os.HandlerThread.run(HandlerThread.java:61)
F/WindowManager(15351): at com.android.server.ServiceThread.run(ServiceThread.java:46)
E/MountService(15351): Boot-time mount failed (-1)
E/MountService(15351): Boot-time mount failed (-1)
W/MountService(15351): Duplicate state transition (mounted -> mounted) for /storage/emulated/0
W/SystemServer(15351): ***********************************************
F/SystemServer(15351): BOOT FAILURE making Connectivity Service ready
F/SystemServer(15351): java.lang.NullPointerException: Attempt to invoke interface method 'int android.security.IKeystoreService.exist(java.lang.String, int)' on a null object reference
F/SystemServer(15351): at android.security.KeyStore.contains(KeyStore.java:137)
F/SystemServer(15351): at android.security.KeyStore.contains(KeyStore.java:145)
F/SystemServer(15351): at com.android.server.net.LockdownVpnTracker.isEnabled(LockdownVpnTracker.java:88)
F/SystemServer(15351): at com.android.server.ConnectivityService.updateLockdownVpn(ConnectivityService.java:3129)
F/SystemServer(15351): at com.android.server.ConnectivityService.systemReady(ConnectivityService.java:1629)
F/SystemServer(15351): at com.android.server.SystemServer$2.run(SystemServer.java:1181)
F/SystemServer(15351): at com.android.server.am.ActivityManagerService.systemReady(ActivityManagerService.java:11334)
F/SystemServer(15351): at com.android.server.SystemServer.startOtherServices(SystemServer.java:1134)
F/SystemServer(15351): at com.android.server.SystemServer.run(SystemServer.java:265)
F/SystemServer(15351): at com.android.server.SystemServer.main(SystemServer.java:179)
F/SystemServer(15351): at java.lang.reflect.Method.invoke(Native Method)
F/SystemServer(15351): at java.lang.reflect.Method.invoke(Method.java:372)
F/SystemServer(15351): at com.android.internal.os.ZygoteInit$MethodAndArgsCaller.run(ZygoteInit.java:904)
F/SystemServer(15351): at com.android.internal.os.ZygoteInit.main(ZygoteInit.java:699)
I/SystemServiceManager(15351): Starting phase 600
E/libprocessgroup(15554): failed to open /acct/uid_10019/pid_15554/cgroup.procs: No such file or directory
I/BackupManagerService(15351): Backup enabled => false
I/BackupManagerService(15351): Opting out of backup
F/WindowAnimator(15351): Unhandled exception in Window Manager
F/WindowAnimator(15351): java.lang.NullPointerException: Attempt to invoke virtual method 'void android.view.SurfaceControl.setLayer(int)' on a null object reference
F/WindowAnimator(15351): at com.android.server.wm.FocusedStackFrame.setLayer(FocusedStackFrame.java:140)
F/WindowAnimator(15351): at com.android.server.wm.WindowManagerService.setFocusedStackLayer(WindowManagerService.java:3985)
F/WindowAnimator(15351): at com.android.server.wm.WindowAnimator.animateLocked(WindowAnimator.java:708)
F/WindowAnimator(15351): at com.android.server.wm.WindowAnimator.access$000(WindowAnimator.java:54)
F/WindowAnimator(15351): at com.android.server.wm.WindowAnimator$1.run(WindowAnimator.java:126)
F/WindowAnimator(15351): at android.view.Choreographer$CallbackRecord.run(Choreographer.java:767)
F/WindowAnimator(15351): at android.view.Choreographer.doCallbacks(Choreographer.java:580)
F/WindowAnimator(15351): at android.view.Choreographer.doFrame(Choreographer.java:549)
F/WindowAnimator(15351): at android.view.Choreographer$FrameDisplayEventReceiver.run(Choreographer.java:753)
F/WindowAnimator(15351): at android.os.Handler.handleCallback(Handler.java:739)
F/WindowAnimator(15351): at android.os.Handler.dispatchMessage(Handler.java:95)
F/WindowAnimator(15351): at android.os.Looper.loop(Looper.java:135)
F/WindowAnimator(15351): at android.os.HandlerThread.run(HandlerThread.java:61)
F/WindowAnimator(15351): at com.android.server.ServiceThread.run(ServiceThread.java:46)
E/InputMethodManagerService(15351): Ignoring setImeWindowStatus due to an invalid token. uid:1000 token:null
E/NetlinkListener(15326): recvmsg failed (I/O error)
E/NetlinkListener( 683): recvmsg failed (I/O error)
E/NetlinkListener(15326): recvmsg failed (I/O error)
E/NetlinkListener( 683): recvmsg failed (I/O error)
E/libprocessgroup(15589): failed to open /acct/uid_10040/pid_15589/cgroup.procs: No such file or directory
I/ActivityManager(15351): Start proc 15589:com.android.inputmethod.latin/u0a40 for service com.android.inputmethod.latin/.LatinIME
V/InputMethodManagerService(15351): Adding window token: android.os.Binder@1723235c
W/LocationManagerService(15351): no network location provider found
E/LocationManagerService(15351): no fused location provider found
E/LocationManagerService(15351): java.lang.IllegalStateException: Location service needs a fused location provider
E/LocationManagerService(15351): at com.android.server.LocationManagerService.loadProvidersLocked(LocationManagerService.java:504)
E/LocationManagerService(15351): at com.android.server.LocationManagerService.systemRunning(LocationManagerService.java:295)
E/LocationManagerService(15351): at com.android.server.SystemServer$2.run(SystemServer.java:1208)
E/LocationManagerService(15351): at com.android.server.am.ActivityManagerService.systemReady(ActivityManagerService.java:11334)
E/LocationManagerService(15351): at com.android.server.SystemServer.startOtherServices(SystemServer.java:1134)
E/LocationManagerService(15351): at com.android.server.SystemServer.run(SystemServer.java:265)
E/LocationManagerService(15351): at com.android.server.SystemServer.main(SystemServer.java:179)
E/LocationManagerService(15351): at java.lang.reflect.Method.invoke(Native Method)
E/LocationManagerService(15351): at java.lang.reflect.Method.invoke(Method.java:372)
E/LocationManagerService(15351): at com.android.internal.os.ZygoteInit$MethodAndArgsCaller.run(ZygoteInit.java:904)
E/LocationManagerService(15351): at com.android.internal.os.ZygoteInit.main(ZygoteInit.java:699)
E/LocationManagerService(15351): no geocoder provider found
E/LocationManagerService(15351): FLP HAL not supported
E/LocationManagerService(15351): Unable to bind FLP Geofence proxy.
E/LocationManagerService(15351): Unable to bind ActivityRecognitionProxy.
I/MmsServiceBroker(15351): systemRunning
W/VoiceInteractionManagerService(15351): no available voice interaction services found for user 0
W/VoiceInteractionManagerService(15351): no available voice recognition services found for user 0
E/libprocessgroup(15619): failed to open /acct/uid_1000/pid_15619/cgroup.procs: No such file or directory
I/ActivityManager(15351): Start proc 15619:com.android.server.telecom/1000 for added application com.android.server.telecom
W/AlarmManager(15351): Not setting time since no alarm driver is available.
E/libprocessgroup(15643): failed to open /acct/uid_1001/pid_15643/cgroup.procs: No such file or directory
I/ActivityManager(15351): Start proc 15643:com.android.phone/1001 for added application com.android.phone
I/ActivityManager(15351): START u0 {act=android.intent.action.MAIN cat=[android.intent.category.HOME] flg=0x10000000 cmp=com.android.settings/.CryptKeeper} from uid 0 on display 0
V/WindowManager(15351): addAppToken: AppWindowToken{3726344c token=Token{3780c7f ActivityRecord{2814299e u0 com.android.settings/.CryptKeeper t1}}} to stack=0 task=1 at 0
E/libprocessgroup(15666): failed to open /acct/uid_1000/pid_15666/cgroup.procs: No such file or directory
I/ActivityManager(15351): Start proc 15666:com.android.settings/1000 for activity com.android.settings/.CryptKeeper
I/SystemServer(15351): Enabled StrictMode for system server main thread.
V/ActivityManager(15351): Display changed displayId=0
V/ActivityManager(15351): Display changed displayId=0
V/ActivityManager(15351): Display changed displayId=0
W/WindowStateAnimator(15351): OutOfResourcesException creating surface
I/WindowManager(15351): Out of memory for surface! Looking for leaks...
W/WindowManager(15351): No leaked surfaces; killing applicatons!
W/WindowManager(15351): Due to memory failure, waiting a bit for next layout
V/FingerprintService(15351): startListening(android.service.fingerprint.IFingerprintServiceReceiver$Stub$Proxy@17d05c02)
E/libprocessgroup(15702): failed to open /acct/uid_10005/pid_15702/cgroup.procs: No such file or directory
I/ActivityManager(15351): Start proc 15702:android.process.acore/u0a5 for content provider com.android.providers.userdictionary/.UserDictionaryProvider
F/WindowAnimator(15351): Unhandled exception in Window Manager
F/WindowAnimator(15351): java.lang.NullPointerException: Attempt to invoke virtual method 'void android.view.SurfaceControl.setLayer(int)' on a null object reference
F/WindowAnimator(15351): at com.android.server.wm.FocusedStackFrame.setLayer(FocusedStackFrame.java:140)
F/WindowAnimator(15351): at com.android.server.wm.WindowManagerService.setFocusedStackLayer(WindowManagerService.java:3985)
F/WindowAnimator(15351): at com.android.server.wm.WindowAnimator.animateLocked(WindowAnimator.java:708)
F/WindowAnimator(15351): at com.android.server.wm.WindowAnimator.access$000(WindowAnimator.java:54)
F/WindowAnimator(15351): at com.android.server.wm.WindowAnimator$1.run(WindowAnimator.java:126)
F/WindowAnimator(15351): at android.view.Choreographer$CallbackRecord.run(Choreographer.java:767)
F/WindowAnimator(15351): at android.view.Choreographer.doCallbacks(Choreographer.java:580)
F/WindowAnimator(15351): at android.view.Choreographer.doFrame(Choreographer.java:549)
F/WindowAnimator(15351): at android.view.Choreographer$FrameDisplayEventReceiver.run(Choreographer.java:753)
F/WindowAnimator(15351): at android.os.Handler.handleCallback(Handler.java:739)
F/WindowAnimator(15351): at android.os.Handler.dispatchMessage(Handler.java:95)
F/WindowAnimator(15351): at android.os.Looper.loop(Looper.java:135)
F/WindowAnimator(15351): at android.os.HandlerThread.run(HandlerThread.java:61)
F/WindowAnimator(15351): at com.android.server.ServiceThread.run(ServiceThread.java:46)
W/InputMethodManagerService(15351): Focus gain on non-focused client android.view.inputmethod.InputMethodManager$1@3039e42d (uid=1000 pid=15351)
F/WindowManager(15351): Unhandled exception in Window Manager
F/WindowManager(15351): java.lang.IllegalArgumentException: displayToken must not be null
F/WindowManager(15351): at android.view.SurfaceControl.setDisplayProjection(SurfaceControl.java:573)
F/WindowManager(15351): at com.android.server.display.DisplayDevice.setProjectionInTransactionLocked(DisplayDevice.java:173)
F/WindowManager(15351): at com.android.server.display.LogicalDisplay.configureDisplayInTransactionLocked(LogicalDisplay.java:316)
F/WindowManager(15351): at com.android.server.display.DisplayManagerService.configureDisplayInTransactionLocked(DisplayManagerService.java:884)
F/WindowManager(15351): at com.android.server.display.DisplayManagerService.performTraversalInTransactionLocked(DisplayManagerService.java:806)
F/WindowManager(15351): at com.android.server.display.DisplayManagerService.performTraversalInTransactionFromWindowManagerInternal(DisplayManagerService.java:317)
F/WindowManager(15351): at com.android.server.display.DisplayManagerService.access$4200(DisplayManagerService.java:112)
F/WindowManager(15351): at com.android.server.display.DisplayManagerService$LocalService.performTraversalInTransactionFromWindowManager(DisplayManagerService.java:1539)
F/WindowManager(15351): at com.android.server.wm.WindowManagerService.performLayoutAndPlaceSurfacesLockedInner(WindowManagerService.java:9960)
F/WindowManager(15351): at com.android.server.wm.WindowManagerService.performLayoutAndPlaceSurfacesLockedLoop(WindowManagerService.java:8828)
F/WindowManager(15351): at com.android.server.wm.WindowManagerService.performLayoutAndPlaceSurfacesLocked(WindowManagerService.java:8770)
F/WindowManager(15351): at com.android.server.wm.WindowManagerService.executeAppTransition(WindowManagerService.java:4152)
F/WindowManager(15351): at com.android.server.am.ActivityStackSupervisor.reportResumedActivityLocked(ActivityStackSupervisor.java:2915)
F/WindowManager(15351): at com.android.server.am.ActivityStack.completeResumeLocked(ActivityStack.java:1067)
F/WindowManager(15351): at com.android.server.am.ActivityStack.minimalResumeActivityLocked(ActivityStack.java:650)
F/WindowManager(15351): at com.android.server.am.ActivityStackSupervisor.realStartActivityLocked(ActivityStackSupervisor.java:1265)
F/WindowManager(15351): at com.android.server.am.ActivityStackSupervisor.attachApplicationLocked(ActivityStackSupervisor.java:581)
F/WindowManager(15351): at com.android.server.am.ActivityManagerService.attachApplicationLocked(ActivityManagerService.java:6043)
F/WindowManager(15351): at com.android.server.am.ActivityManagerService.attachApplication(ActivityManagerService.java:6105)
F/WindowManager(15351): at android.app.ActivityManagerNative.onTransact(ActivityManagerNative.java:482)
F/WindowManager(15351): at com.android.server.am.ActivityManagerService.onTransact(ActivityManagerService.java:2211)
F/WindowManager(15351): at android.os.Binder.execTransact(Binder.java:446)
F/WindowAnimator(15351): Unhandled exception in Window Manager
F/WindowAnimator(15351): java.lang.NullPointerException: Attempt to invoke virtual method 'void android.view.SurfaceControl.setLayer(int)' on a null object reference
F/WindowAnimator(15351): at com.android.server.wm.FocusedStackFrame.setLayer(FocusedStackFrame.java:140)
F/WindowAnimator(15351): at com.android.server.wm.WindowManagerService.setFocusedStackLayer(WindowManagerService.java:3985)
F/WindowAnimator(15351): at com.android.server.wm.WindowAnimator.animateLocked(WindowAnimator.java:708)
F/WindowAnimator(15351): at com.android.server.wm.WindowAnimator.access$000(WindowAnimator.java:54)
F/WindowAnimator(15351): at com.android.server.wm.WindowAnimator$1.run(WindowAnimator.java:126)
F/WindowAnimator(15351): at android.view.Choreographer$CallbackRecord.run(Choreographer.java:767)
F/WindowAnimator(15351): at android.view.Choreographer.doCallbacks(Choreographer.java:580)
F/WindowAnimator(15351): at android.view.Choreographer.doFrame(Choreographer.java:549)
F/WindowAnimator(15351): at android.view.Choreographer$FrameDisplayEventReceiver.run(Choreographer.java:753)
F/WindowAnimator(15351): at android.os.Handler.handleCallback(Handler.java:739)
F/WindowAnimator(15351): at android.os.Handler.dispatchMessage(Handler.java:95)
F/WindowAnimator(15351): at android.os.Looper.loop(Looper.java:135)
F/WindowAnimator(15351): at android.os.HandlerThread.run(HandlerThread.java:61)
F/WindowAnimator(15351): at com.android.server.ServiceThread.run(ServiceThread.java:46)
D/Telecom (15351): TelecomService: onCreate
I/Telecom (15351): TelecomGlobals: TelecomGlobals initializing
D/Telecom (15351): MissedCallNotifier: updateOnStartup()...
D/Telecom (15351): ProximitySensorManager: onCreate: mProximityWakeLock:
I/Telecom (15351): TelecomGlobals: CallsManager initialized
D/Telecom (15351): TelecomService: onBind
V/ActivityManager(15351): Display added displayId=1
D/ZenLog (15351): downtime: Autotrigger skipped: not in downtime
V/WiredAccessoryManager(15351): notifyWiredAccessoryChanged: when=0 bits= mask=54
V/WiredAccessoryManager(15351): newName=h2w newState=0 headsetState=0 prev headsetState=0
V/WiredAccessoryManager(15351): init()
F/WindowAnimator(15351): Unhandled exception in Window Manager
F/WindowAnimator(15351): java.lang.NullPointerException: Attempt to invoke virtual method 'void android.view.SurfaceControl.setLayer(int)' on a null object reference
F/WindowAnimator(15351): at com.android.server.wm.FocusedStackFrame.setLayer(FocusedStackFrame.java:140)
F/WindowAnimator(15351): at com.android.server.wm.WindowManagerService.setFocusedStackLayer(WindowManagerService.java:3985)
F/WindowAnimator(15351): at com.android.server.wm.WindowAnimator.animateLocked(WindowAnimator.java:708)
F/WindowAnimator(15351): at com.android.server.wm.WindowAnimator.access$000(WindowAnimator.java:54)
F/WindowAnimator(15351): at com.android.server.wm.WindowAnimator$1.run(WindowAnimator.java:126)
F/WindowAnimator(15351): at android.view.Choreographer$CallbackRecord.run(Choreographer.java:767)
F/WindowAnimator(15351): at android.view.Choreographer.doCallbacks(Choreographer.java:580)
F/WindowAnimator(15351): at android.view.Choreographer.doFrame(Choreographer.java:549)
F/WindowAnimator(15351): at android.view.Choreographer$FrameDisplayEventReceiver.run(Choreographer.java:753)
F/WindowAnimator(15351): at android.os.Handler.handleCallback(Handler.java:739)
F/WindowAnimator(15351): at android.os.Handler.dispatchMessage(Handler.java:95)
F/WindowAnimator(15351): at android.os.Looper.loop(Looper.java:135)
F/WindowAnimator(15351): at android.os.HandlerThread.run(HandlerThread.java:61)
F/WindowAnimator(15351): at com.android.server.ServiceThread.run(ServiceThread.java:46)
I/ActivityManager(15351): START u0 {act=android.intent.action.MAIN cat=[android.intent.category.HOME] flg=0x10000000 cmp=com.fairphone.setupwizard/.ui.SetupWizardActivity} from uid 0 on display 0
V/WindowManager(15351): addAppToken: AppWindowToken{d85274b token=Token{2c45001a ActivityRecord{9928ec5 u0 com.fairphone.setupwizard/.ui.SetupWizardActivity t2}}} to stack=0 task=2 at 0
F/WindowAnimator(15351): Unhandled exception in Window Manager
F/WindowAnimator(15351): java.lang.NullPointerException: Attempt to invoke virtual method 'void android.view.SurfaceControl.setLayer(int)' on a null object reference
F/WindowAnimator(15351): at com.android.server.wm.FocusedStackFrame.setLayer(FocusedStackFrame.java:140)
F/WindowAnimator(15351): at com.android.server.wm.WindowManagerService.setFocusedStackLayer(WindowManagerService.java:3985)
F/WindowAnimator(15351): at com.android.server.wm.WindowAnimator.animateLocked(WindowAnimator.java:708)
F/WindowAnimator(15351): at com.android.server.wm.WindowAnimator.access$000(WindowAnimator.java:54)
F/WindowAnimator(15351): at com.android.server.wm.WindowAnimator$1.run(WindowAnimator.java:126)
F/WindowAnimator(15351): at android.view.Choreographer$CallbackRecord.run(Choreographer.java:767)
F/WindowAnimator(15351): at android.view.Choreographer.doCallbacks(Choreographer.java:580)
F/WindowAnimator(15351): at android.view.Choreographer.doFrame(Choreographer.java:549)
F/WindowAnimator(15351): at android.view.Choreographer$FrameDisplayEventReceiver.run(Choreographer.java:753)
F/WindowAnimator(15351): at android.os.Handler.handleCallback(Handler.java:739)
F/WindowAnimator(15351): at android.os.Handler.dispatchMessage(Handler.java:95)
F/WindowAnimator(15351): at android.os.Looper.loop(Looper.java:135)
F/WindowAnimator(15351): at android.os.HandlerThread.run(HandlerThread.java:61)
F/WindowAnimator(15351): at com.android.server.ServiceThread.run(ServiceThread.java:46)
W/ResourcesManager(15351): Asset path '/system/framework/com.google.android.media.effects.jar' does not exist or contains no resources.
W/AppWidgetServiceImpl(15351): Failed to read state: java.io.FileNotFoundException: /data/system/users/0/appwidgets.xml: open failed: ENOENT (No such file or directory)
V/AppWidgetServiceImpl(15351): Upgrading widget database from 0 to 1
E/libprocessgroup(15757): failed to open /acct/uid_1000/pid_15757/cgroup.procs: No such file or directory
I/ActivityManager(15351): Start proc 15757:com.fairphone.setupwizard/1000 for activity com.fairphone.setupwizard/.ui.SetupWizardActivity
E/AndroidRuntime(15351): *** FATAL EXCEPTION IN SYSTEM PROCESS: main
E/AndroidRuntime(15351): java.lang.RuntimeException: Error receiving broadcast Intent { act=android.intent.action.USER_SWITCHED flg=0x50000010 (has extras) } in com.android.server.accessibility.AccessibilityManagerService$2@1d7fd1b5
E/AndroidRuntime(15351): at android.app.LoadedApk$ReceiverDispatcher$Args.run(LoadedApk.java:876)
E/AndroidRuntime(15351): at android.os.Handler.handleCallback(Handler.java:739)
E/AndroidRuntime(15351): at android.os.Handler.dispatchMessage(Handler.java:95)
E/AndroidRuntime(15351): at android.os.Looper.loop(Looper.java:135)
E/AndroidRuntime(15351): at com.android.server.SystemServer.run(SystemServer.java:278)
E/AndroidRuntime(15351): at com.android.server.SystemServer.main(SystemServer.java:179)
E/AndroidRuntime(15351): at java.lang.reflect.Method.invoke(Native Method)
