W/Resources(15792): Preloaded drawable resource #0x10802ef (android:drawable/fastscroll_thumb_default_holo) that varies with configuration!!
W/Resources(15792): Preloaded drawable resource #0x10802f0 (android:drawable/fastscroll_thumb_holo) that varies with configuration!!
W/Resources(15792): Preloaded drawable resource #0x10802f2 (android:drawable/fastscroll_thumb_pressed_holo) that varies with configuration!!
W/Resources(15792): Preloaded drawable resource #0x10802ef (android:drawable/fastscroll_thumb_default_holo) that varies with configuration!!
W/Resources(15792): Preloaded drawable resource #0x10802f8 (android:drawable/fastscroll_track_pressed_holo_dark) that varies with configuration!!
W/Resources(15792): Preloaded drawable resource #0x10802f3 (android:drawable/fastscroll_track_default_holo_dark) that varies with configuration!!
W/Resources(15792): Preloaded drawable resource #0x10802f5 (android:drawable/fastscroll_track_holo_dark) that varies with configuration!!
W/Resources(15792): Preloaded drawable resource #0x10802f8 (android:drawable/fastscroll_track_pressed_holo_dark) that varies with configuration!!
W/Resources(15792): Preloaded drawable resource #0x10802f3 (android:drawable/fastscroll_track_default_holo_dark) that varies with configuration!!
W/Resources(15792): Preloaded drawable resource #0x10802e9 (android:drawable/fastscroll_label_left_holo_dark) that varies with configuration!!
W/Resources(15792): Preloaded drawable resource #0x10802ec (android:drawable/fastscroll_label_right_holo_dark) that varies with configuration!!
W/Resources(15792): Preloaded drawable resource #0x10802f9 (android:drawable/fastscroll_track_pressed_holo_light) that varies with configuration!!
W/Resources(15792): Preloaded drawable resource #0x10802f4 (android:drawable/fastscroll_track_default_holo_light) that varies with configuration!!
W/Resources(15792): Preloaded drawable resource #0x10802f6 (android:drawable/fastscroll_track_holo_light) that varies with configuration!!
W/Resources(15792): Preloaded drawable resource #0x10802f9 (android:drawable/fastscroll_track_pressed_holo_light) that varies with configuration!!
W/Resources(15792): Preloaded drawable resource #0x10802f4 (android:drawable/fastscroll_track_default_holo_light) that varies with configuration!!
W/Resources(15792): Preloaded drawable resource #0x10802ea (android:drawable/fastscroll_label_left_holo_light) that varies with configuration!!
W/Resources(15792): Preloaded drawable resource #0x10802ed (android:drawable/fastscroll_label_right_holo_light) that varies with configuration!!
W/Resources(15792): Preloaded drawable resource #0x10802ca (android:drawable/editbox_dropdown_background_dark) that varies with configuration!!
W/Resources(15792): Preloaded drawable resource #0x1080740 (android:drawable/textfield_search_selected_holo_dark) that varies with configuration!!
W/Resources(15792): Preloaded drawable resource #0x1080732 (android:drawable/textfield_search_default_holo_dark) that varies with configuration!!
W/Resources(15792): Preloaded drawable resource #0x1080742 (android:drawable/textfield_searchview_holo_dark) that varies with configuration!!
W/Resources(15792): Preloaded drawable resource #0x108073d (android:drawable/textfield_search_right_selected_holo_dark) that varies with configuration!!
W/Resources(15792): Preloaded drawable resource #0x108073b (android:drawable/textfield_search_right_default_holo_dark) that varies with configuration!!
W/Resources(15792): Preloaded drawable resource #0x1080744 (android:drawable/textfield_searchview_right_holo_dark) that varies with configuration!!
W/Resources(15792): Preloaded drawable resource #0x1080741 (android:drawable/textfield_search_selected_holo_light) that varies with configuration!!
W/Resources(15792): Preloaded drawable resource #0x1080733 (android:drawable/textfield_search_default_holo_light) that varies with configuration!!
W/Resources(15792): Preloaded drawable resource #0x1080743 (android:drawable/textfield_searchview_holo_light) that varies with configuration!!
W/Resources(15792): Preloaded drawable resource #0x108073e (android:drawable/textfield_search_right_selected_holo_light) that varies with configuration!!
W/Resources(15792): Preloaded drawable resource #0x108073c (android:drawable/textfield_search_right_default_holo_light) that varies with configuration!!
W/Resources(15792): Preloaded drawable resource #0x1080745 (android:drawable/textfield_searchview_right_holo_light) that varies with configuration!!
W/Resources(15792): Preloaded drawable resource #0x1080740 (android:drawable/textfield_search_selected_holo_dark) that varies with configuration!!
W/Resources(15792): Preloaded drawable resource #0x1080732 (android:drawable/textfield_search_default_holo_dark) that varies with configuration!!
W/Resources(15792): Preloaded drawable resource #0x108073d (android:drawable/textfield_search_right_selected_holo_dark) that varies with configuration!!
W/Resources(15792): Preloaded drawable resource #0x108073b (android:drawable/textfield_search_right_default_holo_dark) that varies with configuration!!
W/Resources(15792): Preloaded drawable resource #0x1080741 (android:drawable/textfield_search_selected_holo_light) that varies with configuration!!
W/Resources(15792): Preloaded drawable resource #0x1080733 (android:drawable/textfield_search_default_holo_light) that varies with configuration!!
W/Resources(15792): Preloaded drawable resource #0x108073e (android:drawable/textfield_search_right_selected_holo_light) that varies with configuration!!
W/Resources(15792): Preloaded drawable resource #0x108073c (android:drawable/textfield_search_right_default_holo_light) that varies with configuration!!
W/Resources(15792): Preloaded drawable resource #0x10806fc (android:drawable/tab_unselected_holo) that varies with configuration!!
W/Resources(15792): Preloaded drawable resource #0x10806f7 (android:drawable/tab_selected_holo) that varies with configuration!!
W/Resources(15792): Preloaded drawable resource #0x10806fb (android:drawable/tab_unselected_focused_holo) that varies with configuration!!
W/Resources(15792): Preloaded drawable resource #0x10806f6 (android:drawable/tab_selected_focused_holo) that varies with configuration!!
W/Resources(15792): Preloaded drawable resource #0x10806fd (android:drawable/tab_unselected_pressed_holo) that varies with configuration!!
W/Resources(15792): Preloaded drawable resource #0x10806f8 (android:drawable/tab_selected_pressed_holo) that varies with configuration!!
W/Resources(15792): Preloaded drawable resource #0x10806fd (android:drawable/tab_unselected_pressed_holo) that varies with configuration!!
W/Resources(15792): Preloaded drawable resource #0x10806f8 (android:drawable/tab_selected_pressed_holo) that varies with configuration!!
W/Resources(15792): Preloaded drawable resource #0x10806e9 (android:drawable/tab_indicator_holo) that varies with configuration!!
W/Resources(15792): Preloaded drawable resource #0x10806fc (android:drawable/tab_unselected_holo) that varies with configuration!!
W/Resources(15792): Preloaded drawable resource #0x10806f7 (android:drawable/tab_selected_holo) that varies with configuration!!
W/Resources(15792): Preloaded drawable resource #0x10806fb (android:drawable/tab_unselected_focused_holo) that varies with configuration!!
W/Resources(15792): Preloaded drawable resource #0x10806f6 (android:drawable/tab_selected_focused_holo) that varies with configuration!!
W/Resources(15792): Preloaded drawable resource #0x10806fd (android:drawable/tab_unselected_pressed_holo) that varies with configuration!!
W/Resources(15792): Preloaded drawable resource #0x10806f8 (android:drawable/tab_selected_pressed_holo) that varies with configuration!!
W/Resources(15792): Preloaded drawable resource #0x10805a0 (android:drawable/quickcontact_badge_overlay_pressed_dark) that varies with configuration!!
W/Resources(15792): Preloaded drawable resource #0x1080597 (android:drawable/quickcontact_badge_overlay_focused_dark) that varies with configuration!!
W/Resources(15792): Preloaded drawable resource #0x108059c (android:drawable/quickcontact_badge_overlay_normal_dark) that varies with configuration!!
W/Resources(15792): Preloaded drawable resource #0x1080596 (android:drawable/quickcontact_badge_overlay_dark) that varies with configuration!!
W/Resources(15792): Preloaded drawable resource #0x108059c (android:drawable/quickcontact_badge_overlay_normal_dark) that varies with configuration!!
W/Resources(15792): Preloaded drawable resource #0x10805a0 (android:drawable/quickcontact_badge_overlay_pressed_dark) that varies with configuration!!
W/Resources(15792): Preloaded drawable resource #0x10805a2 (android:drawable/quickcontact_badge_overlay_pressed_light) that varies with configuration!!
W/Resources(15792): Preloaded drawable resource #0x1080599 (android:drawable/quickcontact_badge_overlay_focused_light) that varies with configuration!!
W/Resources(15792): Preloaded drawable resource #0x108059e (android:drawable/quickcontact_badge_overlay_normal_light) that varies with configuration!!
W/Resources(15792): Preloaded drawable resource #0x108059b (android:drawable/quickcontact_badge_overlay_light) that varies with configuration!!
W/Resources(15792): Preloaded drawable resource #0x108059e (android:drawable/quickcontact_badge_overlay_normal_light) that varies with configuration!!
W/Resources(15792): Preloaded drawable resource #0x10805a2 (android:drawable/quickcontact_badge_overlay_pressed_light) that varies with configuration!!
W/Resources(15792): Preloaded drawable resource #0x10800b5 (android:drawable/ab_share_pack_material) that varies with configuration!!
W/Resources(15792): Preloaded drawable resource #0x10800ba (android:drawable/ab_solid_shadow_material) that varies with configuration!!
W/Resources(15792): Preloaded drawable resource #0x10800db (android:drawable/btn_cab_done_material) that varies with configuration!!
W/Resources(15792): Preloaded drawable resource #0x10800e5 (android:drawable/btn_check_material_anim) that varies with configuration!!
W/Resources(15792): Preloaded drawable resource #0x10801a1 (android:drawable/btn_radio_material_anim) that varies with configuration!!
W/Resources(15792): Preloaded drawable resource #0x1080215 (android:drawable/btn_star_material) that varies with configuration!!
W/Resources(15792): Preloaded drawable resource #0x1080248 (android:drawable/btn_toggle_material) that varies with configuration!!
W/Resources(15792): Preloaded drawable resource #0x1080271 (android:drawable/cab_background_bottom_material) that varies with configuration!!
W/Resources(15792): Preloaded drawable resource #0x1080275 (android:drawable/cab_background_top_material) that varies with configuration!!
W/Resources(15792): Preloaded drawable resource #0x108028e (android:drawable/dialog_background_shadow_material) that varies with configuration!!
W/Resources(15792): Preloaded drawable resource #0x10802c7 (android:drawable/edit_text_material) that varies with configuration!!
W/Resources(15792): Preloaded drawable resource #0x10802e3 (android:drawable/expander_group_material) that varies with configuration!!
W/Resources(15792): Preloaded drawable resource #0x1080343 (android:drawable/ic_commit_search_api_material) that varies with configuration!!
W/Resources(15792): Preloaded drawable resource #0x108035b (android:drawable/ic_find_next_material) that varies with configuration!!
W/Resources(15792): Preloaded drawable resource #0x108035f (android:drawable/ic_find_previous_material) that varies with configuration!!
W/Resources(15792): Preloaded drawable resource #0x10803ad (android:drawable/ic_media_route_connecting_material) that varies with configuration!!
W/Resources(15792): Preloaded drawable resource #0x10803ad (android:drawable/ic_media_route_connecting_material) that varies with configuration!!
W/Resources(15792): Preloaded drawable resource #0x10803b3 (android:drawable/ic_media_route_material) that varies with configuration!!
W/Resources(15792): Preloaded drawable resource #0x10803df (android:drawable/ic_menu_find_material) that varies with configuration!!
W/Resources(15792): Preloaded drawable resource #0x1080400 (android:drawable/ic_menu_search_material) that varies with configuration!!
W/Resources(15792): Preloaded drawable resource #0x108049b (android:drawable/list_divider_material) that varies with configuration!!
W/Resources(15792): Preloaded drawable resource #0x10804a8 (android:drawable/list_section_divider_material) that varies with configuration!!
W/Resources(15792): Preloaded drawable resource #0x108056e (android:drawable/progress_horizontal_material) that varies with configuration!!
W/Resources(15792): Preloaded drawable resource #0x10805c4 (android:drawable/ratingbar_full_empty_material) that varies with configuration!!
W/Resources(15792): Preloaded drawable resource #0x10805c8 (android:drawable/ratingbar_full_filled_material) that varies with configuration!!
W/Resources(15792): Preloaded drawable resource #0x10805c4 (android:drawable/ratingbar_full_empty_material) that varies with configuration!!
W/Resources(15792): Preloaded drawable resource #0x10805c4 (android:drawable/ratingbar_full_empty_material) that varies with configuration!!
W/Resources(15792): Preloaded drawable resource #0x10805c8 (android:drawable/ratingbar_full_filled_material) that varies with configuration!!
W/Resources(15792): Preloaded drawable resource #0x10805cb (android:drawable/ratingbar_full_material) that varies with configuration!!
W/Resources(15792): Preloaded drawable resource #0x10805e3 (android:drawable/scrubber_control_material_anim) that varies with configuration!!
W/Resources(15792): Preloaded drawable resource #0x10805eb (android:drawable/scrubber_control_selector_material) that varies with configuration!!
W/Resources(15792): Preloaded drawable resource #0x10805f6 (android:drawable/scrubber_progress_horizontal_material) that varies with configuration!!
W/Resources(15792): Preloaded drawable resource #0x108062e (android:drawable/spinner_background_material) that varies with configuration!!
W/Resources(15792): Preloaded drawable resource #0x108064b (android:drawable/spinner_textfield_background_material) that varies with configuration!!
W/Resources(15792): Preloaded drawable resource #0x10806bb (android:drawable/switch_thumb_material_anim) that varies with configuration!!
W/Resources(15792): Preloaded drawable resource #0x10806c0 (android:drawable/switch_track_material) that varies with configuration!!
W/Resources(15792): Preloaded drawable resource #0x10806ea (android:drawable/tab_indicator_material) that varies with configuration!!
W/Resources(15792): Preloaded drawable resource #0x1080701 (android:drawable/text_cursor_material) that varies with configuration!!
W/Resources(15792): Preloaded drawable resource #0x1080739 (android:drawable/textfield_search_material) that varies with configuration!!
W/Resources(15792): Preloaded drawable resource #0x1080707 (android:drawable/text_select_handle_left_material) that varies with configuration!!
W/Resources(15792): Preloaded drawable resource #0x108070a (android:drawable/text_select_handle_middle_material) that varies with configuration!!
W/Resources(15792): Preloaded drawable resource #0x108070d (android:drawable/text_select_handle_right_material) that varies with configuration!!
I/art (15792): Explicit concurrent mark sweep GC freed 2899(166KB) AllocSpace objects, 0(0B) LOS objects, 52% free, 3MB/7MB, paused 139us total 10.602ms
I/Zygote (15792): ...preloaded 343 resources in 720ms.
I/art (15792): Explicit concurrent mark sweep GC freed 1611(1996KB) AllocSpace objects, 0(0B) LOS objects, 70% free, 1729KB/5MB, paused 133us total 7.113ms
I/Zygote (15792): ...preloaded 41 resources in 18ms.
I/art (15792): Counter: 0
D/libEGL (15792): loaded /vendor/lib/egl/libEGL_adreno.so
D/libEGL (15792): loaded /vendor/lib/egl/libGLESv1_CM_adreno.so
D/libEGL (15792): loaded /vendor/lib/egl/libGLESv2_adreno.so
I/Zygote (15792): Preloading shared libraries...
D/Zygote (15792): end preload
I/art (15792): Explicit concurrent mark sweep GC freed 509(22KB) AllocSpace objects, 0(0B) LOS objects, 70% free, 1714KB/5MB, paused 139us total 6.866ms
I/art (15792): Explicit concurrent mark sweep GC freed 41(1568B) AllocSpace objects, 0(0B) LOS objects, 70% free, 1713KB/5MB, paused 132us total 6.285ms
I/art (15792): Explicit concurrent mark sweep GC freed 5(160B) AllocSpace objects, 0(0B) LOS objects, 70% free, 1713KB/5MB, paused 132us total 6.600ms
I/Zygote (15792): System server process 15883 has been created
I/Zygote (15792): Accepting command socket connections
I/InstallerConnection(15883): connecting...
I/installd(12055): new connection
I/dex2oat (15899): /system/bin/dex2oat --zip-fd=5 --zip-location=/usr/libexec/sfdroid/system/framework/services.jar --oat-fd=6 --oat-location=/data/dalvik-cache/arm/usr@libexec@sfdroid@system@framework@services.jar@classes.dex --instruction-set=arm --instruction-set-features=div --runtime-arg -Xms64m --runtime-arg -Xmx512m --swap-fd=7
I/dex2oat (15899): Decided to run without swap.
E/NetlinkListener(15793): recvmsg failed (I/O error)
E/NetlinkListener( 683): recvmsg failed (I/O error)
E/NetlinkListener(15793): recvmsg failed (I/O error)
E/NetlinkListener( 683): recvmsg failed (I/O error)
E/NetlinkListener( 683): recvmsg failed (I/O error)
E/NetlinkListener(15793): recvmsg failed (I/O error)
E/NetlinkListener(15793): recvmsg failed (I/O error)
E/NetlinkListener( 683): recvmsg failed (I/O error)
V/WLAN_PSA( 669): NL MSG, len[048], NL type[0x11] WNI type[0x5050] len[028]
V/WLAN_PSA( 669): NL MSG, PID: 669
V/WLAN_PSA( 669): NL MSG, len[4095], NL type[0x1C] WNI type[0x5900] len[59151]
V/WLAN_PSA( 669): NL MSG, PID: 669
E/qdhwcomposer( 1490): isValidDimension: layer handle is NULL
E/qdhwcomposer( 1490): isValidDimension: layer handle is NULL
E/qdoverlay( 1490): Bad ov dump: mdp_overlay z=0 fg=0 alpha=255 mask=-1 flags=0x220000 id=8
E/qdoverlay( 1490): src msmfb_img w=1152 h=1920 format=13 MDP_RGBA_8888
E/qdoverlay( 1490): src_rect mdp_rect x=0 y=0 w=1080 h=1920
E/qdoverlay( 1490): dst_rect mdp_rect x=0 y=0 w=1080 h=1920
E/NetlinkListener(15793): recvmsg failed (I/O error)
E/NetlinkListener( 683): recvmsg failed (I/O error)
E/NetlinkListener(15793): recvmsg failed (I/O error)
E/NetlinkListener( 683): recvmsg failed (I/O error)
I/dex2oat (15899): dex2oat took 4.360s (threads: 4) arena alloc=2MB java alloc=4MB native alloc=15MB free=8MB
I/dex2oat (15935): /system/bin/dex2oat --zip-fd=5 --zip-location=/usr/libexec/sfdroid/system/framework/ethernet-service.jar --oat-fd=6 --oat-location=/data/dalvik-cache/arm/usr@libexec@sfdroid@system@framework@ethernet-service.jar@classes.dex --instruction-set=arm --instruction-set-features=div --runtime-arg -Xms64m --runtime-arg -Xmx512m --swap-fd=7
I/dex2oat (15935): Decided to run without swap.
I/dex2oat (15935): dex2oat took 47.206ms (threads: 4) arena alloc=104KB java alloc=66KB native alloc=1013KB free=7MB
I/dex2oat (15940): /system/bin/dex2oat --zip-fd=5 --zip-location=/usr/libexec/sfdroid/system/framework/wifi-service.jar --oat-fd=6 --oat-location=/data/dalvik-cache/arm/usr@libexec@sfdroid@system@framework@wifi-service.jar@classes.dex --instruction-set=arm --instruction-set-features=div --runtime-arg -Xms64m --runtime-arg -Xmx512m --swap-fd=7
I/dex2oat (15940): Decided to run without swap.
E/NetlinkListener( 683): recvmsg failed (I/O error)
E/NetlinkListener(15793): recvmsg failed (I/O error)
E/NetlinkListener( 683): recvmsg failed (I/O error)
E/NetlinkListener(15793): recvmsg failed (I/O error)
I/dex2oat (15940): dex2oat took 736.310ms (threads: 4) arena alloc=1989KB java alloc=906KB native alloc=4MB free=3MB
I/InstallerConnection(15883): disconnecting...
E/installd(12055): eof
E/installd(12055): failed to read size
I/installd(12055): closing connection
I/SystemServer(15883): Entered the Android system server!
E/NetlinkListener(15793): recvmsg failed (I/O error)
E/NetlinkListener( 683): recvmsg failed (I/O error)
V/Fingerprint-JNI(15883): FingerprintManager JNI ready.
I/ (15883): System server: starting sensor init.
D/SensorService(15883): nuSensorService starting...
E/NetlinkListener(15793): recvmsg failed (I/O error)
E/NetlinkListener( 683): recvmsg failed (I/O error)
I/SystemServiceManager(15883): Starting com.android.server.pm.Installer
I/Installer(15883): Waiting for installd to be ready.
I/InstallerConnection(15883): connecting...
I/installd(12055): new connection
I/SystemServiceManager(15883): Starting com.android.server.am.ActivityManagerService$Lifecycle
E/qti_sensors_hal(15883): SensorsContext: Hal opened lib /system/lib/hw/sensors.oem.so failed!
E/Sensors ( 1005): sns_acm_mr.c(432):Transport error -45
E/Sensors ( 1005): sns_acm_mr.c(432):Transport error -45
E/Sensors ( 1005): sns_acm_mr.c(432):Transport error -45
E/Sensors ( 1005): sns_acm_mr.c(432):Transport error -45
E/Sensors ( 1005): sns_acm_mr.c(432):Transport error -45
I/XXXXXX (15883): choosing minFree values for 32 Bit
I/XXXXXX (15883): choosing minFree values for 32 Bit
I/XXXXXX (15883): choosing minFree values for 32 Bit
I/XXXXXX (15883): choosing minFree values for 32 Bit
I/XXXXXX (15883): choosing minFree values for 32 Bit
I/XXXXXX (15883): choosing minFree values for 32 Bit
E/Sensors ( 1005): sns_acm_mr.c(432):Transport error -45
E/Sensors ( 1005): sns_acm_mr.c(432):Transport error -45
E/Sensors ( 1005): sns_acm_mr.c(432):Transport error -45
E/Sensors ( 1005): sns_acm_mr.c(432):Transport error -45
I/ActivityManager(15883): Memory class: 128
E/Sensors ( 1005): sns_acm_mr.c(734):Request made to disabled service
E/Sensors ( 1005): sns_main.c(1331):Error writing request. sns_err 3 error 0 qmi_err 0
E/qti_sensors_hal(15883): SAMSensor_sensor1_cb: attributes request failed for handle 55
E/qti_sensors_hal(15883): processResp: Msg 36; Result: 1, Error: 3
W/qti_sensors_hal(15883): addSensor : Not supported sensor with handle 31!
W/qti_sensors_hal(15883): addSensor : Not supported sensor with handle 32!
I/ServiceThread(15883): Enabled StrictMode logging for ActivityManager looper.
E/Sensors ( 1005): sns_acm_mr.c(432):Transport error -45
E/Sensors ( 1005): sns_acm_mr.c(432):Transport error -45
E/Sensors ( 1005): sns_acm_mr.c(432):Transport error -45
E/Sensors ( 1005): sns_acm_mr.c(432):Transport error -45
E/Sensors ( 1005): sns_acm_mr.c(432):Transport error -45
E/Sensors ( 1005): sns_acm_mr.c(432):Transport error -45
E/Sensors ( 1005): sns_acm_mr.c(432):Transport error -45
E/Sensors ( 1005): sns_acm_mr.c(432):Transport error -45
E/Sensors ( 1005): sns_acm_mr.c(734):Request made to disabled service
E/Sensors ( 1005): sns_main.c(1331):Error writing request. sns_err 3 error 0 qmi_err 0
E/qti_sensors_hal(15883): SAMSensor_sensor1_cb: attributes request failed for handle 46
E/qti_sensors_hal(15883): processResp: Msg 36; Result: 1, Error: 3
E/qti_sensors_hal(15883): processSingleSensorInfoResp: either handle_wakeup is -1 or error is true or mSensors[handle_wakeup] is NULL!
E/qti_sensors_hal(15883): processSingleSensorInfoResp: either handle_wakeup is -1 or error is true or mSensors[handle_wakeup] is NULL!
E/qti_sensors_hal(15883): processSingleSensorInfoResp: either handle_wakeup is -1 or error is true or mSensors[handle_wakeup] is NULL!
E/qti_sensors_hal(15883): processSingleSensorInfoResp: either handle is -1 or error is true or mSensors[handle] is NULL!
E/qti_sensors_hal(15883): processSingleSensorInfoResp: either handle_wakeup is -1 or error is true or mSensors[handle_wakeup] is NULL!
E/qti_sensors_hal(15883): OEMAddSensors : The OEM_module is NULL!
I/AppOps (15883): No existing app ops /data/system/appops.xml; starting empty
W/qti_sensors_hal(15883): sensors_get_sensors_list: handle 51 is not registered!
W/qti_sensors_hal(15883): sensors_get_sensors_list: handle 52 is not registered!
W/qti_sensors_hal(15883): sensors_get_sensors_list: handle 17 is not registered!
W/qti_sensors_hal(15883): sensors_get_sensors_list: handle 26 is not registered!
W/qti_sensors_hal(15883): sensors_get_sensors_list: handle 27 is not registered!
W/qti_sensors_hal(15883): sensors_get_sensors_list: handle 65 is not registered!
W/qti_sensors_hal(15883): sensors_get_sensors_list: handle 66 is not registered!
W/qti_sensors_hal(15883): sensors_get_sensors_list: handle 19 is not registered!
W/qti_sensors_hal(15883): sensors_get_sensors_list: handle 24 is not registered!
W/qti_sensors_hal(15883): sensors_get_sensors_list: handle 64 is not registered!
W/qti_sensors_hal(15883): sensors_get_sensors_list: handle 18 is not registered!
W/qti_sensors_hal(15883): sensors_get_sensors_list: handle 20 is not registered!
W/qti_sensors_hal(15883): sensors_get_sensors_list: handle 25 is not registered!
W/qti_sensors_hal(15883): sensors_get_sensors_list: handle 28 is not registered!
W/qti_sensors_hal(15883): sensors_get_sensors_list: handle 57 is not registered!
W/qti_sensors_hal(15883): sensors_get_sensors_list: handle 58 is not registered!
W/qti_sensors_hal(15883): sensors_get_sensors_list: handle 59 is not registered!
W/qti_sensors_hal(15883): sensors_get_sensors_list: handle 62 is not registered!
W/qti_sensors_hal(15883): sensors_get_sensors_list: handle 63 is not registered!
W/qti_sensors_hal(15883): sensors_get_sensors_list: handle 60 is not registered!
W/qti_sensors_hal(15883): sensors_get_sensors_list: handle 61 is not registered!
W/qti_sensors_hal(15883): sensors_get_sensors_list: handle 56 is not registered!
W/qti_sensors_hal(15883): sensors_get_sensors_list: handle 21 is not registered!
W/qti_sensors_hal(15883): sensors_get_sensors_list: handle 22 is not registered!
W/qti_sensors_hal(15883): sensors_get_sensors_list: handle 23 is not registered!
W/qti_sensors_hal(15883): sensors_get_sensors_list: handle 31 is not registered!
W/qti_sensors_hal(15883): sensors_get_sensors_list: handle 32 is not registered!
W/qti_sensors_hal(15883): sensors_get_sensors_list: handle 35 is not registered!
W/qti_sensors_hal(15883): sensors_get_sensors_list: handle 41 is not registered!
W/qti_sensors_hal(15883): sensors_get_sensors_list: handle 54 is not registered!
I/ (15883): System server: sensor init done.
D/SensorService(15883): nuSensorService thread starting...
D/SensorService(15883): new thread SensorEventAckReceiver
I/IntentFirewall(15883): Read new rules (A:0 B:0 S:0)
I/ServiceThread(15883): Enabled StrictMode logging for android.ui looper.
I/ServiceThread(15883): Enabled StrictMode logging for android.display looper.
D/AppOps (15883): AppOpsService published
I/SystemServiceManager(15883): Starting com.android.server.power.PowerManagerService
I/ServiceThread(15883): Enabled StrictMode logging for PowerManagerService looper.
E/PowerManagerService-JNI(15883): Couldn't load power module (Operation not permitted)
W/libsuspend(15883): Error writing 'on' to /sys/power/state: Invalid argument
I/libsuspend(15883): Selected wakeup count
I/SystemServiceManager(15883): Starting com.android.server.display.DisplayManagerService
I/SystemServiceManager(15883): Starting phase 100
E/BatteryStatsService(15883): Failed to open /sys/kernel/wakeup_reasons/last_resume_reason
I/DisplayManagerService(15883): Display device added: DisplayDeviceInfo{"Built-in Screen": uniqueId="local:0", 1080 x 1920, 0.466 fps, supportedRefreshRates [0.466], density 480, 160.42105 x 159.89508 dpi, appVsyncOff 0, presDeadline 2146922789, touch INTERNAL, rotation 0, type BUILT_IN, state UNKNOWN, FLAG_DEFAULT_DISPLAY, FLAG_ROTATES_WITH_CONTENT, FLAG_SECURE, FLAG_SUPPORTS_PROTECTED_BUFFERS}
I/SystemServer(15883): Package Manager
E/SELinuxMMAC(15883): Error with hashing seapp_contexts.
E/SELinuxMMAC(15883): java.io.FileNotFoundException: /seapp_contexts: open failed: ENOENT (No such file or directory)
E/SELinuxMMAC(15883): at libcore.io.IoBridge.open(IoBridge.java:456)
E/SELinuxMMAC(15883): at libcore.io.IoUtils$FileReader.(IoUtils.java:209)
E/SELinuxMMAC(15883): at libcore.io.IoUtils.readFileAsByteArray(IoUtils.java:109)
E/SELinuxMMAC(15883): at com.android.server.pm.SELinuxMMAC.returnHash(SELinuxMMAC.java:456)
E/SELinuxMMAC(15883): at com.android.server.pm.SELinuxMMAC.shouldRestorecon(SELinuxMMAC.java:389)
E/SELinuxMMAC(15883): at com.android.server.pm.PackageManagerService.(PackageManagerService.java:419)
E/SELinuxMMAC(15883): at com.android.server.pm.PackageManagerService.main(PackageManagerService.java:1261)
E/SELinuxMMAC(15883): at com.android.server.SystemServer.startBootstrapServices(SystemServer.java:358)
E/SELinuxMMAC(15883): at com.android.server.SystemServer.run(SystemServer.java:263)
E/SELinuxMMAC(15883): at com.android.server.SystemServer.main(SystemServer.java:179)
E/SELinuxMMAC(15883): at java.lang.reflect.Method.invoke(Native Method)
E/SELinuxMMAC(15883): at java.lang.reflect.Method.invoke(Method.java:372)
E/SELinuxMMAC(15883): at com.android.internal.os.ZygoteInit$MethodAndArgsCaller.run(ZygoteInit.java:904)
E/SELinuxMMAC(15883): at com.android.internal.os.ZygoteInit.main(ZygoteInit.java:699)
E/SELinuxMMAC(15883): Caused by: android.system.ErrnoException: open failed: ENOENT (No such file or directory)
E/SELinuxMMAC(15883): at libcore.io.Posix.open(Native Method)
E/SELinuxMMAC(15883): at libcore.io.BlockGuardOs.open(BlockGuardOs.java:186)
E/SELinuxMMAC(15883): at libcore.io.IoBridge.open(IoBridge.java:442)
E/SELinuxMMAC(15883): ... 13 more
D/EntSec (15883): [QSB ] [QSB_CLIENT ] QualcommSecurityBridge: PackageManager
I/EntSec (15883): [QSB ] [PORT_SWITCH] QSB Client Thread created
I/EntSec (15883): [QSB ] [PORT_SWITCH] QSB Port Switching Thread start running...
D/EntSec (15883): [QSB ] [PORT_SWITCH] Creating NQS Communicator instance
D/EntSec (15883): [QSB ] [NQS_CONECTOR] Trying to open a local socket
E/EntSec (15883): [QSB ] [NQS_CONECTOR] Failed to create and connect a local socket. [Error Description: No such file or directory ]
E/EntSec (15883): [QSB ] [NQS_CONECTOR] Failed to connect to the NQS [Error Description: No such file or directory ]
D/EntSec (15883): [QSB ] [PORT_SWITCH] NQS Communicator is disconnected
E/EntSec (15883): [QSB ] [PORT_SWITCH] No connection with the NQS; QSB initializes with the default port
I/EntSec (15883): [QSB ] [QSB_CLIENT ] Revert Loading port completed successfully
E/EntSec (15883): [QSB ] [PORT_SWITCH] QSB Port Switching Thread stop running.
W/SystemConfig(15883): No directory /system/etc/sysconfig, skipping
D/SELinuxMMAC(15883): Using policy file /system/etc/security/mac_permissions.xml
I/dex2oat (16026): /system/bin/dex2oat --zip-fd=5 --zip-location=/system/framework/qcnvitems.jar --oat-fd=6 --oat-location=/data/dalvik-cache/arm/system@framework@qcnvitems.jar@classes.dex --instruction-set=arm --instruction-set-features=div --runtime-arg -Xms64m --runtime-arg -Xmx512m --swap-fd=7
I/dex2oat (16026): Decided to run without swap.
E/NetlinkListener( 683): recvmsg failed (I/O error)
E/NetlinkListener(15793): recvmsg failed (I/O error)
I/dex2oat (16026): dex2oat took 212.807ms (threads: 4) arena alloc=75KB java alloc=474KB native alloc=1785KB free=6MB
E/art (15883): DexFile_isDexOptNeeded file '/system/framework/com.google.widevine.software.drm.jar' does not exist
W/PackageManager(15883): Library not found: /system/framework/com.google.widevine.software.drm.jar
I/dex2oat (16037): /system/bin/dex2oat --zip-fd=5 --zip-location=/system/framework/dpmapi.jar --oat-fd=6 --oat-location=/data/dalvik-cache/arm/system@framework@dpmapi.jar@classes.dex --instruction-set=arm --instruction-set-features=div --runtime-arg -Xms64m --runtime-arg -Xmx512m --swap-fd=7
I/dex2oat (16037): Decided to run without swap.
I/dex2oat (16037): dex2oat took 97.784ms (threads: 4) arena alloc=121KB java alloc=15KB native alloc=1256KB free=6MB
I/dex2oat (16042): /system/bin/dex2oat --zip-fd=5 --zip-location=/system/framework/btmultisimlibrary.jar --oat-fd=6 --oat-location=/data/dalvik-cache/arm/system@framework@btmultisimlibrary.jar@classes.dex --instruction-set=arm --instruction-set-features=div --runtime-arg -Xms64m --runtime-arg -Xmx512m --swap-fd=7
I/dex2oat (16042): Decided to run without swap.
I/dex2oat (16042): dex2oat took 112.435ms (threads: 4) arena alloc=131KB java alloc=6KB native alloc=876KB free=7MB
E/art (15883): DexFile_isDexOptNeeded file '/system/framework/com.google.android.media.effects.jar' does not exist
W/PackageManager(15883): Library not found: /system/framework/com.google.android.media.effects.jar
I/dex2oat (16047): /system/bin/dex2oat --zip-fd=5 --zip-location=/system/framework/com.android.location.provider.jar --oat-fd=6 --oat-location=/data/dalvik-cache/arm/system@framework@com.android.location.provider.jar@classes.dex --instruction-set=arm --instruction-set-features=div --runtime-arg -Xms64m --runtime-arg -Xmx512m --swap-fd=7
I/dex2oat (16047): Decided to run without swap.
I/dex2oat (16047): dex2oat took 89.877ms (threads: 4) arena alloc=94KB java alloc=77KB native alloc=1407KB free=6MB
I/dex2oat (16053): /system/bin/dex2oat --zip-fd=5 --zip-location=/system/framework/cneapiclient.jar --oat-fd=6 --oat-location=/data/dalvik-cache/arm/system@framework@cneapiclient.jar@classes.dex --instruction-set=arm --instruction-set-features=div --runtime-arg -Xms64m --runtime-arg -Xmx512m --swap-fd=7
I/dex2oat (16053): Decided to run without swap.
I/dex2oat (16053): dex2oat took 90.580ms (threads: 4) arena alloc=91KB java alloc=23KB native alloc=1252KB free=6MB
I/dex2oat (16058): /system/bin/dex2oat --zip-fd=5 --zip-location=/system/framework/DigitalPenService.jar --oat-fd=6 --oat-location=/data/dalvik-cache/arm/system@framework@DigitalPenService.jar@classes.dex --instruction-set=arm --instruction-set-features=div --runtime-arg -Xms64m --runtime-arg -Xmx512m --swap-fd=7
I/dex2oat (16058): Decided to run without swap.
E/NetlinkListener(15793): recvmsg failed (I/O error)
E/NetlinkListener( 683): recvmsg failed (I/O error)
E/NetlinkListener(15793): recvmsg failed (I/O error)
E/NetlinkListener( 683): recvmsg failed (I/O error)
E/NetlinkListener(15793): recvmsg failed (I/O error)
E/NetlinkListener( 683): recvmsg failed (I/O error)
V/WLAN_PSA( 669): NL MSG, len[048], NL type[0x11] WNI type[0x5050] len[028]
V/WLAN_PSA( 669): NL MSG, PID: 669
I/dex2oat (16058): dex2oat took 483.946ms (threads: 4) arena alloc=89KB java alloc=689KB native alloc=2MB free=5MB
I/dex2oat (16080): /system/bin/dex2oat --zip-fd=5 --zip-location=/system/framework/com.android.future.usb.accessory.jar --oat-fd=6 --oat-location=/data/dalvik-cache/arm/system@framework@com.android.future.usb.accessory.jar@classes.dex --instruction-set=arm --instruction-set-features=div --runtime-arg -Xms64m --runtime-arg -Xmx512m --swap-fd=7
I/dex2oat (16080): Decided to run without swap.
I/dex2oat (16080): dex2oat took 61.044ms (threads: 4) arena alloc=93KB java alloc=11KB native alloc=857KB free=7MB
I/dex2oat (16086): /system/bin/dex2oat --zip-fd=5 --zip-location=/system/framework/javax.obex.jar --oat-fd=6 --oat-location=/data/dalvik-cache/arm/system@framework@javax.obex.jar@classes.dex --instruction-set=arm --instruction-set-features=div --runtime-arg -Xms64m --runtime-arg -Xmx512m --swap-fd=7
I/dex2oat (16086): Decided to run without swap.
E/NetlinkListener( 683): recvmsg failed (I/O error)
E/NetlinkListener(15793): recvmsg failed (I/O error)
I/dex2oat (16086): dex2oat took 144.896ms (threads: 4) arena alloc=704KB java alloc=39KB native alloc=1880KB free=6MB
I/dex2oat (16094): /system/bin/dex2oat --zip-fd=5 --zip-location=/system/framework/javax.btobex.jar --oat-fd=6 --oat-location=/data/dalvik-cache/arm/system@framework@javax.btobex.jar@classes.dex --instruction-set=arm --instruction-set-features=div --runtime-arg -Xms64m --runtime-arg -Xmx512m --swap-fd=7
I/dex2oat (16094): Decided to run without swap.
I/dex2oat (16094): dex2oat took 144.029ms (threads: 4) arena alloc=833KB java alloc=48KB native alloc=2040KB free=6MB
I/dex2oat (16099): /system/bin/dex2oat --zip-fd=5 --zip-location=/system/framework/imscmlibrary.jar --oat-fd=6 --oat-location=/data/dalvik-cache/arm/system@framework@imscmlibrary.jar@classes.dex --instruction-set=arm --instruction-set-features=div --runtime-arg -Xms64m --runtime-arg -Xmx512m --swap-fd=7
I/dex2oat (16099): Decided to run without swap.
I/dex2oat (16099): dex2oat took 41.120ms (threads: 4) arena alloc=111KB java alloc=7KB native alloc=1367KB free=6MB
I/dex2oat (16104): /system/bin/dex2oat --zip-fd=5 --zip-location=/system/framework/qcrilhook.jar --oat-fd=6 --oat-location=/data/dalvik-cache/arm/system@framework@qcrilhook.jar@classes.dex --instruction-set=arm --instruction-set-features=div --runtime-arg -Xms64m --runtime-arg -Xmx512m --swap-fd=7
I/dex2oat (16104): Decided to run without swap.
E/NetlinkListener(15793): recvmsg failed (I/O error)
E/NetlinkListener( 683): recvmsg failed (I/O error)
I/dex2oat (16104): dex2oat took 367.298ms (threads: 4) arena alloc=70KB java alloc=146KB native alloc=1655KB free=6MB
I/dex2oat (16114): /system/bin/dex2oat --zip-fd=5 --zip-location=/system/framework/android.test.runner.jar --oat-fd=6 --oat-location=/data/dalvik-cache/arm/system@framework@android.test.runner.jar@classes.dex --instruction-set=arm --instruction-set-features=div --runtime-arg -Xms64m --runtime-arg -Xmx512m --swap-fd=7
I/dex2oat (16114): Decided to run without swap.
E/NetlinkListener(15793): recvmsg failed (I/O error)
E/NetlinkListener( 683): recvmsg failed (I/O error)
I/dex2oat (16114): dex2oat took 350.089ms (threads: 4) arena alloc=54KB java alloc=236KB native alloc=1707KB free=6MB
E/art (15883): DexFile_isDexOptNeeded file '/system/framework/com.google.android.maps.jar' does not exist
W/PackageManager(15883): Library not found: /system/framework/com.google.android.maps.jar
I/dex2oat (16123): /system/bin/dex2oat --zip-fd=5 --zip-location=/system/framework/com.android.media.remotedisplay.jar --oat-fd=6 --oat-location=/data/dalvik-cache/arm/system@framework@com.android.media.remotedisplay.jar@classes.dex --instruction-set=arm --instruction-set-features=div --runtime-arg -Xms64m --runtime-arg -Xmx512m --swap-fd=7
I/dex2oat (16123): Decided to run without swap.
I/dex2oat (16123): dex2oat took 56.185ms (threads: 4) arena alloc=77KB java alloc=15KB native alloc=1379KB free=6MB
E/art (15883): DexFile_isDexOptNeeded file '/system/framework/com.fairphone.hiccup.jar' does not exist
W/PackageManager(15883): Library not found: /system/framework/com.fairphone.hiccup.jar
I/dex2oat (16128): /system/bin/dex2oat --zip-fd=5 --zip-location=/system/framework/com.quicinc.cne.jar --oat-fd=6 --oat-location=/data/dalvik-cache/arm/system@framework@com.quicinc.cne.jar@classes.dex --instruction-set=arm --instruction-set-features=div --runtime-arg -Xms64m --runtime-arg -Xmx512m --swap-fd=7
I/dex2oat (16128): Decided to run without swap.
I/dex2oat (16128): dex2oat took 185.868ms (threads: 4) arena alloc=544KB java alloc=182KB native alloc=1986KB free=6MB
I/dex2oat (16133): /system/bin/dex2oat --zip-fd=5 --zip-location=/system/framework/com.android.mediadrm.signer.jar --oat-fd=6 --oat-location=/data/dalvik-cache/arm/system@framework@com.android.mediadrm.signer.jar@classes.dex --instruction-set=arm --instruction-set-features=div --runtime-arg -Xms64m --runtime-arg -Xmx512m --swap-fd=7
I/dex2oat (16133): Decided to run without swap.
I/dex2oat (16133): dex2oat took 52.434ms (threads: 4) arena alloc=51KB java alloc=5KB native alloc=859KB free=7MB
I/dex2oat (16138): /system/bin/dex2oat --zip-fd=5 --zip-location=/system/framework/am.jar --oat-fd=6 --oat-location=/data/dalvik-cache/arm/system@framework@am.jar@classes.dex --instruction-set=arm --instruction-set-features=div --runtime-arg -Xms64m --runtime-arg -Xmx512m --swap-fd=7
V/WLAN_PSA( 669): NL MSG, len[4025], NL type[0x1C] WNI type[0x5900] len[41231]
V/WLAN_PSA( 669): NL MSG, PID: 669
I/dex2oat (16138): Decided to run without swap.
E/NetlinkListener( 683): recvmsg failed (I/O error)
E/NetlinkListener(15793): recvmsg failed (I/O error)
I/dex2oat (16138): dex2oat took 155.903ms (threads: 4) arena alloc=346KB java alloc=35KB native alloc=1359KB free=6MB
I/dex2oat (16146): /system/bin/dex2oat --zip-fd=5 --zip-location=/system/framework/appops.jar --oat-fd=6 --oat-location=/data/dalvik-cache/arm/system@framework@appops.jar@classes.dex --instruction-set=arm --instruction-set-features=div --runtime-arg -Xms64m --runtime-arg -Xmx512m --swap-fd=7
I/dex2oat (16146): Decided to run without swap.
I/dex2oat (16146): dex2oat took 49.963ms (threads: 4) arena alloc=26KB java alloc=9KB native alloc=605KB free=7MB
I/dex2oat (16151): /system/bin/dex2oat --zip-fd=5 --zip-location=/system/framework/appwidget.jar --oat-fd=6 --oat-location=/data/dalvik-cache/arm/system@framework@appwidget.jar@classes.dex --instruction-set=arm --instruction-set-features=div --runtime-arg -Xms64m --runtime-arg -Xmx512m --swap-fd=7
I/dex2oat (16151): Decided to run without swap.
I/dex2oat (16151): dex2oat took 39.395ms (threads: 4) arena alloc=130KB java alloc=5KB native alloc=1382KB free=6MB
I/dex2oat (16156): /system/bin/dex2oat --zip-fd=5 --zip-location=/system/framework/bmgr.jar --oat-fd=6 --oat-location=/data/dalvik-cache/arm/system@framework@bmgr.jar@classes.dex --instruction-set=arm --instruction-set-features=div --runtime-arg -Xms64m --runtime-arg -Xmx512m --swap-fd=7
I/dex2oat (16156): Decided to run without swap.
I/dex2oat (16156): dex2oat took 66.048ms (threads: 4) arena alloc=83KB java alloc=15KB native alloc=892KB free=7MB
I/dex2oat (16161): /system/bin/dex2oat --zip-fd=5 --zip-location=/system/framework/bu.jar --oat-fd=6 --oat-location=/data/dalvik-cache/arm/system@framework@bu.jar@classes.dex --instruction-set=arm --instruction-set-features=div --runtime-arg -Xms64m --runtime-arg -Xmx512m --swap-fd=7
I/dex2oat (16161): Decided to run without swap.
I/dex2oat (16161): dex2oat took 41.736ms (threads: 4) arena alloc=51KB java alloc=8KB native alloc=594KB free=7MB
I/dex2oat (16166): /system/bin/dex2oat --zip-fd=5 --zip-location=/system/framework/com.qti.dpmframework.jar --oat-fd=6 --oat-location=/data/dalvik-cache/arm/system@framework@com.qti.dpmframework.jar@classes.dex --instruction-set=arm --instruction-set-features=div --runtime-arg -Xms64m --runtime-arg -Xmx512m --swap-fd=7
I/dex2oat (16166): Decided to run without swap.
E/NetlinkListener( 683): recvmsg failed (I/O error)
E/NetlinkListener(15793): recvmsg failed (I/O error)
I/dex2oat (16166): dex2oat took 136.662ms (threads: 4) arena alloc=538KB java alloc=90KB native alloc=1704KB free=6MB
I/dex2oat (16176): /system/bin/dex2oat --zip-fd=5 --zip-location=/system/framework/content.jar --oat-fd=6 --oat-location=/data/dalvik-cache/arm/system@framework@content.jar@classes.dex --instruction-set=arm --instruction-set-features=div --runtime-arg -Xms64m --runtime-arg -Xmx512m --swap-fd=7
I/dex2oat (16176): Decided to run without swap.
I/dex2oat (16176): dex2oat took 124.437ms (threads: 4) arena alloc=109KB java alloc=13KB native alloc=1260KB free=6MB
I/dex2oat (16182): /system/bin/dex2oat --zip-fd=5 --zip-location=/system/framework/dpm.jar --oat-fd=6 --oat-location=/data/dalvik-cache/arm/system@framework@dpm.jar@classes.dex --instruction-set=arm --instruction-set-features=div --runtime-arg -Xms64m --runtime-arg -Xmx512m --swap-fd=7
I/dex2oat (16182): Decided to run without swap.
I/dex2oat (16182): dex2oat took 95.309ms (threads: 4) arena alloc=26KB java alloc=4KB native alloc=613KB free=7MB
I/dex2oat (16188): /system/bin/dex2oat --zip-fd=5 --zip-location=/system/framework/ethernet-service.jar --oat-fd=6 --oat-location=/data/dalvik-cache/arm/system@framework@ethernet-service.jar@classes.dex --instruction-set=arm --instruction-set-features=div --runtime-arg -Xms64m --runtime-arg -Xmx512m --swap-fd=7
I/dex2oat (16188): Decided to run without swap.
I/dex2oat (16188): dex2oat took 98.729ms (threads: 4) arena alloc=221KB java alloc=77KB native alloc=1398KB free=6MB
I/dex2oat (16193): /system/bin/dex2oat --zip-fd=5 --zip-location=/system/framework/ext.jar --oat-fd=6 --oat-location=/data/dalvik-cache/arm/system@framework@ext.jar@classes.dex --instruction-set=arm --instruction-set-features=div --runtime-arg -Xms64m --runtime-arg -Xmx512m --swap-fd=7
I/dex2oat (16193): Decided to run without swap.
I/dex2oat (16193): dex2oat took 285.067ms (threads: 4) arena alloc=0B java alloc=1318KB native alloc=212KB free=7MB
I/dex2oat (16198): /system/bin/dex2oat --zip-fd=5 --zip-location=/system/framework/framework.jar --oat-fd=6 --oat-location=/data/dalvik-cache/arm/system@framework@framework.jar@classes.dex --instruction-set=arm --instruction-set-features=div --runtime-arg -Xms64m --runtime-arg -Xmx512m --swap-fd=7
E/NetlinkListener( 683): recvmsg failed (I/O error)
E/NetlinkListener(15793): recvmsg failed (I/O error)
I/dex2oat (16198): Decided to run without swap.
E/NetlinkListener(15793): recvmsg failed (I/O error)
E/NetlinkListener( 683): recvmsg failed (I/O error)
E/NetlinkListener( 683): recvmsg failed (I/O error)
E/NetlinkListener(15793): recvmsg failed (I/O error)
E/NetlinkListener( 683): recvmsg failed (I/O error)
E/NetlinkListener(15793): recvmsg failed (I/O error)
V/WLAN_PSA( 669): NL MSG, len[048], NL type[0x11] WNI type[0x5050] len[028]
V/WLAN_PSA( 669): NL MSG, PID: 669
E/NetlinkListener(15793): recvmsg failed (I/O error)
E/NetlinkListener( 683): recvmsg failed (I/O error)
I/dex2oat (16198): dex2oat took 2.040s (threads: 4) arena alloc=105KB java alloc=10MB native alloc=1440KB free=10MB
I/dex2oat (16224): /system/bin/dex2oat --zip-fd=5 --zip-location=/system/framework/ime.jar --oat-fd=6 --oat-location=/data/dalvik-cache/arm/system@framework@ime.jar@classes.dex --instruction-set=arm --instruction-set-features=div --runtime-arg -Xms64m --runtime-arg -Xmx512m --swap-fd=7
I/dex2oat (16224): Decided to run without swap.
I/dex2oat (16224): dex2oat took 48.277ms (threads: 4) arena alloc=62KB java alloc=6KB native alloc=613KB free=7MB
I/dex2oat (16229): /system/bin/dex2oat --zip-fd=5 --zip-location=/system/framework/input.jar --oat-fd=6 --oat-location=/data/dalvik-cache/arm/system@framework@input.jar@classes.dex --instruction-set=arm --instruction-set-features=div --runtime-arg -Xms64m --runtime-arg -Xmx512m --swap-fd=7
I/dex2oat (16229): Decided to run without swap.
I/dex2oat (16229): dex2oat took 64.559ms (threads: 4) arena alloc=59KB java alloc=5KB native alloc=609KB free=7MB
I/dex2oat (16234): /system/bin/dex2oat --zip-fd=5 --zip-location=/system/framework/media_cmd.jar --oat-fd=6 --oat-location=/data/dalvik-cache/arm/system@framework@media_cmd.jar@classes.dex --instruction-set=arm --instruction-set-features=div --runtime-arg -Xms64m --runtime-arg -Xmx512m --swap-fd=7
I/dex2oat (16234): Decided to run without swap.
I/dex2oat (16234): dex2oat took 60.283ms (threads: 4) arena alloc=143KB java alloc=33KB native alloc=1001KB free=7MB
I/dex2oat (16239): /system/bin/dex2oat --zip-fd=5 --zip-location=/system/framework/monkey.jar --oat-fd=6 --oat-location=/data/dalvik-cache/arm/system@framework@monkey.jar@classes.dex --instruction-set=arm --instruction-set-features=div --runtime-arg -Xms64m --runtime-arg -Xmx512m --swap-fd=7
I/dex2oat (16239): Decided to run without swap.
E/NetlinkListener(15793): recvmsg failed (I/O error)
E/NetlinkListener( 683): recvmsg failed (I/O error)
I/dex2oat (16239): dex2oat took 171.568ms (threads: 4) arena alloc=1073KB java alloc=120KB native alloc=2MB free=5MB
I/dex2oat (16249): /system/bin/dex2oat --zip-fd=5 --zip-location=/system/framework/pm.jar --oat-fd=6 --oat-location=/data/dalvik-cache/arm/system@framework@pm.jar@classes.dex --instruction-set=arm --instruction-set-features=div --runtime-arg -Xms64m --runtime-arg -Xmx512m --swap-fd=7
V/WLAN_PSA( 669): NL MSG, len[4009], NL type[0x1C] WNI type[0x5900] len[37135]
V/WLAN_PSA( 669): NL MSG, PID: 669
I/dex2oat (16249): Decided to run without swap.
I/dex2oat (16249): dex2oat took 115.311ms (threads: 4) arena alloc=123KB java alloc=38KB native alloc=1505KB free=6MB
I/dex2oat (16255): /system/bin/dex2oat --zip-fd=5 --zip-location=/system/framework/qmapbridge.jar --oat-fd=6 --oat-location=/data/dalvik-cache/arm/system@framework@qmapbridge.jar@classes.dex --instruction-set=arm --instruction-set-features=div --runtime-arg -Xms64m --runtime-arg -Xmx512m --swap-fd=7
E/NetlinkListener(15793): recvmsg failed (I/O error)
E/NetlinkListener( 683): recvmsg failed (I/O error)
I/dex2oat (16255): Decided to run without swap.
I/dex2oat (16255): dex2oat took 70.886ms (threads: 4) arena alloc=98KB java alloc=64KB native alloc=1417KB free=6MB
I/dex2oat (16263): /system/bin/dex2oat --zip-fd=5 --zip-location=/system/framework/rcsimssettings.jar --oat-fd=6 --oat-location=/data/dalvik-cache/arm/system@framework@rcsimssettings.jar@classes.dex --instruction-set=arm --instruction-set-features=div --runtime-arg -Xms64m --runtime-arg -Xmx512m --swap-fd=7
I/dex2oat (16263): Decided to run without swap.
I/dex2oat (16263): dex2oat took 75.863ms (threads: 4) arena alloc=67KB java alloc=60KB native alloc=1487KB free=6MB
I/dex2oat (16268): /system/bin/dex2oat --zip-fd=5 --zip-location=/system/framework/rcsservice.jar --oat-fd=6 --oat-location=/data/dalvik-cache/arm/system@framework@rcsservice.jar@classes.dex --instruction-set=arm --instruction-set-features=div --runtime-arg -Xms64m --runtime-arg -Xmx512m --swap-fd=7
I/dex2oat (16268): Decided to run without swap.
E/NetlinkListener( 683): recvmsg failed (I/O error)
E/NetlinkListener(15793): recvmsg failed (I/O error)
E/NetlinkListener( 683): recvmsg failed (I/O error)
E/NetlinkListener(15793): recvmsg failed (I/O error)
I/dex2oat (16268): dex2oat took 366.861ms (threads: 4) arena alloc=95KB java alloc=588KB native alloc=2MB free=5MB
I/dex2oat (16286): /system/bin/dex2oat --zip-fd=5 --zip-location=/system/framework/requestsync.jar --oat-fd=6 --oat-location=/data/dalvik-cache/arm/system@framework@requestsync.jar@classes.dex --instruction-set=arm --instruction-set-features=div --runtime-arg -Xms64m --runtime-arg -Xmx512m --swap-fd=7
I/dex2oat (16286): Decided to run without swap.
I/dex2oat (16286): dex2oat took 45.462ms (threads: 4) arena alloc=27KB java alloc=3KB native alloc=603KB free=7MB
