W/PackageManager(13343): Not granting permission android.permission.DELETE_PACKAGES to package com.svox.pico (protectionLevel=18 flags=0x8be45)
W/PackageManager(13343): Unknown permission android.permission.ACCESS_THEME_MANAGER in package com.fairphone.setupwizard
W/PackageManager(13343): Unknown permission com.google.android.gallery3d.permission.PICASA_STORE in package com.android.dreams.phototable
W/PackageManager(13343): Unknown permission android.permission.ACCESS_SUPERUSER in package com.amaze.filemanager
W/PackageManager(13343): Unknown permission com.android.launcher.permission.READ_SETTINGS in package com.fairphone.fplauncher3
W/PackageManager(13343): Unknown permission com.android.launcher.permission.WRITE_SETTINGS in package com.fairphone.fplauncher3
W/PackageManager(13343): Unknown permission android.permission.ACCESS_SUPERUSER in package com.fairphone.updater
W/PackageManager(13343): Not granting permission android.permission.DEVICE_POWER to package com.android.deskclock (protectionLevel=2 flags=0x48be45)
W/PackageManager(13343): Unknown permission com.google.android.gallery3d.permission.GALLERY_PROVIDER in package com.android.bluetooth
I/SystemServer(13343): User Service
I/SystemServiceManager(13343): Starting com.android.server.lights.LightsService
I/SystemServiceManager(13343): Starting com.android.server.BatteryService
I/SystemServiceManager(13343): Starting com.android.server.usage.UsageStatsService
I/UsageStatsService(13343): User[0] Rollover scheduled @ 2016-12-15 00:00:00(1481760000000)
I/SystemServiceManager(13343): Starting com.android.server.webkit.WebViewUpdateService
I/SystemServer(13343): Reading configuration...
I/SystemServer(13343): Scheduling Policy
I/SystemServiceManager(13343): Starting com.android.server.telecom.TelecomLoaderService
I/SystemServer(13343): Telephony Registry
I/SystemServer(13343): Entropy Mixer
I/EntropyMixer(13343): Writing entropy...
I/SystemServer(13343): Account Manager
I/SystemServer(13343): Content Manager
I/SystemServer(13343): System Content Providers
I/SystemServer(13343): Vibrator Service
I/SystemServer(13343): Consumer IR Service
I/SystemServiceManager(13343): Starting com.android.server.AlarmManagerService
W/AlarmManager(13343): Failed to open alarm driver. Falling back to a handler.
I/SystemServer(13343): Init Watchdog
I/SystemServer(13343): Input Manager
I/InputManager(13343): Initializing input manager, mUseDevInputEventForAudioJack=true
I/SystemServer(13343): Window Manager
I/WindowManager(13343): No existing display settings /data/system/display_settings.xml; starting empty
E/WindowManager(13343): Exception creating Dim surface
E/WindowManager(13343): android.view.Surface$OutOfResourcesException
E/WindowManager(13343): at android.view.SurfaceControl.nativeCreate(Native Method)
E/WindowManager(13343): at android.view.SurfaceControl.(SurfaceControl.java:292)
E/WindowManager(13343): at com.android.server.wm.DimLayer.(DimLayer.java:81)
E/WindowManager(13343): at com.android.server.wm.TaskStack.attachDisplayContent(TaskStack.java:233)
E/WindowManager(13343): at com.android.server.wm.WindowManagerService.attachStack(WindowManagerService.java:5158)
E/WindowManager(13343): at com.android.server.am.ActivityStackSupervisor$ActivityContainer.attachToDisplayLocked(ActivityStackSupervisor.java:3766)
E/WindowManager(13343): at com.android.server.am.ActivityStackSupervisor.createStackOnDisplay(ActivityStackSupervisor.java:2649)
E/WindowManager(13343): at com.android.server.am.ActivityStackSupervisor.setWindowManager(ActivityStackSupervisor.java:394)
E/WindowManager(13343): at com.android.server.am.ActivityManagerService.setWindowManager(ActivityManagerService.java:1943)
E/WindowManager(13343): at com.android.server.SystemServer.startOtherServices(SystemServer.java:498)
E/WindowManager(13343): at com.android.server.SystemServer.run(SystemServer.java:265)
E/WindowManager(13343): at com.android.server.SystemServer.main(SystemServer.java:179)
E/WindowManager(13343): at java.lang.reflect.Method.invoke(Native Method)
E/WindowManager(13343): at java.lang.reflect.Method.invoke(Method.java:372)
E/WindowManager(13343): at com.android.internal.os.ZygoteInit$MethodAndArgsCaller.run(ZygoteInit.java:904)
E/WindowManager(13343): at com.android.internal.os.ZygoteInit.main(ZygoteInit.java:699)
E/WindowManager(13343): Exception creating Dim surface
E/WindowManager(13343): android.view.Surface$OutOfResourcesException
E/WindowManager(13343): at android.view.SurfaceControl.nativeCreate(Native Method)
E/WindowManager(13343): at android.view.SurfaceControl.(SurfaceControl.java:292)
E/WindowManager(13343): at com.android.server.wm.DimLayer.(DimLayer.java:81)
E/WindowManager(13343): at com.android.server.wm.TaskStack.attachDisplayContent(TaskStack.java:234)
E/WindowManager(13343): at com.android.server.wm.WindowManagerService.attachStack(WindowManagerService.java:5158)
E/WindowManager(13343): at com.android.server.am.ActivityStackSupervisor$ActivityContainer.attachToDisplayLocked(ActivityStackSupervisor.java:3766)
E/WindowManager(13343): at com.android.server.am.ActivityStackSupervisor.createStackOnDisplay(ActivityStackSupervisor.java:2649)
E/WindowManager(13343): at com.android.server.am.ActivityStackSupervisor.setWindowManager(ActivityStackSupervisor.java:394)
E/WindowManager(13343): at com.android.server.am.ActivityManagerService.setWindowManager(ActivityManagerService.java:1943)
E/WindowManager(13343): at com.android.server.SystemServer.startOtherServices(SystemServer.java:498)
E/WindowManager(13343): at com.android.server.SystemServer.run(SystemServer.java:265)
E/WindowManager(13343): at com.android.server.SystemServer.main(SystemServer.java:179)
E/WindowManager(13343): at java.lang.reflect.Method.invoke(Native Method)
E/WindowManager(13343): at java.lang.reflect.Method.invoke(Method.java:372)
E/WindowManager(13343): at com.android.internal.os.ZygoteInit$MethodAndArgsCaller.run(ZygoteInit.java:904)
E/WindowManager(13343): at com.android.internal.os.ZygoteInit.main(ZygoteInit.java:699)
I/InputManager(13343): Starting input manager
I/SystemServer(13343): sfdroid: Bluetooth Service disabled
I/SystemServer(13343): Input Method Service
W/InputMethodManagerService(13343): Couldn't create dir.: /data/system/inputmethod
I/SystemServer(13343): Accessibility Manager
I/XXXXXX (13343): choosing minFree values for 32 Bit
I/XXXXXX (13343): choosing minFree values for 32 Bit
I/XXXXXX (13343): choosing minFree values for 32 Bit
I/XXXXXX (13343): choosing minFree values for 32 Bit
I/XXXXXX (13343): choosing minFree values for 32 Bit
I/XXXXXX (13343): choosing minFree values for 32 Bit
I/ActivityManager(13343): Config changes=1df8 {1.0 ?mcc?mnc en_US ?layoutDir sw360dp w360dp h640dp 480dpi nrml long port ?uimode ?night -touch -keyb/v/h -nav/h s.2}
I/ActivityManager(13343): Config changes=500 {1.0 ?mcc?mnc en_US ?layoutDir sw360dp w360dp h567dp 480dpi nrml port ?uimode ?night -touch -keyb/v/h -nav/h s.3}
I/SystemServer(13343): Mount Service
D/MountService(13343): got storage path: /storage/sdcard0 description: Internal storage primary: true removable: false emulated: true mtpReserve: 100 allowMassStorage: false maxFileSize: 0 allowMtp: true
D/MountService(13343): addVolumeLocked() StorageVolume:
D/MountService(13343): mStorageId=65537 mPath=/storage/emulated/0 mDescriptionId=17040829
D/MountService(13343): mPrimary=true mRemovable=false mEmulated=true mMtpReserveSpace=100
D/MountService(13343): mAllowMassStorage=false mMaxFileSize=0 mOwner=UserHandle{0} mUuid=null
D/MountService(13343): mUserLabel=null mState=null mAllowMtp=true
D/MountService(13343): got storage path: /storage/sdcard1 description: SD card primary: false removable: true emulated: false mtpReserve: 0 allowMassStorage: true maxFileSize: 0 allowMtp: true
D/MountService(13343): addVolumeLocked() StorageVolume:
D/MountService(13343): mStorageId=0 mPath=/storage/sdcard1 mDescriptionId=17040830 mPrimary=false
D/MountService(13343): mRemovable=true mEmulated=false mMtpReserveSpace=0 mAllowMassStorage=true
D/MountService(13343): mMaxFileSize=0 mOwner=null mUuid=null mUserLabel=null mState=null
D/MountService(13343): mAllowMtp=true
D/MountService(13343): got storage path: /storage/usbotg description: USB storage primary: false removable: true emulated: false mtpReserve: 0 allowMassStorage: false maxFileSize: 0 allowMtp: true
D/MountService(13343): addVolumeLocked() StorageVolume:
D/MountService(13343): mStorageId=0 mPath=/storage/usbotg mDescriptionId=17040831 mPrimary=false
D/MountService(13343): mRemovable=true mEmulated=false mMtpReserveSpace=0 mAllowMassStorage=false
D/MountService(13343): mMaxFileSize=0 mOwner=null mUuid=null mUserLabel=null mState=null
D/MountService(13343): mAllowMtp=true
F/WindowAnimator(13343): Unhandled exception in Window Manager
F/WindowAnimator(13343): java.lang.NullPointerException: Attempt to invoke virtual method 'void android.view.SurfaceControl.setLayer(int)' on a null object reference
F/WindowAnimator(13343): at com.android.server.wm.FocusedStackFrame.setLayer(FocusedStackFrame.java:140)
F/WindowAnimator(13343): at com.android.server.wm.WindowManagerService.setFocusedStackLayer(WindowManagerService.java:3985)
F/WindowAnimator(13343): at com.android.server.wm.WindowAnimator.animateLocked(WindowAnimator.java:708)
F/WindowAnimator(13343): at com.android.server.wm.WindowAnimator.access$000(WindowAnimator.java:54)
F/WindowAnimator(13343): at com.android.server.wm.WindowAnimator$1.run(WindowAnimator.java:126)
F/WindowAnimator(13343): at android.view.Choreographer$CallbackRecord.run(Choreographer.java:767)
F/WindowAnimator(13343): at android.view.Choreographer.doCallbacks(Choreographer.java:580)
F/WindowAnimator(13343): at android.view.Choreographer.doFrame(Choreographer.java:549)
F/WindowAnimator(13343): at android.view.Choreographer$FrameDisplayEventReceiver.run(Choreographer.java:753)
F/WindowAnimator(13343): at android.os.Handler.handleCallback(Handler.java:739)
F/WindowAnimator(13343): at android.os.Handler.dispatchMessage(Handler.java:95)
F/WindowAnimator(13343): at android.os.Looper.loop(Looper.java:135)
F/WindowAnimator(13343): at android.os.HandlerThread.run(HandlerThread.java:61)
F/WindowAnimator(13343): at com.android.server.ServiceThread.run(ServiceThread.java:46)
W/PackageManager(13343): Unknown permission com.google.android.googleapps.permission.GOOGLE_AUTH in package com.android.providers.calendar
W/PackageManager(13343): Unknown permission com.google.android.googleapps.permission.GOOGLE_AUTH.cl in package com.android.providers.calendar
W/PackageManager(13343): Unknown permission com.qualcomm.permission.USE_QCRIL_MSG_TUNNEL in package com.qualcomm.shutdownlistner
W/PackageManager(13343): Unknown permission android.permission.PREVENT_POWER_KEY in package com.fairphone.checkup
W/PackageManager(13343): Not granting permission android.permission.GLOBAL_SEARCH to package com.android.quicksearchbox (protectionLevel=18 flags=0x48be45)
W/PackageManager(13343): Not granting permission android.permission.ACCESS_DOWNLOAD_MANAGER to package com.android.browser (protectionLevel=18 flags=0x9be45)
W/PackageManager(13343): Not granting permission android.permission.SEND_DOWNLOAD_COMPLETED_INTENTS to package com.android.browser (protectionLevel=2 flags=0x9be45)
W/PackageManager(13343): Unknown permission android.permission.MMS_PUSH in package org.codeaurora.bluetooth
W/PackageManager(13343): Not granting permission android.permission.BIND_WALLPAPER to package com.android.camera2 (protectionLevel=18 flags=0x58bc45)
W/PackageManager(13343): Unknown permission android.permission.INSTALL_DRM in package com.android.mms
W/PackageManager(13343): Unknown permission com.google.android.googleapps.permission.GOOGLE_AUTH.mail in package com.android.calendar
W/PackageManager(13343): Unknown permission com.android.launcher.permission.READ_SETTINGS in package com.android.onetimeinitializer
W/PackageManager(13343): Unknown permission com.android.launcher.permission.WRITE_SETTINGS in package com.android.onetimeinitializer
W/PackageManager(13343): Not granting permission android.permission.DELETE_PACKAGES to package com.svox.pico (protectionLevel=18 flags=0x8be45)
W/PackageManager(13343): Unknown permission android.permission.ACCESS_THEME_MANAGER in package com.fairphone.setupwizard
W/PackageManager(13343): Unknown permission com.google.android.gallery3d.permission.PICASA_STORE in package com.android.dreams.phototable
W/PackageManager(13343): Unknown permission android.permission.ACCESS_SUPERUSER in package com.amaze.filemanager
W/PackageManager(13343): Unknown permission com.android.launcher.permission.READ_SETTINGS in package com.fairphone.fplauncher3
W/PackageManager(13343): Unknown permission com.android.launcher.permission.WRITE_SETTINGS in package com.fairphone.fplauncher3
W/PackageManager(13343): Unknown permission android.permission.ACCESS_SUPERUSER in package com.fairphone.updater
W/PackageManager(13343): Not granting permission android.permission.DEVICE_POWER to package com.android.deskclock (protectionLevel=2 flags=0x48be45)
W/PackageManager(13343): Unknown permission com.google.android.gallery3d.permission.GALLERY_PROVIDER in package com.android.bluetooth
W/WindowStateAnimator(13343): OutOfResourcesException creating surface
I/WindowManager(13343): Out of memory for surface! Looking for leaks...
W/WindowManager(13343): No leaked surfaces; killing applicatons!
W/WindowManager(13343): Due to memory failure, waiting a bit for next layout
E/NetlinkListener(13261): recvmsg failed (I/O error)
E/NetlinkListener( 683): recvmsg failed (I/O error)
E/NetlinkListener(13261): recvmsg failed (I/O error)
E/NetlinkListener( 683): recvmsg failed (I/O error)
E/NetlinkListener(13261): recvmsg failed (I/O error)
E/NetlinkListener( 683): recvmsg failed (I/O error)
F/WindowAnimator(13343): Unhandled exception in Window Manager
F/WindowAnimator(13343): java.lang.NullPointerException: Attempt to invoke virtual method 'void android.view.SurfaceControl.setLayer(int)' on a null object reference
F/WindowAnimator(13343): at com.android.server.wm.FocusedStackFrame.setLayer(FocusedStackFrame.java:140)
F/WindowAnimator(13343): at com.android.server.wm.WindowManagerService.setFocusedStackLayer(WindowManagerService.java:3985)
F/WindowAnimator(13343): at com.android.server.wm.WindowAnimator.animateLocked(WindowAnimator.java:708)
F/WindowAnimator(13343): at com.android.server.wm.WindowAnimator.access$000(WindowAnimator.java:54)
F/WindowAnimator(13343): at com.android.server.wm.WindowAnimator$1.run(WindowAnimator.java:126)
F/WindowAnimator(13343): at android.view.Choreographer$CallbackRecord.run(Choreographer.java:767)
F/WindowAnimator(13343): at android.view.Choreographer.doCallbacks(Choreographer.java:580)
F/WindowAnimator(13343): at android.view.Choreographer.doFrame(Choreographer.java:549)
F/WindowAnimator(13343): at android.view.Choreographer$FrameDisplayEventReceiver.run(Choreographer.java:753)
F/WindowAnimator(13343): at android.os.Handler.handleCallback(Handler.java:739)
F/WindowAnimator(13343): at android.os.Handler.dispatchMessage(Handler.java:95)
F/WindowAnimator(13343): at android.os.Looper.loop(Looper.java:135)
F/WindowAnimator(13343): at android.os.HandlerThread.run(HandlerThread.java:61)
F/WindowAnimator(13343): at com.android.server.ServiceThread.run(ServiceThread.java:46)
F/WindowAnimator(13343): Unhandled exception in Window Manager
F/WindowAnimator(13343): java.lang.NullPointerException: Attempt to invoke virtual method 'void android.view.SurfaceControl.setLayer(int)' on a null object reference
F/WindowAnimator(13343): at com.android.server.wm.FocusedStackFrame.setLayer(FocusedStackFrame.java:140)
F/WindowAnimator(13343): at com.android.server.wm.WindowManagerService.setFocusedStackLayer(WindowManagerService.java:3985)
F/WindowAnimator(13343): at com.android.server.wm.WindowAnimator.animateLocked(WindowAnimator.java:708)
F/WindowAnimator(13343): at com.android.server.wm.WindowAnimator.access$000(WindowAnimator.java:54)
F/WindowAnimator(13343): at com.android.server.wm.WindowAnimator$1.run(WindowAnimator.java:126)
F/WindowAnimator(13343): at android.view.Choreographer$CallbackRecord.run(Choreographer.java:767)
F/WindowAnimator(13343): at android.view.Choreographer.doCallbacks(Choreographer.java:580)
F/WindowAnimator(13343): at android.view.Choreographer.doFrame(Choreographer.java:549)
F/WindowAnimator(13343): at android.view.Choreographer$FrameDisplayEventReceiver.run(Choreographer.java:753)
F/WindowAnimator(13343): at android.os.Handler.handleCallback(Handler.java:739)
F/WindowAnimator(13343): at android.os.Handler.dispatchMessage(Handler.java:95)
F/WindowAnimator(13343): at android.os.Looper.loop(Looper.java:135)
F/WindowAnimator(13343): at android.os.HandlerThread.run(HandlerThread.java:61)
F/WindowAnimator(13343): at com.android.server.ServiceThread.run(ServiceThread.java:46)
E/NetlinkListener(13261): recvmsg failed (I/O error)
E/NetlinkListener( 683): recvmsg failed (I/O error)
E/NetlinkListener(13261): recvmsg failed (I/O error)
E/NetlinkListener( 683): recvmsg failed (I/O error)
E/NetlinkListener(13261): recvmsg failed (I/O error)
E/NetlinkListener( 683): recvmsg failed (I/O error)
E/NetlinkListener(13261): recvmsg failed (I/O error)
E/NetlinkListener( 683): recvmsg failed (I/O error)
E/NetlinkListener( 683): recvmsg failed (I/O error)
E/NetlinkListener(13261): recvmsg failed (I/O error)
E/NetlinkListener(13261): recvmsg failed (I/O error)
E/NetlinkListener( 683): recvmsg failed (I/O error)
E/NetlinkListener(13261): recvmsg failed (I/O error)
E/NetlinkListener( 683): recvmsg failed (I/O error)
E/NetlinkListener( 683): recvmsg failed (I/O error)
E/NetlinkListener(13261): recvmsg failed (I/O error)
E/NetlinkListener(13261): recvmsg failed (I/O error)
E/NetlinkListener( 683): recvmsg failed (I/O error)
E/NetlinkListener(13261): recvmsg failed (I/O error)
E/NetlinkListener( 683): recvmsg failed (I/O error)
E/NetlinkListener(13261): recvmsg failed (I/O error)
E/NetlinkListener( 683): recvmsg failed (I/O error)
E/NetlinkListener(13261): recvmsg failed (I/O error)
E/NetlinkListener( 683): recvmsg failed (I/O error)
E/NetlinkListener( 683): recvmsg failed (I/O error)
E/NetlinkListener(13261): recvmsg failed (I/O error)
E/NetlinkListener(13261): recvmsg failed (I/O error)
E/NetlinkListener( 683): recvmsg failed (I/O error)
E/NetlinkListener(13261): recvmsg failed (I/O error)
E/NetlinkListener( 683): recvmsg failed (I/O error)
E/NetlinkListener(13261): recvmsg failed (I/O error)
E/NetlinkListener( 683): recvmsg failed (I/O error)
E/NetlinkListener( 683): recvmsg failed (I/O error)
E/NetlinkListener(13261): recvmsg failed (I/O error)
E/NetlinkListener( 683): recvmsg failed (I/O error)
E/NetlinkListener(13261): recvmsg failed (I/O error)
E/NetlinkListener(13261): recvmsg failed (I/O error)
E/NetlinkListener( 683): recvmsg failed (I/O error)
E/NetlinkListener(13261): recvmsg failed (I/O error)
E/NetlinkListener( 683): recvmsg failed (I/O error)
E/NetlinkListener(13261): recvmsg failed (I/O error)
E/NetlinkListener( 683): recvmsg failed (I/O error)
E/NetlinkListener(13261): recvmsg failed (I/O error)
E/NetlinkListener( 683): recvmsg failed (I/O error)
E/NetlinkListener(13261): recvmsg failed (I/O error)
E/NetlinkListener( 683): recvmsg failed (I/O error)
E/NetlinkListener(13261): recvmsg failed (I/O error)
E/NetlinkListener( 683): recvmsg failed (I/O error)
E/NetlinkListener( 683): recvmsg failed (I/O error)
E/NetlinkListener(13261): recvmsg failed (I/O error)
E/NetlinkListener(13261): recvmsg failed (I/O error)
E/NetlinkListener( 683): recvmsg failed (I/O error)
E/NetlinkListener(13261): recvmsg failed (I/O error)
E/NetlinkListener( 683): recvmsg failed (I/O error)
E/NetlinkListener(13261): recvmsg failed (I/O error)
E/NetlinkListener( 683): recvmsg failed (I/O error)
E/NetlinkListener( 683): recvmsg failed (I/O error)
E/NetlinkListener(13261): recvmsg failed (I/O error)
E/NetlinkListener(13261): recvmsg failed (I/O error)
E/NetlinkListener( 683): recvmsg failed (I/O error)
E/NetlinkListener( 683): recvmsg failed (I/O error)
E/NetlinkListener(13261): recvmsg failed (I/O error)
E/NetlinkListener(13261): recvmsg failed (I/O error)
E/NetlinkListener( 683): recvmsg failed (I/O error)
E/NetlinkListener(13261): recvmsg failed (I/O error)
E/NetlinkListener( 683): recvmsg failed (I/O error)
E/NetlinkListener(13261): recvmsg failed (I/O error)
E/NetlinkListener( 683): recvmsg failed (I/O error)
E/NetlinkListener(13261): recvmsg failed (I/O error)
E/NetlinkListener( 683): recvmsg failed (I/O error)
E/NetlinkListener(13261): recvmsg failed (I/O error)
E/NetlinkListener( 683): recvmsg failed (I/O error)
E/NetlinkListener(13261): recvmsg failed (I/O error)
E/NetlinkListener( 683): recvmsg failed (I/O error)
E/NetlinkListener(13261): recvmsg failed (I/O error)
E/NetlinkListener( 683): recvmsg failed (I/O error)
E/NetlinkListener(13261): recvmsg failed (I/O error)
E/NetlinkListener( 683): recvmsg failed (I/O error)
E/NetlinkListener(13261): recvmsg failed (I/O error)
E/NetlinkListener( 683): recvmsg failed (I/O error)
E/NetlinkListener( 683): recvmsg failed (I/O error)
E/NetlinkListener(13261): recvmsg failed (I/O error)
E/NetlinkListener( 683): recvmsg failed (I/O error)
E/NetlinkListener(13261): recvmsg failed (I/O error)
E/NetlinkListener(13261): recvmsg failed (I/O error)
E/NetlinkListener( 683): recvmsg failed (I/O error)
E/NetlinkListener(13261): recvmsg failed (I/O error)
E/NetlinkListener( 683): recvmsg failed (I/O error)
E/NetlinkListener( 683): recvmsg failed (I/O error)
E/NetlinkListener(13261): recvmsg failed (I/O error)
E/NetlinkListener(13261): recvmsg failed (I/O error)
E/NetlinkListener( 683): recvmsg failed (I/O error)
E/NetlinkListener( 683): recvmsg failed (I/O error)
E/NetlinkListener(13261): recvmsg failed (I/O error)
E/NetlinkListener(13261): recvmsg failed (I/O error)
E/NetlinkListener( 683): recvmsg failed (I/O error)
E/NetlinkListener(13261): recvmsg failed (I/O error)
E/NetlinkListener( 683): recvmsg failed (I/O error)
E/NetlinkListener(13261): recvmsg failed (I/O error)
E/NetlinkListener( 683): recvmsg failed (I/O error)
E/NetlinkListener(13261): recvmsg failed (I/O error)
E/NetlinkListener( 683): recvmsg failed (I/O error)
E/NetlinkListener(13261): recvmsg failed (I/O error)
E/NetlinkListener( 683): recvmsg failed (I/O error)
E/NetlinkListener(13261): recvmsg failed (I/O error)
E/NetlinkListener( 683): recvmsg failed (I/O error)
E/NetlinkListener(13261): recvmsg failed (I/O error)
E/NetlinkListener( 683): recvmsg failed (I/O error)
E/NetlinkListener(13261): recvmsg failed (I/O error)
E/NetlinkListener( 683): recvmsg failed (I/O error)
E/NetlinkListener(13261): recvmsg failed (I/O error)
E/NetlinkListener( 683): recvmsg failed (I/O error)
E/NetlinkListener(13261): recvmsg failed (I/O error)
E/NetlinkListener( 683): recvmsg failed (I/O error)
E/NetlinkListener(13261): recvmsg failed (I/O error)
E/NetlinkListener( 683): recvmsg failed (I/O error)
E/NetlinkListener(13261): recvmsg failed (I/O error)
E/NetlinkListener( 683): recvmsg failed (I/O error)
E/NetlinkListener(13261): recvmsg failed (I/O error)
E/NetlinkListener( 683): recvmsg failed (I/O error)
E/NetlinkListener( 683): recvmsg failed (I/O error)
E/NetlinkListener(13261): recvmsg failed (I/O error)
E/NetlinkListener(13261): recvmsg failed (I/O error)
E/NetlinkListener( 683): recvmsg failed (I/O error)
E/NetlinkListener(13261): recvmsg failed (I/O error)
E/NetlinkListener( 683): recvmsg failed (I/O error)
E/NetlinkListener(13261): recvmsg failed (I/O error)
E/NetlinkListener( 683): recvmsg failed (I/O error)
E/NetlinkListener(13261): recvmsg failed (I/O error)
E/NetlinkListener( 683): recvmsg failed (I/O error)
E/NetlinkListener(13261): recvmsg failed (I/O error)
E/NetlinkListener( 683): recvmsg failed (I/O error)
E/NetlinkListener(13261): recvmsg failed (I/O error)
E/NetlinkListener( 683): recvmsg failed (I/O error)
E/NetlinkListener(13261): recvmsg failed (I/O error)
E/NetlinkListener( 683): recvmsg failed (I/O error)
E/NetlinkListener(13261): recvmsg failed (I/O error)
E/NetlinkListener( 683): recvmsg failed (I/O error)
E/NetlinkListener(13261): recvmsg failed (I/O error)
E/NetlinkListener( 683): recvmsg failed (I/O error)
E/NetlinkListener(13261): recvmsg failed (I/O error)
E/NetlinkListener( 683): recvmsg failed (I/O error)
E/NetlinkListener( 683): recvmsg failed (I/O error)
E/NetlinkListener(13261): recvmsg failed (I/O error)
E/NetlinkListener(13261): recvmsg failed (I/O error)
E/NetlinkListener( 683): recvmsg failed (I/O error)
E/NetlinkListener(13261): recvmsg failed (I/O error)
E/NetlinkListener( 683): recvmsg failed (I/O error)
E/NetlinkListener(13261): recvmsg failed (I/O error)
E/NetlinkListener( 683): recvmsg failed (I/O error)
E/NetlinkListener( 683): recvmsg failed (I/O error)
E/NetlinkListener(13261): recvmsg failed (I/O error)
E/NetlinkListener(13261): recvmsg failed (I/O error)
E/NetlinkListener( 683): recvmsg failed (I/O error)
E/NetlinkListener(13261): recvmsg failed (I/O error)
E/NetlinkListener( 683): recvmsg failed (I/O error)
E/NetlinkListener(13261): recvmsg failed (I/O error)
E/NetlinkListener( 683): recvmsg failed (I/O error)
E/NetlinkListener(13261): recvmsg failed (I/O error)
E/NetlinkListener( 683): recvmsg failed (I/O error)
E/NetlinkListener( 683): recvmsg failed (I/O error)
E/NetlinkListener(13261): recvmsg failed (I/O error)
E/NetlinkListener(13261): recvmsg failed (I/O error)
E/NetlinkListener( 683): recvmsg failed (I/O error)
E/NetlinkListener(13261): recvmsg failed (I/O error)
E/NetlinkListener( 683): recvmsg failed (I/O error)
E/NetlinkListener(13261): recvmsg failed (I/O error)
E/NetlinkListener( 683): recvmsg failed (I/O error)
E/NetlinkListener(13261): recvmsg failed (I/O error)
E/NetlinkListener( 683): recvmsg failed (I/O error)
E/NetlinkListener(13261): recvmsg failed (I/O error)
E/NetlinkListener( 683): recvmsg failed (I/O error)
E/NetlinkListener(13261): recvmsg failed (I/O error)
E/NetlinkListener( 683): recvmsg failed (I/O error)
E/NetlinkListener(13261): recvmsg failed (I/O error)
E/NetlinkListener( 683): recvmsg failed (I/O error)
E/NetlinkListener(13261): recvmsg failed (I/O error)
E/NetlinkListener( 683): recvmsg failed (I/O error)
E/NetlinkListener(13261): recvmsg failed (I/O error)
E/NetlinkListener( 683): recvmsg failed (I/O error)
E/NetlinkListener( 683): recvmsg failed (I/O error)
E/NetlinkListener(13261): recvmsg failed (I/O error)
E/NetlinkListener( 683): recvmsg failed (I/O error)
E/NetlinkListener(13261): recvmsg failed (I/O error)
E/NetlinkListener( 683): recvmsg failed (I/O error)
E/NetlinkListener(13261): recvmsg failed (I/O error)
E/NetlinkListener(13261): recvmsg failed (I/O error)
E/NetlinkListener( 683): recvmsg failed (I/O error)
E/NetlinkListener(13261): recvmsg failed (I/O error)
E/NetlinkListener( 683): recvmsg failed (I/O error)
E/NetlinkListener( 683): recvmsg failed (I/O error)
E/NetlinkListener(13261): recvmsg failed (I/O error)
E/NetlinkListener( 683): recvmsg failed (I/O error)
E/NetlinkListener(13261): recvmsg failed (I/O error)
E/NetlinkListener(13261): recvmsg failed (I/O error)
E/NetlinkListener( 683): recvmsg failed (I/O error)
E/NetlinkListener(13261): recvmsg failed (I/O error)
E/NetlinkListener( 683): recvmsg failed (I/O error)
E/NetlinkListener(13261): recvmsg failed (I/O error)
E/NetlinkListener( 683): recvmsg failed (I/O error)
E/NetlinkListener(13261): recvmsg failed (I/O error)
E/NetlinkListener( 683): recvmsg failed (I/O error)
E/NetlinkListener(13261): recvmsg failed (I/O error)
E/NetlinkListener( 683): recvmsg failed (I/O error)
E/NetlinkListener(13261): recvmsg failed (I/O error)
E/NetlinkListener( 683): recvmsg failed (I/O error)
E/NetlinkListener(13261): recvmsg failed (I/O error)
E/NetlinkListener( 683): recvmsg failed (I/O error)
E/NetlinkListener( 683): recvmsg failed (I/O error)
E/NetlinkListener(13261): recvmsg failed (I/O error)
E/NetlinkListener(13261): recvmsg failed (I/O error)
E/NetlinkListener( 683): recvmsg failed (I/O error)
E/NetlinkListener(13261): recvmsg failed (I/O error)
E/NetlinkListener( 683): recvmsg failed (I/O error)
E/NetlinkListener(13261): recvmsg failed (I/O error)
E/NetlinkListener( 683): recvmsg failed (I/O error)
E/NetlinkListener( 683): recvmsg failed (I/O error)
E/NetlinkListener(13261): recvmsg failed (I/O error)
E/NetlinkListener(13261): recvmsg failed (I/O error)
E/NetlinkListener( 683): recvmsg failed (I/O error)
E/NetlinkListener( 683): recvmsg failed (I/O error)
E/NetlinkListener(13261): recvmsg failed (I/O error)
E/NetlinkListener( 683): recvmsg failed (I/O error)
E/NetlinkListener(13261): recvmsg failed (I/O error)
E/NetlinkListener(13261): recvmsg failed (I/O error)
E/NetlinkListener( 683): recvmsg failed (I/O error)
E/NetlinkListener(13261): recvmsg failed (I/O error)
E/NetlinkListener( 683): recvmsg failed (I/O error)
E/NetlinkListener(13261): recvmsg failed (I/O error)
E/NetlinkListener( 683): recvmsg failed (I/O error)
E/NetlinkListener(13261): recvmsg failed (I/O error)
E/NetlinkListener( 683): recvmsg failed (I/O error)
E/NetlinkListener(13261): recvmsg failed (I/O error)
E/NetlinkListener( 683): recvmsg failed (I/O error)
E/NetlinkListener( 683): recvmsg failed (I/O error)
E/NetlinkListener(13261): recvmsg failed (I/O error)
E/NetlinkListener( 683): recvmsg failed (I/O error)
E/NetlinkListener(13261): recvmsg failed (I/O error)
E/NetlinkListener(13261): recvmsg failed (I/O error)
E/NetlinkListener( 683): recvmsg failed (I/O error)
E/NetlinkListener(13261): recvmsg failed (I/O error)
E/NetlinkListener( 683): recvmsg failed (I/O error)
E/NetlinkListener( 683): recvmsg failed (I/O error)
E/NetlinkListener(13261): recvmsg failed (I/O error)
E/NetlinkListener( 683): recvmsg failed (I/O error)
E/NetlinkListener(13261): recvmsg failed (I/O error)
E/NetlinkListener( 683): recvmsg failed (I/O error)
E/NetlinkListener(13261): recvmsg failed (I/O error)
E/NetlinkListener(13261): recvmsg failed (I/O error)
E/NetlinkListener( 683): recvmsg failed (I/O error)
E/NetlinkListener(13261): recvmsg failed (I/O error)
E/NetlinkListener( 683): recvmsg failed (I/O error)
I/SystemServer(13343): LockSettingsService
I/SystemServiceManager(13343): Starting com.android.server.devicepolicy.DevicePolicyManagerService$Lifecycle
I/SystemServer(13343): Status Bar
I/SystemServer(13343): Clipboard Service
I/SystemServer(13343): Text Service Manager Service
I/SystemServer(13343): Network Score Service
I/SystemServer(13343): NetworkStats Service
I/SystemServer(13343): NetworkPolicy Service
E/NetlinkListener( 683): recvmsg failed (I/O error)
E/NetlinkListener(13261): recvmsg failed (I/O error)
I/SystemServiceManager(13343): Starting com.android.server.wifi.p2p.WifiP2pService
I/SystemServiceManager(13343): Starting com.android.server.wifi.WifiService
E/NetlinkListener(13261): recvmsg failed (I/O error)
E/NetlinkListener( 683): recvmsg failed (I/O error)
I/SystemServiceManager(13343): Starting com.android.server.wifi.WifiScanningService
I/SystemServiceManager(13343): Starting com.android.server.wifi.RttService
I/SystemServer(13343): Connectivity Service
D/ConnectivityService(13343): ConnectivityService starting up
D/ConnectivityService(13343): wifiOnly=true
D/ConnectivityService(13343): networkAttributes - ignoring mobile as this dev is wifiOnly 0
D/ConnectivityService(13343): networkAttributes - ignoring mobile as this dev is wifiOnly 2
D/ConnectivityService(13343): networkAttributes - ignoring mobile as this dev is wifiOnly 3
D/ConnectivityService(13343): networkAttributes - ignoring mobile as this dev is wifiOnly 4
D/ConnectivityService(13343): networkAttributes - ignoring mobile as this dev is wifiOnly 5
D/ConnectivityService(13343): networkAttributes - ignoring mobile as this dev is wifiOnly 10
D/ConnectivityService(13343): networkAttributes - ignoring mobile as this dev is wifiOnly 11
D/ConnectivityService(13343): networkAttributes - ignoring mobile as this dev is wifiOnly 12
E/ConnectivityService(13343): Ignoring protectedNetwork 10
E/ConnectivityService(13343): Ignoring protectedNetwork 11
E/ConnectivityService(13343): Ignoring protectedNetwork 12
E/ConnectivityService(13343): Ignoring protectedNetwork 14
E/ConnectivityService(13343): Ignoring protectedNetwork 15
I/SystemServer(13343): Network Service Discovery Service
D/NsdService(13343): Network service discovery enabled true
I/SystemServer(13343): DPM Service
I/SystemServer(13343): DPM configuration set to 0
I/SystemServer(13343): UpdateLock Service
I/SystemServiceManager(13343): Starting com.android.server.notification.NotificationManagerService
D/ZenLog (13343): set_zen_mode: off,setting
I/SystemServiceManager(13343): Starting com.android.server.storage.DeviceStorageMonitorService
I/SystemServer(13343): Location Manager
I/SystemServer(13343): Country Detector
I/SystemServer(13343): Search Service
I/SystemServer(13343): DropBox Service
I/SystemServer(13343): Wallpaper Service
I/SystemServer(13343): Audio Service
I/SystemServiceManager(13343): Starting com.android.server.DockObserver
W/DockObserver(13343): This kernel does not have dock station support
I/SystemServer(13343): Wired Accessory Manager
W/WiredAccessoryManager(13343): This kernel does not have usb audio support
W/WiredAccessoryManager(13343): This kernel does not have HDMI audio support
I/SystemServer(13343): Serial Service
I/SystemServiceManager(13343): Starting com.android.server.twilight.TwilightService
I/SystemServiceManager(13343): Starting com.android.server.UiModeManagerService
I/SystemServiceManager(13343): Starting com.android.server.job.JobSchedulerService
D/WifiService(13343): New client listening to asynchronous messages
D/ConnectivityService(13343): registerNetworkAgent NetworkAgentInfo{ ni{[type: WIFI[], state: UNKNOWN/IDLE, reason: (unspecified), extra: (none), roaming: false, failover: false, isAvailable: true, isConnectedToProvisioningNetwork: false]} network{null} lp{{InterfaceName: wlan0 LinkAddresses: [192.168.1.59/24,] Routes: [0.0.0.0/0 -> 192.168.1.1 wlan0,] DnsAddresses: [195.197.54.100,192.168.1.1,] Domains: null MTU: 1500}} nc{[ Transports: WIFI Capabilities: INTERNET&NOT_RESTRICTED&TRUSTED&NOT_VPN LinkUpBandwidth>=1048576Kbps LinkDnBandwidth>=1048576Kbps]} Score{20} everValidated{false} lastValidated{false} created{false} explicitlySelected{false} }
D/ConnectivityService(13343): NetworkAgentInfo [WIFI () - 100] EVENT_NETWORK_INFO_CHANGED, going from null to UNKNOWN
D/ConnectivityService(13343): NetworkAgentInfo [WIFI () - 100] EVENT_NETWORK_INFO_CHANGED, going from UNKNOWN to CONNECTED
D/ConnectivityService(13343): notifyType IP_CHANGED for NetworkAgentInfo [WIFI () - 100]
D/ConnectivityService(13343): notifyType PRECHECK for NetworkAgentInfo [WIFI () - 100]
I/SystemServiceManager(13343): Starting com.android.server.backup.BackupManagerService$Lifecycle
D/ConnectivityService(13343): rematching NetworkAgentInfo [WIFI () - 100]
D/ConnectivityService(13343): accepting network in place of null
D/ConnectivityService(13343): Switching to new default network: NetworkAgentInfo{ ni{[type: WIFI[], state: CONNECTED/CONNECTED, reason: (unspecified), extra: "marsu", roaming: false, failover: false, isAvailable: true, isConnectedToProvisioningNetwork: false]} network{100} lp{{InterfaceName: wlan0 LinkAddresses: [192.168.1.59/24,] Routes: [0.0.0.0/0 -> 192.168.1.1 wlan0,] DnsAddresses: [195.197.54.100,192.168.1.1,] Domains: null MTU: 1500}} nc{[ Transports: WIFI Capabilities: INTERNET&NOT_RESTRICTED&TRUSTED&NOT_VPN LinkUpBandwidth>=1048576Kbps LinkDnBandwidth>=1048576Kbps]} Score{100} everValidated{false} lastValidated{false} created{true} explicitlySelected{true} }
D/ConnectivityService(13343): Invalid tcpBufferSizes string: null, using defaults
D/ConnectivityService(13343): Setting tx/rx TCP buffers to 4096,87380,110208,4096,16384,110208
I/SystemServiceManager(13343): Starting com.android.server.appwidget.AppWidgetService
I/SystemServiceManager(13343): Starting com.android.server.voiceinteraction.VoiceInteractionManagerService
W/SoundTriggerHelper(13343): listModules status=0, # of modules=0
I/SystemServer(13343): DiskStats Service
I/SystemServer(13343): SamplingProfiler Service
D/ConnectivityService(13343): notifyType AVAILABLE for NetworkAgentInfo [WIFI () - 100]
D/CSLegacyTypeTracker(13343): Sending connected broadcast for type 1 NetworkAgentInfo [WIFI () - 100] isDefaultNetwork=true
D/ConnectivityService(13343): sendStickyBroadcast: action=android.net.conn.CONNECTIVITY_CHANGE_IMMEDIATE
D/ConnectivityService(13343): sendStickyBroadcast: action=android.net.conn.CONNECTIVITY_CHANGE
D/ConnectivityService(13343): setProvNotificationVisibleIntent: E visible=false networkType=0 extraInfo=null
D/ConnectivityService(13343): Validated NetworkAgentInfo [WIFI () - 100]
D/ConnectivityService(13343): rematching NetworkAgentInfo [WIFI () - 100]
D/ConnectivityService(13343): Network NetworkAgentInfo [WIFI () - 100] was already satisfying request 1. No change.
D/ConnectivityService(13343): notifyType AVAILABLE for NetworkAgentInfo [WIFI () - 100]
D/ConnectivityService(13343): sendStickyBroadcast: action=android.net.conn.INET_CONDITION_ACTION
I/SystemServer(13343): NetworkTimeUpdateService
I/SystemServer(13343): CommonTimeManagementService
I/SystemServer(13343): CertBlacklister
I/SystemServiceManager(13343): Starting com.android.server.dreams.DreamManagerService
I/SystemServer(13343): Assets Atlas Service
I/SystemServiceManager(13343): Starting com.android.server.print.PrintManagerService
I/SystemServiceManager(13343): Starting com.android.server.restrictions.RestrictionsManagerService
I/SystemServiceManager(13343): Starting com.android.server.media.MediaSessionService
I/SystemServer(13343): Media Router Service
I/SystemServiceManager(13343): Starting com.android.server.trust.TrustManagerService
I/SystemServiceManager(13343): Starting com.android.server.fingerprint.FingerprintService
I/SystemServer(13343): BackgroundDexOptService
I/SystemServiceManager(13343): Starting com.android.server.pm.LauncherAppsService
D/SystemServer(13343): Wipower not supported
I/SystemServer(13343): Digital Pen Service
I/SystemServer(13343): Successfully loaded DigitalPenService class
I/SystemServiceManager(13343): Starting com.android.server.media.projection.MediaProjectionManagerService
I/SystemServer(13343): PrivacyImpactService
I/SystemServiceManager(13343): Starting com.android.server.MmsServiceBroker
E/LockSettingsStorage(13343): Cannot read file java.io.FileNotFoundException: /data/system/password.key: open failed: ENOENT (No such file or directory)
E/LockSettingsStorage(13343): Cannot read file java.io.FileNotFoundException: /data/system/gesture.key: open failed: ENOENT (No such file or directory)
I/SystemServiceManager(13343): Starting phase 480
I/SystemServiceManager(13343): Starting phase 500
I/WifiService(13343): WifiService starting up with Wi-Fi enabled
D/WifiService(13343): setWifiEnabled: true pid=13343, uid=1000
E/WifiService(13343): Invoking mWifiStateMachine.setWifiEnabled
D/WifiScanningService(13343): New client, channel: null messenger: null
I/ActivityManager(13343): Config changes=200 {1.0 ?mcc?mnc en_US ?layoutDir sw360dp w360dp h567dp 480dpi nrml port -touch -keyb/v/h -nav/h s.4}
V/BackupManagerService(13343): No ancestral data
D/BackupManagerService(13343): Now staging backup of com.android.browser
F/WindowAnimator(13343): Unhandled exception in Window Manager
F/WindowAnimator(13343): java.lang.NullPointerException: Attempt to invoke virtual method 'void android.view.SurfaceControl.setLayer(int)' on a null object reference
F/WindowAnimator(13343): at com.android.server.wm.FocusedStackFrame.setLayer(FocusedStackFrame.java:140)
F/WindowAnimator(13343): at com.android.server.wm.WindowManagerService.setFocusedStackLayer(WindowManagerService.java:3985)
F/WindowAnimator(13343): at com.android.server.wm.WindowAnimator.animateLocked(WindowAnimator.java:708)
F/WindowAnimator(13343): at com.android.server.wm.WindowAnimator.access$000(WindowAnimator.java:54)
F/WindowAnimator(13343): at com.android.server.wm.WindowAnimator$1.run(WindowAnimator.java:126)
F/WindowAnimator(13343): at android.view.Choreographer$CallbackRecord.run(Choreographer.java:767)
F/WindowAnimator(13343): at android.view.Choreographer.doCallbacks(Choreographer.java:580)
F/WindowAnimator(13343): at android.view.Choreographer.doFrame(Choreographer.java:549)
F/WindowAnimator(13343): at android.view.Choreographer$FrameDisplayEventReceiver.run(Choreographer.java:753)
F/WindowAnimator(13343): at android.os.Handler.handleCallback(Handler.java:739)
F/WindowAnimator(13343): at android.os.Handler.dispatchMessage(Handler.java:95)
F/WindowAnimator(13343): at android.os.Looper.loop(Looper.java:135)
F/WindowAnimator(13343): at android.os.HandlerThread.run(HandlerThread.java:61)
F/WindowAnimator(13343): at com.android.server.ServiceThread.run(ServiceThread.java:46)
D/BackupManagerService(13343): Now staging backup of android
D/BackupManagerService(13343): Now staging backup of com.android.mms
D/BackupManagerService(13343): Now staging backup of com.android.calendar
D/BackupManagerService(13343): Now staging backup of com.android.providers.settings
D/BackupManagerService(13343): Now staging backup of com.android.sharedstoragebackup
D/BackupManagerService(13343): Now staging backup of com.android.dialer
D/BackupManagerService(13343): Now staging backup of com.qti.backupagent
D/BackupManagerService(13343): Now staging backup of com.android.providers.userdictionary
V/BackupManagerService(13343): Starting with transport android/com.android.internal.backup.LocalTransport
V/BackupManagerService(13343): Found transports: 1
I/BackupManagerService(13343): Binding to transport host ComponentInfo{android/com.android.internal.backup.LocalTransportService}
I/BackupManagerService(13343): Found stale backup journal, scheduling
W/DisplayPowerController(13343): config_screenBrightnessDark (10) should be less than or equal to the first value of config_autoBrightnessLcdBacklightValues (3).
F/WindowAnimator(13343): Unhandled exception in Window Manager
F/WindowAnimator(13343): java.lang.NullPointerException: Attempt to invoke virtual method 'void android.view.SurfaceControl.setLayer(int)' on a null object reference
F/WindowAnimator(13343): at com.android.server.wm.FocusedStackFrame.setLayer(FocusedStackFrame.java:140)
F/WindowAnimator(13343): at com.android.server.wm.WindowManagerService.setFocusedStackLayer(WindowManagerService.java:3985)
F/WindowAnimator(13343): at com.android.server.wm.WindowAnimator.animateLocked(WindowAnimator.java:708)
F/WindowAnimator(13343): at com.android.server.wm.WindowAnimator.access$000(WindowAnimator.java:54)
F/WindowAnimator(13343): at com.android.server.wm.WindowAnimator$1.run(WindowAnimator.java:126)
F/WindowAnimator(13343): at android.view.Choreographer$CallbackRecord.run(Choreographer.java:767)
F/WindowAnimator(13343): at android.view.Choreographer.doCallbacks(Choreographer.java:580)
F/WindowAnimator(13343): at android.view.Choreographer.doFrame(Choreographer.java:549)
F/WindowAnimator(13343): at android.view.Choreographer$FrameDisplayEventReceiver.run(Choreographer.java:753)
F/WindowAnimator(13343): at android.os.Handler.handleCallback(Handler.java:739)
F/WindowAnimator(13343): at android.os.Handler.dispatchMessage(Handler.java:95)
F/WindowAnimator(13343): at android.os.Looper.loop(Looper.java:135)
F/WindowAnimator(13343): at android.os.HandlerThread.run(HandlerThread.java:61)
F/WindowAnimator(13343): at com.android.server.ServiceThread.run(ServiceThread.java:46)
I/ActivityManager(13343): System now ready
I/SystemServer(13343): Making services ready
I/SystemServiceManager(13343): Starting phase 550
I/SystemServer(13343): WebViewFactory preparation
I/DigitalPenOffScreenDisplayAdapter(13343): mInfo is null, getting a new one
I/DisplayManagerService(13343): Display device added: DisplayDeviceInfo{"Digital Pen off-screen display": uniqueId="null", 480 x 640, 60.0 fps, supportedRefreshRates [], density 160, 160.0 x 160.0 dpi, appVsyncOff 0, presDeadline 0, touch EXTERNAL, rotation 0, type BUILT_IN, state ON, FLAG_ROTATES_WITH_CONTENT}
E/libprocessgroup(15058): failed to open /acct/uid_1037/pid_15058/cgroup.procs: No such file or directory
I/ActivityManager(13343): Start proc 15058:WebViewLoader-armeabi-v7a/1037 [android.webkit.WebViewFactory$RelroFileCreator] for
F/WindowManager(13343): Unhandled exception in Window Manager
F/WindowManager(13343): java.lang.IllegalArgumentException: displayToken must not be null
F/WindowManager(13343): at android.view.SurfaceControl.setDisplayLayerStack(SurfaceControl.java:588)
F/WindowManager(13343): at com.android.server.display.DisplayDevice.setLayerStackInTransactionLocked(DisplayDevice.java:140)
F/WindowManager(13343): at com.android.server.display.LogicalDisplay.configureDisplayInTransactionLocked(LogicalDisplay.java:262)
F/WindowManager(13343): at com.android.server.display.DisplayManagerService.configureDisplayInTransactionLocked(DisplayManagerService.java:884)
F/WindowManager(13343): at com.android.server.display.DisplayManagerService.performTraversalInTransactionLocked(DisplayManagerService.java:806)
F/WindowManager(13343): at com.android.server.display.DisplayManagerService.performTraversalInTransactionFromWindowManagerInternal(DisplayManagerService.java:317)
F/WindowManager(13343): at com.android.server.display.DisplayManagerService.access$4200(DisplayManagerService.java:112)
F/WindowManager(13343): at com.android.server.display.DisplayManagerService$LocalService.performTraversalInTransactionFromWindowManager(DisplayManagerService.java:1539)
F/WindowManager(13343): at com.android.server.wm.WindowManagerService.performLayoutAndPlaceSurfacesLockedInner(WindowManagerService.java:9960)
F/WindowManager(13343): at com.android.server.wm.WindowManagerService.performLayoutAndPlaceSurfacesLockedLoop(WindowManagerService.java:8828)
F/WindowManager(13343): at com.android.server.wm.WindowManagerService.performLayoutAndPlaceSurfacesLocked(WindowManagerService.java:8770)
F/WindowManager(13343): at com.android.server.wm.WindowManagerService.access$400(WindowManagerService.java:163)
F/WindowManager(13343): at com.android.server.wm.WindowManagerService$H.handleMessage(WindowManagerService.java:7736)
F/WindowManager(13343): at android.os.Handler.dispatchMessage(Handler.java:102)
F/WindowManager(13343): at android.os.Looper.loop(Looper.java:135)
F/WindowManager(13343): at android.os.HandlerThread.run(HandlerThread.java:61)
F/WindowManager(13343): at com.android.server.ServiceThread.run(ServiceThread.java:46)
F/WindowAnimator(13343): Unhandled exception in Window Manager
F/WindowAnimator(13343): java.lang.NullPointerException: Attempt to invoke virtual method 'void android.view.SurfaceControl.setLayer(int)' on a null object reference
F/WindowAnimator(13343): at com.android.server.wm.FocusedStackFrame.setLayer(FocusedStackFrame.java:140)
F/WindowAnimator(13343): at com.android.server.wm.WindowManagerService.setFocusedStackLayer(WindowManagerService.java:3985)
F/WindowAnimator(13343): at com.android.server.wm.WindowAnimator.animateLocked(WindowAnimator.java:708)
F/WindowAnimator(13343): at com.android.server.wm.WindowAnimator.access$000(WindowAnimator.java:54)
F/WindowAnimator(13343): at com.android.server.wm.WindowAnimator$1.run(WindowAnimator.java:126)
F/WindowAnimator(13343): at android.view.Choreographer$CallbackRecord.run(Choreographer.java:767)
F/WindowAnimator(13343): at android.view.Choreographer.doCallbacks(Choreographer.java:580)
F/WindowAnimator(13343): at android.view.Choreographer.doFrame(Choreographer.java:549)
F/WindowAnimator(13343): at android.view.Choreographer$FrameDisplayEventReceiver.run(Choreographer.java:753)
F/WindowAnimator(13343): at android.os.Handler.handleCallback(Handler.java:739)
F/WindowAnimator(13343): at android.os.Handler.dispatchMessage(Handler.java:95)
F/WindowAnimator(13343): at android.os.Looper.loop(Looper.java:135)
F/WindowAnimator(13343): at android.os.HandlerThread.run(HandlerThread.java:61)
F/WindowAnimator(13343): at com.android.server.ServiceThread.run(ServiceThread.java:46)
E/libprocessgroup(15076): failed to open /acct/uid_10019/pid_15076/cgroup.procs: No such file or directory
I/ActivityManager(13343): Start proc 15076:com.android.systemui/u0a19 for service com.android.systemui/.SystemUIService
W/NetworkStats(13343): bandwidth controls disabled, unable to track stats
W/NetworkPolicy(13343): bandwidth controls disabled, unable to enforce policy
W/SystemServer(13343): ***********************************************
F/SystemServer(13343): BOOT FAILURE making Connectivity Service ready
F/SystemServer(13343): java.lang.NullPointerException: Attempt to invoke interface method 'int android.security.IKeystoreService.exist(java.lang.String, int)' on a null object reference
F/SystemServer(13343): at android.security.KeyStore.contains(KeyStore.java:137)
F/SystemServer(13343): at android.security.KeyStore.contains(KeyStore.java:145)
F/SystemServer(13343): at com.android.server.net.LockdownVpnTracker.isEnabled(LockdownVpnTracker.java:88)
F/SystemServer(13343): at com.android.server.ConnectivityService.updateLockdownVpn(ConnectivityService.java:3129)
F/SystemServer(13343): at com.android.server.ConnectivityService.systemReady(ConnectivityService.java:1629)
F/SystemServer(13343): at com.android.server.SystemServer$2.run(SystemServer.java:1181)
F/SystemServer(13343): at com.android.server.am.ActivityManagerService.systemReady(ActivityManagerService.java:11334)
F/SystemServer(13343): at com.android.server.SystemServer.startOtherServices(SystemServer.java:1134)
F/SystemServer(13343): at com.android.server.SystemServer.run(SystemServer.java:265)
F/SystemServer(13343): at com.android.server.SystemServer.main(SystemServer.java:179)
F/SystemServer(13343): at java.lang.reflect.Method.invoke(Native Method)
F/SystemServer(13343): at java.lang.reflect.Method.invoke(Method.java:372)
