E/AndroidRuntime( 8052): at android.os.Parcel.readException(Parcel.java:1546)
E/AndroidRuntime( 8052): at android.database.DatabaseUtils.readExceptionFromParcel(DatabaseUtils.java:185)
E/AndroidRuntime( 8052): at android.database.DatabaseUtils.readExceptionFromParcel(DatabaseUtils.java:137)
E/AndroidRuntime( 8052): at android.content.ContentProviderProxy.query(ContentProviderNative.java:421)
E/AndroidRuntime( 8052): at android.content.ContentResolver.query(ContentResolver.java:478)
E/AndroidRuntime( 8052): at android.content.ContentResolver.query(ContentResolver.java:422)
E/AndroidRuntime( 8052): at com.android.inputmethod.latin.ContactsBinaryDictionary.loadDictionaryForUriLocked(ContactsBinaryDictionary.java:148)
E/AndroidRuntime( 8052): at com.android.inputmethod.latin.ContactsBinaryDictionary.loadInitialContentsLocked(ContactsBinaryDictionary.java:123)
E/AndroidRuntime( 8052): at com.android.inputmethod.latin.ExpandableBinaryDictionary.createNewDictionaryLocked(ExpandableBinaryDictionary.java:562)
E/AndroidRuntime( 8052): at com.android.inputmethod.latin.ExpandableBinaryDictionary.access$700(ExpandableBinaryDictionary.java:53)
E/AndroidRuntime( 8052): at com.android.inputmethod.latin.ExpandableBinaryDictionary$12.run(ExpandableBinaryDictionary.java:605)
E/AndroidRuntime( 8052): at com.android.inputmethod.latin.ExpandableBinaryDictionary$1.run(ExpandableBinaryDictionary.java:194)
E/AndroidRuntime( 8052): at java.util.concurrent.ThreadPoolExecutor.runWorker(ThreadPoolExecutor.java:1112)
E/AndroidRuntime( 8052): at java.util.concurrent.ThreadPoolExecutor$Worker.run(ThreadPoolExecutor.java:587)
E/AndroidRuntime( 8052): at java.lang.Thread.run(Thread.java:818)
E/AndroidRuntime( 8052): Error reporting crash
E/AndroidRuntime( 8052): android.os.DeadObjectException
E/AndroidRuntime( 8052): at android.os.BinderProxy.transactNative(Native Method)
E/AndroidRuntime( 8052): at android.os.BinderProxy.transact(Binder.java:496)
E/AndroidRuntime( 8052): at android.app.ActivityManagerProxy.handleApplicationCrash(ActivityManagerNative.java:4207)
E/AndroidRuntime( 8052): at com.android.internal.os.RuntimeInit$UncaughtHandler.uncaughtException(RuntimeInit.java:89)
E/AndroidRuntime( 8052): at java.lang.ThreadGroup.uncaughtException(ThreadGroup.java:693)
E/AndroidRuntime( 8052): at java.lang.ThreadGroup.uncaughtException(ThreadGroup.java:690)
E/AndroidRuntime( 8202): FATAL EXCEPTION: ContactsProviderWorker
E/AndroidRuntime( 8202): Process: android.process.acore, PID: 8202
E/AndroidRuntime( 8202): java.lang.NullPointerException: Attempt to invoke interface method 'android.accounts.Account[] android.accounts.IAccountManager.getAccounts(java.lang.String)' on a null object reference
E/AndroidRuntime( 8202): at android.accounts.AccountManager.getAccounts(AccountManager.java:407)
E/AndroidRuntime( 8202): at com.android.providers.contacts.ContactsProvider2.performBackgroundTask(ContactsProvider2.java:1667)
E/AndroidRuntime( 8202): at com.android.providers.contacts.ContactsProvider2$1.handleMessage(ContactsProvider2.java:1496)
E/AndroidRuntime( 8202): at android.os.Handler.dispatchMessage(Handler.java:102)
E/AndroidRuntime( 8202): at android.os.Looper.loop(Looper.java:135)
E/AndroidRuntime( 8202): at android.os.HandlerThread.run(HandlerThread.java:61)
E/AndroidRuntime( 8202): Error reporting crash
E/AndroidRuntime( 8202): android.os.DeadObjectException
E/AndroidRuntime( 8202): at android.os.BinderProxy.transactNative(Native Method)
E/AndroidRuntime( 8202): at android.os.BinderProxy.transact(Binder.java:496)
E/AndroidRuntime( 8202): at android.app.ActivityManagerProxy.handleApplicationCrash(ActivityManagerNative.java:4207)
E/AndroidRuntime( 8202): at com.android.internal.os.RuntimeInit$UncaughtHandler.uncaughtException(RuntimeInit.java:89)
E/AndroidRuntime( 8202): at java.lang.ThreadGroup.uncaughtException(ThreadGroup.java:693)
E/AndroidRuntime( 8202): at java.lang.ThreadGroup.uncaughtException(ThreadGroup.java:690)
E/AndroidRuntime( 8003): FATAL EXCEPTION: main
E/AndroidRuntime( 8003): Process: com.android.systemui, PID: 8003
E/AndroidRuntime( 8003): java.lang.NullPointerException: Attempt to invoke interface method 'boolean com.android.internal.widget.ILockSettings.getBoolean(java.lang.String, boolean, int)' on a null object reference
E/AndroidRuntime( 8003): at com.android.internal.widget.LockPatternUtils.getBoolean(LockPatternUtils.java:1328)
E/AndroidRuntime( 8003): at com.android.internal.widget.LockPatternUtils.getBoolean(LockPatternUtils.java:1335)
E/AndroidRuntime( 8003): at com.android.internal.widget.LockPatternUtils.isOwnerInfoEnabled(LockPatternUtils.java:663)
E/AndroidRuntime( 8003): at com.android.keyguard.KeyguardStatusView.getOwnerInfo(KeyguardStatusView.java:207)
E/AndroidRuntime( 8003): at com.android.keyguard.KeyguardStatusView.updateOwnerInfo(KeyguardStatusView.java:179)
E/AndroidRuntime( 8003): at com.android.keyguard.KeyguardStatusView.onFinishInflate(KeyguardStatusView.java:120)
E/AndroidRuntime( 8003): at android.view.LayoutInflater.rInflate(LayoutInflater.java:814)
E/AndroidRuntime( 8003): at android.view.LayoutInflater.parseInclude(LayoutInflater.java:916)
E/AndroidRuntime( 8003): at android.view.LayoutInflater.rInflate(LayoutInflater.java:802)
E/AndroidRuntime( 8003): at android.view.LayoutInflater.parseInclude(LayoutInflater.java:916)
E/AndroidRuntime( 8003): at android.view.LayoutInflater.rInflate(LayoutInflater.java:802)
E/AndroidRuntime( 8003): at android.view.LayoutInflater.rInflate(LayoutInflater.java:809)
E/AndroidRuntime( 8003): at android.view.LayoutInflater.inflate(LayoutInflater.java:504)
E/AndroidRuntime( 8003): at android.view.LayoutInflater.inflate(LayoutInflater.java:414)
E/AndroidRuntime( 8003): at android.view.LayoutInflater.inflate(LayoutInflater.java:365)
E/AndroidRuntime( 8003): at android.view.View.inflate(View.java:18540)
E/AndroidRuntime( 8003): at com.android.systemui.statusbar.phone.PhoneStatusBar.makeStatusBarView(PhoneStatusBar.java:656)
E/AndroidRuntime( 8003): at com.android.systemui.statusbar.phone.PhoneStatusBar.addStatusBarWindow(PhoneStatusBar.java:3138)
E/AndroidRuntime( 8003): at com.android.systemui.statusbar.phone.PhoneStatusBar.createAndAddWindows(PhoneStatusBar.java:3134)
E/AndroidRuntime( 8003): at com.android.systemui.statusbar.BaseStatusBar.start(BaseStatusBar.java:561)
E/AndroidRuntime( 8003): at com.android.systemui.statusbar.phone.PhoneStatusBar.start(PhoneStatusBar.java:602)
E/AndroidRuntime( 8003): at com.android.systemui.statusbar.SystemBars.createStatusBarFromConfig(SystemBars.java:106)
E/AndroidRuntime( 8003): at com.android.systemui.statusbar.SystemBars.onNoService(SystemBars.java:58)
E/AndroidRuntime( 8003): at com.android.systemui.statusbar.ServiceMonitor.startService(ServiceMonitor.java:228)
E/AndroidRuntime( 8003): at com.android.systemui.statusbar.ServiceMonitor.access$000(ServiceMonitor.java:49)
E/AndroidRuntime( 8003): at com.android.systemui.statusbar.ServiceMonitor$1.handleMessage(ServiceMonitor.java:73)
E/AndroidRuntime( 8003): at android.os.Handler.dispatchMessage(Handler.java:102)
E/AndroidRuntime( 8003): at android.os.Looper.loop(Looper.java:135)
E/AndroidRuntime( 8003): at android.app.ActivityThread.main(ActivityThread.java:5254)
E/AndroidRuntime( 8003): at java.lang.reflect.Method.invoke(Native Method)
E/AndroidRuntime( 8003): at java.lang.reflect.Method.invoke(Method.java:372)
E/AndroidRuntime( 8003): at com.android.internal.os.ZygoteInit$MethodAndArgsCaller.run(ZygoteInit.java:904)
E/AndroidRuntime( 8003): at com.android.internal.os.ZygoteInit.main(ZygoteInit.java:699)
E/AndroidRuntime( 8003): Error reporting crash
E/AndroidRuntime( 8003): android.os.DeadObjectException
E/AndroidRuntime( 8003): at android.os.BinderProxy.transactNative(Native Method)
E/AndroidRuntime( 8003): at android.os.BinderProxy.transact(Binder.java:496)
E/AndroidRuntime( 8003): at android.app.ActivityManagerProxy.handleApplicationCrash(ActivityManagerNative.java:4207)
E/AndroidRuntime( 8003): at com.android.internal.os.RuntimeInit$UncaughtHandler.uncaughtException(RuntimeInit.java:89)
E/AndroidRuntime( 8003): at java.lang.ThreadGroup.uncaughtException(ThreadGroup.java:693)
E/AndroidRuntime( 8003): at java.lang.ThreadGroup.uncaughtException(ThreadGroup.java:690)
F/libc ( 665): Fatal signal 13 (SIGPIPE), code 0 in tid 665 (installd)
F/libc ( 9471): Fatal signal 11 (SIGSEGV), code 1, fault addr 0xc in tid 9476 (BootAnimation)
I/DEBUG ( 662): *** *** *** *** *** *** *** *** *** *** *** *** *** *** *** ***
I/DEBUG ( 662): Build fingerprint: 'Fairphone/FP2/FP2:5.1/FP2/fp2-sibon-16.11.0:userdebug/release-keys'
I/DEBUG ( 662): Revision: '0'
I/DEBUG ( 662): ABI: 'arm'
I/DEBUG ( 662): pid: 9471, tid: 9476, name: BootAnimation >>> /system/bin/bootanimation <<<
I/DEBUG ( 662): signal 11 (SIGSEGV), code 1 (SEGV_MAPERR), fault addr 0xc
I/DEBUG ( 662): r0 00000000 r1 40000000 r2 00000001 r3 00000000
I/DEBUG ( 662): r4 00000000 r5 40000000 r6 b5a03bf0 r7 b5a03bf8
I/DEBUG ( 662): r8 b5a03c08 r9 00000000 sl b5c37130 fp b5a03c1c
I/DEBUG ( 662): ip b6f84f20 sp b5a03bb8 lr b6e07afb pc b6e07aa2 cpsr 60070030
I/DEBUG ( 662):
I/DEBUG ( 662): backtrace:
I/DEBUG ( 662): #00 pc 00037aa2 /system/lib/libgui.so (_ZNK7android14SurfaceControl8validateEv+1)
I/DEBUG ( 662): #01 pc 00037af7 /system/lib/libgui.so (_ZN7android14SurfaceControl8setLayerEi+6)
I/DEBUG ( 662): #02 pc 0000501d /system/bin/bootanimation
I/DEBUG ( 662): #03 pc 0000ef41 /system/lib/libutils.so (_ZN7android6Thread11_threadLoopEPv+84)
I/DEBUG ( 662): #04 pc 0000eacd /system/lib/libutils.so
I/DEBUG ( 662): #05 pc 00013fc3 /system/lib/libc.so (_ZL15__pthread_startPv+30)
I/DEBUG ( 662): #06 pc 00011f0b /system/lib/libc.so (__start_thread+6)
F/libc ( 9448): Fatal signal 11 (SIGSEGV), code 1, fault addr 0xc4 in tid 9675 (Binder_2)
I/DEBUG ( 662): *** *** *** *** *** *** *** *** *** *** *** *** *** *** *** ***
I/DEBUG ( 662): Build fingerprint: 'Fairphone/FP2/FP2:5.1/FP2/fp2-sibon-16.11.0:userdebug/release-keys'
I/DEBUG ( 662): Revision: '0'
I/DEBUG ( 662): ABI: 'arm'
I/DEBUG ( 662): pid: 9448, tid: 9675, name: Binder_2 >>> /usr/libexec/droid-hybris/system/bin/minimediaservice <<<
I/DEBUG ( 662): signal 11 (SIGSEGV), code 1 (SEGV_MAPERR), fault addr 0xc4
I/DEBUG ( 662): r0 00000000 r1 00000002 r2 00000000 r3 00000008
I/DEBUG ( 662): r4 00000000 r5 00000000 r6 00000002 r7 00000000
I/DEBUG ( 662): r8 00000000 r9 00000000 sl 00000001 fp 000024e8
I/DEBUG ( 662): ip b55037e0 sp b5503c90 lr b679f8eb pc b679f84e cpsr 600f0030
I/DEBUG ( 662):
I/DEBUG ( 662): backtrace:
I/DEBUG ( 662): #00 pc 0000f84e /system/lib/libaudiopolicymanagerdefault.so (_ZNK7android18AudioPolicyManager21AudioOutputDescriptor14isStreamActiveE19audio_stream_type_tjx+9)
I/DEBUG ( 662): #01 pc 0000f8e7 /system/lib/libaudiopolicymanagerdefault.so (_ZNK7android18AudioPolicyManager21AudioOutputDescriptor16isStrategyActiveENS0_16routing_strategyEjx+62)
I/DEBUG ( 662): #02 pc 000139f1 /system/lib/libaudiopolicymanagerdefault.so (_ZN7android18AudioPolicyManager18getNewOutputDeviceEib+260)
I/DEBUG ( 662): #03 pc 00017651 /system/lib/libaudiopolicymanagerdefault.so (_ZN7android18AudioPolicyManager11setForceUseE24audio_policy_force_use_t25audio_policy_forced_cfg_t+296)
I/DEBUG ( 662): #04 pc 00008e49 /system/lib/libaudiopolicyservice.so
I/DEBUG ( 662): #05 pc 0006667d /system/lib/libmedia.so (_ZN7android20BnAudioPolicyService10onTransactEjRKNS_6ParcelEPS1_j+1464)
I/DEBUG ( 662): #06 pc 00017fad /system/lib/libbinder.so (_ZN7android7BBinder8transactEjRKNS_6ParcelEPS1_j+60)
I/DEBUG ( 662): #07 pc 0001cf89 /system/lib/libbinder.so (_ZN7android14IPCThreadState14executeCommandEi+564)
I/DEBUG ( 662): #08 pc 0001d0bb /system/lib/libbinder.so (_ZN7android14IPCThreadState20getAndExecuteCommandEv+38)
I/DEBUG ( 662): #09 pc 0001d0fd /system/lib/libbinder.so (_ZN7android14IPCThreadState14joinThreadPoolEb+48)
I/DEBUG ( 662): #10 pc 0002127f /system/lib/libbinder.so
I/DEBUG ( 662): #11 pc 0000ef5d /system/lib/libutils.so (_ZN7android6Thread11_threadLoopEPv+112)
I/DEBUG ( 662): #12 pc 0000eacd /system/lib/libutils.so
I/DEBUG ( 662): #13 pc 00013fc3 /system/lib/libc.so (_ZL15__pthread_startPv+30)
I/DEBUG ( 662): #14 pc 00011f0b /system/lib/libc.so (__start_thread+6)
F/libc (10360): Fatal signal 11 (SIGSEGV), code 1, fault addr 0xc4 in tid 10360 (minimediaservic)
I/DEBUG ( 662): *** *** *** *** *** *** *** *** *** *** *** *** *** *** *** ***
I/DEBUG ( 662): Build fingerprint: 'Fairphone/FP2/FP2:5.1/FP2/fp2-sibon-16.11.0:userdebug/release-keys'
I/DEBUG ( 662): Revision: '0'
I/DEBUG ( 662): ABI: 'arm'
I/DEBUG ( 662): pid: 10360, tid: 10360, name: minimediaservic >>> /usr/libexec/droid-hybris/system/bin/minimediaservice <<<
I/DEBUG ( 662): signal 11 (SIGSEGV), code 1 (SEGV_MAPERR), fault addr 0xc4
I/DEBUG ( 662): r0 00000000 r1 00000002 r2 00000000 r3 00000008
I/DEBUG ( 662): r4 00000000 r5 00000000 r6 00000002 r7 00000000
I/DEBUG ( 662): r8 00000000 r9 00000000 sl 00000001 fp 00002878
I/DEBUG ( 662): ip be93b2c0 sp be93b770 lr b68028eb pc b680284e cpsr 600f0030
I/DEBUG ( 662):
I/DEBUG ( 662): backtrace:
I/DEBUG ( 662): #00 pc 0000f84e /system/lib/libaudiopolicymanagerdefault.so (_ZNK7android18AudioPolicyManager21AudioOutputDescriptor14isStreamActiveE19audio_stream_type_tjx+9)
I/DEBUG ( 662): #01 pc 0000f8e7 /system/lib/libaudiopolicymanagerdefault.so (_ZNK7android18AudioPolicyManager21AudioOutputDescriptor16isStrategyActiveENS0_16routing_strategyEjx+62)
I/DEBUG ( 662): #02 pc 000139f1 /system/lib/libaudiopolicymanagerdefault.so (_ZN7android18AudioPolicyManager18getNewOutputDeviceEib+260)
I/DEBUG ( 662): #03 pc 00017651 /system/lib/libaudiopolicymanagerdefault.so (_ZN7android18AudioPolicyManager11setForceUseE24audio_policy_force_use_t25audio_policy_forced_cfg_t+296)
I/DEBUG ( 662): #04 pc 00008e49 /system/lib/libaudiopolicyservice.so
I/DEBUG ( 662): #05 pc 0006667d /system/lib/libmedia.so (_ZN7android20BnAudioPolicyService10onTransactEjRKNS_6ParcelEPS1_j+1464)
I/DEBUG ( 662): #06 pc 00017fad /system/lib/libbinder.so (_ZN7android7BBinder8transactEjRKNS_6ParcelEPS1_j+60)
I/DEBUG ( 662): #07 pc 0001cf89 /system/lib/libbinder.so (_ZN7android14IPCThreadState14executeCommandEi+564)
I/DEBUG ( 662): #08 pc 0001d0bb /system/lib/libbinder.so (_ZN7android14IPCThreadState20getAndExecuteCommandEv+38)
I/DEBUG ( 662): #09 pc 0001d0fd /system/lib/libbinder.so (_ZN7android14IPCThreadState14joinThreadPoolEb+48)
I/DEBUG ( 662): #10 pc 000008b9 /usr/libexec/droid-hybris/system/bin/minimediaservice
I/DEBUG ( 662): #11 pc 0000fec9 /system/lib/libc.so (__libc_init+44)
I/DEBUG ( 662): #12 pc 00000930 /usr/libexec/droid-hybris/system/bin/minimediaservice
E/AndroidRuntime( 9536): *** FATAL EXCEPTION IN SYSTEM PROCESS: main
E/AndroidRuntime( 9536): java.lang.RuntimeException: Error receiving broadcast Intent { act=android.intent.action.USER_SWITCHED flg=0x50000010 (has extras) } in com.android.server.accessibility.AccessibilityManagerService$2@3daa4dd9
E/AndroidRuntime( 9536): at android.app.LoadedApk$ReceiverDispatcher$Args.run(LoadedApk.java:876)
E/AndroidRuntime( 9536): at android.os.Handler.handleCallback(Handler.java:739)
E/AndroidRuntime( 9536): at android.os.Handler.dispatchMessage(Handler.java:95)
E/AndroidRuntime( 9536): at android.os.Looper.loop(Looper.java:135)
E/AndroidRuntime( 9536): at com.android.server.SystemServer.run(SystemServer.java:278)
E/AndroidRuntime( 9536): at com.android.server.SystemServer.main(SystemServer.java:179)
E/AndroidRuntime( 9536): at java.lang.reflect.Method.invoke(Native Method)
E/AndroidRuntime( 9536): at java.lang.reflect.Method.invoke(Method.java:372)
E/AndroidRuntime( 9536): at com.android.internal.os.ZygoteInit$MethodAndArgsCaller.run(ZygoteInit.java:904)
E/AndroidRuntime( 9536): at com.android.internal.os.ZygoteInit.main(ZygoteInit.java:699)
E/AndroidRuntime( 9536): Caused by: java.lang.SecurityException
E/AndroidRuntime( 9536): at android.os.BinderProxy.transactNative(Native Method)
E/AndroidRuntime( 9536): at android.os.BinderProxy.transact(Binder.java:496)
E/AndroidRuntime( 9536): at com.android.server.accessibility.DisplayAdjustmentUtils.setDaltonizerMode(DisplayAdjustmentUtils.java:129)
E/AndroidRuntime( 9536): at com.android.server.accessibility.DisplayAdjustmentUtils.applyAdjustments(DisplayAdjustmentUtils.java:101)
E/AndroidRuntime( 9536): at com.android.server.accessibility.AccessibilityManagerService.updateDisplayColorAdjustmentSettingsLocked(AccessibilityManagerService.java:1604)
E/AndroidRuntime( 9536): at com.android.server.accessibility.AccessibilityManagerService.onUserStateChangedLocked(AccessibilityManagerService.java:1330)
E/AndroidRuntime( 9536): at com.android.server.accessibility.AccessibilityManagerService.switchUser(AccessibilityManagerService.java:844)
E/AndroidRuntime( 9536): at com.android.server.accessibility.AccessibilityManagerService.access$800(AccessibilityManagerService.java:119)
E/AndroidRuntime( 9536): at com.android.server.accessibility.AccessibilityManagerService$2.onReceive(AccessibilityManagerService.java:361)
E/AndroidRuntime( 9536): at android.app.LoadedApk$ReceiverDispatcher$Args.run(LoadedApk.java:866)
E/AndroidRuntime( 9536): ... 9 more
E/AndroidRuntime(10466): FATAL EXCEPTION: main
E/AndroidRuntime(10466): Process: com.android.inputmethod.latin, PID: 10466
E/AndroidRuntime(10466): java.lang.RuntimeException: Unable to create service com.android.inputmethod.latin.LatinIME: java.lang.RuntimeException: android.os.DeadObjectException
E/AndroidRuntime(10466): at android.app.ActivityThread.handleCreateService(ActivityThread.java:2771)
E/AndroidRuntime(10466): at android.app.ActivityThread.access$1800(ActivityThread.java:151)
E/AndroidRuntime(10466): at android.app.ActivityThread$H.handleMessage(ActivityThread.java:1386)
E/AndroidRuntime(10466): at android.os.Handler.dispatchMessage(Handler.java:102)
E/AndroidRuntime(10466): at android.os.Looper.loop(Looper.java:135)
E/AndroidRuntime(10466): at android.app.ActivityThread.main(ActivityThread.java:5254)
E/AndroidRuntime(10466): at java.lang.reflect.Method.invoke(Native Method)
E/AndroidRuntime(10466): at java.lang.reflect.Method.invoke(Method.java:372)
E/AndroidRuntime(10466): at com.android.internal.os.ZygoteInit$MethodAndArgsCaller.run(ZygoteInit.java:904)
E/AndroidRuntime(10466): at com.android.internal.os.ZygoteInit.main(ZygoteInit.java:699)
E/AndroidRuntime(10466): Caused by: java.lang.RuntimeException: android.os.DeadObjectException
E/AndroidRuntime(10466): at android.view.inputmethod.InputMethodManager.getEnabledInputMethodList(InputMethodManager.java:661)
E/AndroidRuntime(10466): at com.android.inputmethod.latin.SubtypeSwitcher.isSystemLocaleSameAsLocaleOfAllEnabledSubtypesOfEnabledImes(SubtypeSwitcher.java:261)
E/AndroidRuntime(10466): at com.android.inputmethod.latin.LatinIME.refreshPersonalizationDictionarySession(LatinIME.java:598)
E/AndroidRuntime(10466): at com.android.inputmethod.latin.LatinIME.loadSettings(LatinIME.java:592)
E/AndroidRuntime(10466): at com.android.inputmethod.latin.LatinIME.onCreate(LatinIME.java:545)
E/AndroidRuntime(10466): at android.app.ActivityThread.handleCreateService(ActivityThread.java:2761)
E/AndroidRuntime(10466): ... 9 more
E/AndroidRuntime(10466): Caused by: android.os.DeadObjectException
E/AndroidRuntime(10466): at android.os.BinderProxy.transactNative(Native Method)
E/AndroidRuntime(10466): at android.os.BinderProxy.transact(Binder.java:496)
E/AndroidRuntime(10466): at com.android.internal.view.IInputMethodManager$Stub$Proxy.getEnabledInputMethodList(IInputMethodManager.java:503)
E/AndroidRuntime(10466): at android.view.inputmethod.InputMethodManager.getEnabledInputMethodList(InputMethodManager.java:659)
E/AndroidRuntime(10466): ... 14 more
E/AndroidRuntime(10466): Error reporting crash
E/AndroidRuntime(10466): android.os.DeadObjectException
E/AndroidRuntime(10466): at android.os.BinderProxy.transactNative(Native Method)
E/AndroidRuntime(10466): at android.os.BinderProxy.transact(Binder.java:496)
E/AndroidRuntime(10466): at android.app.ActivityManagerProxy.handleApplicationCrash(ActivityManagerNative.java:4207)
E/AndroidRuntime(10466): at com.android.internal.os.RuntimeInit$UncaughtHandler.uncaughtException(RuntimeInit.java:89)
E/AndroidRuntime(10466): at java.lang.ThreadGroup.uncaughtException(ThreadGroup.java:693)
E/AndroidRuntime(10466): at java.lang.ThreadGroup.uncaughtException(ThreadGroup.java:690)
E/AndroidRuntime(10735): FATAL EXCEPTION: main
E/AndroidRuntime(10735): Process: com.fairphone.setupwizard, PID: 10735
E/AndroidRuntime(10735): java.lang.RuntimeException: Unable to instantiate application com.fairphone.setupwizard.SetupWizardApp: java.lang.IllegalStateException: Unable to get package info for com.fairphone.setupwizard; is system dying?
E/AndroidRuntime(10735): at android.app.LoadedApk.makeApplication(LoadedApk.java:563)
E/AndroidRuntime(10735): at android.app.ActivityThread.handleBindApplication(ActivityThread.java:4526)
E/AndroidRuntime(10735): at android.app.ActivityThread.access$1500(ActivityThread.java:151)
E/AndroidRuntime(10735): at android.app.ActivityThread$H.handleMessage(ActivityThread.java:1364)
E/AndroidRuntime(10735): at android.os.Handler.dispatchMessage(Handler.java:102)
E/AndroidRuntime(10735): at android.os.Looper.loop(Looper.java:135)
E/AndroidRuntime(10735): at android.app.ActivityThread.main(ActivityThread.java:5254)
E/AndroidRuntime(10735): at java.lang.reflect.Method.invoke(Native Method)
E/AndroidRuntime(10735): at java.lang.reflect.Method.invoke(Method.java:372)
E/AndroidRuntime(10735): at com.android.internal.os.ZygoteInit$MethodAndArgsCaller.run(ZygoteInit.java:904)
E/AndroidRuntime(10735): at com.android.internal.os.ZygoteInit.main(ZygoteInit.java:699)
E/AndroidRuntime(10735): Caused by: java.lang.IllegalStateException: Unable to get package info for com.fairphone.setupwizard; is system dying?
E/AndroidRuntime(10735): at android.app.LoadedApk.initializeJavaContextClassLoader(LoadedApk.java:405)
E/AndroidRuntime(10735): at android.app.LoadedApk.makeApplication(LoadedApk.java:555)
E/AndroidRuntime(10735): ... 10 more
E/AndroidRuntime(10735): Caused by: android.os.DeadObjectException
E/AndroidRuntime(10735): at android.os.BinderProxy.transactNative(Native Method)
E/AndroidRuntime(10735): at android.os.BinderProxy.transact(Binder.java:496)
E/AndroidRuntime(10735): at android.content.pm.IPackageManager$Stub$Proxy.getPackageInfo(IPackageManager.java:1786)
E/AndroidRuntime(10735): at android.app.LoadedApk.initializeJavaContextClassLoader(LoadedApk.java:403)
E/AndroidRuntime(10735): ... 11 more
E/AndroidRuntime(10735): Error reporting crash
E/AndroidRuntime(10735): android.os.DeadObjectException
E/AndroidRuntime(10735): at android.os.BinderProxy.transactNative(Native Method)
E/AndroidRuntime(10735): at android.os.BinderProxy.transact(Binder.java:496)
E/AndroidRuntime(10735): at android.app.ActivityManagerProxy.handleApplicationCrash(ActivityManagerNative.java:4207)
E/AndroidRuntime(10735): at com.android.internal.os.RuntimeInit$UncaughtHandler.uncaughtException(RuntimeInit.java:89)
E/AndroidRuntime(10735): at java.lang.ThreadGroup.uncaughtException(ThreadGroup.java:693)
E/AndroidRuntime(10735): at java.lang.ThreadGroup.uncaughtException(ThreadGroup.java:690)
E/AndroidRuntime(10420): FATAL EXCEPTION: main
E/AndroidRuntime(10420): Process: com.android.systemui, PID: 10420
E/AndroidRuntime(10420): java.lang.NullPointerException: Attempt to invoke interface method 'boolean com.android.internal.widget.ILockSettings.getBoolean(java.lang.String, boolean, int)' on a null object reference
E/AndroidRuntime(10420): at com.android.internal.widget.LockPatternUtils.getBoolean(LockPatternUtils.java:1328)
E/AndroidRuntime(10420): at com.android.internal.widget.LockPatternUtils.getBoolean(LockPatternUtils.java:1335)
E/AndroidRuntime(10420): at com.android.internal.widget.LockPatternUtils.isOwnerInfoEnabled(LockPatternUtils.java:663)
E/AndroidRuntime(10420): at com.android.keyguard.KeyguardStatusView.getOwnerInfo(KeyguardStatusView.java:207)
E/AndroidRuntime(10420): at com.android.keyguard.KeyguardStatusView.updateOwnerInfo(KeyguardStatusView.java:179)
E/AndroidRuntime(10420): at com.android.keyguard.KeyguardStatusView.onFinishInflate(KeyguardStatusView.java:120)
E/AndroidRuntime(10420): at android.view.LayoutInflater.rInflate(LayoutInflater.java:814)
E/AndroidRuntime(10420): at android.view.LayoutInflater.parseInclude(LayoutInflater.java:916)
E/AndroidRuntime(10420): at android.view.LayoutInflater.rInflate(LayoutInflater.java:802)
E/AndroidRuntime(10420): at android.view.LayoutInflater.parseInclude(LayoutInflater.java:916)
E/AndroidRuntime(10420): at android.view.LayoutInflater.rInflate(LayoutInflater.java:802)
E/AndroidRuntime(10420): at android.view.LayoutInflater.rInflate(LayoutInflater.java:809)
E/AndroidRuntime(10420): at android.view.LayoutInflater.inflate(LayoutInflater.java:504)
E/AndroidRuntime(10420): at android.view.LayoutInflater.inflate(LayoutInflater.java:414)
E/AndroidRuntime(10420): at android.view.LayoutInflater.inflate(LayoutInflater.java:365)
E/AndroidRuntime(10420): at android.view.View.inflate(View.java:18540)
E/AndroidRuntime(10420): at com.android.systemui.statusbar.phone.PhoneStatusBar.makeStatusBarView(PhoneStatusBar.java:656)
E/AndroidRuntime(10420): at com.android.systemui.statusbar.phone.PhoneStatusBar.addStatusBarWindow(PhoneStatusBar.java:3138)
E/AndroidRuntime(10420): at com.android.systemui.statusbar.phone.PhoneStatusBar.createAndAddWindows(PhoneStatusBar.java:3134)
E/AndroidRuntime(10420): at com.android.systemui.statusbar.BaseStatusBar.start(BaseStatusBar.java:561)
E/AndroidRuntime(10420): at com.android.systemui.statusbar.phone.PhoneStatusBar.start(PhoneStatusBar.java:602)
E/AndroidRuntime(10420): at com.android.systemui.statusbar.SystemBars.createStatusBarFromConfig(SystemBars.java:106)
E/AndroidRuntime(10420): at com.android.systemui.statusbar.SystemBars.onNoService(SystemBars.java:58)
E/AndroidRuntime(10420): at com.android.systemui.statusbar.ServiceMonitor.startService(ServiceMonitor.java:228)
E/AndroidRuntime(10420): at com.android.systemui.statusbar.ServiceMonitor.access$000(ServiceMonitor.java:49)
E/AndroidRuntime(10420): at com.android.systemui.statusbar.ServiceMonitor$1.handleMessage(ServiceMonitor.java:73)
E/AndroidRuntime(10420): at android.os.Handler.dispatchMessage(Handler.java:102)
E/AndroidRuntime(10420): at android.os.Looper.loop(Looper.java:135)
E/AndroidRuntime(10420): at android.app.ActivityThread.main(ActivityThread.java:5254)
E/AndroidRuntime(10420): at java.lang.reflect.Method.invoke(Native Method)
E/AndroidRuntime(10420): at java.lang.reflect.Method.invoke(Method.java:372)
E/AndroidRuntime(10420): at com.android.internal.os.ZygoteInit$MethodAndArgsCaller.run(ZygoteInit.java:904)
E/AndroidRuntime(10420): at com.android.internal.os.ZygoteInit.main(ZygoteInit.java:699)
E/AndroidRuntime(10420): Error reporting crash
E/AndroidRuntime(10420): android.os.DeadObjectException
E/AndroidRuntime(10420): at android.os.BinderProxy.transactNative(Native Method)
E/AndroidRuntime(10420): at android.os.BinderProxy.transact(Binder.java:496)
E/AndroidRuntime(10420): at android.app.ActivityManagerProxy.handleApplicationCrash(ActivityManagerNative.java:4207)
E/AndroidRuntime(10420): at com.android.internal.os.RuntimeInit$UncaughtHandler.uncaughtException(RuntimeInit.java:89)
E/AndroidRuntime(10420): at java.lang.ThreadGroup.uncaughtException(ThreadGroup.java:693)
E/AndroidRuntime(10420): at java.lang.ThreadGroup.uncaughtException(ThreadGroup.java:690)
E/AndroidRuntime(10685): FATAL EXCEPTION: ContactsProviderWorker
E/AndroidRuntime(10685): Process: android.process.acore, PID: 10685
E/AndroidRuntime(10685): java.lang.NullPointerException: Attempt to invoke interface method 'android.accounts.Account[] android.accounts.IAccountManager.getAccounts(java.lang.String)' on a null object reference
E/AndroidRuntime(10685): at android.accounts.AccountManager.getAccounts(AccountManager.java:407)
E/AndroidRuntime(10685): at com.android.providers.contacts.ContactsProvider2.performBackgroundTask(ContactsProvider2.java:1667)
E/AndroidRuntime(10685): at com.android.providers.contacts.ContactsProvider2$1.handleMessage(ContactsProvider2.java:1496)
E/AndroidRuntime(10685): at android.os.Handler.dispatchMessage(Handler.java:102)
E/AndroidRuntime(10685): at android.os.Looper.loop(Looper.java:135)
E/AndroidRuntime(10685): at android.os.HandlerThread.run(HandlerThread.java:61)
E/AndroidRuntime(10685): Error reporting crash
E/AndroidRuntime(10685): android.os.DeadObjectException
E/AndroidRuntime(10685): at android.os.BinderProxy.transactNative(Native Method)
E/AndroidRuntime(10685): at android.os.BinderProxy.transact(Binder.java:496)
E/AndroidRuntime(10685): at android.app.ActivityManagerProxy.handleApplicationCrash(ActivityManagerNative.java:4207)
E/AndroidRuntime(10685): at com.android.internal.os.RuntimeInit$UncaughtHandler.uncaughtException(RuntimeInit.java:89)
E/AndroidRuntime(10685): at java.lang.ThreadGroup.uncaughtException(ThreadGroup.java:693)
E/AndroidRuntime(10685): at java.lang.ThreadGroup.uncaughtException(ThreadGroup.java:690) --------- beginning of system
E/NetlinkListener( 683): recvmsg failed (I/O error)
E/NetlinkListener(10799): recvmsg failed (I/O error)
E/NetlinkListener( 683): recvmsg failed (I/O error)
E/NetlinkListener( 683): recvmsg failed (I/O error)
E/NetlinkListener(10799): recvmsg failed (I/O error)
E/NetlinkListener(10799): recvmsg failed (I/O error)
E/NetlinkListener( 683): recvmsg failed (I/O error)
E/NetlinkListener(10799): recvmsg failed (I/O error)
E/NetlinkListener( 683): recvmsg failed (I/O error)
E/NetlinkListener(10799): recvmsg failed (I/O error)
E/NetlinkListener( 683): recvmsg failed (I/O error)
E/NetlinkListener(10799): recvmsg failed (I/O error)
E/NetlinkListener( 683): recvmsg failed (I/O error)
E/NetlinkListener(10799): recvmsg failed (I/O error)
E/NetlinkListener( 683): recvmsg failed (I/O error)
E/NetlinkListener(10799): recvmsg failed (I/O error)
E/NetlinkListener( 683): recvmsg failed (I/O error)
E/NetlinkListener(10799): recvmsg failed (I/O error)
E/NetlinkListener( 683): recvmsg failed (I/O error)
E/NetlinkListener(10799): recvmsg failed (I/O error)
E/NetlinkListener( 683): recvmsg failed (I/O error)
E/NetlinkListener(10799): recvmsg failed (I/O error)
E/NetlinkListener( 683): recvmsg failed (I/O error)
E/NetlinkListener( 683): recvmsg failed (I/O error)
E/NetlinkListener(10799): recvmsg failed (I/O error)
E/NetlinkListener(10799): recvmsg failed (I/O error)
E/NetlinkListener( 683): recvmsg failed (I/O error)
E/NetlinkListener(10799): recvmsg failed (I/O error)
E/NetlinkListener( 683): recvmsg failed (I/O error)
E/NetlinkListener(10799): recvmsg failed (I/O error)
E/NetlinkListener( 683): recvmsg failed (I/O error)
E/NetlinkListener( 683): recvmsg failed (I/O error)
E/NetlinkListener(10799): recvmsg failed (I/O error)
E/NetlinkListener( 683): recvmsg failed (I/O error)
E/NetlinkListener(10799): recvmsg failed (I/O error)
E/NetlinkListener(10799): recvmsg failed (I/O error)
E/NetlinkListener( 683): recvmsg failed (I/O error)
E/NetlinkListener(10799): recvmsg failed (I/O error)
E/NetlinkListener( 683): recvmsg failed (I/O error)
E/NetlinkListener( 683): recvmsg failed (I/O error)
E/NetlinkListener(10799): recvmsg failed (I/O error)
E/NetlinkListener(10799): recvmsg failed (I/O error)
E/NetlinkListener( 683): recvmsg failed (I/O error)
E/NetlinkListener(10799): recvmsg failed (I/O error)
E/NetlinkListener( 683): recvmsg failed (I/O error)
E/NetlinkListener(10799): recvmsg failed (I/O error)
E/NetlinkListener( 683): recvmsg failed (I/O error)
E/NetlinkListener(10799): recvmsg failed (I/O error)
E/NetlinkListener( 683): recvmsg failed (I/O error)
E/NetlinkListener(10799): recvmsg failed (I/O error)
E/NetlinkListener( 683): recvmsg failed (I/O error)
E/NetlinkListener(10799): recvmsg failed (I/O error)
E/NetlinkListener( 683): recvmsg failed (I/O error)
E/NetlinkListener(10799): recvmsg failed (I/O error)
E/NetlinkListener( 683): recvmsg failed (I/O error)
F/libc ( 9474): Fatal signal 13 (SIGPIPE), code 0 in tid 9474 (installd)
F/libc (12062): Fatal signal 11 (SIGSEGV), code 1, fault addr 0xc in tid 12069 (BootAnimation)
I/DEBUG ( 662): *** *** *** *** *** *** *** *** *** *** *** *** *** *** *** ***
I/DEBUG ( 662): Build fingerprint: 'Fairphone/FP2/FP2:5.1/FP2/fp2-sibon-16.11.0:userdebug/release-keys'
I/DEBUG ( 662): Revision: '0'
I/DEBUG ( 662): ABI: 'arm'
I/DEBUG ( 662): pid: 12062, tid: 12069, name: BootAnimation >>> /system/bin/bootanimation <<<
I/DEBUG ( 662): signal 11 (SIGSEGV), code 1 (SEGV_MAPERR), fault addr 0xc
I/DEBUG ( 662): r0 00000000 r1 40000000 r2 00000001 r3 00000000
I/DEBUG ( 662): r4 00000000 r5 40000000 r6 b53ffbf0 r7 b53ffbf8
I/DEBUG ( 662): r8 b53ffc08 r9 00000000 sl b5c37130 fp b53ffc1c
I/DEBUG ( 662): ip b6f77f20 sp b53ffbb8 lr b6dfaafb pc b6dfaaa2 cpsr 60070030
I/DEBUG ( 662):
I/DEBUG ( 662): backtrace:
I/DEBUG ( 662): #00 pc 00037aa2 /system/lib/libgui.so (_ZNK7android14SurfaceControl8validateEv+1)
I/DEBUG ( 662): #01 pc 00037af7 /system/lib/libgui.so (_ZN7android14SurfaceControl8setLayerEi+6)
I/DEBUG ( 662): #02 pc 0000501d /system/bin/bootanimation
I/DEBUG ( 662): #03 pc 0000ef41 /system/lib/libutils.so (_ZN7android6Thread11_threadLoopEPv+84)
I/DEBUG ( 662): #04 pc 0000eacd /system/lib/libutils.so
I/DEBUG ( 662): #05 pc 00013fc3 /system/lib/libc.so (_ZL15__pthread_startPv+30)
I/DEBUG ( 662): #06 pc 00011f0b /system/lib/libc.so (__start_thread+6)
E/NetlinkListener( 683): recvmsg failed (I/O error)
E/NetlinkListener(12042): recvmsg failed (I/O error)
E/NetlinkListener(12042): recvmsg failed (I/O error)
E/NetlinkListener( 683): recvmsg failed (I/O error)
I/InstallerConnection(12126): disconnecting...
I/SystemServer(12126): Entered the Android system server!
I/SystemServiceManager(12126): Starting com.android.server.pm.Installer
I/Installer(12126): Waiting for installd to be ready.
I/InstallerConnection(12126): connecting...
I/SystemServiceManager(12126): Starting com.android.server.am.ActivityManagerService$Lifecycle
I/XXXXXX (12126): choosing minFree values for 32 Bit
I/XXXXXX (12126): choosing minFree values for 32 Bit
I/XXXXXX (12126): choosing minFree values for 32 Bit
I/XXXXXX (12126): choosing minFree values for 32 Bit
I/XXXXXX (12126): choosing minFree values for 32 Bit
I/XXXXXX (12126): choosing minFree values for 32 Bit
I/ActivityManager(12126): Memory class: 128
I/ServiceThread(12126): Enabled StrictMode logging for ActivityManager looper.
I/AppOps (12126): No existing app ops /data/system/appops.xml; starting empty
I/IntentFirewall(12126): Read new rules (A:0 B:0 S:0)
I/ServiceThread(12126): Enabled StrictMode logging for android.ui looper.
I/ServiceThread(12126): Enabled StrictMode logging for android.display looper.
D/AppOps (12126): AppOpsService published
I/SystemServiceManager(12126): Starting com.android.server.power.PowerManagerService
I/ServiceThread(12126): Enabled StrictMode logging for PowerManagerService looper.
I/SystemServiceManager(12126): Starting com.android.server.display.DisplayManagerService
I/SystemServiceManager(12126): Starting phase 100
I/DisplayManagerService(12126): Display device added: DisplayDeviceInfo{"Built-in Screen": uniqueId="local:0", 1080 x 1920, 0.466 fps, supportedRefreshRates [0.466], density 480, 160.42105 x 159.89508 dpi, appVsyncOff 0, presDeadline 2146922789, touch INTERNAL, rotation 0, type BUILT_IN, state UNKNOWN, FLAG_DEFAULT_DISPLAY, FLAG_ROTATES_WITH_CONTENT, FLAG_SECURE, FLAG_SUPPORTS_PROTECTED_BUFFERS}
I/SystemServer(12126): Package Manager
E/SELinuxMMAC(12126): Error with hashing seapp_contexts.
E/SELinuxMMAC(12126): java.io.FileNotFoundException: /seapp_contexts: open failed: ENOENT (No such file or directory)
E/SELinuxMMAC(12126): at libcore.io.IoBridge.open(IoBridge.java:456)
E/SELinuxMMAC(12126): at libcore.io.IoUtils$FileReader.(IoUtils.java:209)
E/SELinuxMMAC(12126): at libcore.io.IoUtils.readFileAsByteArray(IoUtils.java:109)
E/SELinuxMMAC(12126): at com.android.server.pm.SELinuxMMAC.returnHash(SELinuxMMAC.java:456)
E/SELinuxMMAC(12126): at com.android.server.pm.SELinuxMMAC.shouldRestorecon(SELinuxMMAC.java:389)
E/SELinuxMMAC(12126): at com.android.server.pm.PackageManagerService.(PackageManagerService.java:419)
E/SELinuxMMAC(12126): at com.android.server.pm.PackageManagerService.main(PackageManagerService.java:1261)
E/SELinuxMMAC(12126): at com.android.server.SystemServer.startBootstrapServices(SystemServer.java:358)
E/SELinuxMMAC(12126): at com.android.server.SystemServer.run(SystemServer.java:263)
E/SELinuxMMAC(12126): at com.android.server.SystemServer.main(SystemServer.java:179)
E/SELinuxMMAC(12126): at java.lang.reflect.Method.invoke(Native Method)
E/SELinuxMMAC(12126): at java.lang.reflect.Method.invoke(Method.java:372)
E/SELinuxMMAC(12126): at com.android.internal.os.ZygoteInit$MethodAndArgsCaller.run(ZygoteInit.java:904)
E/SELinuxMMAC(12126): at com.android.internal.os.ZygoteInit.main(ZygoteInit.java:699)
E/SELinuxMMAC(12126): Caused by: android.system.ErrnoException: open failed: ENOENT (No such file or directory)
E/SELinuxMMAC(12126): at libcore.io.Posix.open(Native Method)
E/SELinuxMMAC(12126): at libcore.io.BlockGuardOs.open(BlockGuardOs.java:186)
E/SELinuxMMAC(12126): at libcore.io.IoBridge.open(IoBridge.java:442)
E/SELinuxMMAC(12126): ... 13 more
W/SystemConfig(12126): No directory /system/etc/sysconfig, skipping
D/SELinuxMMAC(12126): Using policy file /system/etc/security/mac_permissions.xml
W/PackageManager(12126): Library not found: /system/framework/com.google.widevine.software.drm.jar
W/PackageManager(12126): Library not found: /system/framework/com.google.android.media.effects.jar
W/PackageManager(12126): Library not found: /system/framework/com.google.android.maps.jar
W/PackageManager(12126): Library not found: /system/framework/com.fairphone.hiccup.jar
W/PackageManager(12126): Failed to parse /usr/libexec/sfdroid/system/priv-app/Settings: Signature mismatch for shared user : SharedUserSetting{240a1e07 android.uid.system/1000}
W/PackageManager(12126): Failed to parse /system/priv-app/CNEService: Signature mismatch for shared user : SharedUserSetting{240a1e07 android.uid.system/1000}
W/PackageParser(12126): No actions in intent filter at /system/priv-app/Contacts/Contacts.apk Binary XML file line #364
W/PackageParser(12126): No actions in intent filter at /system/priv-app/Dialer/Dialer.apk Binary XML file line #168
W/PackageParser(12126): No actions in intent filter at /system/priv-app/ProximitySensorTools/ProximitySensorTools.apk Binary XML file line #54
W/PackageParser(12126): Unknown element under : android at /system/priv-app/Telecom/Telecom.apk Binary XML file line #233
W/PackageManager(12126): Failed to parse /system/priv-app/com.qualcomm.location: Signature mismatch for shared user : SharedUserSetting{240a1e07 android.uid.system/1000}
W/PackageManager(12126): Failed to parse /system/priv-app/com.qualcomm.msapm: Signature mismatch for shared user : SharedUserSetting{240a1e07 android.uid.system/1000}
W/PackageParser(12126): No actions in intent filter at /system/app/Bluetooth/Bluetooth.apk Binary XML file line #229
W/PackageParser(12126): Unknown element under : uses-feature at /system/app/BluetoothExt/BluetoothExt.apk Binary XML file line #57
W/PackageParser(12126): No actions in intent filter at /system/app/BluetoothExt/BluetoothExt.apk Binary XML file line #110
W/PackageParser(12126): No actions in intent filter at /system/app/BluetoothExt/BluetoothExt.apk Binary XML file line #134
W/PackageParser(12126): No actions in intent filter at /system/app/BluetoothExt/BluetoothExt.apk Binary XML file line #161
W/PackageManager(12126): Failed to parse /system/app/CABLService: Signature mismatch for shared user : SharedUserSetting{240a1e07 android.uid.system/1000}
W/PackageParser(12126): Unknown element under : permission at /system/app/Gallery2/Gallery2.apk Binary XML file line #254
W/PackageParser(12126): Unknown element under : permission at /system/app/Gallery2/Gallery2.apk Binary XML file line #257
W/PackageManager(12126): Failed to parse /system/app/GsmTuneAway: Signature mismatch for shared user : SharedUserSetting{5301384 android.uid.phone/1001}
I/PackageParser(12126): com.qualcomm.interfacepermissions: compat added android.permission.WRITE_EXTERNAL_STORAGE android.permission.READ_PHONE_STATE
W/PackageManager(12126): Failed to parse /system/app/NetworkSetting: Signature mismatch for shared user : SharedUserSetting{5301384 android.uid.phone/1001}
I/PackageParser(12126): com.qualcomm.qcom_qmi: compat added android.permission.WRITE_EXTERNAL_STORAGE android.permission.READ_PHONE_STATE
W/PackageManager(12126): Failed to parse /system/app/SVIService: Signature mismatch for shared user : SharedUserSetting{240a1e07 android.uid.system/1000}
W/PackageManager(12126): Failed to parse /system/app/TimeService: Signature mismatch for shared user : SharedUserSetting{240a1e07 android.uid.system/1000}
W/PackageManager(12126): Failed to parse /system/app/WfdService: Signature mismatch for shared user : SharedUserSetting{240a1e07 android.uid.system/1000}
W/PackageManager(12126): Failed to parse /system/app/btmultisim: Signature mismatch for shared user : SharedUserSetting{5301384 android.uid.phone/1001}
W/PackageManager(12126): Failed to parse /system/app/com.qualcomm.qti.services.secureui: Signature mismatch for shared user : SharedUserSetting{240a1e07 android.uid.system/1000}
W/PackageManager(12126): Failed to parse /system/app/fastdormancy: Signature mismatch for shared user : SharedUserSetting{240a1e07 android.uid.system/1000}
W/PackageManager(12126): Failed to parse /system/app/qcrilmsgtunnel: Signature mismatch for shared user : SharedUserSetting{5301384 android.uid.phone/1001}
W/PackageManager(12126): Failed to parse /system/vendor/app/ims: Signature mismatch for shared user : SharedUserSetting{5301384 android.uid.phone/1001}
W/PackageManager(12126): Package org.codeaurora.bluetooth desires unavailable shared library com.quicinc.wbc; ignoring!
W/PackageManager(12126): Package com.android.email desires unavailable shared library org.apache.http.legacy; ignoring!
I/PackageManager(12126): Adjusting ABI for : com.fairphone.psensor to armeabi-v7a
I/PackageManager(12126): Adjusting ABI for : com.android.keychain to armeabi-v7a
I/PackageManager(12126): Adjusting ABI for : com.codeaurora.fmrecording to armeabi-v7a
I/PackageManager(12126): Adjusting ABI for : com.android.dialer to armeabi-v7a
I/PackageManager(12126): Adjusting ABI for : com.android.server.telecom to armeabi-v7a
I/PackageManager(12126): Adjusting ABI for : com.android.location.fused to armeabi-v7a
I/PackageManager(12126): Adjusting ABI for : com.fairphone.privacyimpact to armeabi-v7a
I/PackageManager(12126): Adjusting ABI for : com.android.settings to armeabi-v7a
E/NetlinkListener(12042): recvmsg failed (I/O error)
E/NetlinkListener( 683): recvmsg failed (I/O error)
E/NetlinkListener( 683): recvmsg failed (I/O error)
E/NetlinkListener(12042): recvmsg failed (I/O error)
E/NetlinkListener(12042): recvmsg failed (I/O error)
E/NetlinkListener( 683): recvmsg failed (I/O error)
I/PackageManager(12126): Adjusting ABI for : com.android.providers.settings to armeabi-v7a
I/PackageManager(12126): Adjusting ABI for : com.android.inputdevices to armeabi-v7a
I/PackageManager(12126): Adjusting ABI for : com.fairphone.setupwizard to armeabi-v7a
I/PackageManager(12126): Adjusting ABI for : com.android.soundrecorder to armeabi-v7a
E/NetlinkListener(12042): recvmsg failed (I/O error)
I/PackageManager(12126): Adjusting ABI for : com.dsi.ant.server to armeabi-v7a
E/NetlinkListener( 683): recvmsg failed (I/O error)
I/PackageManager(12126): Time to scan packages: 3.528 seconds
W/PackageManager(12126): Unknown permission com.google.android.googleapps.permission.GOOGLE_AUTH in package com.android.providers.calendar
W/PackageManager(12126): Unknown permission com.google.android.googleapps.permission.GOOGLE_AUTH.cl in package com.android.providers.calendar
W/PackageManager(12126): Unknown permission com.qualcomm.permission.USE_QCRIL_MSG_TUNNEL in package com.qualcomm.shutdownlistner
W/PackageManager(12126): Unknown permission android.permission.PREVENT_POWER_KEY in package com.fairphone.checkup
W/PackageManager(12126): Not granting permission android.permission.GLOBAL_SEARCH to package com.android.quicksearchbox (protectionLevel=18 flags=0x48be45)
W/PackageManager(12126): Not granting permission android.permission.ACCESS_DOWNLOAD_MANAGER to package com.android.browser (protectionLevel=18 flags=0x9be45)
W/PackageManager(12126): Not granting permission android.permission.SEND_DOWNLOAD_COMPLETED_INTENTS to package com.android.browser (protectionLevel=2 flags=0x9be45)
W/PackageManager(12126): Unknown permission android.permission.MMS_PUSH in package org.codeaurora.bluetooth
W/PackageManager(12126): Not granting permission android.permission.BIND_WALLPAPER to package com.android.camera2 (protectionLevel=18 flags=0x58bc45)
W/PackageManager(12126): Unknown permission android.permission.INSTALL_DRM in package com.android.mms
W/PackageManager(12126): Unknown permission com.google.android.googleapps.permission.GOOGLE_AUTH.mail in package com.android.calendar
W/PackageManager(12126): Unknown permission com.android.launcher.permission.READ_SETTINGS in package com.android.onetimeinitializer
W/PackageManager(12126): Unknown permission com.android.launcher.permission.WRITE_SETTINGS in package com.android.onetimeinitializer
W/PackageManager(12126): Not granting permission android.permission.DELETE_PACKAGES to package com.svox.pico (protectionLevel=18 flags=0x8be45)
W/PackageManager(12126): Unknown permission android.permission.ACCESS_THEME_MANAGER in package com.fairphone.setupwizard
W/PackageManager(12126): Unknown permission com.google.android.gallery3d.permission.PICASA_STORE in package com.android.dreams.phototable
W/PackageManager(12126): Unknown permission android.permission.ACCESS_SUPERUSER in package com.amaze.filemanager
W/PackageManager(12126): Unknown permission com.google.android.googleapps.permission.GOOGLE_AUTH in package com.android.settings
W/PackageManager(12126): Unknown permission com.android.launcher.permission.READ_SETTINGS in package com.android.settings
W/PackageManager(12126): Unknown permission com.android.launcher.permission.WRITE_SETTINGS in package com.android.settings
W/PackageManager(12126): Unknown permission com.android.launcher.permission.READ_SETTINGS in package com.fairphone.fplauncher3
W/PackageManager(12126): Unknown permission com.android.launcher.permission.WRITE_SETTINGS in package com.fairphone.fplauncher3
W/PackageManager(12126): Unknown permission android.permission.ACCESS_SUPERUSER in package com.fairphone.updater
W/PackageManager(12126): Not granting permission android.permission.DEVICE_POWER to package com.android.deskclock (protectionLevel=2 flags=0x48be45)
W/PackageManager(12126): Unknown permission com.google.android.gallery3d.permission.GALLERY_PROVIDER in package com.android.bluetooth
I/SystemServer(12126): User Service
I/SystemServiceManager(12126): Starting com.android.server.lights.LightsService
I/SystemServiceManager(12126): Starting com.android.server.BatteryService
I/SystemServiceManager(12126): Starting com.android.server.usage.UsageStatsService
I/UsageStatsService(12126): User[0] Rollover scheduled @ 2016-12-15 00:00:00(1481760000000)
I/SystemServiceManager(12126): Starting com.android.server.webkit.WebViewUpdateService
I/SystemServer(12126): Reading configuration...
I/SystemServer(12126): Scheduling Policy
I/SystemServiceManager(12126): Starting com.android.server.telecom.TelecomLoaderService
I/SystemServer(12126): Telephony Registry
I/SystemServer(12126): Entropy Mixer
I/EntropyMixer(12126): Writing entropy...
I/SystemServer(12126): Account Manager
I/SystemServer(12126): Content Manager
I/SystemServer(12126): System Content Providers
I/SystemServer(12126): Vibrator Service
I/SystemServer(12126): Consumer IR Service
I/SystemServiceManager(12126): Starting com.android.server.AlarmManagerService
W/AlarmManager(12126): Failed to open alarm driver. Falling back to a handler.
I/SystemServer(12126): Init Watchdog
I/SystemServer(12126): Input Manager
I/InputManager(12126): Initializing input manager, mUseDevInputEventForAudioJack=true
I/SystemServer(12126): Window Manager
I/WindowManager(12126): No existing display settings /data/system/display_settings.xml; starting empty
E/WindowManager(12126): Exception creating Dim surface
E/WindowManager(12126): android.view.Surface$OutOfResourcesException
E/WindowManager(12126): at android.view.SurfaceControl.nativeCreate(Native Method)
E/WindowManager(12126): at android.view.SurfaceControl.(SurfaceControl.java:292)
E/WindowManager(12126): at com.android.server.wm.DimLayer.(DimLayer.java:81)
E/WindowManager(12126): at com.android.server.wm.TaskStack.attachDisplayContent(TaskStack.java:233)
E/WindowManager(12126): at com.android.server.wm.WindowManagerService.attachStack(WindowManagerService.java:5158)
E/WindowManager(12126): at com.android.server.am.ActivityStackSupervisor$ActivityContainer.attachToDisplayLocked(ActivityStackSupervisor.java:3766)
E/WindowManager(12126): at com.android.server.am.ActivityStackSupervisor.createStackOnDisplay(ActivityStackSupervisor.java:2649)
E/WindowManager(12126): at com.android.server.am.ActivityStackSupervisor.setWindowManager(ActivityStackSupervisor.java:394)
E/WindowManager(12126): at com.android.server.am.ActivityManagerService.setWindowManager(ActivityManagerService.java:1943)
E/WindowManager(12126): at com.android.server.SystemServer.startOtherServices(SystemServer.java:498)
E/WindowManager(12126): at com.android.server.SystemServer.run(SystemServer.java:265)
E/WindowManager(12126): at com.android.server.SystemServer.main(SystemServer.java:179)
E/WindowManager(12126): at java.lang.reflect.Method.invoke(Native Method)
E/WindowManager(12126): at java.lang.reflect.Method.invoke(Method.java:372)
