W/VoiceInteractionManagerService(12126): no available voice interaction services found for user 0
W/VoiceInteractionManagerService(12126): no available voice recognition services found for user 0
E/libprocessgroup(12990): failed to open /acct/uid_1000/pid_12990/cgroup.procs: No such file or directory
I/ActivityManager(12126): Start proc 12990:com.android.server.telecom/1000 for added application com.android.server.telecom
W/AlarmManager(12126): Not setting time since no alarm driver is available.
E/libprocessgroup(13019): failed to open /acct/uid_1001/pid_13019/cgroup.procs: No such file or directory
I/ActivityManager(12126): Start proc 13019:com.android.phone/1001 for added application com.android.phone
I/ActivityManager(12126): START u0 {act=android.intent.action.MAIN cat=[android.intent.category.HOME] flg=0x10000000 cmp=com.android.settings/.CryptKeeper} from uid 0 on display 0
V/WindowManager(12126): addAppToken: AppWindowToken{195762da token=Token{f39c485 ActivityRecord{2fc545fc u0 com.android.settings/.CryptKeeper t1}}} to stack=0 task=1 at 0
E/libprocessgroup(13049): failed to open /acct/uid_1000/pid_13049/cgroup.procs: No such file or directory
I/ActivityManager(12126): Start proc 13049:com.android.settings/1000 for activity com.android.settings/.CryptKeeper
I/SystemServer(12126): Enabled StrictMode for system server main thread.
W/ActivityManager(12126): No pending application record for pid 12971 (IApplicationThread android.app.ApplicationThreadProxy@3c0e5894); dropping process
V/ActivityManager(12126): Display changed displayId=0
V/ActivityManager(12126): Display changed displayId=0
V/ActivityManager(12126): Display changed displayId=0
W/WindowStateAnimator(12126): OutOfResourcesException creating surface
I/WindowManager(12126): Out of memory for surface! Looking for leaks...
W/WindowManager(12126): No leaked surfaces; killing applicatons!
W/WindowManager(12126): Due to memory failure, waiting a bit for next layout
F/WindowAnimator(12126): Unhandled exception in Window Manager
F/WindowAnimator(12126): java.lang.NullPointerException: Attempt to invoke virtual method 'void android.view.SurfaceControl.setLayer(int)' on a null object reference
F/WindowAnimator(12126): at com.android.server.wm.FocusedStackFrame.setLayer(FocusedStackFrame.java:140)
F/WindowAnimator(12126): at com.android.server.wm.WindowManagerService.setFocusedStackLayer(WindowManagerService.java:3985)
F/WindowAnimator(12126): at com.android.server.wm.WindowAnimator.animateLocked(WindowAnimator.java:708)
F/WindowAnimator(12126): at com.android.server.wm.WindowAnimator.access$000(WindowAnimator.java:54)
F/WindowAnimator(12126): at com.android.server.wm.WindowAnimator$1.run(WindowAnimator.java:126)
F/WindowAnimator(12126): at android.view.Choreographer$CallbackRecord.run(Choreographer.java:767)
F/WindowAnimator(12126): at android.view.Choreographer.doCallbacks(Choreographer.java:580)
F/WindowAnimator(12126): at android.view.Choreographer.doFrame(Choreographer.java:549)
F/WindowAnimator(12126): at android.view.Choreographer$FrameDisplayEventReceiver.run(Choreographer.java:753)
F/WindowAnimator(12126): at android.os.Handler.handleCallback(Handler.java:739)
F/WindowAnimator(12126): at android.os.Handler.dispatchMessage(Handler.java:95)
F/WindowAnimator(12126): at android.os.Looper.loop(Looper.java:135)
F/WindowAnimator(12126): at android.os.HandlerThread.run(HandlerThread.java:61)
F/WindowAnimator(12126): at com.android.server.ServiceThread.run(ServiceThread.java:46)
F/WindowManager(12126): Unhandled exception in Window Manager
F/WindowManager(12126): java.lang.IllegalArgumentException: displayToken must not be null
F/WindowManager(12126): at android.view.SurfaceControl.setDisplayProjection(SurfaceControl.java:573)
F/WindowManager(12126): at com.android.server.display.DisplayDevice.setProjectionInTransactionLocked(DisplayDevice.java:173)
F/WindowManager(12126): at com.android.server.display.LogicalDisplay.configureDisplayInTransactionLocked(LogicalDisplay.java:316)
F/WindowManager(12126): at com.android.server.display.DisplayManagerService.configureDisplayInTransactionLocked(DisplayManagerService.java:884)
F/WindowManager(12126): at com.android.server.display.DisplayManagerService.performTraversalInTransactionLocked(DisplayManagerService.java:806)
F/WindowManager(12126): at com.android.server.display.DisplayManagerService.performTraversalInTransactionFromWindowManagerInternal(DisplayManagerService.java:317)
F/WindowManager(12126): at com.android.server.display.DisplayManagerService.access$4200(DisplayManagerService.java:112)
F/WindowManager(12126): at com.android.server.display.DisplayManagerService$LocalService.performTraversalInTransactionFromWindowManager(DisplayManagerService.java:1539)
F/WindowManager(12126): at com.android.server.wm.WindowManagerService.performLayoutAndPlaceSurfacesLockedInner(WindowManagerService.java:9960)
F/WindowManager(12126): at com.android.server.wm.WindowManagerService.performLayoutAndPlaceSurfacesLockedLoop(WindowManagerService.java:8828)
F/WindowManager(12126): at com.android.server.wm.WindowManagerService.performLayoutAndPlaceSurfacesLocked(WindowManagerService.java:8770)
F/WindowManager(12126): at com.android.server.wm.WindowManagerService.access$400(WindowManagerService.java:163)
F/WindowManager(12126): at com.android.server.wm.WindowManagerService$H.handleMessage(WindowManagerService.java:7736)
F/WindowManager(12126): at android.os.Handler.dispatchMessage(Handler.java:102)
F/WindowManager(12126): at android.os.Looper.loop(Looper.java:135)
F/WindowManager(12126): at android.os.HandlerThread.run(HandlerThread.java:61)
F/WindowManager(12126): at com.android.server.ServiceThread.run(ServiceThread.java:46)
W/InputMethodManagerService(12126): Focus gain on non-focused client android.view.inputmethod.InputMethodManager$1@2ed5350b (uid=1000 pid=12126)
E/NetlinkListener(12042): recvmsg failed (I/O error)
E/NetlinkListener( 683): recvmsg failed (I/O error)
F/WindowAnimator(12126): Unhandled exception in Window Manager
F/WindowAnimator(12126): java.lang.NullPointerException: Attempt to invoke virtual method 'void android.view.SurfaceControl.setLayer(int)' on a null object reference
F/WindowAnimator(12126): at com.android.server.wm.FocusedStackFrame.setLayer(FocusedStackFrame.java:140)
F/WindowAnimator(12126): at com.android.server.wm.WindowManagerService.setFocusedStackLayer(WindowManagerService.java:3985)
F/WindowAnimator(12126): at com.android.server.wm.WindowAnimator.animateLocked(WindowAnimator.java:708)
F/WindowAnimator(12126): at com.android.server.wm.WindowAnimator.access$000(WindowAnimator.java:54)
F/WindowAnimator(12126): at com.android.server.wm.WindowAnimator$1.run(WindowAnimator.java:126)
F/WindowAnimator(12126): at android.view.Choreographer$CallbackRecord.run(Choreographer.java:767)
F/WindowAnimator(12126): at android.view.Choreographer.doCallbacks(Choreographer.java:580)
F/WindowAnimator(12126): at android.view.Choreographer.doFrame(Choreographer.java:549)
F/WindowAnimator(12126): at android.view.Choreographer$FrameDisplayEventReceiver.run(Choreographer.java:753)
F/WindowAnimator(12126): at android.os.Handler.handleCallback(Handler.java:739)
F/WindowAnimator(12126): at android.os.Handler.dispatchMessage(Handler.java:95)
F/WindowAnimator(12126): at android.os.Looper.loop(Looper.java:135)
F/WindowAnimator(12126): at android.os.HandlerThread.run(HandlerThread.java:61)
F/WindowAnimator(12126): at com.android.server.ServiceThread.run(ServiceThread.java:46)
F/WindowAnimator(12126): Unhandled exception in Window Manager
F/WindowAnimator(12126): java.lang.NullPointerException: Attempt to invoke virtual method 'void android.view.SurfaceControl.setLayer(int)' on a null object reference
F/WindowAnimator(12126): at com.android.server.wm.FocusedStackFrame.setLayer(FocusedStackFrame.java:140)
F/WindowAnimator(12126): at com.android.server.wm.WindowManagerService.setFocusedStackLayer(WindowManagerService.java:3985)
F/WindowAnimator(12126): at com.android.server.wm.WindowAnimator.animateLocked(WindowAnimator.java:708)
F/WindowAnimator(12126): at com.android.server.wm.WindowAnimator.access$000(WindowAnimator.java:54)
F/WindowAnimator(12126): at com.android.server.wm.WindowAnimator$1.run(WindowAnimator.java:126)
F/WindowAnimator(12126): at android.view.Choreographer$CallbackRecord.run(Choreographer.java:767)
F/WindowAnimator(12126): at android.view.Choreographer.doCallbacks(Choreographer.java:580)
F/WindowAnimator(12126): at android.view.Choreographer.doFrame(Choreographer.java:549)
F/WindowAnimator(12126): at android.view.Choreographer$FrameDisplayEventReceiver.run(Choreographer.java:753)
F/WindowAnimator(12126): at android.os.Handler.handleCallback(Handler.java:739)
F/WindowAnimator(12126): at android.os.Handler.dispatchMessage(Handler.java:95)
F/WindowAnimator(12126): at android.os.Looper.loop(Looper.java:135)
F/WindowAnimator(12126): at android.os.HandlerThread.run(HandlerThread.java:61)
F/WindowAnimator(12126): at com.android.server.ServiceThread.run(ServiceThread.java:46)
E/libprocessgroup(13168): failed to open /acct/uid_10005/pid_13168/cgroup.procs: No such file or directory
I/ActivityManager(12126): Start proc 13168:android.process.acore/u0a5 for content provider com.android.providers.userdictionary/.UserDictionaryProvider
D/Telecom (12126): TelecomService: onCreate
I/Telecom (12126): TelecomGlobals: TelecomGlobals initializing
D/Telecom (12126): MissedCallNotifier: updateOnStartup()...
E/NetlinkListener(12042): recvmsg failed (I/O error)
E/NetlinkListener( 683): recvmsg failed (I/O error)
I/ActivityManager(12126): START u0 {act=android.intent.action.MAIN cat=[android.intent.category.HOME] flg=0x10000000 cmp=com.fairphone.setupwizard/.ui.SetupWizardActivity} from uid 0 on display 0
V/WindowManager(12126): addAppToken: AppWindowToken{26da38cf token=Token{224d152e ActivityRecord{19903ba9 u0 com.fairphone.setupwizard/.ui.SetupWizardActivity t2}}} to stack=0 task=2 at 0
F/WindowAnimator(12126): Unhandled exception in Window Manager
F/WindowAnimator(12126): java.lang.NullPointerException: Attempt to invoke virtual method 'void android.view.SurfaceControl.setLayer(int)' on a null object reference
F/WindowAnimator(12126): at com.android.server.wm.FocusedStackFrame.setLayer(FocusedStackFrame.java:140)
F/WindowAnimator(12126): at com.android.server.wm.WindowManagerService.setFocusedStackLayer(WindowManagerService.java:3985)
F/WindowAnimator(12126): at com.android.server.wm.WindowAnimator.animateLocked(WindowAnimator.java:708)
F/WindowAnimator(12126): at com.android.server.wm.WindowAnimator.access$000(WindowAnimator.java:54)
F/WindowAnimator(12126): at com.android.server.wm.WindowAnimator$1.run(WindowAnimator.java:126)
F/WindowAnimator(12126): at android.view.Choreographer$CallbackRecord.run(Choreographer.java:767)
F/WindowAnimator(12126): at android.view.Choreographer.doCallbacks(Choreographer.java:580)
F/WindowAnimator(12126): at android.view.Choreographer.doFrame(Choreographer.java:549)
F/WindowAnimator(12126): at android.view.Choreographer$FrameDisplayEventReceiver.run(Choreographer.java:753)
F/WindowAnimator(12126): at android.os.Handler.handleCallback(Handler.java:739)
F/WindowAnimator(12126): at android.os.Handler.dispatchMessage(Handler.java:95)
F/WindowAnimator(12126): at android.os.Looper.loop(Looper.java:135)
F/WindowAnimator(12126): at android.os.HandlerThread.run(HandlerThread.java:61)
F/WindowAnimator(12126): at com.android.server.ServiceThread.run(ServiceThread.java:46)
E/libprocessgroup(13207): failed to open /acct/uid_1000/pid_13207/cgroup.procs: No such file or directory
I/ActivityManager(12126): Start proc 13207:com.fairphone.setupwizard/1000 for activity com.fairphone.setupwizard/.ui.SetupWizardActivity
D/Telecom (12126): ProximitySensorManager: onCreate: mProximityWakeLock:
I/Telecom (12126): TelecomGlobals: CallsManager initialized
D/Telecom (12126): TelecomService: onBind
V/ActivityManager(12126): Display added displayId=1
D/ZenLog (12126): downtime: Autotrigger skipped: not in downtime
V/WiredAccessoryManager(12126): notifyWiredAccessoryChanged: when=0 bits= mask=54
V/WiredAccessoryManager(12126): newName=h2w newState=0 headsetState=0 prev headsetState=0
V/WiredAccessoryManager(12126): init()
F/WindowAnimator(12126): Unhandled exception in Window Manager
F/WindowAnimator(12126): java.lang.NullPointerException: Attempt to invoke virtual method 'void android.view.SurfaceControl.setLayer(int)' on a null object reference
F/WindowAnimator(12126): at com.android.server.wm.FocusedStackFrame.setLayer(FocusedStackFrame.java:140)
F/WindowAnimator(12126): at com.android.server.wm.WindowManagerService.setFocusedStackLayer(WindowManagerService.java:3985)
F/WindowAnimator(12126): at com.android.server.wm.WindowAnimator.animateLocked(WindowAnimator.java:708)
F/WindowAnimator(12126): at com.android.server.wm.WindowAnimator.access$000(WindowAnimator.java:54)
F/WindowAnimator(12126): at com.android.server.wm.WindowAnimator$1.run(WindowAnimator.java:126)
F/WindowAnimator(12126): at android.view.Choreographer$CallbackRecord.run(Choreographer.java:767)
F/WindowAnimator(12126): at android.view.Choreographer.doCallbacks(Choreographer.java:580)
F/WindowAnimator(12126): at android.view.Choreographer.doFrame(Choreographer.java:549)
F/WindowAnimator(12126): at android.view.Choreographer$FrameDisplayEventReceiver.run(Choreographer.java:753)
F/WindowAnimator(12126): at android.os.Handler.handleCallback(Handler.java:739)
F/WindowAnimator(12126): at android.os.Handler.dispatchMessage(Handler.java:95)
F/WindowAnimator(12126): at android.os.Looper.loop(Looper.java:135)
F/WindowAnimator(12126): at android.os.HandlerThread.run(HandlerThread.java:61)
F/WindowAnimator(12126): at com.android.server.ServiceThread.run(ServiceThread.java:46)
W/ResourcesManager(12126): Asset path '/system/framework/com.google.android.media.effects.jar' does not exist or contains no resources.
F/WindowAnimator(12126): Unhandled exception in Window Manager
F/WindowAnimator(12126): java.lang.NullPointerException: Attempt to invoke virtual method 'void android.view.SurfaceControl.setLayer(int)' on a null object reference
F/WindowAnimator(12126): at com.android.server.wm.FocusedStackFrame.setLayer(FocusedStackFrame.java:140)
F/WindowAnimator(12126): at com.android.server.wm.WindowManagerService.setFocusedStackLayer(WindowManagerService.java:3985)
F/WindowAnimator(12126): at com.android.server.wm.WindowAnimator.animateLocked(WindowAnimator.java:708)
F/WindowAnimator(12126): at com.android.server.wm.WindowAnimator.access$000(WindowAnimator.java:54)
F/WindowAnimator(12126): at com.android.server.wm.WindowAnimator$1.run(WindowAnimator.java:126)
F/WindowAnimator(12126): at android.view.Choreographer$CallbackRecord.run(Choreographer.java:767)
F/WindowAnimator(12126): at android.view.Choreographer.doCallbacks(Choreographer.java:580)
F/WindowAnimator(12126): at android.view.Choreographer.doFrame(Choreographer.java:549)
F/WindowAnimator(12126): at android.view.Choreographer$FrameDisplayEventReceiver.run(Choreographer.java:753)
F/WindowAnimator(12126): at android.os.Handler.handleCallback(Handler.java:739)
F/WindowAnimator(12126): at android.os.Handler.dispatchMessage(Handler.java:95)
F/WindowAnimator(12126): at android.os.Looper.loop(Looper.java:135)
F/WindowAnimator(12126): at android.os.HandlerThread.run(HandlerThread.java:61)
F/WindowAnimator(12126): at com.android.server.ServiceThread.run(ServiceThread.java:46)
W/AppWidgetServiceImpl(12126): Failed to read state: java.io.FileNotFoundException: /data/system/users/0/appwidgets.xml: open failed: ENOENT (No such file or directory)
V/AppWidgetServiceImpl(12126): Upgrading widget database from 0 to 1
E/AndroidRuntime(12126): *** FATAL EXCEPTION IN SYSTEM PROCESS: main
E/AndroidRuntime(12126): java.lang.RuntimeException: Error receiving broadcast Intent { act=android.intent.action.USER_SWITCHED flg=0x50000010 (has extras) } in com.android.server.accessibility.AccessibilityManagerService$2@35816896
E/AndroidRuntime(12126): at android.app.LoadedApk$ReceiverDispatcher$Args.run(LoadedApk.java:876)
E/AndroidRuntime(12126): at android.os.Handler.handleCallback(Handler.java:739)
E/AndroidRuntime(12126): at android.os.Handler.dispatchMessage(Handler.java:95)
E/AndroidRuntime(12126): at android.os.Looper.loop(Looper.java:135)
E/AndroidRuntime(12126): at com.android.server.SystemServer.run(SystemServer.java:278)
E/AndroidRuntime(12126): at com.android.server.SystemServer.main(SystemServer.java:179)
E/AndroidRuntime(12126): at java.lang.reflect.Method.invoke(Native Method)
E/AndroidRuntime(12126): at java.lang.reflect.Method.invoke(Method.java:372)
E/AndroidRuntime(12126): at com.android.internal.os.ZygoteInit$MethodAndArgsCaller.run(ZygoteInit.java:904)
E/AndroidRuntime(12126): at com.android.internal.os.ZygoteInit.main(ZygoteInit.java:699)
E/AndroidRuntime(12126): Caused by: java.lang.SecurityException
E/AndroidRuntime(12126): at android.os.BinderProxy.transactNative(Native Method)
E/AndroidRuntime(12126): at android.os.BinderProxy.transact(Binder.java:496)
E/AndroidRuntime(12126): at com.android.server.accessibility.DisplayAdjustmentUtils.setDaltonizerMode(DisplayAdjustmentUtils.java:129)
E/AndroidRuntime(12126): at com.android.server.accessibility.DisplayAdjustmentUtils.applyAdjustments(DisplayAdjustmentUtils.java:101)
E/AndroidRuntime(12126): at com.android.server.accessibility.AccessibilityManagerService.updateDisplayColorAdjustmentSettingsLocked(AccessibilityManagerService.java:1604)
E/AndroidRuntime(12126): at com.android.server.accessibility.AccessibilityManagerService.onUserStateChangedLocked(AccessibilityManagerService.java:1330)
E/AndroidRuntime(12126): at com.android.server.accessibility.AccessibilityManagerService.switchUser(AccessibilityManagerService.java:844)
E/AndroidRuntime(12126): at com.android.server.accessibility.AccessibilityManagerService.access$800(AccessibilityManagerService.java:119)
E/AndroidRuntime(12126): at com.android.server.accessibility.AccessibilityManagerService$2.onReceive(AccessibilityManagerService.java:361)
E/AndroidRuntime(12126): at android.app.LoadedApk$ReceiverDispatcher$Args.run(LoadedApk.java:866)
E/AndroidRuntime(12126): ... 9 more
E/ActivityThread(12922): Failed to find provider info for user_dictionary
E/ActivityThread(12922): Failed to find provider info for com.android.contacts
E/ActivityThread(12922): Failed to find provider info for user_dictionary
E/ActivityThread(12922): Failed to find provider info for com.android.contacts
E/AndroidRuntime(12922): FATAL EXCEPTION: main
E/AndroidRuntime(12922): Process: com.android.inputmethod.latin, PID: 12922
E/AndroidRuntime(12922): java.lang.RuntimeException: Unable to create service com.android.inputmethod.latin.LatinIME: java.lang.RuntimeException: android.os.DeadObjectException
E/AndroidRuntime(12922): at android.app.ActivityThread.handleCreateService(ActivityThread.java:2771)
E/AndroidRuntime(12922): at android.app.ActivityThread.access$1800(ActivityThread.java:151)
E/AndroidRuntime(12922): at android.app.ActivityThread$H.handleMessage(ActivityThread.java:1386)
E/AndroidRuntime(12922): at android.os.Handler.dispatchMessage(Handler.java:102)
E/AndroidRuntime(12922): at android.os.Looper.loop(Looper.java:135)
E/AndroidRuntime(12922): at android.app.ActivityThread.main(ActivityThread.java:5254)
E/AndroidRuntime(12922): at java.lang.reflect.Method.invoke(Native Method)
E/AndroidRuntime(12922): at java.lang.reflect.Method.invoke(Method.java:372)
E/AndroidRuntime(12922): at com.android.internal.os.ZygoteInit$MethodAndArgsCaller.run(ZygoteInit.java:904)
E/AndroidRuntime(12922): at com.android.internal.os.ZygoteInit.main(ZygoteInit.java:699)
E/AndroidRuntime(12922): Caused by: java.lang.RuntimeException: android.os.DeadObjectException
E/AndroidRuntime(12922): at android.view.inputmethod.InputMethodManager.getEnabledInputMethodList(InputMethodManager.java:661)
E/AndroidRuntime(12922): at com.android.inputmethod.latin.SubtypeSwitcher.isSystemLocaleSameAsLocaleOfAllEnabledSubtypesOfEnabledImes(SubtypeSwitcher.java:261)
E/AndroidRuntime(12922): at com.android.inputmethod.latin.LatinIME.refreshPersonalizationDictionarySession(LatinIME.java:598)
E/AndroidRuntime(12922): at com.android.inputmethod.latin.LatinIME.loadSettings(LatinIME.java:592)
E/AndroidRuntime(12922): at com.android.inputmethod.latin.LatinIME.onCreate(LatinIME.java:545)
E/AndroidRuntime(12922): at android.app.ActivityThread.handleCreateService(ActivityThread.java:2761)
E/AndroidRuntime(12922): ... 9 more
E/AndroidRuntime(12922): Caused by: android.os.DeadObjectException
E/AndroidRuntime(12922): at android.os.BinderProxy.transactNative(Native Method)
E/AndroidRuntime(12922): at android.os.BinderProxy.transact(Binder.java:496)
E/AndroidRuntime(12922): at com.android.internal.view.IInputMethodManager$Stub$Proxy.getEnabledInputMethodList(IInputMethodManager.java:503)
E/AndroidRuntime(12922): at android.view.inputmethod.InputMethodManager.getEnabledInputMethodList(InputMethodManager.java:659)
E/AndroidRuntime(12922): ... 14 more
E/AndroidRuntime(12922): Error reporting crash
E/AndroidRuntime(12922): android.os.DeadObjectException
E/AndroidRuntime(12922): at android.os.BinderProxy.transactNative(Native Method)
E/AndroidRuntime(12922): at android.os.BinderProxy.transact(Binder.java:496)
E/AndroidRuntime(12922): at android.app.ActivityManagerProxy.handleApplicationCrash(ActivityManagerNative.java:4207)
E/AndroidRuntime(12922): at com.android.internal.os.RuntimeInit$UncaughtHandler.uncaughtException(RuntimeInit.java:89)
E/AndroidRuntime(12922): at java.lang.ThreadGroup.uncaughtException(ThreadGroup.java:693)
E/AndroidRuntime(12922): at java.lang.ThreadGroup.uncaughtException(ThreadGroup.java:690)
E/AndroidRuntime(12871): FATAL EXCEPTION: main
E/AndroidRuntime(12871): Process: com.android.systemui, PID: 12871
E/AndroidRuntime(12871): java.lang.RuntimeException: Unable to create service com.android.systemui.SystemUIService: java.lang.NullPointerException: Attempt to invoke interface method 'void android.media.IAudioService.setVolumeController(android.media.IVolumeController)' on a null object reference
E/AndroidRuntime(12871): at android.app.ActivityThread.handleCreateService(ActivityThread.java:2771)
E/AndroidRuntime(12871): at android.app.ActivityThread.access$1800(ActivityThread.java:151)
E/AndroidRuntime(12871): at android.app.ActivityThread$H.handleMessage(ActivityThread.java:1386)
E/AndroidRuntime(12871): at android.os.Handler.dispatchMessage(Handler.java:102)
E/AndroidRuntime(12871): at android.os.Looper.loop(Looper.java:135)
E/AndroidRuntime(12871): at android.app.ActivityThread.main(ActivityThread.java:5254)
E/AndroidRuntime(12871): at java.lang.reflect.Method.invoke(Native Method)
E/AndroidRuntime(12871): at java.lang.reflect.Method.invoke(Method.java:372)
E/AndroidRuntime(12871): at com.android.internal.os.ZygoteInit$MethodAndArgsCaller.run(ZygoteInit.java:904)
E/AndroidRuntime(12871): at com.android.internal.os.ZygoteInit.main(ZygoteInit.java:699)
E/AndroidRuntime(12871): Caused by: java.lang.NullPointerException: Attempt to invoke interface method 'void android.media.IAudioService.setVolumeController(android.media.IVolumeController)' on a null object reference
E/AndroidRuntime(12871): at android.media.AudioManager.setVolumeController(AudioManager.java:3473)
E/AndroidRuntime(12871): at com.android.systemui.volume.VolumeUI.updateController(VolumeUI.java:97)
E/AndroidRuntime(12871): at com.android.systemui.volume.VolumeUI.start(VolumeUI.java:74)
E/AndroidRuntime(12871): at com.android.systemui.SystemUIApplication.startServicesIfNeeded(SystemUIApplication.java:124)
E/AndroidRuntime(12871): at com.android.systemui.SystemUIService.onCreate(SystemUIService.java:31)
E/AndroidRuntime(12871): at android.app.ActivityThread.handleCreateService(ActivityThread.java:2761)
E/AndroidRuntime(12871): ... 9 more
E/AndroidRuntime(12871): Error reporting crash
E/AndroidRuntime(12871): android.os.DeadObjectException
E/AndroidRuntime(12871): at android.os.BinderProxy.transactNative(Native Method)
E/AndroidRuntime(12871): at android.os.BinderProxy.transact(Binder.java:496)
E/AndroidRuntime(12871): at android.app.ActivityManagerProxy.handleApplicationCrash(ActivityManagerNative.java:4207)
E/AndroidRuntime(12871): at com.android.internal.os.RuntimeInit$UncaughtHandler.uncaughtException(RuntimeInit.java:89)
E/AndroidRuntime(12871): at java.lang.ThreadGroup.uncaughtException(ThreadGroup.java:693)
E/AndroidRuntime(12871): at java.lang.ThreadGroup.uncaughtException(ThreadGroup.java:690)
W/StatusBarManager(13207): warning: no STATUS_BAR_SERVICE
E/AndroidRuntime(13207): FATAL EXCEPTION: main
E/AndroidRuntime(13207): Process: com.fairphone.setupwizard, PID: 13207
E/AndroidRuntime(13207): java.lang.RuntimeException: Unable to start activity ComponentInfo{com.fairphone.setupwizard/com.fairphone.setupwizard.ui.SetupWizardActivity}: java.lang.RuntimeException: Package manager has died
E/AndroidRuntime(13207): at android.app.ActivityThread.performLaunchActivity(ActivityThread.java:2325)
E/AndroidRuntime(13207): at android.app.ActivityThread.handleLaunchActivity(ActivityThread.java:2387)
E/AndroidRuntime(13207): at android.app.ActivityThread.access$800(ActivityThread.java:151)
E/AndroidRuntime(13207): at android.app.ActivityThread$H.handleMessage(ActivityThread.java:1303)
E/AndroidRuntime(13207): at android.os.Handler.dispatchMessage(Handler.java:102)
E/AndroidRuntime(13207): at android.os.Looper.loop(Looper.java:135)
E/AndroidRuntime(13207): at android.app.ActivityThread.main(ActivityThread.java:5254)
E/AndroidRuntime(13207): at java.lang.reflect.Method.invoke(Native Method)
E/AndroidRuntime(13207): at java.lang.reflect.Method.invoke(Method.java:372)
E/AndroidRuntime(13207): at com.android.internal.os.ZygoteInit$MethodAndArgsCaller.run(ZygoteInit.java:904)
E/AndroidRuntime(13207): at com.android.internal.os.ZygoteInit.main(ZygoteInit.java:699)
E/AndroidRuntime(13207): Caused by: java.lang.RuntimeException: Package manager has died
E/AndroidRuntime(13207): at android.app.ApplicationPackageManager.queryIntentServicesAsUser(ApplicationPackageManager.java:650)
E/AndroidRuntime(13207): at android.app.ApplicationPackageManager.queryIntentServices(ApplicationPackageManager.java:656)
E/AndroidRuntime(13207): at android.speech.tts.TtsEngines.getEngines(TtsEngines.java:162)
E/AndroidRuntime(13207): at android.speech.tts.TtsEngines.getHighestRankedEngineName(TtsEngines.java:125)
E/AndroidRuntime(13207): at android.speech.tts.TtsEngines.getDefaultEngine(TtsEngines.java:117)
E/AndroidRuntime(13207): at android.speech.tts.TextToSpeech.getDefaultEngine(TextToSpeech.java:2039)
E/AndroidRuntime(13207): at android.speech.tts.TextToSpeech.initTts(TextToSpeech.java:768)
E/AndroidRuntime(13207): at android.speech.tts.TextToSpeech.(TextToSpeech.java:723)
E/AndroidRuntime(13207): at android.speech.tts.TextToSpeech.(TextToSpeech.java:702)
E/AndroidRuntime(13207): at android.speech.tts.TextToSpeech.(TextToSpeech.java:686)
E/AndroidRuntime(13207): at com.fairphone.setupwizard.util.EnableAccessibilityController.(EnableAccessibilityController.java:104)
E/AndroidRuntime(13207): at com.fairphone.setupwizard.util.EnableAccessibilityController.getInstance(EnableAccessibilityController.java:120)
E/AndroidRuntime(13207): at com.fairphone.setupwizard.ui.SetupWizardActivity.onCreate(SetupWizardActivity.java:142)
E/AndroidRuntime(13207): at android.app.Activity.performCreate(Activity.java:5991)
E/AndroidRuntime(13207): at android.app.Instrumentation.callActivityOnCreate(Instrumentation.java:1106)
E/AndroidRuntime(13207): at android.app.ActivityThread.performLaunchActivity(ActivityThread.java:2278)
E/AndroidRuntime(13207): ... 10 more
E/AndroidRuntime(13207): Caused by: android.os.DeadObjectException
E/AndroidRuntime(13207): at android.os.BinderProxy.transactNative(Native Method)
E/AndroidRuntime(13207): at android.os.BinderProxy.transact(Binder.java:496)
E/AndroidRuntime(13207): at android.content.pm.IPackageManager$Stub$Proxy.queryIntentServices(IPackageManager.java:2611)
E/AndroidRuntime(13207): at android.app.ApplicationPackageManager.queryIntentServicesAsUser(ApplicationPackageManager.java:644)
E/AndroidRuntime(13207): ... 25 more
E/AndroidRuntime(13207): Error reporting crash
E/AndroidRuntime(13207): android.os.DeadObjectException
E/AndroidRuntime(13207): at android.os.BinderProxy.transactNative(Native Method)
E/AndroidRuntime(13207): at android.os.BinderProxy.transact(Binder.java:496)
E/AndroidRuntime(13207): at android.app.ActivityManagerProxy.handleApplicationCrash(ActivityManagerNative.java:4207)
E/AndroidRuntime(13207): at com.android.internal.os.RuntimeInit$UncaughtHandler.uncaughtException(RuntimeInit.java:89)
E/AndroidRuntime(13207): at java.lang.ThreadGroup.uncaughtException(ThreadGroup.java:693)
E/AndroidRuntime(13207): at java.lang.ThreadGroup.uncaughtException(ThreadGroup.java:690)
E/AndroidRuntime(13168): FATAL EXCEPTION: ContactsProviderWorker
E/AndroidRuntime(13168): Process: android.process.acore, PID: 13168
E/AndroidRuntime(13168): java.lang.NullPointerException: Attempt to invoke interface method 'android.accounts.Account[] android.accounts.IAccountManager.getAccounts(java.lang.String)' on a null object reference
E/AndroidRuntime(13168): at android.accounts.AccountManager.getAccounts(AccountManager.java:407)
E/AndroidRuntime(13168): at com.android.providers.contacts.ContactsProvider2.performBackgroundTask(ContactsProvider2.java:1667)
E/AndroidRuntime(13168): at com.android.providers.contacts.ContactsProvider2$1.handleMessage(ContactsProvider2.java:1496)
E/AndroidRuntime(13168): at android.os.Handler.dispatchMessage(Handler.java:102)
E/AndroidRuntime(13168): at android.os.Looper.loop(Looper.java:135)
E/AndroidRuntime(13168): at android.os.HandlerThread.run(HandlerThread.java:61)
E/AndroidRuntime(13168): Error reporting crash
E/AndroidRuntime(13168): android.os.DeadObjectException
E/AndroidRuntime(13168): at android.os.BinderProxy.transactNative(Native Method)
E/AndroidRuntime(13168): at android.os.BinderProxy.transact(Binder.java:496)
E/AndroidRuntime(13168): at android.app.ActivityManagerProxy.handleApplicationCrash(ActivityManagerNative.java:4207)
E/AndroidRuntime(13168): at com.android.internal.os.RuntimeInit$UncaughtHandler.uncaughtException(RuntimeInit.java:89)
E/AndroidRuntime(13168): at java.lang.ThreadGroup.uncaughtException(ThreadGroup.java:693)
E/AndroidRuntime(13168): at java.lang.ThreadGroup.uncaughtException(ThreadGroup.java:690)
E/NetlinkListener( 683): recvmsg failed (I/O error)
E/NetlinkListener(12042): recvmsg failed (I/O error)
E/NetlinkListener( 683): recvmsg failed (I/O error)
E/NetlinkListener(13261): recvmsg failed (I/O error)
E/NetlinkListener( 683): recvmsg failed (I/O error)
E/NetlinkListener( 683): recvmsg failed (I/O error)
E/NetlinkListener(13261): recvmsg failed (I/O error)
E/NetlinkListener(13261): recvmsg failed (I/O error)
E/NetlinkListener( 683): recvmsg failed (I/O error)
E/NetlinkListener(13261): recvmsg failed (I/O error)
E/NetlinkListener( 683): recvmsg failed (I/O error)
E/NetlinkListener(13261): recvmsg failed (I/O error)
E/NetlinkListener( 683): recvmsg failed (I/O error)
E/NetlinkListener(13261): recvmsg failed (I/O error)
E/NetlinkListener( 683): recvmsg failed (I/O error)
E/NetlinkListener( 683): recvmsg failed (I/O error)
E/NetlinkListener(13261): recvmsg failed (I/O error)
E/NetlinkListener(13261): recvmsg failed (I/O error)
E/NetlinkListener( 683): recvmsg failed (I/O error)
E/NetlinkListener( 683): recvmsg failed (I/O error)
E/NetlinkListener(13261): recvmsg failed (I/O error)
E/NetlinkListener(13261): recvmsg failed (I/O error)
E/NetlinkListener( 683): recvmsg failed (I/O error)
E/NetlinkListener(13261): recvmsg failed (I/O error)
E/NetlinkListener( 683): recvmsg failed (I/O error)
E/NetlinkListener(13261): recvmsg failed (I/O error)
E/NetlinkListener( 683): recvmsg failed (I/O error)
I/InstallerConnection(13343): connecting...
E/NetlinkListener(13261): recvmsg failed (I/O error)
E/NetlinkListener( 683): recvmsg failed (I/O error)
E/NetlinkListener(13261): recvmsg failed (I/O error)
E/NetlinkListener( 683): recvmsg failed (I/O error)
E/NetlinkListener(13261): recvmsg failed (I/O error)
E/NetlinkListener( 683): recvmsg failed (I/O error)
E/NetlinkListener(13261): recvmsg failed (I/O error)
E/NetlinkListener( 683): recvmsg failed (I/O error)
E/NetlinkListener( 683): recvmsg failed (I/O error)
E/NetlinkListener(13261): recvmsg failed (I/O error)
E/NetlinkListener(13261): recvmsg failed (I/O error)
E/NetlinkListener( 683): recvmsg failed (I/O error)
E/NetlinkListener(13261): recvmsg failed (I/O error)
E/NetlinkListener( 683): recvmsg failed (I/O error)
E/NetlinkListener(13261): recvmsg failed (I/O error)
E/NetlinkListener( 683): recvmsg failed (I/O error)
E/NetlinkListener(13261): recvmsg failed (I/O error)
E/NetlinkListener( 683): recvmsg failed (I/O error)
E/NetlinkListener(13261): recvmsg failed (I/O error)
E/NetlinkListener( 683): recvmsg failed (I/O error)
I/InstallerConnection(13343): disconnecting...
I/SystemServer(13343): Entered the Android system server!
I/SystemServiceManager(13343): Starting com.android.server.pm.Installer
I/Installer(13343): Waiting for installd to be ready.
I/InstallerConnection(13343): connecting...
I/SystemServiceManager(13343): Starting com.android.server.am.ActivityManagerService$Lifecycle
I/XXXXXX (13343): choosing minFree values for 32 Bit
I/XXXXXX (13343): choosing minFree values for 32 Bit
I/XXXXXX (13343): choosing minFree values for 32 Bit
I/XXXXXX (13343): choosing minFree values for 32 Bit
I/XXXXXX (13343): choosing minFree values for 32 Bit
I/XXXXXX (13343): choosing minFree values for 32 Bit
I/ActivityManager(13343): Memory class: 128
I/ServiceThread(13343): Enabled StrictMode logging for ActivityManager looper.
I/AppOps (13343): No existing app ops /data/system/appops.xml; starting empty
I/IntentFirewall(13343): Read new rules (A:0 B:0 S:0)
I/ServiceThread(13343): Enabled StrictMode logging for android.ui looper.
I/ServiceThread(13343): Enabled StrictMode logging for android.display looper.
D/AppOps (13343): AppOpsService published
I/SystemServiceManager(13343): Starting com.android.server.power.PowerManagerService
I/ServiceThread(13343): Enabled StrictMode logging for PowerManagerService looper.
I/SystemServiceManager(13343): Starting com.android.server.display.DisplayManagerService
I/SystemServiceManager(13343): Starting phase 100
I/DisplayManagerService(13343): Display device added: DisplayDeviceInfo{"Built-in Screen": uniqueId="local:0", 1080 x 1920, 0.466 fps, supportedRefreshRates [0.466], density 480, 160.42105 x 159.89508 dpi, appVsyncOff 0, presDeadline 2146922789, touch INTERNAL, rotation 0, type BUILT_IN, state UNKNOWN, FLAG_DEFAULT_DISPLAY, FLAG_ROTATES_WITH_CONTENT, FLAG_SECURE, FLAG_SUPPORTS_PROTECTED_BUFFERS}
I/SystemServer(13343): Package Manager
E/SELinuxMMAC(13343): Error with hashing seapp_contexts.
E/SELinuxMMAC(13343): java.io.FileNotFoundException: /seapp_contexts: open failed: ENOENT (No such file or directory)
E/SELinuxMMAC(13343): at libcore.io.IoBridge.open(IoBridge.java:456)
E/SELinuxMMAC(13343): at libcore.io.IoUtils$FileReader.(IoUtils.java:209)
E/SELinuxMMAC(13343): at libcore.io.IoUtils.readFileAsByteArray(IoUtils.java:109)
E/SELinuxMMAC(13343): at com.android.server.pm.SELinuxMMAC.returnHash(SELinuxMMAC.java:456)
E/SELinuxMMAC(13343): at com.android.server.pm.SELinuxMMAC.shouldRestorecon(SELinuxMMAC.java:389)
E/SELinuxMMAC(13343): at com.android.server.pm.PackageManagerService.(PackageManagerService.java:419)
E/SELinuxMMAC(13343): at com.android.server.pm.PackageManagerService.main(PackageManagerService.java:1261)
E/SELinuxMMAC(13343): at com.android.server.SystemServer.startBootstrapServices(SystemServer.java:358)
E/SELinuxMMAC(13343): at com.android.server.SystemServer.run(SystemServer.java:263)
E/SELinuxMMAC(13343): at com.android.server.SystemServer.main(SystemServer.java:179)
E/SELinuxMMAC(13343): at java.lang.reflect.Method.invoke(Native Method)
E/SELinuxMMAC(13343): at java.lang.reflect.Method.invoke(Method.java:372)
E/SELinuxMMAC(13343): at com.android.internal.os.ZygoteInit$MethodAndArgsCaller.run(ZygoteInit.java:904)
E/SELinuxMMAC(13343): at com.android.internal.os.ZygoteInit.main(ZygoteInit.java:699)
E/SELinuxMMAC(13343): Caused by: android.system.ErrnoException: open failed: ENOENT (No such file or directory)
E/SELinuxMMAC(13343): at libcore.io.Posix.open(Native Method)
E/SELinuxMMAC(13343): at libcore.io.BlockGuardOs.open(BlockGuardOs.java:186)
E/SELinuxMMAC(13343): at libcore.io.IoBridge.open(IoBridge.java:442)
E/SELinuxMMAC(13343): ... 13 more
W/SystemConfig(13343): No directory /system/etc/sysconfig, skipping
D/SELinuxMMAC(13343): Using policy file /system/etc/security/mac_permissions.xml
E/NetlinkListener(13261): recvmsg failed (I/O error)
E/NetlinkListener( 683): recvmsg failed (I/O error)
W/PackageManager(13343): Library not found: /system/framework/com.google.widevine.software.drm.jar
E/NetlinkListener(13261): recvmsg failed (I/O error)
E/NetlinkListener( 683): recvmsg failed (I/O error)
E/NetlinkListener( 683): recvmsg failed (I/O error)
E/NetlinkListener(13261): recvmsg failed (I/O error)
E/NetlinkListener( 683): recvmsg failed (I/O error)
E/NetlinkListener(13261): recvmsg failed (I/O error)
W/PackageManager(13343): Library not found: /system/framework/com.google.android.media.effects.jar
E/NetlinkListener(13261): recvmsg failed (I/O error)
E/NetlinkListener( 683): recvmsg failed (I/O error)
E/NetlinkListener(13261): recvmsg failed (I/O error)
E/NetlinkListener( 683): recvmsg failed (I/O error)
E/NetlinkListener( 683): recvmsg failed (I/O error)
E/NetlinkListener(13261): recvmsg failed (I/O error)
E/NetlinkListener( 683): recvmsg failed (I/O error)
E/NetlinkListener(13261): recvmsg failed (I/O error)
E/NetlinkListener(13261): recvmsg failed (I/O error)
E/NetlinkListener( 683): recvmsg failed (I/O error)
W/PackageManager(13343): Library not found: /system/framework/com.google.android.maps.jar
W/PackageManager(13343): Library not found: /system/framework/com.fairphone.hiccup.jar
E/NetlinkListener(13261): recvmsg failed (I/O error)
E/NetlinkListener( 683): recvmsg failed (I/O error)
E/NetlinkListener(13261): recvmsg failed (I/O error)
E/NetlinkListener( 683): recvmsg failed (I/O error)
E/NetlinkListener(13261): recvmsg failed (I/O error)
E/NetlinkListener( 683): recvmsg failed (I/O error)
E/NetlinkListener(13261): recvmsg failed (I/O error)
E/NetlinkListener( 683): recvmsg failed (I/O error)
E/NetlinkListener(13261): recvmsg failed (I/O error)
E/NetlinkListener( 683): recvmsg failed (I/O error)
E/NetlinkListener(13261): recvmsg failed (I/O error)
E/NetlinkListener( 683): recvmsg failed (I/O error)
E/NetlinkListener( 683): recvmsg failed (I/O error)
E/NetlinkListener(13261): recvmsg failed (I/O error)
E/NetlinkListener( 683): recvmsg failed (I/O error)
E/NetlinkListener(13261): recvmsg failed (I/O error)
E/NetlinkListener(13261): recvmsg failed (I/O error)
E/NetlinkListener( 683): recvmsg failed (I/O error)
E/NetlinkListener( 683): recvmsg failed (I/O error)
E/NetlinkListener(13261): recvmsg failed (I/O error)
E/NetlinkListener( 683): recvmsg failed (I/O error)
E/NetlinkListener(13261): recvmsg failed (I/O error)
E/NetlinkListener(13261): recvmsg failed (I/O error)
E/NetlinkListener( 683): recvmsg failed (I/O error)
E/NetlinkListener(13261): recvmsg failed (I/O error)
E/NetlinkListener( 683): recvmsg failed (I/O error)
E/NetlinkListener(13261): recvmsg failed (I/O error)
E/NetlinkListener( 683): recvmsg failed (I/O error)
E/NetlinkListener(13261): recvmsg failed (I/O error)
E/NetlinkListener( 683): recvmsg failed (I/O error)
E/NetlinkListener(13261): recvmsg failed (I/O error)
E/NetlinkListener( 683): recvmsg failed (I/O error)
E/NetlinkListener( 683): recvmsg failed (I/O error)
E/NetlinkListener(13261): recvmsg failed (I/O error)
E/NetlinkListener( 683): recvmsg failed (I/O error)
E/NetlinkListener(13261): recvmsg failed (I/O error)
E/NetlinkListener( 683): recvmsg failed (I/O error)
E/NetlinkListener(13261): recvmsg failed (I/O error)
W/PackageManager(13343): Trying to update system app code path from /system/priv-app/Settings to /usr/libexec/sfdroid/system/priv-app/Settings
W/PackageManager(13343): Failed to parse /usr/libexec/sfdroid/system/priv-app/Settings: Signature mismatch for shared user : SharedUserSetting{15f2df45 android.uid.system/1000}
W/PackageManager(13343): Failed to parse /system/priv-app/CNEService: Signature mismatch for shared user : SharedUserSetting{15f2df45 android.uid.system/1000}
W/PackageParser(13343): No actions in intent filter at /system/priv-app/Contacts/Contacts.apk Binary XML file line #364
W/PackageParser(13343): No actions in intent filter at /system/priv-app/Dialer/Dialer.apk Binary XML file line #168
W/PackageParser(13343): No actions in intent filter at /system/priv-app/ProximitySensorTools/ProximitySensorTools.apk Binary XML file line #54
W/PackageManager(13343): Failed to parse /system/priv-app/Settings: Signature mismatch for shared user : SharedUserSetting{15f2df45 android.uid.system/1000}
W/PackageParser(13343): Unknown element under : android at /system/priv-app/Telecom/Telecom.apk Binary XML file line #233
W/PackageManager(13343): Failed to parse /system/priv-app/com.qualcomm.location: Signature mismatch for shared user : SharedUserSetting{15f2df45 android.uid.system/1000}
W/PackageManager(13343): Failed to parse /system/priv-app/com.qualcomm.msapm: Signature mismatch for shared user : SharedUserSetting{15f2df45 android.uid.system/1000}
W/PackageParser(13343): No actions in intent filter at /system/app/Bluetooth/Bluetooth.apk Binary XML file line #229
W/PackageParser(13343): Unknown element under : uses-feature at /system/app/BluetoothExt/BluetoothExt.apk Binary XML file line #57
W/PackageParser(13343): No actions in intent filter at /system/app/BluetoothExt/BluetoothExt.apk Binary XML file line #110
W/PackageParser(13343): No actions in intent filter at /system/app/BluetoothExt/BluetoothExt.apk Binary XML file line #134
W/PackageParser(13343): No actions in intent filter at /system/app/BluetoothExt/BluetoothExt.apk Binary XML file line #161
W/PackageManager(13343): Failed to parse /system/app/CABLService: Signature mismatch for shared user : SharedUserSetting{15f2df45 android.uid.system/1000}
W/PackageParser(13343): Unknown element under : permission at /system/app/Gallery2/Gallery2.apk Binary XML file line #254
W/PackageParser(13343): Unknown element under : permission at /system/app/Gallery2/Gallery2.apk Binary XML file line #257
W/PackageManager(13343): Failed to parse /system/app/GsmTuneAway: Signature mismatch for shared user : SharedUserSetting{27140b31 android.uid.phone/1001}
I/PackageParser(13343): com.qualcomm.interfacepermissions: compat added android.permission.WRITE_EXTERNAL_STORAGE android.permission.READ_PHONE_STATE
W/PackageManager(13343): Failed to parse /system/app/NetworkSetting: Signature mismatch for shared user : SharedUserSetting{27140b31 android.uid.phone/1001}
I/PackageParser(13343): com.qualcomm.qcom_qmi: compat added android.permission.WRITE_EXTERNAL_STORAGE android.permission.READ_PHONE_STATE
W/PackageManager(13343): Failed to parse /system/app/SVIService: Signature mismatch for shared user : SharedUserSetting{15f2df45 android.uid.system/1000}
W/PackageManager(13343): Failed to parse /system/app/TimeService: Signature mismatch for shared user : SharedUserSetting{15f2df45 android.uid.system/1000}
W/PackageManager(13343): Failed to parse /system/app/WfdService: Signature mismatch for shared user : SharedUserSetting{15f2df45 android.uid.system/1000}
W/PackageManager(13343): Failed to parse /system/app/btmultisim: Signature mismatch for shared user : SharedUserSetting{27140b31 android.uid.phone/1001}
W/PackageManager(13343): Failed to parse /system/app/com.qualcomm.qti.services.secureui: Signature mismatch for shared user : SharedUserSetting{15f2df45 android.uid.system/1000}
W/PackageManager(13343): Failed to parse /system/app/fastdormancy: Signature mismatch for shared user : SharedUserSetting{15f2df45 android.uid.system/1000}
W/PackageManager(13343): Failed to parse /system/app/qcrilmsgtunnel: Signature mismatch for shared user : SharedUserSetting{27140b31 android.uid.phone/1001}
W/PackageManager(13343): Failed to parse /system/vendor/app/ims: Signature mismatch for shared user : SharedUserSetting{27140b31 android.uid.phone/1001}
W/PackageManager(13343): System package com.android.settings no longer exists; wiping its data
W/PackageManager(13343): Package org.codeaurora.bluetooth desires unavailable shared library com.quicinc.wbc; ignoring!
W/PackageManager(13343): Package com.android.email desires unavailable shared library org.apache.http.legacy; ignoring!
I/PackageManager(13343): Adjusting ABI for : com.dsi.ant.server to armeabi-v7a
I/PackageManager(13343): Adjusting ABI for : com.android.providers.settings to armeabi-v7a
I/PackageManager(13343): Adjusting ABI for : com.android.keychain to armeabi-v7a
I/PackageManager(13343): Adjusting ABI for : com.codeaurora.fmrecording to armeabi-v7a
I/PackageManager(13343): Adjusting ABI for : com.fairphone.privacyimpact to armeabi-v7a
E/NetlinkListener(13261): recvmsg failed (I/O error)
E/NetlinkListener(13261): recvmsg failed (I/O error)
E/NetlinkListener( 683): recvmsg failed (I/O error)
E/NetlinkListener( 683): recvmsg failed (I/O error)
I/PackageManager(13343): Adjusting ABI for : com.android.soundrecorder to armeabi-v7a
E/NetlinkListener( 683): recvmsg failed (I/O error)
E/NetlinkListener(13261): recvmsg failed (I/O error)
E/NetlinkListener(13261): recvmsg failed (I/O error)
E/NetlinkListener( 683): recvmsg failed (I/O error)
I/PackageManager(13343): Adjusting ABI for : com.android.location.fused to armeabi-v7a
I/PackageManager(13343): Adjusting ABI for : com.fairphone.setupwizard to armeabi-v7a
E/NetlinkListener(13261): recvmsg failed (I/O error)
E/NetlinkListener( 683): recvmsg failed (I/O error)
E/NetlinkListener(13261): recvmsg failed (I/O error)
E/NetlinkListener( 683): recvmsg failed (I/O error)
I/PackageManager(13343): Adjusting ABI for : com.fairphone.psensor to armeabi-v7a
E/NetlinkListener(13261): recvmsg failed (I/O error)
E/NetlinkListener( 683): recvmsg failed (I/O error)
E/NetlinkListener(13261): recvmsg failed (I/O error)
E/NetlinkListener( 683): recvmsg failed (I/O error)
E/NetlinkListener(13261): recvmsg failed (I/O error)
E/NetlinkListener( 683): recvmsg failed (I/O error)
E/NetlinkListener(13261): recvmsg failed (I/O error)
E/NetlinkListener( 683): recvmsg failed (I/O error)
E/NetlinkListener( 683): recvmsg failed (I/O error)
E/NetlinkListener(13261): recvmsg failed (I/O error)
E/NetlinkListener( 683): recvmsg failed (I/O error)
E/NetlinkListener(13261): recvmsg failed (I/O error)
I/PackageManager(13343): Adjusting ABI for : com.android.server.telecom to armeabi-v7a
E/NetlinkListener(13261): recvmsg failed (I/O error)
E/NetlinkListener( 683): recvmsg failed (I/O error)
E/NetlinkListener(13261): recvmsg failed (I/O error)
E/NetlinkListener( 683): recvmsg failed (I/O error)
E/NetlinkListener(13261): recvmsg failed (I/O error)
E/NetlinkListener( 683): recvmsg failed (I/O error)
E/NetlinkListener(13261): recvmsg failed (I/O error)
E/NetlinkListener( 683): recvmsg failed (I/O error)
I/PackageManager(13343): Adjusting ABI for : com.android.dialer to armeabi-v7a
E/NetlinkListener(13261): recvmsg failed (I/O error)
E/NetlinkListener( 683): recvmsg failed (I/O error)
E/NetlinkListener(13261): recvmsg failed (I/O error)
E/NetlinkListener( 683): recvmsg failed (I/O error)
E/NetlinkListener(13261): recvmsg failed (I/O error)
E/NetlinkListener( 683): recvmsg failed (I/O error)
E/NetlinkListener(13261): recvmsg failed (I/O error)
E/NetlinkListener( 683): recvmsg failed (I/O error)
E/NetlinkListener(13261): recvmsg failed (I/O error)
E/NetlinkListener( 683): recvmsg failed (I/O error)
I/PackageManager(13343): Adjusting ABI for : com.android.inputdevices to armeabi-v7a
I/PackageManager(13343): Time to scan packages: 20.163 seconds
W/PackageManager(13343): Unknown permission com.google.android.googleapps.permission.GOOGLE_AUTH in package com.android.providers.calendar
W/PackageManager(13343): Unknown permission com.google.android.googleapps.permission.GOOGLE_AUTH.cl in package com.android.providers.calendar
W/PackageManager(13343): Unknown permission com.qualcomm.permission.USE_QCRIL_MSG_TUNNEL in package com.qualcomm.shutdownlistner
W/PackageManager(13343): Unknown permission android.permission.PREVENT_POWER_KEY in package com.fairphone.checkup
W/PackageManager(13343): Not granting permission android.permission.GLOBAL_SEARCH to package com.android.quicksearchbox (protectionLevel=18 flags=0x48be45)
W/PackageManager(13343): Not granting permission android.permission.ACCESS_DOWNLOAD_MANAGER to package com.android.browser (protectionLevel=18 flags=0x9be45)
W/PackageManager(13343): Not granting permission android.permission.SEND_DOWNLOAD_COMPLETED_INTENTS to package com.android.browser (protectionLevel=2 flags=0x9be45)
W/PackageManager(13343): Unknown permission android.permission.MMS_PUSH in package org.codeaurora.bluetooth
W/PackageManager(13343): Not granting permission android.permission.BIND_WALLPAPER to package com.android.camera2 (protectionLevel=18 flags=0x58bc45)
W/PackageManager(13343): Unknown permission android.permission.INSTALL_DRM in package com.android.mms
W/PackageManager(13343): Unknown permission com.google.android.googleapps.permission.GOOGLE_AUTH.mail in package com.android.calendar
W/PackageManager(13343): Unknown permission com.android.launcher.permission.READ_SETTINGS in package com.android.onetimeinitializer
W/PackageManager(13343): Unknown permission com.android.launcher.permission.WRITE_SETTINGS in package com.android.onetimeinitializer
