F/SystemServer(13343): at com.android.internal.os.ZygoteInit$MethodAndArgsCaller.run(ZygoteInit.java:904)
F/SystemServer(13343): at com.android.internal.os.ZygoteInit.main(ZygoteInit.java:699)
E/MountService(13343): Boot-time mount failed (-1)
E/MountService(13343): Boot-time mount failed (-1)
W/MountService(13343): Duplicate state transition (mounted -> mounted) for /storage/emulated/0
I/SystemServiceManager(13343): Starting phase 600
I/BackupManagerService(13343): Backup enabled => false
I/BackupManagerService(13343): Opting out of backup
E/InputMethodManagerService(13343): Ignoring setImeWindowStatus due to an invalid token. uid:1000 token:null
E/NetlinkListener(13261): recvmsg failed (I/O error)
E/NetlinkListener( 683): recvmsg failed (I/O error)
E/NetlinkListener( 683): recvmsg failed (I/O error)
E/NetlinkListener(13261): recvmsg failed (I/O error)
I/ActivityManager(13343): Start proc 15113:com.android.inputmethod.latin/u0a40 for service com.android.inputmethod.latin/.LatinIME
V/InputMethodManagerService(13343): Adding window token: android.os.Binder@e72fe6a
E/libprocessgroup(15113): failed to open /acct/uid_10040/pid_15113/cgroup.procs: No such file or directory
W/LocationManagerService(13343): no network location provider found
E/LocationManagerService(13343): no fused location provider found
E/LocationManagerService(13343): java.lang.IllegalStateException: Location service needs a fused location provider
E/LocationManagerService(13343): at com.android.server.LocationManagerService.loadProvidersLocked(LocationManagerService.java:504)
E/LocationManagerService(13343): at com.android.server.LocationManagerService.systemRunning(LocationManagerService.java:295)
E/LocationManagerService(13343): at com.android.server.SystemServer$2.run(SystemServer.java:1208)
E/LocationManagerService(13343): at com.android.server.am.ActivityManagerService.systemReady(ActivityManagerService.java:11334)
E/LocationManagerService(13343): at com.android.server.SystemServer.startOtherServices(SystemServer.java:1134)
E/LocationManagerService(13343): at com.android.server.SystemServer.run(SystemServer.java:265)
E/LocationManagerService(13343): at com.android.server.SystemServer.main(SystemServer.java:179)
E/LocationManagerService(13343): at java.lang.reflect.Method.invoke(Native Method)
E/LocationManagerService(13343): at java.lang.reflect.Method.invoke(Method.java:372)
E/LocationManagerService(13343): at com.android.internal.os.ZygoteInit$MethodAndArgsCaller.run(ZygoteInit.java:904)
E/LocationManagerService(13343): at com.android.internal.os.ZygoteInit.main(ZygoteInit.java:699)
E/LocationManagerService(13343): no geocoder provider found
E/LocationManagerService(13343): FLP HAL not supported
E/LocationManagerService(13343): Unable to bind FLP Geofence proxy.
E/LocationManagerService(13343): Unable to bind ActivityRecognitionProxy.
V/FingerprintService(13343): startListening(android.service.fingerprint.IFingerprintServiceReceiver$Stub$Proxy@3676bacd)
E/libprocessgroup(15151): failed to open /acct/uid_1001/pid_15151/cgroup.procs: No such file or directory
I/ActivityManager(13343): Start proc 15151:com.android.phone/1001 for content provider com.android.providers.telephony/.TelephonyProvider
I/MmsServiceBroker(13343): systemRunning
W/VoiceInteractionManagerService(13343): no available voice interaction services found for user 0
W/VoiceInteractionManagerService(13343): no available voice recognition services found for user 0
W/AlarmManager(13343): Not setting time since no alarm driver is available.
E/libprocessgroup(15173): failed to open /acct/uid_1000/pid_15173/cgroup.procs: No such file or directory
I/ActivityManager(13343): Start proc 15173:com.android.server.telecom/1000 for added application com.android.server.telecom
E/libprocessgroup(15198): failed to open /acct/uid_1001/pid_15198/cgroup.procs: No such file or directory
I/ActivityManager(13343): Start proc 15198:com.android.phone/1001 for added application com.android.phone
I/ActivityManager(13343): START u0 {act=android.intent.action.MAIN cat=[android.intent.category.HOME] flg=0x10000000 cmp=com.fairphone.setupwizard/.ui.SetupWizardActivity} from uid 0 on display 0
V/WindowManager(13343): addAppToken: AppWindowToken{12323a7e token=Token{2f086439 ActivityRecord{29f88400 u0 com.fairphone.setupwizard/.ui.SetupWizardActivity t1}}} to stack=0 task=1 at 0
E/libprocessgroup(15227): failed to open /acct/uid_1000/pid_15227/cgroup.procs: No such file or directory
I/ActivityManager(13343): Start proc 15227:com.fairphone.setupwizard/1000 for activity com.fairphone.setupwizard/.ui.SetupWizardActivity
I/SystemServer(13343): Enabled StrictMode for system server main thread.
W/ActivityManager(13343): No pending application record for pid 15151 (IApplicationThread android.app.ApplicationThreadProxy@161e02c); dropping process
V/ActivityManager(13343): Display changed displayId=0
V/ActivityManager(13343): Display changed displayId=0
V/ActivityManager(13343): Display changed displayId=0
W/WindowStateAnimator(13343): OutOfResourcesException creating surface
I/WindowManager(13343): Out of memory for surface! Looking for leaks...
W/WindowManager(13343): No leaked surfaces; killing applicatons!
W/WindowManager(13343): Due to memory failure, waiting a bit for next layout
F/WindowAnimator(13343): Unhandled exception in Window Manager
F/WindowAnimator(13343): java.lang.NullPointerException: Attempt to invoke virtual method 'void android.view.SurfaceControl.setLayer(int)' on a null object reference
F/WindowAnimator(13343): at com.android.server.wm.FocusedStackFrame.setLayer(FocusedStackFrame.java:140)
F/WindowAnimator(13343): at com.android.server.wm.WindowManagerService.setFocusedStackLayer(WindowManagerService.java:3985)
F/WindowAnimator(13343): at com.android.server.wm.WindowAnimator.animateLocked(WindowAnimator.java:708)
F/WindowAnimator(13343): at com.android.server.wm.WindowAnimator.access$000(WindowAnimator.java:54)
F/WindowAnimator(13343): at com.android.server.wm.WindowAnimator$1.run(WindowAnimator.java:126)
F/WindowAnimator(13343): at android.view.Choreographer$CallbackRecord.run(Choreographer.java:767)
F/WindowAnimator(13343): at android.view.Choreographer.doCallbacks(Choreographer.java:580)
F/WindowAnimator(13343): at android.view.Choreographer.doFrame(Choreographer.java:549)
F/WindowAnimator(13343): at android.view.Choreographer$FrameDisplayEventReceiver.run(Choreographer.java:753)
F/WindowAnimator(13343): at android.os.Handler.handleCallback(Handler.java:739)
F/WindowAnimator(13343): at android.os.Handler.dispatchMessage(Handler.java:95)
F/WindowAnimator(13343): at android.os.Looper.loop(Looper.java:135)
F/WindowAnimator(13343): at android.os.HandlerThread.run(HandlerThread.java:61)
F/WindowAnimator(13343): at com.android.server.ServiceThread.run(ServiceThread.java:46)
W/InputMethodManagerService(13343): Focus gain on non-focused client android.view.inputmethod.InputMethodManager$1@3692647e (uid=1000 pid=13343)
F/WindowManager(13343): Unhandled exception in Window Manager
F/WindowManager(13343): java.lang.IllegalArgumentException: displayToken must not be null
F/WindowManager(13343): at android.view.SurfaceControl.setDisplayProjection(SurfaceControl.java:573)
F/WindowManager(13343): at com.android.server.display.DisplayDevice.setProjectionInTransactionLocked(DisplayDevice.java:173)
F/WindowManager(13343): at com.android.server.display.LogicalDisplay.configureDisplayInTransactionLocked(LogicalDisplay.java:316)
F/WindowManager(13343): at com.android.server.display.DisplayManagerService.configureDisplayInTransactionLocked(DisplayManagerService.java:884)
F/WindowManager(13343): at com.android.server.display.DisplayManagerService.performTraversalInTransactionLocked(DisplayManagerService.java:806)
F/WindowManager(13343): at com.android.server.display.DisplayManagerService.performTraversalInTransactionFromWindowManagerInternal(DisplayManagerService.java:317)
F/WindowManager(13343): at com.android.server.display.DisplayManagerService.access$4200(DisplayManagerService.java:112)
F/WindowManager(13343): at com.android.server.display.DisplayManagerService$LocalService.performTraversalInTransactionFromWindowManager(DisplayManagerService.java:1539)
F/WindowManager(13343): at com.android.server.wm.WindowManagerService.performLayoutAndPlaceSurfacesLockedInner(WindowManagerService.java:9960)
F/WindowManager(13343): at com.android.server.wm.WindowManagerService.performLayoutAndPlaceSurfacesLockedLoop(WindowManagerService.java:8828)
F/WindowManager(13343): at com.android.server.wm.WindowManagerService.performLayoutAndPlaceSurfacesLocked(WindowManagerService.java:8770)
F/WindowManager(13343): at com.android.server.wm.WindowManagerService.access$400(WindowManagerService.java:163)
F/WindowManager(13343): at com.android.server.wm.WindowManagerService$H.handleMessage(WindowManagerService.java:7736)
F/WindowManager(13343): at android.os.Handler.dispatchMessage(Handler.java:102)
F/WindowManager(13343): at android.os.Looper.loop(Looper.java:135)
F/WindowManager(13343): at android.os.HandlerThread.run(HandlerThread.java:61)
F/WindowManager(13343): at com.android.server.ServiceThread.run(ServiceThread.java:46)
F/WindowAnimator(13343): Unhandled exception in Window Manager
F/WindowAnimator(13343): java.lang.NullPointerException: Attempt to invoke virtual method 'void android.view.SurfaceControl.setLayer(int)' on a null object reference
F/WindowAnimator(13343): at com.android.server.wm.FocusedStackFrame.setLayer(FocusedStackFrame.java:140)
F/WindowAnimator(13343): at com.android.server.wm.WindowManagerService.setFocusedStackLayer(WindowManagerService.java:3985)
F/WindowAnimator(13343): at com.android.server.wm.WindowAnimator.animateLocked(WindowAnimator.java:708)
F/WindowAnimator(13343): at com.android.server.wm.WindowAnimator.access$000(WindowAnimator.java:54)
F/WindowAnimator(13343): at com.android.server.wm.WindowAnimator$1.run(WindowAnimator.java:126)
F/WindowAnimator(13343): at android.view.Choreographer$CallbackRecord.run(Choreographer.java:767)
F/WindowAnimator(13343): at android.view.Choreographer.doCallbacks(Choreographer.java:580)
F/WindowAnimator(13343): at android.view.Choreographer.doFrame(Choreographer.java:549)
F/WindowAnimator(13343): at android.view.Choreographer$FrameDisplayEventReceiver.run(Choreographer.java:753)
F/WindowAnimator(13343): at android.os.Handler.handleCallback(Handler.java:739)
F/WindowAnimator(13343): at android.os.Handler.dispatchMessage(Handler.java:95)
F/WindowAnimator(13343): at android.os.Looper.loop(Looper.java:135)
F/WindowAnimator(13343): at android.os.HandlerThread.run(HandlerThread.java:61)
F/WindowAnimator(13343): at com.android.server.ServiceThread.run(ServiceThread.java:46)
D/Telecom (13343): TelecomService: onCreate
I/Telecom (13343): TelecomGlobals: TelecomGlobals initializing
D/Telecom (13343): MissedCallNotifier: updateOnStartup()...
E/libprocessgroup(15262): failed to open /acct/uid_10005/pid_15262/cgroup.procs: No such file or directory
I/ActivityManager(13343): Start proc 15262:android.process.acore/u0a5 for content provider com.android.providers.contacts/.CallLogProvider
D/Telecom (13343): ProximitySensorManager: onCreate: mProximityWakeLock:
I/Telecom (13343): TelecomGlobals: CallsManager initialized
D/Telecom (13343): TelecomService: onBind
V/ActivityManager(13343): Display added displayId=1
D/ZenLog (13343): downtime: Autotrigger skipped: not in downtime
V/WiredAccessoryManager(13343): notifyWiredAccessoryChanged: when=0 bits= mask=54
V/WiredAccessoryManager(13343): newName=h2w newState=0 headsetState=0 prev headsetState=0
V/WiredAccessoryManager(13343): init()
I/StatusBarManagerService(13343): registerStatusBar bar=com.android.internal.statusbar.IStatusBar$Stub$Proxy@32d696bb
F/WindowAnimator(13343): Unhandled exception in Window Manager
F/WindowAnimator(13343): java.lang.NullPointerException: Attempt to invoke virtual method 'void android.view.SurfaceControl.setLayer(int)' on a null object reference
F/WindowAnimator(13343): at com.android.server.wm.FocusedStackFrame.setLayer(FocusedStackFrame.java:140)
F/WindowAnimator(13343): at com.android.server.wm.WindowManagerService.setFocusedStackLayer(WindowManagerService.java:3985)
F/WindowAnimator(13343): at com.android.server.wm.WindowAnimator.animateLocked(WindowAnimator.java:708)
F/WindowAnimator(13343): at com.android.server.wm.WindowAnimator.access$000(WindowAnimator.java:54)
F/WindowAnimator(13343): at com.android.server.wm.WindowAnimator$1.run(WindowAnimator.java:126)
F/WindowAnimator(13343): at android.view.Choreographer$CallbackRecord.run(Choreographer.java:767)
F/WindowAnimator(13343): at android.view.Choreographer.doCallbacks(Choreographer.java:580)
F/WindowAnimator(13343): at android.view.Choreographer.doFrame(Choreographer.java:549)
F/WindowAnimator(13343): at android.view.Choreographer$FrameDisplayEventReceiver.run(Choreographer.java:753)
F/WindowAnimator(13343): at android.os.Handler.handleCallback(Handler.java:739)
F/WindowAnimator(13343): at android.os.Handler.dispatchMessage(Handler.java:95)
F/WindowAnimator(13343): at android.os.Looper.loop(Looper.java:135)
F/WindowAnimator(13343): at android.os.HandlerThread.run(HandlerThread.java:61)
F/WindowAnimator(13343): at com.android.server.ServiceThread.run(ServiceThread.java:46)
W/ContextImpl(15227): Calling a method in the system process without a qualified user: android.app.ContextImpl.bindService:1759 android.content.ContextWrapper.bindService:539 android.speech.tts.TextToSpeech.connectToEngine:800 android.speech.tts.TextToSpeech.initTts:770 android.speech.tts.TextToSpeech.:723
E/libprocessgroup(15290): failed to open /acct/uid_10050/pid_15290/cgroup.procs: No such file or directory
I/ActivityManager(13343): Start proc 15290:com.svox.pico/u0a50 for service com.svox.pico/.PicoService
W/ResourcesManager(13343): Asset path '/system/framework/com.google.android.media.effects.jar' does not exist or contains no resources.
W/AppWidgetServiceImpl(13343): Failed to read state: java.io.FileNotFoundException: /data/system/users/0/appwidgets.xml: open failed: ENOENT (No such file or directory)
V/AppWidgetServiceImpl(13343): Upgrading widget database from 0 to 1
E/AndroidRuntime(13343): *** FATAL EXCEPTION IN SYSTEM PROCESS: main
E/AndroidRuntime(13343): java.lang.RuntimeException: Error receiving broadcast Intent { act=android.intent.action.USER_SWITCHED flg=0x50000010 (has extras) } in com.android.server.accessibility.AccessibilityManagerService$2@e2e73a5
E/AndroidRuntime(13343): at android.app.LoadedApk$ReceiverDispatcher$Args.run(LoadedApk.java:876)
E/AndroidRuntime(13343): at android.os.Handler.handleCallback(Handler.java:739)
E/AndroidRuntime(13343): at android.os.Handler.dispatchMessage(Handler.java:95)
E/AndroidRuntime(13343): at android.os.Looper.loop(Looper.java:135)
E/AndroidRuntime(13343): at com.android.server.SystemServer.run(SystemServer.java:278)
E/AndroidRuntime(13343): at com.android.server.SystemServer.main(SystemServer.java:179)
E/AndroidRuntime(13343): at java.lang.reflect.Method.invoke(Native Method)
E/AndroidRuntime(13343): at java.lang.reflect.Method.invoke(Method.java:372)
E/AndroidRuntime(13343): at com.android.internal.os.ZygoteInit$MethodAndArgsCaller.run(ZygoteInit.java:904)
E/AndroidRuntime(13343): at com.android.internal.os.ZygoteInit.main(ZygoteInit.java:699)
E/AndroidRuntime(13343): Caused by: java.lang.SecurityException
E/AndroidRuntime(13343): at android.os.BinderProxy.transactNative(Native Method)
E/AndroidRuntime(13343): at android.os.BinderProxy.transact(Binder.java:496)
E/AndroidRuntime(13343): at com.android.server.accessibility.DisplayAdjustmentUtils.setDaltonizerMode(DisplayAdjustmentUtils.java:129)
E/AndroidRuntime(13343): at com.android.server.accessibility.DisplayAdjustmentUtils.applyAdjustments(DisplayAdjustmentUtils.java:101)
E/AndroidRuntime(13343): at com.android.server.accessibility.AccessibilityManagerService.updateDisplayColorAdjustmentSettingsLocked(AccessibilityManagerService.java:1604)
E/AndroidRuntime(13343): at com.android.server.accessibility.AccessibilityManagerService.onUserStateChangedLocked(AccessibilityManagerService.java:1330)
E/AndroidRuntime(13343): at com.android.server.accessibility.AccessibilityManagerService.switchUser(AccessibilityManagerService.java:844)
E/AndroidRuntime(13343): at com.android.server.accessibility.AccessibilityManagerService.access$800(AccessibilityManagerService.java:119)
E/AndroidRuntime(13343): at com.android.server.accessibility.AccessibilityManagerService$2.onReceive(AccessibilityManagerService.java:361)
E/AndroidRuntime(13343): at android.app.LoadedApk$ReceiverDispatcher$Args.run(LoadedApk.java:866)
E/AndroidRuntime(13343): ... 9 more
F/WindowAnimator(13343): Unhandled exception in Window Manager
F/WindowAnimator(13343): java.lang.NullPointerException: Attempt to invoke virtual method 'void android.view.SurfaceControl.setLayer(int)' on a null object reference
F/WindowAnimator(13343): at com.android.server.wm.FocusedStackFrame.setLayer(FocusedStackFrame.java:140)
F/WindowAnimator(13343): at com.android.server.wm.WindowManagerService.setFocusedStackLayer(WindowManagerService.java:3985)
F/WindowAnimator(13343): at com.android.server.wm.WindowAnimator.animateLocked(WindowAnimator.java:708)
F/WindowAnimator(13343): at com.android.server.wm.WindowAnimator.access$000(WindowAnimator.java:54)
F/WindowAnimator(13343): at com.android.server.wm.WindowAnimator$1.run(WindowAnimator.java:126)
F/WindowAnimator(13343): at android.view.Choreographer$CallbackRecord.run(Choreographer.java:767)
F/WindowAnimator(13343): at android.view.Choreographer.doCallbacks(Choreographer.java:580)
F/WindowAnimator(13343): at android.view.Choreographer.doFrame(Choreographer.java:549)
F/WindowAnimator(13343): at android.view.Choreographer$FrameDisplayEventReceiver.run(Choreographer.java:753)
F/WindowAnimator(13343): at android.os.Handler.handleCallback(Handler.java:739)
F/WindowAnimator(13343): at android.os.Handler.dispatchMessage(Handler.java:95)
F/WindowAnimator(13343): at android.os.Looper.loop(Looper.java:135)
F/WindowAnimator(13343): at android.os.HandlerThread.run(HandlerThread.java:61)
F/WindowAnimator(13343): at com.android.server.ServiceThread.run(ServiceThread.java:46)
E/AndroidRuntime(15290): FATAL EXCEPTION: main
E/AndroidRuntime(15290): Process: com.svox.pico, PID: 15290
E/AndroidRuntime(15290): java.lang.RuntimeException: Unable to instantiate application android.app.Application: java.lang.IllegalStateException: Unable to get package info for com.svox.pico; is system dying?
E/AndroidRuntime(15290): at android.app.LoadedApk.makeApplication(LoadedApk.java:563)
E/AndroidRuntime(15290): at android.app.ActivityThread.handleBindApplication(ActivityThread.java:4526)
E/AndroidRuntime(15290): at android.app.ActivityThread.access$1500(ActivityThread.java:151)
E/AndroidRuntime(15290): at android.app.ActivityThread$H.handleMessage(ActivityThread.java:1364)
E/AndroidRuntime(15290): at android.os.Handler.dispatchMessage(Handler.java:102)
E/AndroidRuntime(15290): at android.os.Looper.loop(Looper.java:135)
E/AndroidRuntime(15290): at android.app.ActivityThread.main(ActivityThread.java:5254)
E/AndroidRuntime(15290): at java.lang.reflect.Method.invoke(Native Method)
E/AndroidRuntime(15290): at java.lang.reflect.Method.invoke(Method.java:372)
E/AndroidRuntime(15290): at com.android.internal.os.ZygoteInit$MethodAndArgsCaller.run(ZygoteInit.java:904)
E/AndroidRuntime(15290): at com.android.internal.os.ZygoteInit.main(ZygoteInit.java:699)
E/AndroidRuntime(15290): Caused by: java.lang.IllegalStateException: Unable to get package info for com.svox.pico; is system dying?
E/AndroidRuntime(15290): at android.app.LoadedApk.initializeJavaContextClassLoader(LoadedApk.java:405)
E/AndroidRuntime(15290): at android.app.LoadedApk.makeApplication(LoadedApk.java:555)
E/AndroidRuntime(15290): ... 10 more
E/AndroidRuntime(15290): Caused by: android.os.DeadObjectException
E/AndroidRuntime(15290): at android.os.BinderProxy.transactNative(Native Method)
E/AndroidRuntime(15290): at android.os.BinderProxy.transact(Binder.java:496)
E/AndroidRuntime(15290): at android.content.pm.IPackageManager$Stub$Proxy.getPackageInfo(IPackageManager.java:1786)
E/AndroidRuntime(15290): at android.app.LoadedApk.initializeJavaContextClassLoader(LoadedApk.java:403)
E/AndroidRuntime(15290): ... 11 more
E/AndroidRuntime(15290): Error reporting crash
E/AndroidRuntime(15290): android.os.DeadObjectException
E/AndroidRuntime(15290): at android.os.BinderProxy.transactNative(Native Method)
E/AndroidRuntime(15290): at android.os.BinderProxy.transact(Binder.java:496)
E/AndroidRuntime(15290): at android.app.ActivityManagerProxy.handleApplicationCrash(ActivityManagerNative.java:4207)
E/AndroidRuntime(15290): at com.android.internal.os.RuntimeInit$UncaughtHandler.uncaughtException(RuntimeInit.java:89)
E/AndroidRuntime(15290): at java.lang.ThreadGroup.uncaughtException(ThreadGroup.java:693)
E/AndroidRuntime(15290): at java.lang.ThreadGroup.uncaughtException(ThreadGroup.java:690)
E/AndroidRuntime(15076): FATAL EXCEPTION: main
E/AndroidRuntime(15076): Process: com.android.systemui, PID: 15076
E/AndroidRuntime(15076): java.lang.NullPointerException: Attempt to invoke interface method 'boolean com.android.internal.widget.ILockSettings.getBoolean(java.lang.String, boolean, int)' on a null object reference
E/AndroidRuntime(15076): at com.android.internal.widget.LockPatternUtils.getBoolean(LockPatternUtils.java:1328)
E/AndroidRuntime(15076): at com.android.internal.widget.LockPatternUtils.getBoolean(LockPatternUtils.java:1335)
E/AndroidRuntime(15076): at com.android.internal.widget.LockPatternUtils.isOwnerInfoEnabled(LockPatternUtils.java:663)
E/AndroidRuntime(15076): at com.android.keyguard.KeyguardStatusView.getOwnerInfo(KeyguardStatusView.java:207)
E/AndroidRuntime(15076): at com.android.keyguard.KeyguardStatusView.updateOwnerInfo(KeyguardStatusView.java:179)
E/AndroidRuntime(15076): at com.android.keyguard.KeyguardStatusView.onFinishInflate(KeyguardStatusView.java:120)
E/AndroidRuntime(15076): at android.view.LayoutInflater.rInflate(LayoutInflater.java:814)
E/AndroidRuntime(15076): at android.view.LayoutInflater.parseInclude(LayoutInflater.java:916)
E/AndroidRuntime(15076): at android.view.LayoutInflater.rInflate(LayoutInflater.java:802)
E/AndroidRuntime(15076): at android.view.LayoutInflater.parseInclude(LayoutInflater.java:916)
E/AndroidRuntime(15076): at android.view.LayoutInflater.rInflate(LayoutInflater.java:802)
E/AndroidRuntime(15076): at android.view.LayoutInflater.rInflate(LayoutInflater.java:809)
E/AndroidRuntime(15076): at android.view.LayoutInflater.inflate(LayoutInflater.java:504)
E/AndroidRuntime(15076): at android.view.LayoutInflater.inflate(LayoutInflater.java:414)
E/AndroidRuntime(15076): at android.view.LayoutInflater.inflate(LayoutInflater.java:365)
E/AndroidRuntime(15076): at android.view.View.inflate(View.java:18540)
E/AndroidRuntime(15076): at com.android.systemui.statusbar.phone.PhoneStatusBar.makeStatusBarView(PhoneStatusBar.java:656)
E/AndroidRuntime(15076): at com.android.systemui.statusbar.phone.PhoneStatusBar.addStatusBarWindow(PhoneStatusBar.java:3138)
E/AndroidRuntime(15076): at com.android.systemui.statusbar.phone.PhoneStatusBar.createAndAddWindows(PhoneStatusBar.java:3134)
E/AndroidRuntime(15076): at com.android.systemui.statusbar.BaseStatusBar.start(BaseStatusBar.java:561)
E/AndroidRuntime(15076): at com.android.systemui.statusbar.phone.PhoneStatusBar.start(PhoneStatusBar.java:602)
E/AndroidRuntime(15076): at com.android.systemui.statusbar.SystemBars.createStatusBarFromConfig(SystemBars.java:106)
E/AndroidRuntime(15076): at com.android.systemui.statusbar.SystemBars.onNoService(SystemBars.java:58)
E/AndroidRuntime(15076): at com.android.systemui.statusbar.ServiceMonitor.startService(ServiceMonitor.java:228)
E/AndroidRuntime(15076): at com.android.systemui.statusbar.ServiceMonitor.access$000(ServiceMonitor.java:49)
E/AndroidRuntime(15076): at com.android.systemui.statusbar.ServiceMonitor$1.handleMessage(ServiceMonitor.java:73)
E/AndroidRuntime(15076): at android.os.Handler.dispatchMessage(Handler.java:102)
E/AndroidRuntime(15076): at android.os.Looper.loop(Looper.java:135)
E/AndroidRuntime(15076): at android.app.ActivityThread.main(ActivityThread.java:5254)
E/AndroidRuntime(15076): at java.lang.reflect.Method.invoke(Native Method)
E/AndroidRuntime(15076): at java.lang.reflect.Method.invoke(Method.java:372)
E/AndroidRuntime(15076): at com.android.internal.os.ZygoteInit$MethodAndArgsCaller.run(ZygoteInit.java:904)
E/AndroidRuntime(15076): at com.android.internal.os.ZygoteInit.main(ZygoteInit.java:699)
E/AndroidRuntime(15076): Error reporting crash
E/AndroidRuntime(15076): android.os.DeadObjectException
E/AndroidRuntime(15076): at android.os.BinderProxy.transactNative(Native Method)
E/AndroidRuntime(15076): at android.os.BinderProxy.transact(Binder.java:496)
E/AndroidRuntime(15076): at android.app.ActivityManagerProxy.handleApplicationCrash(ActivityManagerNative.java:4207)
E/AndroidRuntime(15076): at com.android.internal.os.RuntimeInit$UncaughtHandler.uncaughtException(RuntimeInit.java:89)
E/AndroidRuntime(15076): at java.lang.ThreadGroup.uncaughtException(ThreadGroup.java:693)
E/AndroidRuntime(15076): at java.lang.ThreadGroup.uncaughtException(ThreadGroup.java:690)
E/AndroidRuntime(15227): FATAL EXCEPTION: main
E/AndroidRuntime(15227): Process: com.fairphone.setupwizard, PID: 15227
E/AndroidRuntime(15227): java.lang.RuntimeException: Unable to resume activity {com.fairphone.setupwizard/com.fairphone.setupwizard.ui.SetupWizardActivity}: java.lang.RuntimeException: Package manager has died
E/AndroidRuntime(15227): at android.app.ActivityThread.performResumeActivity(ActivityThread.java:2986)
E/AndroidRuntime(15227): at android.app.ActivityThread.handleResumeActivity(ActivityThread.java:3017)
E/AndroidRuntime(15227): at android.app.ActivityThread.handleLaunchActivity(ActivityThread.java:2392)
E/AndroidRuntime(15227): at android.app.ActivityThread.access$800(ActivityThread.java:151)
E/AndroidRuntime(15227): at android.app.ActivityThread$H.handleMessage(ActivityThread.java:1303)
E/AndroidRuntime(15227): at android.os.Handler.dispatchMessage(Handler.java:102)
E/AndroidRuntime(15227): at android.os.Looper.loop(Looper.java:135)
E/AndroidRuntime(15227): at android.app.ActivityThread.main(ActivityThread.java:5254)
E/AndroidRuntime(15227): at java.lang.reflect.Method.invoke(Native Method)
E/AndroidRuntime(15227): at java.lang.reflect.Method.invoke(Method.java:372)
E/AndroidRuntime(15227): at com.android.internal.os.ZygoteInit$MethodAndArgsCaller.run(ZygoteInit.java:904)
E/AndroidRuntime(15227): at com.android.internal.os.ZygoteInit.main(ZygoteInit.java:699)
E/AndroidRuntime(15227): Caused by: java.lang.RuntimeException: Package manager has died
E/AndroidRuntime(15227): at android.app.ApplicationPackageManager.hasSystemFeature(ApplicationPackageManager.java:385)
E/AndroidRuntime(15227): at com.fairphone.setupwizard.util.SetupWizardUtils.hasTelephony(SetupWizardUtils.java:99)
E/AndroidRuntime(15227): at com.fairphone.setupwizard.ui.SetupWizardActivity.updateButtonBar(SetupWizardActivity.java:255)
E/AndroidRuntime(15227): at com.fairphone.setupwizard.ui.SetupWizardActivity.onPageTreeChanged(SetupWizardActivity.java:237)
E/AndroidRuntime(15227): at com.fairphone.setupwizard.ui.SetupWizardActivity.onResume(SetupWizardActivity.java:172)
E/AndroidRuntime(15227): at android.app.Instrumentation.callActivityOnResume(Instrumentation.java:1257)
E/AndroidRuntime(15227): at android.app.Activity.performResume(Activity.java:6077)
E/AndroidRuntime(15227): at android.app.ActivityThread.performResumeActivity(ActivityThread.java:2975)
E/AndroidRuntime(15227): ... 11 more
E/AndroidRuntime(15227): Caused by: android.os.DeadObjectException
E/AndroidRuntime(15227): at android.os.BinderProxy.transactNative(Native Method)
E/AndroidRuntime(15227): at android.os.BinderProxy.transact(Binder.java:496)
E/AndroidRuntime(15227): at android.content.pm.IPackageManager$Stub$Proxy.hasSystemFeature(IPackageManager.java:3693)
E/AndroidRuntime(15227): at android.app.ApplicationPackageManager.hasSystemFeature(ApplicationPackageManager.java:383)
E/AndroidRuntime(15227): ... 18 more
E/AndroidRuntime(15227): Error reporting crash
E/AndroidRuntime(15227): android.os.DeadObjectException
E/AndroidRuntime(15227): at android.os.BinderProxy.transactNative(Native Method)
E/AndroidRuntime(15227): at android.os.BinderProxy.transact(Binder.java:496)
E/AndroidRuntime(15227): at android.app.ActivityManagerProxy.handleApplicationCrash(ActivityManagerNative.java:4207)
E/AndroidRuntime(15227): at com.android.internal.os.RuntimeInit$UncaughtHandler.uncaughtException(RuntimeInit.java:89)
E/AndroidRuntime(15227): at java.lang.ThreadGroup.uncaughtException(ThreadGroup.java:693)
E/AndroidRuntime(15227): at java.lang.ThreadGroup.uncaughtException(ThreadGroup.java:690)
E/AndroidRuntime(15113): FATAL EXCEPTION: Executor - contacts.en_US
E/AndroidRuntime(15113): Process: com.android.inputmethod.latin, PID: 15113
E/AndroidRuntime(15113): java.lang.SecurityException: Neither user 10040 nor current process has android.permission.READ_PROFILE.
E/AndroidRuntime(15113): at android.os.Parcel.readException(Parcel.java:1546)
E/AndroidRuntime(15113): at android.database.DatabaseUtils.readExceptionFromParcel(DatabaseUtils.java:185)
E/AndroidRuntime(15113): at android.database.DatabaseUtils.readExceptionFromParcel(DatabaseUtils.java:137)
E/AndroidRuntime(15113): at android.content.ContentProviderProxy.query(ContentProviderNative.java:421)
E/AndroidRuntime(15113): at android.content.ContentResolver.query(ContentResolver.java:478)
E/AndroidRuntime(15113): at android.content.ContentResolver.query(ContentResolver.java:422)
E/AndroidRuntime(15113): at com.android.inputmethod.latin.ContactsBinaryDictionary.loadDictionaryForUriLocked(ContactsBinaryDictionary.java:148)
E/AndroidRuntime(15113): at com.android.inputmethod.latin.ContactsBinaryDictionary.loadInitialContentsLocked(ContactsBinaryDictionary.java:123)
E/AndroidRuntime(15113): at com.android.inputmethod.latin.ExpandableBinaryDictionary.createNewDictionaryLocked(ExpandableBinaryDictionary.java:562)
E/AndroidRuntime(15113): at com.android.inputmethod.latin.ExpandableBinaryDictionary.access$700(ExpandableBinaryDictionary.java:53)
E/AndroidRuntime(15113): at com.android.inputmethod.latin.ExpandableBinaryDictionary$12.run(ExpandableBinaryDictionary.java:605)
E/AndroidRuntime(15113): at com.android.inputmethod.latin.ExpandableBinaryDictionary$1.run(ExpandableBinaryDictionary.java:194)
E/AndroidRuntime(15113): at java.util.concurrent.ThreadPoolExecutor.runWorker(ThreadPoolExecutor.java:1112)
E/AndroidRuntime(15113): at java.util.concurrent.ThreadPoolExecutor$Worker.run(ThreadPoolExecutor.java:587)
E/AndroidRuntime(15113): at java.lang.Thread.run(Thread.java:818)
E/AndroidRuntime(15113): Error reporting crash
E/AndroidRuntime(15113): android.os.DeadObjectException
E/AndroidRuntime(15113): at android.os.BinderProxy.transactNative(Native Method)
E/AndroidRuntime(15113): at android.os.BinderProxy.transact(Binder.java:496)
E/AndroidRuntime(15113): at android.app.ActivityManagerProxy.handleApplicationCrash(ActivityManagerNative.java:4207)
E/AndroidRuntime(15113): at com.android.internal.os.RuntimeInit$UncaughtHandler.uncaughtException(RuntimeInit.java:89)
E/AndroidRuntime(15113): at java.lang.ThreadGroup.uncaughtException(ThreadGroup.java:693)
E/AndroidRuntime(15113): at java.lang.ThreadGroup.uncaughtException(ThreadGroup.java:690)
E/AndroidRuntime(15262): FATAL EXCEPTION: ContactsProviderWorker
E/AndroidRuntime(15262): Process: android.process.acore, PID: 15262
E/AndroidRuntime(15262): java.lang.NullPointerException: Attempt to invoke interface method 'android.accounts.Account[] android.accounts.IAccountManager.getAccounts(java.lang.String)' on a null object reference
E/AndroidRuntime(15262): at android.accounts.AccountManager.getAccounts(AccountManager.java:407)
E/AndroidRuntime(15262): at com.android.providers.contacts.ContactsProvider2.performBackgroundTask(ContactsProvider2.java:1667)
E/AndroidRuntime(15262): at com.android.providers.contacts.ContactsProvider2$1.handleMessage(ContactsProvider2.java:1496)
E/AndroidRuntime(15262): at android.os.Handler.dispatchMessage(Handler.java:102)
E/AndroidRuntime(15262): at android.os.Looper.loop(Looper.java:135)
E/AndroidRuntime(15262): at android.os.HandlerThread.run(HandlerThread.java:61)
E/AndroidRuntime(15262): Error reporting crash
E/AndroidRuntime(15262): android.os.DeadObjectException
E/AndroidRuntime(15262): at android.os.BinderProxy.transactNative(Native Method)
E/AndroidRuntime(15262): at android.os.BinderProxy.transact(Binder.java:496)
E/AndroidRuntime(15262): at android.app.ActivityManagerProxy.handleApplicationCrash(ActivityManagerNative.java:4207)
E/AndroidRuntime(15262): at com.android.internal.os.RuntimeInit$UncaughtHandler.uncaughtException(RuntimeInit.java:89)
E/AndroidRuntime(15262): at java.lang.ThreadGroup.uncaughtException(ThreadGroup.java:693)
E/AndroidRuntime(15262): at java.lang.ThreadGroup.uncaughtException(ThreadGroup.java:690)
E/NetlinkListener( 683): recvmsg failed (I/O error)
E/NetlinkListener(15326): recvmsg failed (I/O error)
E/NetlinkListener( 683): recvmsg failed (I/O error)
I/InstallerConnection(15351): disconnecting...
I/SystemServer(15351): Entered the Android system server!
I/SystemServiceManager(15351): Starting com.android.server.pm.Installer
I/Installer(15351): Waiting for installd to be ready.
I/InstallerConnection(15351): connecting...
I/SystemServiceManager(15351): Starting com.android.server.am.ActivityManagerService$Lifecycle
I/XXXXXX (15351): choosing minFree values for 32 Bit
I/XXXXXX (15351): choosing minFree values for 32 Bit
I/XXXXXX (15351): choosing minFree values for 32 Bit
I/XXXXXX (15351): choosing minFree values for 32 Bit
I/XXXXXX (15351): choosing minFree values for 32 Bit
I/XXXXXX (15351): choosing minFree values for 32 Bit
I/ActivityManager(15351): Memory class: 128
I/ServiceThread(15351): Enabled StrictMode logging for ActivityManager looper.
I/AppOps (15351): No existing app ops /data/system/appops.xml; starting empty
E/NetlinkListener( 683): recvmsg failed (I/O error)
E/NetlinkListener(15326): recvmsg failed (I/O error)
I/IntentFirewall(15351): Read new rules (A:0 B:0 S:0)
I/ServiceThread(15351): Enabled StrictMode logging for android.ui looper.
I/ServiceThread(15351): Enabled StrictMode logging for android.display looper.
D/AppOps (15351): AppOpsService published
I/SystemServiceManager(15351): Starting com.android.server.power.PowerManagerService
I/ServiceThread(15351): Enabled StrictMode logging for PowerManagerService looper.
I/SystemServiceManager(15351): Starting com.android.server.display.DisplayManagerService
I/SystemServiceManager(15351): Starting phase 100
I/DisplayManagerService(15351): Display device added: DisplayDeviceInfo{"Built-in Screen": uniqueId="local:0", 1080 x 1920, 0.466 fps, supportedRefreshRates [0.466], density 480, 160.42105 x 159.89508 dpi, appVsyncOff 0, presDeadline 2146922789, touch INTERNAL, rotation 0, type BUILT_IN, state UNKNOWN, FLAG_DEFAULT_DISPLAY, FLAG_ROTATES_WITH_CONTENT, FLAG_SECURE, FLAG_SUPPORTS_PROTECTED_BUFFERS}
I/SystemServer(15351): Package Manager
E/SELinuxMMAC(15351): Error with hashing seapp_contexts.
E/SELinuxMMAC(15351): java.io.FileNotFoundException: /seapp_contexts: open failed: ENOENT (No such file or directory)
E/SELinuxMMAC(15351): at libcore.io.IoBridge.open(IoBridge.java:456)
E/SELinuxMMAC(15351): at libcore.io.IoUtils$FileReader.(IoUtils.java:209)
E/SELinuxMMAC(15351): at libcore.io.IoUtils.readFileAsByteArray(IoUtils.java:109)
E/SELinuxMMAC(15351): at com.android.server.pm.SELinuxMMAC.returnHash(SELinuxMMAC.java:456)
E/SELinuxMMAC(15351): at com.android.server.pm.SELinuxMMAC.shouldRestorecon(SELinuxMMAC.java:389)
E/SELinuxMMAC(15351): at com.android.server.pm.PackageManagerService.(PackageManagerService.java:419)
E/SELinuxMMAC(15351): at com.android.server.pm.PackageManagerService.main(PackageManagerService.java:1261)
E/SELinuxMMAC(15351): at com.android.server.SystemServer.startBootstrapServices(SystemServer.java:358)
E/SELinuxMMAC(15351): at com.android.server.SystemServer.run(SystemServer.java:263)
E/SELinuxMMAC(15351): at com.android.server.SystemServer.main(SystemServer.java:179)
E/SELinuxMMAC(15351): at java.lang.reflect.Method.invoke(Native Method)
E/SELinuxMMAC(15351): at java.lang.reflect.Method.invoke(Method.java:372)
E/SELinuxMMAC(15351): at com.android.internal.os.ZygoteInit$MethodAndArgsCaller.run(ZygoteInit.java:904)
E/SELinuxMMAC(15351): at com.android.internal.os.ZygoteInit.main(ZygoteInit.java:699)
E/SELinuxMMAC(15351): Caused by: android.system.ErrnoException: open failed: ENOENT (No such file or directory)
E/SELinuxMMAC(15351): at libcore.io.Posix.open(Native Method)
E/SELinuxMMAC(15351): at libcore.io.BlockGuardOs.open(BlockGuardOs.java:186)
E/SELinuxMMAC(15351): at libcore.io.IoBridge.open(IoBridge.java:442)
E/SELinuxMMAC(15351): ... 13 more
W/SystemConfig(15351): No directory /system/etc/sysconfig, skipping
D/SELinuxMMAC(15351): Using policy file /system/etc/security/mac_permissions.xml
W/PackageManager(15351): Library not found: /system/framework/com.google.widevine.software.drm.jar
W/PackageManager(15351): Library not found: /system/framework/com.google.android.media.effects.jar
W/PackageManager(15351): Library not found: /system/framework/com.google.android.maps.jar
W/PackageManager(15351): Library not found: /system/framework/com.fairphone.hiccup.jar
W/PackageManager(15351): Failed to parse /usr/libexec/sfdroid/system/priv-app/Settings: Signature mismatch for shared user : SharedUserSetting{377d6c5a android.uid.system/1000}
W/PackageManager(15351): Failed to parse /system/priv-app/CNEService: Signature mismatch for shared user : SharedUserSetting{377d6c5a android.uid.system/1000}
W/PackageParser(15351): No actions in intent filter at /system/priv-app/Contacts/Contacts.apk Binary XML file line #364
E/NetlinkListener(15326): recvmsg failed (I/O error)
E/NetlinkListener( 683): recvmsg failed (I/O error)
W/PackageParser(15351): No actions in intent filter at /system/priv-app/Dialer/Dialer.apk Binary XML file line #168
W/PackageParser(15351): No actions in intent filter at /system/priv-app/ProximitySensorTools/ProximitySensorTools.apk Binary XML file line #54
W/PackageParser(15351): Unknown element under : android at /system/priv-app/Telecom/Telecom.apk Binary XML file line #233
W/PackageManager(15351): Failed to parse /system/priv-app/com.qualcomm.location: Signature mismatch for shared user : SharedUserSetting{377d6c5a android.uid.system/1000}
W/PackageManager(15351): Failed to parse /system/priv-app/com.qualcomm.msapm: Signature mismatch for shared user : SharedUserSetting{377d6c5a android.uid.system/1000}
W/PackageParser(15351): No actions in intent filter at /system/app/Bluetooth/Bluetooth.apk Binary XML file line #229
W/PackageParser(15351): Unknown element under : uses-feature at /system/app/BluetoothExt/BluetoothExt.apk Binary XML file line #57
W/PackageParser(15351): No actions in intent filter at /system/app/BluetoothExt/BluetoothExt.apk Binary XML file line #110
W/PackageParser(15351): No actions in intent filter at /system/app/BluetoothExt/BluetoothExt.apk Binary XML file line #134
W/PackageParser(15351): No actions in intent filter at /system/app/BluetoothExt/BluetoothExt.apk Binary XML file line #161
W/PackageManager(15351): Failed to parse /system/app/CABLService: Signature mismatch for shared user : SharedUserSetting{377d6c5a android.uid.system/1000}
W/PackageParser(15351): Unknown element under : permission at /system/app/Gallery2/Gallery2.apk Binary XML file line #254
W/PackageParser(15351): Unknown element under : permission at /system/app/Gallery2/Gallery2.apk Binary XML file line #257
W/PackageManager(15351): Failed to parse /system/app/GsmTuneAway: Signature mismatch for shared user : SharedUserSetting{3256119c android.uid.phone/1001}
I/PackageParser(15351): com.qualcomm.interfacepermissions: compat added android.permission.WRITE_EXTERNAL_STORAGE android.permission.READ_PHONE_STATE
W/PackageManager(15351): Failed to parse /system/app/NetworkSetting: Signature mismatch for shared user : SharedUserSetting{3256119c android.uid.phone/1001}
I/PackageParser(15351): com.qualcomm.qcom_qmi: compat added android.permission.WRITE_EXTERNAL_STORAGE android.permission.READ_PHONE_STATE
W/PackageManager(15351): Failed to parse /system/app/SVIService: Signature mismatch for shared user : SharedUserSetting{377d6c5a android.uid.system/1000}
W/PackageManager(15351): Failed to parse /system/app/TimeService: Signature mismatch for shared user : SharedUserSetting{377d6c5a android.uid.system/1000}
W/PackageManager(15351): Failed to parse /system/app/WfdService: Signature mismatch for shared user : SharedUserSetting{377d6c5a android.uid.system/1000}
W/PackageManager(15351): Failed to parse /system/app/btmultisim: Signature mismatch for shared user : SharedUserSetting{3256119c android.uid.phone/1001}
W/PackageManager(15351): Failed to parse /system/app/com.qualcomm.qti.services.secureui: Signature mismatch for shared user : SharedUserSetting{377d6c5a android.uid.system/1000}
W/PackageManager(15351): Failed to parse /system/app/fastdormancy: Signature mismatch for shared user : SharedUserSetting{377d6c5a android.uid.system/1000}
W/PackageManager(15351): Failed to parse /system/app/qcrilmsgtunnel: Signature mismatch for shared user : SharedUserSetting{3256119c android.uid.phone/1001}
W/PackageManager(15351): Failed to parse /system/vendor/app/ims: Signature mismatch for shared user : SharedUserSetting{3256119c android.uid.phone/1001}
W/PackageManager(15351): Package org.codeaurora.bluetooth desires unavailable shared library com.quicinc.wbc; ignoring!
W/PackageManager(15351): Package com.android.email desires unavailable shared library org.apache.http.legacy; ignoring!
I/PackageManager(15351): Adjusting ABI for : com.android.providers.settings to armeabi-v7a
I/PackageManager(15351): Adjusting ABI for : com.android.dialer to armeabi-v7a
I/PackageManager(15351): Adjusting ABI for : com.fairphone.psensor to armeabi-v7a
I/PackageManager(15351): Adjusting ABI for : com.android.server.telecom to armeabi-v7a
I/PackageManager(15351): Adjusting ABI for : com.android.soundrecorder to armeabi-v7a
I/PackageManager(15351): Adjusting ABI for : com.android.location.fused to armeabi-v7a
I/PackageManager(15351): Adjusting ABI for : com.android.keychain to armeabi-v7a
I/PackageManager(15351): Adjusting ABI for : com.android.settings to armeabi-v7a
E/NetlinkListener(15326): recvmsg failed (I/O error)
E/NetlinkListener( 683): recvmsg failed (I/O error)
E/NetlinkListener(15326): recvmsg failed (I/O error)
E/NetlinkListener( 683): recvmsg failed (I/O error)
E/NetlinkListener( 683): recvmsg failed (I/O error)
E/NetlinkListener(15326): recvmsg failed (I/O error)
E/NetlinkListener(15326): recvmsg failed (I/O error)
E/NetlinkListener( 683): recvmsg failed (I/O error)
E/NetlinkListener(15326): recvmsg failed (I/O error)
E/NetlinkListener( 683): recvmsg failed (I/O error)
E/NetlinkListener(15326): recvmsg failed (I/O error)
E/NetlinkListener( 683): recvmsg failed (I/O error)
E/NetlinkListener(15326): recvmsg failed (I/O error)
E/NetlinkListener( 683): recvmsg failed (I/O error)
E/NetlinkListener(15326): recvmsg failed (I/O error)
E/NetlinkListener( 683): recvmsg failed (I/O error)
E/NetlinkListener( 683): recvmsg failed (I/O error)
E/NetlinkListener(15326): recvmsg failed (I/O error)
E/NetlinkListener(15326): recvmsg failed (I/O error)
E/NetlinkListener( 683): recvmsg failed (I/O error)
I/PackageManager(15351): Adjusting ABI for : com.dsi.ant.server to armeabi-v7a
I/PackageManager(15351): Adjusting ABI for : com.fairphone.setupwizard to armeabi-v7a
I/PackageManager(15351): Adjusting ABI for : com.codeaurora.fmrecording to armeabi-v7a
I/PackageManager(15351): Adjusting ABI for : com.android.inputdevices to armeabi-v7a
I/PackageManager(15351): Adjusting ABI for : com.fairphone.privacyimpact to armeabi-v7a
I/PackageManager(15351): Time to scan packages: 3.61 seconds
W/PackageManager(15351): Unknown permission com.google.android.googleapps.permission.GOOGLE_AUTH in package com.android.providers.calendar
W/PackageManager(15351): Unknown permission com.google.android.googleapps.permission.GOOGLE_AUTH.cl in package com.android.providers.calendar
W/PackageManager(15351): Unknown permission com.qualcomm.permission.USE_QCRIL_MSG_TUNNEL in package com.qualcomm.shutdownlistner
W/PackageManager(15351): Unknown permission android.permission.PREVENT_POWER_KEY in package com.fairphone.checkup
W/PackageManager(15351): Not granting permission android.permission.GLOBAL_SEARCH to package com.android.quicksearchbox (protectionLevel=18 flags=0x48be45)
W/PackageManager(15351): Not granting permission android.permission.ACCESS_DOWNLOAD_MANAGER to package com.android.browser (protectionLevel=18 flags=0x9be45)
W/PackageManager(15351): Not granting permission android.permission.SEND_DOWNLOAD_COMPLETED_INTENTS to package com.android.browser (protectionLevel=2 flags=0x9be45)
W/PackageManager(15351): Unknown permission android.permission.MMS_PUSH in package org.codeaurora.bluetooth
W/PackageManager(15351): Not granting permission android.permission.BIND_WALLPAPER to package com.android.camera2 (protectionLevel=18 flags=0x58bc45)
W/PackageManager(15351): Unknown permission android.permission.INSTALL_DRM in package com.android.mms
W/PackageManager(15351): Unknown permission com.google.android.googleapps.permission.GOOGLE_AUTH.mail in package com.android.calendar
W/PackageManager(15351): Unknown permission com.android.launcher.permission.READ_SETTINGS in package com.android.onetimeinitializer
W/PackageManager(15351): Unknown permission com.android.launcher.permission.WRITE_SETTINGS in package com.android.onetimeinitializer
W/PackageManager(15351): Not granting permission android.permission.DELETE_PACKAGES to package com.svox.pico (protectionLevel=18 flags=0x8be45)
W/PackageManager(15351): Unknown permission android.permission.ACCESS_THEME_MANAGER in package com.fairphone.setupwizard
W/PackageManager(15351): Unknown permission com.google.android.gallery3d.permission.PICASA_STORE in package com.android.dreams.phototable
W/PackageManager(15351): Unknown permission android.permission.ACCESS_SUPERUSER in package com.amaze.filemanager
W/PackageManager(15351): Unknown permission com.google.android.googleapps.permission.GOOGLE_AUTH in package com.android.settings
W/PackageManager(15351): Unknown permission com.android.launcher.permission.READ_SETTINGS in package com.android.settings
W/PackageManager(15351): Unknown permission com.android.launcher.permission.WRITE_SETTINGS in package com.android.settings
W/PackageManager(15351): Unknown permission com.android.launcher.permission.READ_SETTINGS in package com.fairphone.fplauncher3
W/PackageManager(15351): Unknown permission com.android.launcher.permission.WRITE_SETTINGS in package com.fairphone.fplauncher3
W/PackageManager(15351): Unknown permission android.permission.ACCESS_SUPERUSER in package com.fairphone.updater
W/PackageManager(15351): Not granting permission android.permission.DEVICE_POWER to package com.android.deskclock (protectionLevel=2 flags=0x48be45)
W/PackageManager(15351): Unknown permission com.google.android.gallery3d.permission.GALLERY_PROVIDER in package com.android.bluetooth
I/SystemServer(15351): User Service
I/SystemServiceManager(15351): Starting com.android.server.lights.LightsService
I/SystemServiceManager(15351): Starting com.android.server.BatteryService
I/SystemServiceManager(15351): Starting com.android.server.usage.UsageStatsService
I/UsageStatsService(15351): User[0] Rollover scheduled @ 2016-12-15 00:00:00(1481760000000)
I/SystemServiceManager(15351): Starting com.android.server.webkit.WebViewUpdateService
I/SystemServer(15351): Reading configuration...
I/SystemServer(15351): Scheduling Policy
I/SystemServiceManager(15351): Starting com.android.server.telecom.TelecomLoaderService
I/SystemServer(15351): Telephony Registry
I/SystemServer(15351): Entropy Mixer
I/EntropyMixer(15351): Writing entropy...
I/SystemServer(15351): Account Manager
I/SystemServer(15351): Content Manager
I/SystemServer(15351): System Content Providers
I/SystemServer(15351): Vibrator Service
I/SystemServer(15351): Consumer IR Service
I/SystemServiceManager(15351): Starting com.android.server.AlarmManagerService
W/AlarmManager(15351): Failed to open alarm driver. Falling back to a handler.
I/SystemServer(15351): Init Watchdog
I/SystemServer(15351): Input Manager
I/InputManager(15351): Initializing input manager, mUseDevInputEventForAudioJack=true
I/SystemServer(15351): Window Manager
I/WindowManager(15351): No existing display settings /data/system/display_settings.xml; starting empty
E/WindowManager(15351): Exception creating Dim surface
E/WindowManager(15351): android.view.Surface$OutOfResourcesException
E/WindowManager(15351): at android.view.SurfaceControl.nativeCreate(Native Method)
E/WindowManager(15351): at android.view.SurfaceControl.(SurfaceControl.java:292)
E/WindowManager(15351): at com.android.server.wm.DimLayer.(DimLayer.java:81)
E/WindowManager(15351): at com.android.server.wm.TaskStack.attachDisplayContent(TaskStack.java:233)
E/WindowManager(15351): at com.android.server.wm.WindowManagerService.attachStack(WindowManagerService.java:5158)
E/WindowManager(15351): at com.android.server.am.ActivityStackSupervisor$ActivityContainer.attachToDisplayLocked(ActivityStackSupervisor.java:3766)
E/WindowManager(15351): at com.android.server.am.ActivityStackSupervisor.createStackOnDisplay(ActivityStackSupervisor.java:2649)
E/WindowManager(15351): at com.android.server.am.ActivityStackSupervisor.setWindowManager(ActivityStackSupervisor.java:394)
