I/dex2oat (16291): /system/bin/dex2oat --zip-fd=5 --zip-location=/system/framework/services.jar --oat-fd=6 --oat-location=/data/dalvik-cache/arm/system@framework@services.jar@classes.dex --instruction-set=arm --instruction-set-features=div --runtime-arg -Xms64m --runtime-arg -Xmx512m --swap-fd=7
E/NetlinkListener(15793): recvmsg failed (I/O error)
E/NetlinkListener( 683): recvmsg failed (I/O error)
E/NetlinkListener(15793): recvmsg failed (I/O error)
E/NetlinkListener( 683): recvmsg failed (I/O error)
I/dex2oat (16291): Decided to run without swap.
E/NetlinkListener(15793): recvmsg failed (I/O error)
E/NetlinkListener( 683): recvmsg failed (I/O error)
E/NetlinkListener( 683): recvmsg failed (I/O error)
E/NetlinkListener(15793): recvmsg failed (I/O error)
E/NetlinkListener(15793): recvmsg failed (I/O error)
E/NetlinkListener( 683): recvmsg failed (I/O error)
E/NetlinkListener(15793): recvmsg failed (I/O error)
E/NetlinkListener( 683): recvmsg failed (I/O error)
V/WLAN_PSA( 669): NL MSG, len[048], NL type[0x11] WNI type[0x5050] len[028]
V/WLAN_PSA( 669): NL MSG, PID: 669
E/NetlinkListener( 683): recvmsg failed (I/O error)
E/NetlinkListener(15793): recvmsg failed (I/O error)
E/NetlinkListener(15793): recvmsg failed (I/O error)
E/NetlinkListener( 683): recvmsg failed (I/O error)
I/dex2oat (16291): dex2oat took 4.320s (threads: 4) arena alloc=3MB java alloc=4MB native alloc=16MB free=7MB
I/dex2oat (16332): /system/bin/dex2oat --zip-fd=5 --zip-location=/system/framework/settings.jar --oat-fd=6 --oat-location=/data/dalvik-cache/arm/system@framework@settings.jar@classes.dex --instruction-set=arm --instruction-set-features=div --runtime-arg -Xms64m --runtime-arg -Xmx512m --swap-fd=7
I/dex2oat (16332): Decided to run without swap.
I/dex2oat (16332): dex2oat took 39.540ms (threads: 4) arena alloc=240KB java alloc=5KB native alloc=733KB free=7MB
I/dex2oat (16337): /system/bin/dex2oat --zip-fd=5 --zip-location=/system/framework/svc.jar --oat-fd=6 --oat-location=/data/dalvik-cache/arm/system@framework@svc.jar@classes.dex --instruction-set=arm --instruction-set-features=div --runtime-arg -Xms64m --runtime-arg -Xmx512m --swap-fd=7
I/dex2oat (16337): Decided to run without swap.
I/dex2oat (16337): dex2oat took 46.222ms (threads: 4) arena alloc=25KB java alloc=13KB native alloc=618KB free=7MB
I/dex2oat (16342): /system/bin/dex2oat --zip-fd=5 --zip-location=/system/framework/uiautomator.jar --oat-fd=6 --oat-location=/data/dalvik-cache/arm/system@framework@uiautomator.jar@classes.dex --instruction-set=arm --instruction-set-features=div --runtime-arg -Xms64m --runtime-arg -Xmx512m --swap-fd=7
I/dex2oat (16342): Decided to run without swap.
E/NetlinkListener(15793): recvmsg failed (I/O error)
E/NetlinkListener( 683): recvmsg failed (I/O error)
E/NetlinkListener(15793): recvmsg failed (I/O error)
E/NetlinkListener( 683): recvmsg failed (I/O error)
I/dex2oat (16342): dex2oat took 227.416ms (threads: 4) arena alloc=207KB java alloc=136KB native alloc=1683KB free=6MB
I/dex2oat (16358): /system/bin/dex2oat --zip-fd=5 --zip-location=/system/framework/wifi-service.jar --oat-fd=6 --oat-location=/data/dalvik-cache/arm/system@framework@wifi-service.jar@classes.dex --instruction-set=arm --instruction-set-features=div --runtime-arg -Xms64m --runtime-arg -Xmx512m --swap-fd=7
I/dex2oat (16358): Decided to run without swap.
V/WLAN_PSA( 669): NL MSG, len[4091], NL type[0x1C] WNI type[0x5900] len[58127]
V/WLAN_PSA( 669): NL MSG, PID: 669
I/dex2oat (16358): dex2oat took 629.983ms (threads: 4) arena alloc=1909KB java alloc=916KB native alloc=4MB free=3MB
I/dex2oat (16364): /system/bin/dex2oat --zip-fd=5 --zip-location=/system/framework/wm.jar --oat-fd=6 --oat-location=/data/dalvik-cache/arm/system@framework@wm.jar@classes.dex --instruction-set=arm --instruction-set-features=div --runtime-arg -Xms64m --runtime-arg -Xmx512m --swap-fd=7
E/NetlinkListener( 683): recvmsg failed (I/O error)
E/NetlinkListener(15793): recvmsg failed (I/O error)
I/dex2oat (16364): Decided to run without swap.
I/dex2oat (16364): dex2oat took 63.893ms (threads: 4) arena alloc=26KB java alloc=3KB native alloc=622KB free=7MB
E/NetlinkListener(15793): recvmsg failed (I/O error)
E/NetlinkListener( 683): recvmsg failed (I/O error)
D/PackageManager(15883): No files in app dir /vendor/overlay
I/PackageManager(15883): /usr/libexec/sfdroid/system/priv-app/Settings changed; collecting certs
W/PackageManager(15883): Trying to update system app code path from /system/priv-app/Settings to /usr/libexec/sfdroid/system/priv-app/Settings
W/PackageManager(15883): Failed to parse /usr/libexec/sfdroid/system/priv-app/Settings: Signature mismatch for shared user : SharedUserSetting{15cbae33 android.uid.system/1000}
I/PackageManager(15883): /system/priv-app/CNEService changed; collecting certs
W/PackageManager(15883): Failed to parse /system/priv-app/CNEService: Signature mismatch for shared user : SharedUserSetting{15cbae33 android.uid.system/1000}
W/ResourceType(15883): Failure getting entry for 0x7f0b0232 (t=10 e=562) (error -75)
W/PackageParser(15883): No actions in intent filter at /system/priv-app/Contacts/Contacts.apk Binary XML file line #364
W/PackageParser(15883): No actions in intent filter at /system/priv-app/Dialer/Dialer.apk Binary XML file line #168
W/PackageParser(15883): No actions in intent filter at /system/priv-app/ProximitySensorTools/ProximitySensorTools.apk Binary XML file line #54
W/PackageManager(15883): Failed to parse /system/priv-app/Settings: Signature mismatch for shared user : SharedUserSetting{15cbae33 android.uid.system/1000}
W/ResourceType(15883): Failure getting entry for 0x7f08031d (t=7 e=797) (error -75)
W/PackageParser(15883): Unknown element under : android at /system/priv-app/Telecom/Telecom.apk Binary XML file line #233
I/PackageManager(15883): /system/priv-app/com.qualcomm.location changed; collecting certs
W/PackageManager(15883): Failed to parse /system/priv-app/com.qualcomm.location: Signature mismatch for shared user : SharedUserSetting{15cbae33 android.uid.system/1000}
I/PackageManager(15883): /system/priv-app/com.qualcomm.msapm changed; collecting certs
W/PackageManager(15883): Failed to parse /system/priv-app/com.qualcomm.msapm: Signature mismatch for shared user : SharedUserSetting{15cbae33 android.uid.system/1000}
W/PackageParser(15883): No actions in intent filter at /system/app/Bluetooth/Bluetooth.apk Binary XML file line #229
W/PackageParser(15883): Unknown element under : uses-feature at /system/app/BluetoothExt/BluetoothExt.apk Binary XML file line #57
W/PackageParser(15883): No actions in intent filter at /system/app/BluetoothExt/BluetoothExt.apk Binary XML file line #110
W/PackageParser(15883): No actions in intent filter at /system/app/BluetoothExt/BluetoothExt.apk Binary XML file line #134
W/PackageParser(15883): No actions in intent filter at /system/app/BluetoothExt/BluetoothExt.apk Binary XML file line #161
I/PackageManager(15883): /system/app/CABLService changed; collecting certs
W/PackageManager(15883): Failed to parse /system/app/CABLService: Signature mismatch for shared user : SharedUserSetting{15cbae33 android.uid.system/1000}
W/PackageParser(15883): Unknown element under : permission at /system/app/Gallery2/Gallery2.apk Binary XML file line #254
W/PackageParser(15883): Unknown element under : permission at /system/app/Gallery2/Gallery2.apk Binary XML file line #257
I/PackageManager(15883): /system/app/GsmTuneAway changed; collecting certs
W/PackageManager(15883): Failed to parse /system/app/GsmTuneAway: Signature mismatch for shared user : SharedUserSetting{24f8527f android.uid.phone/1001}
I/PackageParser(15883): com.qualcomm.interfacepermissions: compat added android.permission.WRITE_EXTERNAL_STORAGE android.permission.READ_PHONE_STATE
I/PackageManager(15883): /system/app/NetworkSetting changed; collecting certs
W/PackageManager(15883): Failed to parse /system/app/NetworkSetting: Signature mismatch for shared user : SharedUserSetting{24f8527f android.uid.phone/1001}
I/PackageParser(15883): com.qualcomm.qcom_qmi: compat added android.permission.WRITE_EXTERNAL_STORAGE android.permission.READ_PHONE_STATE
I/PackageManager(15883): /system/app/SVIService changed; collecting certs
W/PackageManager(15883): Failed to parse /system/app/SVIService: Signature mismatch for shared user : SharedUserSetting{15cbae33 android.uid.system/1000}
I/PackageManager(15883): /system/app/TimeService changed; collecting certs
W/PackageManager(15883): Failed to parse /system/app/TimeService: Signature mismatch for shared user : SharedUserSetting{15cbae33 android.uid.system/1000}
I/PackageManager(15883): /system/app/WfdService changed; collecting certs
W/PackageManager(15883): Failed to parse /system/app/WfdService: Signature mismatch for shared user : SharedUserSetting{15cbae33 android.uid.system/1000}
I/PackageManager(15883): /system/app/btmultisim changed; collecting certs
W/PackageManager(15883): Failed to parse /system/app/btmultisim: Signature mismatch for shared user : SharedUserSetting{24f8527f android.uid.phone/1001}
I/PackageManager(15883): /system/app/com.qualcomm.qti.services.secureui changed; collecting certs
W/PackageManager(15883): Failed to parse /system/app/com.qualcomm.qti.services.secureui: Signature mismatch for shared user : SharedUserSetting{15cbae33 android.uid.system/1000}
I/PackageManager(15883): /system/app/fastdormancy changed; collecting certs
W/PackageManager(15883): Failed to parse /system/app/fastdormancy: Signature mismatch for shared user : SharedUserSetting{15cbae33 android.uid.system/1000}
I/PackageManager(15883): /system/app/qcrilmsgtunnel changed; collecting certs
W/PackageManager(15883): Failed to parse /system/app/qcrilmsgtunnel: Signature mismatch for shared user : SharedUserSetting{24f8527f android.uid.phone/1001}
I/PackageManager(15883): /system/vendor/app/ims changed; collecting certs
W/PackageManager(15883): Failed to parse /system/vendor/app/ims: Signature mismatch for shared user : SharedUserSetting{24f8527f android.uid.phone/1001}
D/PackageManager(15883): No files in app dir /oem/app
W/PackageManager(15883): System package com.android.settings no longer exists; wiping its data
D/PackageManager(15883): No files in app dir /data/app
D/PackageManager(15883): No files in app dir /data/app-private
W/PackageManager(15883): Package org.codeaurora.bluetooth desires unavailable shared library com.quicinc.wbc; ignoring!
W/PackageManager(15883): Package com.android.email desires unavailable shared library org.apache.http.legacy; ignoring!
I/PackageManager(15883): Adjusting ABI for : com.fairphone.psensor to armeabi-v7a
I/PackageManager(15883): Running dexopt on: /system/priv-app/ProximitySensorTools/ProximitySensorTools.apk pkg=com.fairphone.psensor isa=arm vmSafeMode=false
I/dex2oat (16375): /system/bin/dex2oat --zip-fd=5 --zip-location=/system/priv-app/ProximitySensorTools/ProximitySensorTools.apk --oat-fd=6 --oat-location=/data/dalvik-cache/arm/system@priv-app@ProximitySensorTools@ProximitySensorTools.apk@classes.dex --instruction-set=arm --instruction-set-features=div --runtime-arg -Xms64m --runtime-arg -Xmx512m --swap-fd=7
I/dex2oat (16375): Decided to run without swap.
E/NetlinkListener(15793): recvmsg failed (I/O error)
E/NetlinkListener( 683): recvmsg failed (I/O error)
E/NetlinkListener( 683): recvmsg failed (I/O error)
E/NetlinkListener(15793): recvmsg failed (I/O error)
I/dex2oat (16375): dex2oat took 936.671ms (threads: 4) arena alloc=253KB java alloc=1407KB native alloc=3MB free=4MB
I/PackageManager(15883): Adjusting ABI for : com.android.server.telecom to armeabi-v7a
I/PackageManager(15883): Running dexopt on: /system/priv-app/Telecom/Telecom.apk pkg=com.android.server.telecom isa=arm vmSafeMode=false
I/dex2oat (16393): /system/bin/dex2oat --zip-fd=5 --zip-location=/system/priv-app/Telecom/Telecom.apk --oat-fd=6 --oat-location=/data/dalvik-cache/arm/system@priv-app@Telecom@Telecom.apk@classes.dex --instruction-set=arm --instruction-set-features=div --runtime-arg -Xms64m --runtime-arg -Xmx512m --swap-fd=7
I/dex2oat (16393): Decided to run without swap.
E/NetlinkListener(15793): recvmsg failed (I/O error)
E/NetlinkListener( 683): recvmsg failed (I/O error)
E/NetlinkListener(15793): recvmsg failed (I/O error)
E/NetlinkListener( 683): recvmsg failed (I/O error)
I/dex2oat (16393): dex2oat took 634.604ms (threads: 4) arena alloc=195KB java alloc=698KB native alloc=2MB free=5MB
I/PackageManager(15883): Adjusting ABI for : com.android.inputdevices to armeabi-v7a
I/PackageManager(15883): Running dexopt on: /system/priv-app/InputDevices/InputDevices.apk pkg=com.android.inputdevices isa=arm vmSafeMode=false
I/dex2oat (16408): /system/bin/dex2oat --zip-fd=5 --zip-location=/system/priv-app/InputDevices/InputDevices.apk --oat-fd=6 --oat-location=/data/dalvik-cache/arm/system@priv-app@InputDevices@InputDevices.apk@classes.dex --instruction-set=arm --instruction-set-features=div --runtime-arg -Xms64m --runtime-arg -Xmx512m --swap-fd=7
I/dex2oat (16408): Decided to run without swap.
I/dex2oat (16408): dex2oat took 46.912ms (threads: 4) arena alloc=23KB java alloc=1984B native alloc=585KB free=7MB
I/PackageManager(15883): Adjusting ABI for : com.android.keychain to armeabi-v7a
I/PackageManager(15883): Running dexopt on: /system/app/KeyChain/KeyChain.apk pkg=com.android.keychain isa=arm vmSafeMode=false
V/WLAN_PSA( 669): NL MSG, len[048], NL type[0x11] WNI type[0x5050] len[028]
V/WLAN_PSA( 669): NL MSG, PID: 669
E/NetlinkListener(15793): recvmsg failed (I/O error)
E/NetlinkListener( 683): recvmsg failed (I/O error)
I/dex2oat (16413): /system/bin/dex2oat --zip-fd=5 --zip-location=/system/app/KeyChain/KeyChain.apk --oat-fd=6 --oat-location=/data/dalvik-cache/arm/system@app@KeyChain@KeyChain.apk@classes.dex --instruction-set=arm --instruction-set-features=div --runtime-arg -Xms64m --runtime-arg -Xmx512m --swap-fd=7
I/dex2oat (16413): Decided to run without swap.
E/NetlinkListener(15793): recvmsg failed (I/O error)
E/NetlinkListener( 683): recvmsg failed (I/O error)
I/dex2oat (16413): dex2oat took 100.847ms (threads: 4) arena alloc=75KB java alloc=75KB native alloc=1469KB free=6MB
I/PackageManager(15883): Adjusting ABI for : com.android.soundrecorder to armeabi-v7a
I/PackageManager(15883): Running dexopt on: /system/app/SoundRecorder/SoundRecorder.apk pkg=com.android.soundrecorder isa=arm vmSafeMode=false
I/dex2oat (16424): /system/bin/dex2oat --zip-fd=5 --zip-location=/system/app/SoundRecorder/SoundRecorder.apk --oat-fd=6 --oat-location=/data/dalvik-cache/arm/system@app@SoundRecorder@SoundRecorder.apk@classes.dex --instruction-set=arm --instruction-set-features=div --runtime-arg -Xms64m --runtime-arg -Xmx512m --swap-fd=7
I/dex2oat (16424): Decided to run without swap.
I/dex2oat (16424): dex2oat took 112.836ms (threads: 4) arena alloc=176KB java alloc=66KB native alloc=1456KB free=6MB
I/PackageManager(15883): Adjusting ABI for : com.fairphone.privacyimpact to armeabi-v7a
I/PackageManager(15883): Running dexopt on: /system/priv-app/FairphonePrivacyImpact/FairphonePrivacyImpact.apk pkg=com.fairphone.privacyimpact isa=arm vmSafeMode=false
I/dex2oat (16429): /system/bin/dex2oat --zip-fd=5 --zip-location=/system/priv-app/FairphonePrivacyImpact/FairphonePrivacyImpact.apk --oat-fd=6 --oat-location=/data/dalvik-cache/arm/system@priv-app@FairphonePrivacyImpact@FairphonePrivacyImpact.apk@classes.dex --instruction-set=arm --instruction-set-features=div --runtime-arg -Xms64m --runtime-arg -Xmx512m --swap-fd=7
I/dex2oat (16429): Decided to run without swap.
W/dex2oat (16429): Before Android 4.1, method int android.support.v7.internal.widget.ListViewCompat.lookForSelectablePosition(int, boolean) would have incorrectly overridden the package-private method in android.widget.ListView
E/NetlinkListener(15793): recvmsg failed (I/O error)
E/NetlinkListener( 683): recvmsg failed (I/O error)
E/NetlinkListener(15793): recvmsg failed (I/O error)
E/NetlinkListener( 683): recvmsg failed (I/O error)
I/dex2oat (16429): dex2oat took 923.731ms (threads: 4) arena alloc=393KB java alloc=1402KB native alloc=3MB free=4MB
I/PackageManager(15883): Adjusting ABI for : com.codeaurora.fmrecording to armeabi-v7a
I/PackageManager(15883): Running dexopt on: /system/app/FMRecord/FMRecord.apk pkg=com.codeaurora.fmrecording isa=arm vmSafeMode=false
I/dex2oat (16447): /system/bin/dex2oat --zip-fd=5 --zip-location=/system/app/FMRecord/FMRecord.apk --oat-fd=6 --oat-location=/data/dalvik-cache/arm/system@app@FMRecord@FMRecord.apk@classes.dex --instruction-set=arm --instruction-set-features=div --runtime-arg -Xms64m --runtime-arg -Xmx512m --swap-fd=7
I/dex2oat (16447): Decided to run without swap.
E/NetlinkListener( 683): recvmsg failed (I/O error)
E/NetlinkListener(15793): recvmsg failed (I/O error)
I/dex2oat (16447): dex2oat took 91.440ms (threads: 4) arena alloc=106KB java alloc=30KB native alloc=1435KB free=6MB
I/PackageManager(15883): Adjusting ABI for : com.fairphone.setupwizard to armeabi-v7a
I/PackageManager(15883): Running dexopt on: /system/priv-app/FairphoneSetupWizard/FairphoneSetupWizard.apk pkg=com.fairphone.setupwizard isa=arm vmSafeMode=false
E/NetlinkListener(15793): recvmsg failed (I/O error)
E/NetlinkListener( 683): recvmsg failed (I/O error)
I/dex2oat (16456): /system/bin/dex2oat --zip-fd=5 --zip-location=/system/priv-app/FairphoneSetupWizard/FairphoneSetupWizard.apk --oat-fd=6 --oat-location=/data/dalvik-cache/arm/system@priv-app@FairphoneSetupWizard@FairphoneSetupWizard.apk@classes.dex --instruction-set=arm --instruction-set-features=div --runtime-arg -Xms64m --runtime-arg -Xmx512m --swap-fd=7
I/dex2oat (16456): Decided to run without swap.
V/WLAN_PSA( 669): NL MSG, len[4031], NL type[0x1C] WNI type[0x5900] len[42767]
V/WLAN_PSA( 669): NL MSG, PID: 669
I/dex2oat (16456): dex2oat took 568.146ms (threads: 4) arena alloc=57KB java alloc=570KB native alloc=2MB free=5MB
I/PackageManager(15883): Adjusting ABI for : com.android.dialer to armeabi-v7a
I/PackageManager(15883): Running dexopt on: /system/priv-app/Dialer/Dialer.apk pkg=com.android.dialer isa=arm vmSafeMode=false
I/dex2oat (16464): /system/bin/dex2oat --zip-fd=5 --zip-location=/system/priv-app/Dialer/Dialer.apk --oat-fd=6 --oat-location=/data/dalvik-cache/arm/system@priv-app@Dialer@Dialer.apk@classes.dex --instruction-set=arm --instruction-set-features=div --runtime-arg -Xms64m --runtime-arg -Xmx512m --swap-fd=7
I/dex2oat (16464): Decided to run without swap.
E/NetlinkListener(15793): recvmsg failed (I/O error)
E/NetlinkListener( 683): recvmsg failed (I/O error)
E/NetlinkListener( 683): recvmsg failed (I/O error)
E/NetlinkListener(15793): recvmsg failed (I/O error)
E/NetlinkListener(15793): recvmsg failed (I/O error)
E/NetlinkListener( 683): recvmsg failed (I/O error)
I/dex2oat (16464): dex2oat took 2.082s (threads: 4) arena alloc=86KB java alloc=2MB native alloc=5MB free=6MB
I/PackageManager(15883): Adjusting ABI for : com.android.providers.settings to armeabi-v7a
I/PackageManager(15883): Running dexopt on: /system/priv-app/SettingsProvider/SettingsProvider.apk pkg=com.android.providers.settings isa=arm vmSafeMode=false
E/NetlinkListener(15793): recvmsg failed (I/O error)
E/NetlinkListener( 683): recvmsg failed (I/O error)
I/dex2oat (16485): /system/bin/dex2oat --zip-fd=5 --zip-location=/system/priv-app/SettingsProvider/SettingsProvider.apk --oat-fd=6 --oat-location=/data/dalvik-cache/arm/system@priv-app@SettingsProvider@SettingsProvider.apk@classes.dex --instruction-set=arm --instruction-set-features=div --runtime-arg -Xms64m --runtime-arg -Xmx512m --swap-fd=7
I/dex2oat (16485): Decided to run without swap.
E/NetlinkListener(15793): recvmsg failed (I/O error)
E/NetlinkListener( 683): recvmsg failed (I/O error)
E/NetlinkListener(15793): recvmsg failed (I/O error)
E/NetlinkListener( 683): recvmsg failed (I/O error)
I/dex2oat (16485): dex2oat took 193.058ms (threads: 4) arena alloc=2MB java alloc=108KB native alloc=3MB free=4MB
I/PackageManager(15883): Adjusting ABI for : com.dsi.ant.server to armeabi-v7a
I/PackageManager(15883): Running dexopt on: /system/app/AntHalService/AntHalService.apk pkg=com.dsi.ant.server isa=arm vmSafeMode=false
I/dex2oat (16503): /system/bin/dex2oat --zip-fd=5 --zip-location=/system/app/AntHalService/AntHalService.apk --oat-fd=6 --oat-location=/data/dalvik-cache/arm/system@app@AntHalService@AntHalService.apk@classes.dex --instruction-set=arm --instruction-set-features=div --runtime-arg -Xms64m --runtime-arg -Xmx512m --swap-fd=7
I/dex2oat (16503): Decided to run without swap.
I/dex2oat (16503): dex2oat took 79.097ms (threads: 4) arena alloc=76KB java alloc=34KB native alloc=1428KB free=6MB
I/PackageManager(15883): Adjusting ABI for : com.android.location.fused to armeabi-v7a
I/PackageManager(15883): Running dexopt on: /system/priv-app/FusedLocation/FusedLocation.apk pkg=com.android.location.fused isa=arm vmSafeMode=false
I/dex2oat (16509): /system/bin/dex2oat --zip-fd=5 --zip-location=/system/priv-app/FusedLocation/FusedLocation.apk --oat-fd=6 --oat-location=/data/dalvik-cache/arm/system@priv-app@FusedLocation@FusedLocation.apk@classes.dex --instruction-set=arm --instruction-set-features=div --runtime-arg -Xms64m --runtime-arg -Xmx512m --swap-fd=7
I/dex2oat (16509): Decided to run without swap.
E/NetlinkListener( 683): recvmsg failed (I/O error)
E/NetlinkListener(15793): recvmsg failed (I/O error)
I/dex2oat (16509): dex2oat took 78.635ms (threads: 4) arena alloc=50KB java alloc=44KB native alloc=1383KB free=6MB
I/PackageManager(15883): Time to scan packages: 20.89 seconds
W/PackageManager(15883): Unknown permission com.google.android.googleapps.permission.GOOGLE_AUTH in package com.android.providers.calendar
W/PackageManager(15883): Unknown permission com.google.android.googleapps.permission.GOOGLE_AUTH.cl in package com.android.providers.calendar
W/PackageManager(15883): Unknown permission com.qualcomm.permission.USE_QCRIL_MSG_TUNNEL in package com.qualcomm.shutdownlistner
W/PackageManager(15883): Unknown permission android.permission.PREVENT_POWER_KEY in package com.fairphone.checkup
W/PackageManager(15883): Not granting permission android.permission.GLOBAL_SEARCH to package com.android.quicksearchbox (protectionLevel=18 flags=0x48be45)
W/PackageManager(15883): Not granting permission android.permission.ACCESS_DOWNLOAD_MANAGER to package com.android.browser (protectionLevel=18 flags=0x9be45)
W/PackageManager(15883): Not granting permission android.permission.SEND_DOWNLOAD_COMPLETED_INTENTS to package com.android.browser (protectionLevel=2 flags=0x9be45)
W/PackageManager(15883): Unknown permission android.permission.MMS_PUSH in package org.codeaurora.bluetooth
W/PackageManager(15883): Not granting permission android.permission.BIND_WALLPAPER to package com.android.camera2 (protectionLevel=18 flags=0x58bc45)
W/PackageManager(15883): Unknown permission android.permission.INSTALL_DRM in package com.android.mms
W/PackageManager(15883): Unknown permission com.google.android.googleapps.permission.GOOGLE_AUTH.mail in package com.android.calendar
W/PackageManager(15883): Unknown permission com.android.launcher.permission.READ_SETTINGS in package com.android.onetimeinitializer
W/PackageManager(15883): Unknown permission com.android.launcher.permission.WRITE_SETTINGS in package com.android.onetimeinitializer
W/PackageManager(15883): Not granting permission android.permission.DELETE_PACKAGES to package com.svox.pico (protectionLevel=18 flags=0x8be45)
W/PackageManager(15883): Unknown permission android.permission.ACCESS_THEME_MANAGER in package com.fairphone.setupwizard
W/PackageManager(15883): Unknown permission com.google.android.gallery3d.permission.PICASA_STORE in package com.android.dreams.phototable
W/PackageManager(15883): Unknown permission android.permission.ACCESS_SUPERUSER in package com.amaze.filemanager
W/PackageManager(15883): Unknown permission com.android.launcher.permission.READ_SETTINGS in package com.fairphone.fplauncher3
W/PackageManager(15883): Unknown permission com.android.launcher.permission.WRITE_SETTINGS in package com.fairphone.fplauncher3
W/PackageManager(15883): Unknown permission android.permission.ACCESS_SUPERUSER in package com.fairphone.updater
W/PackageManager(15883): Not granting permission android.permission.DEVICE_POWER to package com.android.deskclock (protectionLevel=2 flags=0x48be45)
W/PackageManager(15883): Unknown permission com.google.android.gallery3d.permission.GALLERY_PROVIDER in package com.android.bluetooth
I/art (15883): Explicit concurrent mark sweep GC freed 49622(2MB) AllocSpace objects, 19(304KB) LOS objects, 59% free, 2MB/6MB, paused 1.602ms total 38.724ms
I/SystemServer(15883): User Service
I/lowmemorykiller( 685): ActivityManager connected
I/SystemServiceManager(15883): Starting com.android.server.lights.LightsService
E/NetlinkListener(15793): recvmsg failed (I/O error)
E/NetlinkListener( 683): recvmsg failed (I/O error)
I/SystemServiceManager(15883): Starting com.android.server.BatteryService
I/SystemServiceManager(15883): Starting com.android.server.usage.UsageStatsService
I/UsageStatsService(15883): User[0] Rollover scheduled @ 2016-12-15 00:00:00(1481760000000)
I/SystemServiceManager(15883): Starting com.android.server.webkit.WebViewUpdateService
I/SystemServer(15883): Reading configuration...
I/SystemServer(15883): Scheduling Policy
I/SystemServiceManager(15883): Starting com.android.server.telecom.TelecomLoaderService
I/SystemServer(15883): Telephony Registry
I/SystemServer(15883): Entropy Mixer
I/EntropyMixer(15883): Writing entropy...
I/SystemServer(15883): Account Manager
I/SystemServer(15883): Content Manager
I/SystemServer(15883): System Content Providers
I/SystemServer(15883): Vibrator Service
I/SystemServer(15883): Consumer IR Service
E/ConsumerIrService(15883): Can't open consumer IR HW Module, error: sfdroid disabled
I/SystemServiceManager(15883): Starting com.android.server.AlarmManagerService
W/AlarmManager(15883): Failed to open alarm driver. Falling back to a handler.
I/SystemServer(15883): Init Watchdog
I/SystemServer(15883): Input Manager
I/InputManager(15883): Initializing input manager, mUseDevInputEventForAudioJack=true
I/SystemServer(15883): Window Manager
I/WindowManager(15883): No existing display settings /data/system/display_settings.xml; starting empty
E/SurfaceFlinger(12039): Permission Denial: can't access SurfaceFlinger pid=15883, uid=1000
E/SurfaceFlinger(12039): Permission Denial: can't access SurfaceFlinger pid=15883, uid=1000
E/WindowManager(15883): Exception creating Dim surface
E/WindowManager(15883): android.view.Surface$OutOfResourcesException
E/WindowManager(15883): at android.view.SurfaceControl.nativeCreate(Native Method)
E/WindowManager(15883): at android.view.SurfaceControl.(SurfaceControl.java:292)
E/WindowManager(15883): at com.android.server.wm.DimLayer.(DimLayer.java:81)
E/WindowManager(15883): at com.android.server.wm.TaskStack.attachDisplayContent(TaskStack.java:233)
E/WindowManager(15883): at com.android.server.wm.WindowManagerService.attachStack(WindowManagerService.java:5158)
E/WindowManager(15883): at com.android.server.am.ActivityStackSupervisor$ActivityContainer.attachToDisplayLocked(ActivityStackSupervisor.java:3766)
E/WindowManager(15883): at com.android.server.am.ActivityStackSupervisor.createStackOnDisplay(ActivityStackSupervisor.java:2649)
E/WindowManager(15883): at com.android.server.am.ActivityStackSupervisor.setWindowManager(ActivityStackSupervisor.java:394)
E/WindowManager(15883): at com.android.server.am.ActivityManagerService.setWindowManager(ActivityManagerService.java:1943)
E/WindowManager(15883): at com.android.server.SystemServer.startOtherServices(SystemServer.java:498)
E/WindowManager(15883): at com.android.server.SystemServer.run(SystemServer.java:265)
E/WindowManager(15883): at com.android.server.SystemServer.main(SystemServer.java:179)
E/WindowManager(15883): at java.lang.reflect.Method.invoke(Native Method)
E/WindowManager(15883): at java.lang.reflect.Method.invoke(Method.java:372)
E/WindowManager(15883): at com.android.internal.os.ZygoteInit$MethodAndArgsCaller.run(ZygoteInit.java:904)
E/WindowManager(15883): at com.android.internal.os.ZygoteInit.main(ZygoteInit.java:699)
E/SurfaceFlinger(12039): Permission Denial: can't access SurfaceFlinger pid=15883, uid=1000
E/WindowManager(15883): Exception creating Dim surface
E/WindowManager(15883): android.view.Surface$OutOfResourcesException
E/WindowManager(15883): at android.view.SurfaceControl.nativeCreate(Native Method)
E/WindowManager(15883): at android.view.SurfaceControl.(SurfaceControl.java:292)
E/WindowManager(15883): at com.android.server.wm.DimLayer.(DimLayer.java:81)
E/WindowManager(15883): at com.android.server.wm.TaskStack.attachDisplayContent(TaskStack.java:234)
E/WindowManager(15883): at com.android.server.wm.WindowManagerService.attachStack(WindowManagerService.java:5158)
E/WindowManager(15883): at com.android.server.am.ActivityStackSupervisor$ActivityContainer.attachToDisplayLocked(ActivityStackSupervisor.java:3766)
E/WindowManager(15883): at com.android.server.am.ActivityStackSupervisor.createStackOnDisplay(ActivityStackSupervisor.java:2649)
E/WindowManager(15883): at com.android.server.am.ActivityStackSupervisor.setWindowManager(ActivityStackSupervisor.java:394)
E/WindowManager(15883): at com.android.server.am.ActivityManagerService.setWindowManager(ActivityManagerService.java:1943)
E/WindowManager(15883): at com.android.server.SystemServer.startOtherServices(SystemServer.java:498)
E/WindowManager(15883): at com.android.server.SystemServer.run(SystemServer.java:265)
E/WindowManager(15883): at com.android.server.SystemServer.main(SystemServer.java:179)
E/WindowManager(15883): at java.lang.reflect.Method.invoke(Native Method)
E/WindowManager(15883): at java.lang.reflect.Method.invoke(Method.java:372)
E/WindowManager(15883): at com.android.internal.os.ZygoteInit$MethodAndArgsCaller.run(ZygoteInit.java:904)
E/WindowManager(15883): at com.android.internal.os.ZygoteInit.main(ZygoteInit.java:699)
E/SurfaceFlinger(12039): Permission Denial: can't access SurfaceFlinger pid=15883, uid=1000
I/InputManager(15883): Starting input manager
I/SystemServer(15883): sfdroid: Bluetooth Service disabled
I/SystemServer(15883): Input Method Service
E/EventHub(15883): could not open /dev/input/event4, Permission denied
E/EventHub(15883): could not open /dev/input/event3, Permission denied
E/EventHub(15883): could not open /dev/input/by-path, Is a directory
E/EventHub(15883): could not open /dev/input/event2, Permission denied
E/EventHub(15883): could not open /dev/input/event1, Permission denied
E/EventHub(15883): could not open /dev/input/event0, Permission denied
E/EventHub(15883): could not open /dev/input/mice, Permission denied
I/InputReader(15883): Device added: id=-1, name='Virtual', sources=0x00000301
W/InputMethodManagerService(15883): Couldn't create dir.: /data/system/inputmethod
I/SystemServer(15883): Accessibility Manager
I/XXXXXX (15883): choosing minFree values for 32 Bit
I/XXXXXX (15883): choosing minFree values for 32 Bit
I/XXXXXX (15883): choosing minFree values for 32 Bit
I/XXXXXX (15883): choosing minFree values for 32 Bit
I/XXXXXX (15883): choosing minFree values for 32 Bit
I/XXXXXX (15883): choosing minFree values for 32 Bit
I/ActivityManager(15883): Config changes=1df8 {1.0 ?mcc?mnc en_US ?layoutDir sw360dp w360dp h640dp 480dpi nrml long port ?uimode ?night -touch -keyb/v/h -nav/h s.2}
E/SurfaceFlinger(12039): Permission Denial: can't access SurfaceFlinger pid=15883, uid=1000
I/InputReader(15883): Reconfiguring input devices. changes=0x00000004
E/SurfaceFlinger(12039): Permission Denial: can't access SurfaceFlinger pid=15883, uid=1000
I/ActivityManager(15883): Config changes=500 {1.0 ?mcc?mnc en_US ?layoutDir sw360dp w360dp h567dp 480dpi nrml port ?uimode ?night -touch -keyb/v/h -nav/h s.3}
E/SurfaceFlinger(12039): Permission Denial: can't access SurfaceFlinger pid=15883, uid=1000
E/SurfaceFlinger(12039): Permission Denial: can't access SurfaceFlinger pid=15883, uid=1000
E/SurfaceFlinger(12039): Permission Denial: can't access SurfaceFlinger pid=15883, uid=1000
E/SurfaceFlinger(12039): Permission Denial: can't access SurfaceFlinger pid=15883, uid=1000
I/SystemServer(15883): Mount Service
D/MountService(15883): got storage path: /storage/sdcard0 description: Internal storage primary: true removable: false emulated: true mtpReserve: 100 allowMassStorage: false maxFileSize: 0 allowMtp: true
D/MountService(15883): addVolumeLocked() StorageVolume:
D/MountService(15883): mStorageId=65537 mPath=/storage/emulated/0 mDescriptionId=17040829
D/MountService(15883): mPrimary=true mRemovable=false mEmulated=true mMtpReserveSpace=100
D/MountService(15883): mAllowMassStorage=false mMaxFileSize=0 mOwner=UserHandle{0} mUuid=null
D/MountService(15883): mUserLabel=null mState=null mAllowMtp=true
D/MountService(15883): got storage path: /storage/sdcard1 description: SD card primary: false removable: true emulated: false mtpReserve: 0 allowMassStorage: true maxFileSize: 0 allowMtp: true
D/MountService(15883): addVolumeLocked() StorageVolume:
D/MountService(15883): mStorageId=0 mPath=/storage/sdcard1 mDescriptionId=17040830 mPrimary=false
D/MountService(15883): mRemovable=true mEmulated=false mMtpReserveSpace=0 mAllowMassStorage=true
D/MountService(15883): mMaxFileSize=0 mOwner=null mUuid=null mUserLabel=null mState=null
D/MountService(15883): mAllowMtp=true
D/MountService(15883): got storage path: /storage/usbotg description: USB storage primary: false removable: true emulated: false mtpReserve: 0 allowMassStorage: false maxFileSize: 0 allowMtp: true
D/MountService(15883): addVolumeLocked() StorageVolume:
D/MountService(15883): mStorageId=0 mPath=/storage/usbotg mDescriptionId=17040831 mPrimary=false
D/MountService(15883): mRemovable=true mEmulated=false mMtpReserveSpace=0 mAllowMassStorage=false
D/MountService(15883): mMaxFileSize=0 mOwner=null mUuid=null mUserLabel=null mState=null
D/MountService(15883): mAllowMtp=true
I/PackageManager(15883): No secure containers found
W/PackageManager(15883): Unknown permission com.google.android.googleapps.permission.GOOGLE_AUTH in package com.android.providers.calendar
W/PackageManager(15883): Unknown permission com.google.android.googleapps.permission.GOOGLE_AUTH.cl in package com.android.providers.calendar
W/PackageManager(15883): Unknown permission com.qualcomm.permission.USE_QCRIL_MSG_TUNNEL in package com.qualcomm.shutdownlistner
W/PackageManager(15883): Unknown permission android.permission.PREVENT_POWER_KEY in package com.fairphone.checkup
W/PackageManager(15883): Not granting permission android.permission.GLOBAL_SEARCH to package com.android.quicksearchbox (protectionLevel=18 flags=0x48be45)
W/PackageManager(15883): Not granting permission android.permission.ACCESS_DOWNLOAD_MANAGER to package com.android.browser (protectionLevel=18 flags=0x9be45)
W/PackageManager(15883): Not granting permission android.permission.SEND_DOWNLOAD_COMPLETED_INTENTS to package com.android.browser (protectionLevel=2 flags=0x9be45)
W/PackageManager(15883): Unknown permission android.permission.MMS_PUSH in package org.codeaurora.bluetooth
W/PackageManager(15883): Not granting permission android.permission.BIND_WALLPAPER to package com.android.camera2 (protectionLevel=18 flags=0x58bc45)
W/PackageManager(15883): Unknown permission android.permission.INSTALL_DRM in package com.android.mms
W/PackageManager(15883): Unknown permission com.google.android.googleapps.permission.GOOGLE_AUTH.mail in package com.android.calendar
W/PackageManager(15883): Unknown permission com.android.launcher.permission.READ_SETTINGS in package com.android.onetimeinitializer
W/PackageManager(15883): Unknown permission com.android.launcher.permission.WRITE_SETTINGS in package com.android.onetimeinitializer
W/PackageManager(15883): Not granting permission android.permission.DELETE_PACKAGES to package com.svox.pico (protectionLevel=18 flags=0x8be45)
W/PackageManager(15883): Unknown permission android.permission.ACCESS_THEME_MANAGER in package com.fairphone.setupwizard
W/PackageManager(15883): Unknown permission com.google.android.gallery3d.permission.PICASA_STORE in package com.android.dreams.phototable
W/PackageManager(15883): Unknown permission android.permission.ACCESS_SUPERUSER in package com.amaze.filemanager
W/PackageManager(15883): Unknown permission com.android.launcher.permission.READ_SETTINGS in package com.fairphone.fplauncher3
W/PackageManager(15883): Unknown permission com.android.launcher.permission.WRITE_SETTINGS in package com.fairphone.fplauncher3
W/PackageManager(15883): Unknown permission android.permission.ACCESS_SUPERUSER in package com.fairphone.updater
W/PackageManager(15883): Not granting permission android.permission.DEVICE_POWER to package com.android.deskclock (protectionLevel=2 flags=0x48be45)
W/PackageManager(15883): Unknown permission com.google.android.gallery3d.permission.GALLERY_PROVIDER in package com.android.bluetooth
I/PackageManager(15883): Running dexopt on: /system/app/LatinIME/LatinIME.apk pkg=com.android.inputmethod.latin isa=arm vmSafeMode=false
F/WindowAnimator(15883): Unhandled exception in Window Manager
F/WindowAnimator(15883): java.lang.NullPointerException: Attempt to invoke virtual method 'void android.view.SurfaceControl.setLayer(int)' on a null object reference
F/WindowAnimator(15883): at com.android.server.wm.FocusedStackFrame.setLayer(FocusedStackFrame.java:140)
F/WindowAnimator(15883): at com.android.server.wm.WindowManagerService.setFocusedStackLayer(WindowManagerService.java:3985)
F/WindowAnimator(15883): at com.android.server.wm.WindowAnimator.animateLocked(WindowAnimator.java:708)
F/WindowAnimator(15883): at com.android.server.wm.WindowAnimator.access$000(WindowAnimator.java:54)
F/WindowAnimator(15883): at com.android.server.wm.WindowAnimator$1.run(WindowAnimator.java:126)
F/WindowAnimator(15883): at android.view.Choreographer$CallbackRecord.run(Choreographer.java:767)
F/WindowAnimator(15883): at android.view.Choreographer.doCallbacks(Choreographer.java:580)
F/WindowAnimator(15883): at android.view.Choreographer.doFrame(Choreographer.java:549)
F/WindowAnimator(15883): at android.view.Choreographer$FrameDisplayEventReceiver.run(Choreographer.java:753)
F/WindowAnimator(15883): at android.os.Handler.handleCallback(Handler.java:739)
F/WindowAnimator(15883): at android.os.Handler.dispatchMessage(Handler.java:95)
F/WindowAnimator(15883): at android.os.Looper.loop(Looper.java:135)
F/WindowAnimator(15883): at android.os.HandlerThread.run(HandlerThread.java:61)
F/WindowAnimator(15883): at com.android.server.ServiceThread.run(ServiceThread.java:46)
E/SurfaceFlinger(12039): Permission Denial: can't access SurfaceFlinger pid=15883, uid=1000
I/dex2oat (16536): /system/bin/dex2oat --zip-fd=5 --zip-location=/system/app/LatinIME/LatinIME.apk --oat-fd=6 --oat-location=/data/dalvik-cache/arm/system@app@LatinIME@LatinIME.apk@classes.dex --instruction-set=arm --instruction-set-features=div --runtime-arg -Xms64m --runtime-arg -Xmx512m --swap-fd=7
V/WLAN_PSA( 669): NL MSG, len[048], NL type[0x11] WNI type[0x5050] len[028]
V/WLAN_PSA( 669): NL MSG, PID: 669
D/OpenGLRenderer(15883): Use EGL_SWAP_BEHAVIOR_PRESERVED: true
E/SurfaceFlinger(12039): Permission Denial: can't access SurfaceFlinger pid=15883, uid=1000
W/WindowStateAnimator(15883): OutOfResourcesException creating surface
I/WindowManager(15883): Out of memory for surface! Looking for leaks...
W/WindowManager(15883): No leaked surfaces; killing applicatons!
W/WindowManager(15883): Due to memory failure, waiting a bit for next layout
I/dex2oat (16536): Decided to run without swap.
E/NetlinkListener(15793): recvmsg failed (I/O error)
E/NetlinkListener( 683): recvmsg failed (I/O error)
E/SurfaceFlinger(12039): Permission Denial: can't access SurfaceFlinger pid=15883, uid=1000
E/SurfaceFlinger(12039): Permission Denial: can't access SurfaceFlinger pid=15883, uid=1000
E/NetlinkListener(15793): recvmsg failed (I/O error)
E/NetlinkListener( 683): recvmsg failed (I/O error)
F/WindowAnimator(15883): Unhandled exception in Window Manager
F/WindowAnimator(15883): java.lang.NullPointerException: Attempt to invoke virtual method 'void android.view.SurfaceControl.setLayer(int)' on a null object reference
F/WindowAnimator(15883): at com.android.server.wm.FocusedStackFrame.setLayer(FocusedStackFrame.java:140)
F/WindowAnimator(15883): at com.android.server.wm.WindowManagerService.setFocusedStackLayer(WindowManagerService.java:3985)
F/WindowAnimator(15883): at com.android.server.wm.WindowAnimator.animateLocked(WindowAnimator.java:708)
F/WindowAnimator(15883): at com.android.server.wm.WindowAnimator.access$000(WindowAnimator.java:54)
F/WindowAnimator(15883): at com.android.server.wm.WindowAnimator$1.run(WindowAnimator.java:126)
F/WindowAnimator(15883): at android.view.Choreographer$CallbackRecord.run(Choreographer.java:767)
F/WindowAnimator(15883): at android.view.Choreographer.doCallbacks(Choreographer.java:580)
F/WindowAnimator(15883): at android.view.Choreographer.doFrame(Choreographer.java:549)
F/WindowAnimator(15883): at android.view.Choreographer$FrameDisplayEventReceiver.run(Choreographer.java:753)
F/WindowAnimator(15883): at android.os.Handler.handleCallback(Handler.java:739)
F/WindowAnimator(15883): at android.os.Handler.dispatchMessage(Handler.java:95)
F/WindowAnimator(15883): at android.os.Looper.loop(Looper.java:135)
F/WindowAnimator(15883): at android.os.HandlerThread.run(HandlerThread.java:61)
F/WindowAnimator(15883): at com.android.server.ServiceThread.run(ServiceThread.java:46)
E/SurfaceFlinger(12039): Permission Denial: can't access SurfaceFlinger pid=15883, uid=1000
E/SurfaceFlinger(12039): Permission Denial: can't access SurfaceFlinger pid=15883, uid=1000
E/SurfaceFlinger(12039): Permission Denial: can't access SurfaceFlinger pid=15883, uid=1000
F/WindowAnimator(15883): Unhandled exception in Window Manager
F/WindowAnimator(15883): java.lang.NullPointerException: Attempt to invoke virtual method 'void android.view.SurfaceControl.setLayer(int)' on a null object reference
F/WindowAnimator(15883): at com.android.server.wm.FocusedStackFrame.setLayer(FocusedStackFrame.java:140)
F/WindowAnimator(15883): at com.android.server.wm.WindowManagerService.setFocusedStackLayer(WindowManagerService.java:3985)
F/WindowAnimator(15883): at com.android.server.wm.WindowAnimator.animateLocked(WindowAnimator.java:708)
F/WindowAnimator(15883): at com.android.server.wm.WindowAnimator.access$000(WindowAnimator.java:54)
F/WindowAnimator(15883): at com.android.server.wm.WindowAnimator$1.run(WindowAnimator.java:126)
F/WindowAnimator(15883): at android.view.Choreographer$CallbackRecord.run(Choreographer.java:767)
F/WindowAnimator(15883): at android.view.Choreographer.doCallbacks(Choreographer.java:580)
F/WindowAnimator(15883): at android.view.Choreographer.doFrame(Choreographer.java:549)
F/WindowAnimator(15883): at android.view.Choreographer$FrameDisplayEventReceiver.run(Choreographer.java:753)
F/WindowAnimator(15883): at android.os.Handler.handleCallback(Handler.java:739)
F/WindowAnimator(15883): at android.os.Handler.dispatchMessage(Handler.java:95)
F/WindowAnimator(15883): at android.os.Looper.loop(Looper.java:135)
F/WindowAnimator(15883): at android.os.HandlerThread.run(HandlerThread.java:61)
F/WindowAnimator(15883): at com.android.server.ServiceThread.run(ServiceThread.java:46)
E/SurfaceFlinger(12039): Permission Denial: can't access SurfaceFlinger pid=15883, uid=1000
E/AudioPolicyManager(15794): unknown stream type 13
E/AudioPolicyManager(15794): unknown stream type 13
E/AudioPolicyManager(15794): unknown stream type 13
E/AudioPolicyManager(15794): unknown stream type 13
I/AudioFlinger(15794): AudioFlinger's thread 0xb5a2e000 ready to run
D/audio_hw_primary(15794): out_set_parameters: enter: usecase(1: low-latency-playback) kvpairs: routing=2
D/audio_hw_primary(15794): out_standby: enter: stream (0xb5880b00) usecase(1: low-latency-playback)
E/AudioPolicyManager(15794): unknown stream type 13
D/audio_hw_primary(15794): adev_open_input_stream: enter: sample_rate(48000) channel_mask(0xc) devices(0x80000004) stream_handle(0xb586da20)
I/AudioFlinger(15794): AudioFlinger's thread 0xb5ac7000 ready to run
D/audio_hw_primary(15794): adev_close_input_stream: enter:stream_handle(0xb586da20)
D/audio_hw_primary(15794): in_standby: enter: stream (0xb586da20) usecase(7: audio-record)
I/audio_a2dp_hw(15794): adev_open: adev_open in A2dp_hw module
I/AudioFlinger(15794): loadHwModule() Loaded a2dp audio interface from A2DP Audio HW HAL (audio) handle 7
I/AudioFlinger(15794): loadHwModule() Loaded usb audio interface from USB audio HW HAL (audio) handle 8
I/r_submix(15794): adev_open(name=audio_hw_if)
I/r_submix(15794): adev_init_check()
I/AudioFlinger(15794): loadHwModule() Loaded r_submix audio interface from Wifi Display audio HAL (audio) handle 9
D/r_submix(15794): adev_open_input_stream(addr=0)
D/r_submix(15794): submix_audio_device_create_pipe_l(addr=0, idx=9)
D/r_submix(15794): now using address 0 for route 9
I/AudioFlinger(15794): AudioFlinger's thread 0xb5b42000 ready to run
D/r_submix(15794): adev_close_input_stream()
D/r_submix(15794): submix_audio_device_release_pipe_l(idx=9) addr=0
D/r_submix(15794): submix_audio_device_destroy_pipe_l(): pipe destroyed
E/AudioPolicyManager(15794): unknown stream type 13
E/AudioPolicyManager(15794): unknown stream type 13
E/SoundTriggerHwService(15794): couldn't load sound trigger module sound_trigger.primary (No such file or directory)
E/NetlinkListener(15793): recvmsg failed (I/O error)
E/NetlinkListener( 683): recvmsg failed (I/O error)
E/NetlinkListener( 683): recvmsg failed (I/O error)
E/NetlinkListener(15793): recvmsg failed (I/O error)
I/dex2oat (16536): dex2oat took 1.292s (threads: 4) arena alloc=124KB java alloc=1660KB native alloc=3MB free=4MB
I/PackageManager(15883): Running dexopt on: /system/priv-app/MmsService/MmsService.apk pkg=com.android.mms.service isa=arm vmSafeMode=false
E/NetlinkListener(15793): recvmsg failed (I/O error)
E/NetlinkListener( 683): recvmsg failed (I/O error)
I/dex2oat (16568): /system/bin/dex2oat --zip-fd=5 --zip-location=/system/priv-app/MmsService/MmsService.apk --oat-fd=6 --oat-location=/data/dalvik-cache/arm/system@priv-app@MmsService@MmsService.apk@classes.dex --instruction-set=arm --instruction-set-features=div --runtime-arg -Xms64m --runtime-arg -Xmx512m --swap-fd=7
I/dex2oat (16568): Decided to run without swap.
E/NetlinkListener( 683): recvmsg failed (I/O error)
E/NetlinkListener(15793): recvmsg failed (I/O error)
I/dex2oat (16568): dex2oat took 216.749ms (threads: 4) arena alloc=330KB java alloc=122KB native alloc=1658KB free=6MB
I/PackageManager(15883): Running dexopt on: /system/priv-app/TelephonyProvider/TelephonyProvider.apk pkg=com.android.providers.telephony isa=arm vmSafeMode=false
I/dex2oat (16579): /system/bin/dex2oat --zip-fd=5 --zip-location=/system/priv-app/TelephonyProvider/TelephonyProvider.apk --oat-fd=6 --oat-location=/data/dalvik-cache/arm/system@priv-app@TelephonyProvider@TelephonyProvider.apk@classes.dex --instruction-set=arm --instruction-set-features=div --runtime-arg -Xms64m --runtime-arg -Xmx512m --swap-fd=7
I/dex2oat (16579): Decided to run without swap.
V/WLAN_PSA( 669): NL MSG, len[4006], NL type[0x1C] WNI type[0x5900] len[36367]
V/WLAN_PSA( 669): NL MSG, PID: 669
I/dex2oat (16579): dex2oat took 207.088ms (threads: 4) arena alloc=937KB java alloc=114KB native alloc=1859KB free=6MB
I/PackageManager(15883): Running dexopt on: /system/priv-app/DefaultContainerService/DefaultContainerService.apk pkg=com.android.defcontainer isa=arm vmSafeMode=false
I/dex2oat (16584): /system/bin/dex2oat --zip-fd=5 --zip-location=/system/priv-app/DefaultContainerService/DefaultContainerService.apk --oat-fd=6 --oat-location=/data/dalvik-cache/arm/system@priv-app@DefaultContainerService@DefaultContainerService.apk@classes.dex --instruction-set=arm --instruction-set-features=div --runtime-arg -Xms64m --runtime-arg -Xmx512m --swap-fd=7
I/dex2oat (16584): Decided to run without swap.
I/dex2oat (16584): dex2oat took 109.748ms (threads: 4) arena alloc=87KB java alloc=28KB native alloc=1125KB free=6MB
I/PackageManager(15883): Running dexopt on: /system/priv-app/Shell/Shell.apk pkg=com.android.shell isa=arm vmSafeMode=false
I/dex2oat (16589): /system/bin/dex2oat --zip-fd=5 --zip-location=/system/priv-app/Shell/Shell.apk --oat-fd=6 --oat-location=/data/dalvik-cache/arm/system@priv-app@Shell@Shell.apk@classes.dex --instruction-set=arm --instruction-set-features=div --runtime-arg -Xms64m --runtime-arg -Xmx512m --swap-fd=7
I/dex2oat (16589): Decided to run without swap.
E/NetlinkListener(15793): recvmsg failed (I/O error)
E/NetlinkListener( 683): recvmsg failed (I/O error)
E/NetlinkListener(15793): recvmsg failed (I/O error)
E/NetlinkListener( 683): recvmsg failed (I/O error)
I/dex2oat (16589): dex2oat took 440.163ms (threads: 4) arena alloc=225KB java alloc=360KB native alloc=2MB free=5MB
I/PackageManager(15883): Running dexopt on: /system/priv-app/TeleService/TeleService.apk pkg=com.android.phone isa=arm vmSafeMode=false
I/dex2oat (16607): /system/bin/dex2oat --zip-fd=5 --zip-location=/system/priv-app/TeleService/TeleService.apk --oat-fd=6 --oat-location=/data/dalvik-cache/arm/system@priv-app@TeleService@TeleService.apk@classes.dex --instruction-set=arm --instruction-set-features=div --runtime-arg -Xms64m --runtime-arg -Xmx512m --swap-fd=7
I/dex2oat (16607): Decided to run without swap.
E/NetlinkListener( 683): recvmsg failed (I/O error)
E/NetlinkListener(15793): recvmsg failed (I/O error)
E/NetlinkListener(15793): recvmsg failed (I/O error)
E/NetlinkListener( 683): recvmsg failed (I/O error)
I/dex2oat (16607): dex2oat took 811.726ms (threads: 4) arena alloc=325KB java alloc=1689KB native alloc=3MB free=4MB
I/PackageManager(15883): Running dexopt on: /system/priv-app/ProxyHandler/ProxyHandler.apk pkg=com.android.proxyhandler isa=arm vmSafeMode=false
