W/Resources(16750): Preloaded drawable resource #0x10802e9 (android:drawable/fastscroll_label_left_holo_dark) that varies with configuration!!
W/Resources(16750): Preloaded drawable resource #0x10802ec (android:drawable/fastscroll_label_right_holo_dark) that varies with configuration!!
W/Resources(16750): Preloaded drawable resource #0x10802f9 (android:drawable/fastscroll_track_pressed_holo_light) that varies with configuration!!
W/Resources(16750): Preloaded drawable resource #0x10802f4 (android:drawable/fastscroll_track_default_holo_light) that varies with configuration!!
W/Resources(16750): Preloaded drawable resource #0x10802f6 (android:drawable/fastscroll_track_holo_light) that varies with configuration!!
W/Resources(16750): Preloaded drawable resource #0x10802f9 (android:drawable/fastscroll_track_pressed_holo_light) that varies with configuration!!
W/Resources(16750): Preloaded drawable resource #0x10802f4 (android:drawable/fastscroll_track_default_holo_light) that varies with configuration!!
W/Resources(16750): Preloaded drawable resource #0x10802ea (android:drawable/fastscroll_label_left_holo_light) that varies with configuration!!
W/Resources(16750): Preloaded drawable resource #0x10802ed (android:drawable/fastscroll_label_right_holo_light) that varies with configuration!!
W/Resources(16750): Preloaded drawable resource #0x10802ca (android:drawable/editbox_dropdown_background_dark) that varies with configuration!!
W/Resources(16750): Preloaded drawable resource #0x1080740 (android:drawable/textfield_search_selected_holo_dark) that varies with configuration!!
W/Resources(16750): Preloaded drawable resource #0x1080732 (android:drawable/textfield_search_default_holo_dark) that varies with configuration!!
W/Resources(16750): Preloaded drawable resource #0x1080742 (android:drawable/textfield_searchview_holo_dark) that varies with configuration!!
W/Resources(16750): Preloaded drawable resource #0x108073d (android:drawable/textfield_search_right_selected_holo_dark) that varies with configuration!!
W/Resources(16750): Preloaded drawable resource #0x108073b (android:drawable/textfield_search_right_default_holo_dark) that varies with configuration!!
W/Resources(16750): Preloaded drawable resource #0x1080744 (android:drawable/textfield_searchview_right_holo_dark) that varies with configuration!!
W/Resources(16750): Preloaded drawable resource #0x1080741 (android:drawable/textfield_search_selected_holo_light) that varies with configuration!!
W/Resources(16750): Preloaded drawable resource #0x1080733 (android:drawable/textfield_search_default_holo_light) that varies with configuration!!
W/Resources(16750): Preloaded drawable resource #0x1080743 (android:drawable/textfield_searchview_holo_light) that varies with configuration!!
W/Resources(16750): Preloaded drawable resource #0x108073e (android:drawable/textfield_search_right_selected_holo_light) that varies with configuration!!
W/Resources(16750): Preloaded drawable resource #0x108073c (android:drawable/textfield_search_right_default_holo_light) that varies with configuration!!
W/Resources(16750): Preloaded drawable resource #0x1080745 (android:drawable/textfield_searchview_right_holo_light) that varies with configuration!!
W/Resources(16750): Preloaded drawable resource #0x1080740 (android:drawable/textfield_search_selected_holo_dark) that varies with configuration!!
W/Resources(16750): Preloaded drawable resource #0x1080732 (android:drawable/textfield_search_default_holo_dark) that varies with configuration!!
W/Resources(16750): Preloaded drawable resource #0x108073d (android:drawable/textfield_search_right_selected_holo_dark) that varies with configuration!!
W/Resources(16750): Preloaded drawable resource #0x108073b (android:drawable/textfield_search_right_default_holo_dark) that varies with configuration!!
W/Resources(16750): Preloaded drawable resource #0x1080741 (android:drawable/textfield_search_selected_holo_light) that varies with configuration!!
W/Resources(16750): Preloaded drawable resource #0x1080733 (android:drawable/textfield_search_default_holo_light) that varies with configuration!!
W/Resources(16750): Preloaded drawable resource #0x108073e (android:drawable/textfield_search_right_selected_holo_light) that varies with configuration!!
W/Resources(16750): Preloaded drawable resource #0x108073c (android:drawable/textfield_search_right_default_holo_light) that varies with configuration!!
W/Resources(16750): Preloaded drawable resource #0x10806fc (android:drawable/tab_unselected_holo) that varies with configuration!!
W/Resources(16750): Preloaded drawable resource #0x10806f7 (android:drawable/tab_selected_holo) that varies with configuration!!
W/Resources(16750): Preloaded drawable resource #0x10806fb (android:drawable/tab_unselected_focused_holo) that varies with configuration!!
W/Resources(16750): Preloaded drawable resource #0x10806f6 (android:drawable/tab_selected_focused_holo) that varies with configuration!!
W/Resources(16750): Preloaded drawable resource #0x10806fd (android:drawable/tab_unselected_pressed_holo) that varies with configuration!!
W/Resources(16750): Preloaded drawable resource #0x10806f8 (android:drawable/tab_selected_pressed_holo) that varies with configuration!!
W/Resources(16750): Preloaded drawable resource #0x10806fd (android:drawable/tab_unselected_pressed_holo) that varies with configuration!!
W/Resources(16750): Preloaded drawable resource #0x10806f8 (android:drawable/tab_selected_pressed_holo) that varies with configuration!!
W/Resources(16750): Preloaded drawable resource #0x10806e9 (android:drawable/tab_indicator_holo) that varies with configuration!!
W/Resources(16750): Preloaded drawable resource #0x10806fc (android:drawable/tab_unselected_holo) that varies with configuration!!
W/Resources(16750): Preloaded drawable resource #0x10806f7 (android:drawable/tab_selected_holo) that varies with configuration!!
W/Resources(16750): Preloaded drawable resource #0x10806fb (android:drawable/tab_unselected_focused_holo) that varies with configuration!!
W/Resources(16750): Preloaded drawable resource #0x10806f6 (android:drawable/tab_selected_focused_holo) that varies with configuration!!
W/Resources(16750): Preloaded drawable resource #0x10806fd (android:drawable/tab_unselected_pressed_holo) that varies with configuration!!
W/Resources(16750): Preloaded drawable resource #0x10806f8 (android:drawable/tab_selected_pressed_holo) that varies with configuration!!
W/Resources(16750): Preloaded drawable resource #0x10805a0 (android:drawable/quickcontact_badge_overlay_pressed_dark) that varies with configuration!!
W/Resources(16750): Preloaded drawable resource #0x1080597 (android:drawable/quickcontact_badge_overlay_focused_dark) that varies with configuration!!
W/Resources(16750): Preloaded drawable resource #0x108059c (android:drawable/quickcontact_badge_overlay_normal_dark) that varies with configuration!!
W/Resources(16750): Preloaded drawable resource #0x1080596 (android:drawable/quickcontact_badge_overlay_dark) that varies with configuration!!
W/Resources(16750): Preloaded drawable resource #0x108059c (android:drawable/quickcontact_badge_overlay_normal_dark) that varies with configuration!!
W/Resources(16750): Preloaded drawable resource #0x10805a0 (android:drawable/quickcontact_badge_overlay_pressed_dark) that varies with configuration!!
W/Resources(16750): Preloaded drawable resource #0x10805a2 (android:drawable/quickcontact_badge_overlay_pressed_light) that varies with configuration!!
W/Resources(16750): Preloaded drawable resource #0x1080599 (android:drawable/quickcontact_badge_overlay_focused_light) that varies with configuration!!
W/Resources(16750): Preloaded drawable resource #0x108059e (android:drawable/quickcontact_badge_overlay_normal_light) that varies with configuration!!
W/Resources(16750): Preloaded drawable resource #0x108059b (android:drawable/quickcontact_badge_overlay_light) that varies with configuration!!
W/Resources(16750): Preloaded drawable resource #0x108059e (android:drawable/quickcontact_badge_overlay_normal_light) that varies with configuration!!
W/Resources(16750): Preloaded drawable resource #0x10805a2 (android:drawable/quickcontact_badge_overlay_pressed_light) that varies with configuration!!
W/Resources(16750): Preloaded drawable resource #0x10800b5 (android:drawable/ab_share_pack_material) that varies with configuration!!
W/Resources(16750): Preloaded drawable resource #0x10800ba (android:drawable/ab_solid_shadow_material) that varies with configuration!!
W/Resources(16750): Preloaded drawable resource #0x10800db (android:drawable/btn_cab_done_material) that varies with configuration!!
W/Resources(16750): Preloaded drawable resource #0x10800e5 (android:drawable/btn_check_material_anim) that varies with configuration!!
W/Resources(16750): Preloaded drawable resource #0x10801a1 (android:drawable/btn_radio_material_anim) that varies with configuration!!
W/Resources(16750): Preloaded drawable resource #0x1080215 (android:drawable/btn_star_material) that varies with configuration!!
W/Resources(16750): Preloaded drawable resource #0x1080248 (android:drawable/btn_toggle_material) that varies with configuration!!
W/Resources(16750): Preloaded drawable resource #0x1080271 (android:drawable/cab_background_bottom_material) that varies with configuration!!
W/Resources(16750): Preloaded drawable resource #0x1080275 (android:drawable/cab_background_top_material) that varies with configuration!!
W/Resources(16750): Preloaded drawable resource #0x108028e (android:drawable/dialog_background_shadow_material) that varies with configuration!!
W/Resources(16750): Preloaded drawable resource #0x10802c7 (android:drawable/edit_text_material) that varies with configuration!!
W/Resources(16750): Preloaded drawable resource #0x10802e3 (android:drawable/expander_group_material) that varies with configuration!!
W/Resources(16750): Preloaded drawable resource #0x1080343 (android:drawable/ic_commit_search_api_material) that varies with configuration!!
W/Resources(16750): Preloaded drawable resource #0x108035b (android:drawable/ic_find_next_material) that varies with configuration!!
W/Resources(16750): Preloaded drawable resource #0x108035f (android:drawable/ic_find_previous_material) that varies with configuration!!
W/Resources(16750): Preloaded drawable resource #0x10803ad (android:drawable/ic_media_route_connecting_material) that varies with configuration!!
W/Resources(16750): Preloaded drawable resource #0x10803ad (android:drawable/ic_media_route_connecting_material) that varies with configuration!!
W/Resources(16750): Preloaded drawable resource #0x10803b3 (android:drawable/ic_media_route_material) that varies with configuration!!
W/Resources(16750): Preloaded drawable resource #0x10803df (android:drawable/ic_menu_find_material) that varies with configuration!!
W/Resources(16750): Preloaded drawable resource #0x1080400 (android:drawable/ic_menu_search_material) that varies with configuration!!
W/Resources(16750): Preloaded drawable resource #0x108049b (android:drawable/list_divider_material) that varies with configuration!!
W/Resources(16750): Preloaded drawable resource #0x10804a8 (android:drawable/list_section_divider_material) that varies with configuration!!
W/Resources(16750): Preloaded drawable resource #0x108056e (android:drawable/progress_horizontal_material) that varies with configuration!!
W/Resources(16750): Preloaded drawable resource #0x10805c4 (android:drawable/ratingbar_full_empty_material) that varies with configuration!!
W/Resources(16750): Preloaded drawable resource #0x10805c8 (android:drawable/ratingbar_full_filled_material) that varies with configuration!!
W/Resources(16750): Preloaded drawable resource #0x10805c4 (android:drawable/ratingbar_full_empty_material) that varies with configuration!!
W/Resources(16750): Preloaded drawable resource #0x10805c4 (android:drawable/ratingbar_full_empty_material) that varies with configuration!!
W/Resources(16750): Preloaded drawable resource #0x10805c8 (android:drawable/ratingbar_full_filled_material) that varies with configuration!!
W/Resources(16750): Preloaded drawable resource #0x10805cb (android:drawable/ratingbar_full_material) that varies with configuration!!
W/Resources(16750): Preloaded drawable resource #0x10805e3 (android:drawable/scrubber_control_material_anim) that varies with configuration!!
W/Resources(16750): Preloaded drawable resource #0x10805eb (android:drawable/scrubber_control_selector_material) that varies with configuration!!
W/Resources(16750): Preloaded drawable resource #0x10805f6 (android:drawable/scrubber_progress_horizontal_material) that varies with configuration!!
W/Resources(16750): Preloaded drawable resource #0x108062e (android:drawable/spinner_background_material) that varies with configuration!!
W/Resources(16750): Preloaded drawable resource #0x108064b (android:drawable/spinner_textfield_background_material) that varies with configuration!!
W/Resources(16750): Preloaded drawable resource #0x10806bb (android:drawable/switch_thumb_material_anim) that varies with configuration!!
W/Resources(16750): Preloaded drawable resource #0x10806c0 (android:drawable/switch_track_material) that varies with configuration!!
W/Resources(16750): Preloaded drawable resource #0x10806ea (android:drawable/tab_indicator_material) that varies with configuration!!
W/Resources(16750): Preloaded drawable resource #0x1080701 (android:drawable/text_cursor_material) that varies with configuration!!
W/Resources(16750): Preloaded drawable resource #0x1080739 (android:drawable/textfield_search_material) that varies with configuration!!
W/Resources(16750): Preloaded drawable resource #0x1080707 (android:drawable/text_select_handle_left_material) that varies with configuration!!
W/Resources(16750): Preloaded drawable resource #0x108070a (android:drawable/text_select_handle_middle_material) that varies with configuration!!
W/Resources(16750): Preloaded drawable resource #0x108070d (android:drawable/text_select_handle_right_material) that varies with configuration!!
I/art (16750): Explicit concurrent mark sweep GC freed 11677(7MB) AllocSpace objects, 0(0B) LOS objects, 39% free, 7MB/12MB, paused 184us total 16.265ms
I/Zygote (16750): ...preloaded 343 resources in 611ms.
I/art (16750): Explicit concurrent mark sweep GC freed 3163(5MB) AllocSpace objects, 0(0B) LOS objects, 70% free, 1729KB/5MB, paused 166us total 7.079ms
I/Zygote (16750): ...preloaded 41 resources in 30ms.
I/art (16750): Counter: 0
D/libEGL (16750): loaded /vendor/lib/egl/libEGL_adreno.so
D/libEGL (16750): loaded /vendor/lib/egl/libGLESv1_CM_adreno.so
D/libEGL (16750): loaded /vendor/lib/egl/libGLESv2_adreno.so
I/Zygote (16750): Preloading shared libraries...
D/Zygote (16750): end preload
I/art (16750): Explicit concurrent mark sweep GC freed 509(22KB) AllocSpace objects, 0(0B) LOS objects, 70% free, 1714KB/5MB, paused 166us total 6.569ms
I/art (16750): Explicit concurrent mark sweep GC freed 41(1568B) AllocSpace objects, 0(0B) LOS objects, 70% free, 1713KB/5MB, paused 185us total 6.967ms
I/art (16750): Explicit concurrent mark sweep GC freed 5(160B) AllocSpace objects, 0(0B) LOS objects, 70% free, 1713KB/5MB, paused 183us total 6.592ms
I/Zygote (16750): System server process 16850 has been created
I/Zygote (16750): Accepting command socket connections
I/InstallerConnection(16850): disconnecting...
I/SystemServer(16850): Entered the Android system server!
I/ServiceManager(16749): Waiting for service batterystats...
V/Fingerprint-JNI(16850): FingerprintManager JNI ready.
I/ (16850): System server: starting sensor init.
D/SensorService(16850): nuSensorService starting...
I/SystemServiceManager(16850): Starting com.android.server.pm.Installer
I/Installer(16850): Waiting for installd to be ready.
I/InstallerConnection(16850): connecting...
E/qti_sensors_hal(16850): SensorsContext: Hal opened lib /system/lib/hw/sensors.oem.so failed!
I/installd(12055): new connection
I/SystemServiceManager(16850): Starting com.android.server.am.ActivityManagerService$Lifecycle
E/Sensors ( 1005): sns_acm_mr.c(432):Transport error -45
E/Sensors ( 1005): sns_acm_mr.c(432):Transport error -45
E/Sensors ( 1005): sns_acm_mr.c(432):Transport error -45
E/Sensors ( 1005): sns_acm_mr.c(432):Transport error -45
E/Sensors ( 1005): sns_acm_mr.c(432):Transport error -45
E/Sensors ( 1005): sns_acm_mr.c(432):Transport error -45
E/Sensors ( 1005): sns_acm_mr.c(432):Transport error -45
E/Sensors ( 1005): sns_acm_mr.c(432):Transport error -45
I/XXXXXX (16850): choosing minFree values for 32 Bit
I/XXXXXX (16850): choosing minFree values for 32 Bit
I/XXXXXX (16850): choosing minFree values for 32 Bit
I/XXXXXX (16850): choosing minFree values for 32 Bit
I/XXXXXX (16850): choosing minFree values for 32 Bit
I/XXXXXX (16850): choosing minFree values for 32 Bit
E/Sensors ( 1005): sns_acm_mr.c(432):Transport error -45
E/Sensors ( 1005): sns_acm_mr.c(734):Request made to disabled service
E/Sensors ( 1005): sns_main.c(1331):Error writing request. sns_err 3 error 0 qmi_err 0
E/qti_sensors_hal(16850): SAMSensor_sensor1_cb: attributes request failed for handle 55
E/qti_sensors_hal(16850): processResp: Msg 36; Result: 1, Error: 3
W/qti_sensors_hal(16850): addSensor : Not supported sensor with handle 31!
W/qti_sensors_hal(16850): addSensor : Not supported sensor with handle 32!
E/Sensors ( 1005): sns_acm_mr.c(432):Transport error -45
I/ActivityManager(16850): Memory class: 128
E/Sensors ( 1005): sns_acm_mr.c(432):Transport error -45
I/ServiceThread(16850): Enabled StrictMode logging for ActivityManager looper.
E/Sensors ( 1005): sns_acm_mr.c(432):Transport error -45
E/Sensors ( 1005): sns_acm_mr.c(432):Transport error -45
E/Sensors ( 1005): sns_acm_mr.c(432):Transport error -45
E/Sensors ( 1005): sns_acm_mr.c(432):Transport error -45
E/Sensors ( 1005): sns_acm_mr.c(432):Transport error -45
E/Sensors ( 1005): sns_acm_mr.c(432):Transport error -45
E/Sensors ( 1005): sns_acm_mr.c(734):Request made to disabled service
E/Sensors ( 1005): sns_main.c(1331):Error writing request. sns_err 3 error 0 qmi_err 0
E/qti_sensors_hal(16850): SAMSensor_sensor1_cb: attributes request failed for handle 46
E/qti_sensors_hal(16850): processResp: Msg 36; Result: 1, Error: 3
E/qti_sensors_hal(16850): processSingleSensorInfoResp: either handle_wakeup is -1 or error is true or mSensors[handle_wakeup] is NULL!
E/qti_sensors_hal(16850): processSingleSensorInfoResp: either handle_wakeup is -1 or error is true or mSensors[handle_wakeup] is NULL!
E/qti_sensors_hal(16850): processSingleSensorInfoResp: either handle_wakeup is -1 or error is true or mSensors[handle_wakeup] is NULL!
E/qti_sensors_hal(16850): processSingleSensorInfoResp: either handle is -1 or error is true or mSensors[handle] is NULL!
E/qti_sensors_hal(16850): processSingleSensorInfoResp: either handle_wakeup is -1 or error is true or mSensors[handle_wakeup] is NULL!
E/qti_sensors_hal(16850): OEMAddSensors : The OEM_module is NULL!
I/AppOps (16850): No existing app ops /data/system/appops.xml; starting empty
W/qti_sensors_hal(16850): sensors_get_sensors_list: handle 51 is not registered!
W/qti_sensors_hal(16850): sensors_get_sensors_list: handle 52 is not registered!
W/qti_sensors_hal(16850): sensors_get_sensors_list: handle 17 is not registered!
W/qti_sensors_hal(16850): sensors_get_sensors_list: handle 26 is not registered!
W/qti_sensors_hal(16850): sensors_get_sensors_list: handle 27 is not registered!
W/qti_sensors_hal(16850): sensors_get_sensors_list: handle 65 is not registered!
W/qti_sensors_hal(16850): sensors_get_sensors_list: handle 66 is not registered!
W/qti_sensors_hal(16850): sensors_get_sensors_list: handle 19 is not registered!
W/qti_sensors_hal(16850): sensors_get_sensors_list: handle 24 is not registered!
W/qti_sensors_hal(16850): sensors_get_sensors_list: handle 64 is not registered!
W/qti_sensors_hal(16850): sensors_get_sensors_list: handle 18 is not registered!
W/qti_sensors_hal(16850): sensors_get_sensors_list: handle 20 is not registered!
W/qti_sensors_hal(16850): sensors_get_sensors_list: handle 25 is not registered!
W/qti_sensors_hal(16850): sensors_get_sensors_list: handle 28 is not registered!
W/qti_sensors_hal(16850): sensors_get_sensors_list: handle 57 is not registered!
W/qti_sensors_hal(16850): sensors_get_sensors_list: handle 58 is not registered!
W/qti_sensors_hal(16850): sensors_get_sensors_list: handle 59 is not registered!
W/qti_sensors_hal(16850): sensors_get_sensors_list: handle 62 is not registered!
W/qti_sensors_hal(16850): sensors_get_sensors_list: handle 63 is not registered!
W/qti_sensors_hal(16850): sensors_get_sensors_list: handle 60 is not registered!
W/qti_sensors_hal(16850): sensors_get_sensors_list: handle 61 is not registered!
W/qti_sensors_hal(16850): sensors_get_sensors_list: handle 56 is not registered!
W/qti_sensors_hal(16850): sensors_get_sensors_list: handle 21 is not registered!
W/qti_sensors_hal(16850): sensors_get_sensors_list: handle 22 is not registered!
W/qti_sensors_hal(16850): sensors_get_sensors_list: handle 23 is not registered!
W/qti_sensors_hal(16850): sensors_get_sensors_list: handle 31 is not registered!
W/qti_sensors_hal(16850): sensors_get_sensors_list: handle 32 is not registered!
W/qti_sensors_hal(16850): sensors_get_sensors_list: handle 35 is not registered!
W/qti_sensors_hal(16850): sensors_get_sensors_list: handle 41 is not registered!
W/qti_sensors_hal(16850): sensors_get_sensors_list: handle 54 is not registered!
I/ (16850): System server: sensor init done.
D/SensorService(16850): new thread SensorEventAckReceiver
D/SensorService(16850): nuSensorService thread starting...
I/IntentFirewall(16850): Read new rules (A:0 B:0 S:0)
I/ServiceThread(16850): Enabled StrictMode logging for android.ui looper.
I/ServiceThread(16850): Enabled StrictMode logging for android.display looper.
E/ServiceManager(16745): add_service('appops',9) uid=1000 - ALREADY REGISTERED, OVERRIDE
I/ServiceManager(16745): service 'appops' died
D/AppOps (16850): AppOpsService published
I/SystemServiceManager(16850): Starting com.android.server.power.PowerManagerService
I/ServiceThread(16850): Enabled StrictMode logging for PowerManagerService looper.
E/PowerManagerService-JNI(16850): Couldn't load power module (Operation not permitted)
W/libsuspend(16850): Error writing 'on' to /sys/power/state: Invalid argument
I/libsuspend(16850): Selected wakeup count
I/SystemServiceManager(16850): Starting com.android.server.display.DisplayManagerService
E/BatteryStatsService(16850): Failed to open /sys/kernel/wakeup_reasons/last_resume_reason
I/SystemServiceManager(16850): Starting phase 100
I/DisplayManagerService(16850): Display device added: DisplayDeviceInfo{"Built-in Screen": uniqueId="local:0", 1080 x 1920, 0.466 fps, supportedRefreshRates [0.466], density 480, 160.42105 x 159.89508 dpi, appVsyncOff 0, presDeadline 2146922789, touch INTERNAL, rotation 0, type BUILT_IN, state UNKNOWN, FLAG_DEFAULT_DISPLAY, FLAG_ROTATES_WITH_CONTENT, FLAG_SECURE, FLAG_SUPPORTS_PROTECTED_BUFFERS}
I/SystemServer(16850): Package Manager
E/SELinuxMMAC(16850): Error with hashing seapp_contexts.
E/SELinuxMMAC(16850): java.io.FileNotFoundException: /seapp_contexts: open failed: ENOENT (No such file or directory)
E/SELinuxMMAC(16850): at libcore.io.IoBridge.open(IoBridge.java:456)
E/SELinuxMMAC(16850): at libcore.io.IoUtils$FileReader.(IoUtils.java:209)
E/SELinuxMMAC(16850): at libcore.io.IoUtils.readFileAsByteArray(IoUtils.java:109)
E/SELinuxMMAC(16850): at com.android.server.pm.SELinuxMMAC.returnHash(SELinuxMMAC.java:456)
E/SELinuxMMAC(16850): at com.android.server.pm.SELinuxMMAC.shouldRestorecon(SELinuxMMAC.java:389)
E/SELinuxMMAC(16850): at com.android.server.pm.PackageManagerService.(PackageManagerService.java:419)
E/SELinuxMMAC(16850): at com.android.server.pm.PackageManagerService.main(PackageManagerService.java:1261)
E/SELinuxMMAC(16850): at com.android.server.SystemServer.startBootstrapServices(SystemServer.java:358)
E/SELinuxMMAC(16850): at com.android.server.SystemServer.run(SystemServer.java:263)
E/SELinuxMMAC(16850): at com.android.server.SystemServer.main(SystemServer.java:179)
E/SELinuxMMAC(16850): at java.lang.reflect.Method.invoke(Native Method)
E/SELinuxMMAC(16850): at java.lang.reflect.Method.invoke(Method.java:372)
E/SELinuxMMAC(16850): at com.android.internal.os.ZygoteInit$MethodAndArgsCaller.run(ZygoteInit.java:904)
E/SELinuxMMAC(16850): at com.android.internal.os.ZygoteInit.main(ZygoteInit.java:699)
E/SELinuxMMAC(16850): Caused by: android.system.ErrnoException: open failed: ENOENT (No such file or directory)
E/SELinuxMMAC(16850): at libcore.io.Posix.open(Native Method)
E/SELinuxMMAC(16850): at libcore.io.BlockGuardOs.open(BlockGuardOs.java:186)
E/SELinuxMMAC(16850): at libcore.io.IoBridge.open(IoBridge.java:442)
E/SELinuxMMAC(16850): ... 13 more
D/EntSec (16850): [QSB ] [QSB_CLIENT ] QualcommSecurityBridge: PackageManager
I/EntSec (16850): [QSB ] [PORT_SWITCH] QSB Client Thread created
I/EntSec (16850): [QSB ] [PORT_SWITCH] QSB Port Switching Thread start running...
D/EntSec (16850): [QSB ] [PORT_SWITCH] Creating NQS Communicator instance
D/EntSec (16850): [QSB ] [NQS_CONECTOR] Trying to open a local socket
E/EntSec (16850): [QSB ] [NQS_CONECTOR] Failed to create and connect a local socket. [Error Description: No such file or directory ]
E/EntSec (16850): [QSB ] [NQS_CONECTOR] Failed to connect to the NQS [Error Description: No such file or directory ]
D/EntSec (16850): [QSB ] [PORT_SWITCH] NQS Communicator is disconnected
E/EntSec (16850): [QSB ] [PORT_SWITCH] No connection with the NQS; QSB initializes with the default port
I/EntSec (16850): [QSB ] [QSB_CLIENT ] Revert Loading port completed successfully
E/EntSec (16850): [QSB ] [PORT_SWITCH] QSB Port Switching Thread stop running.
W/SystemConfig(16850): No directory /system/etc/sysconfig, skipping
D/SELinuxMMAC(16850): Using policy file /system/etc/security/mac_permissions.xml
E/art (16850): DexFile_isDexOptNeeded file '/system/framework/com.google.widevine.software.drm.jar' does not exist
W/PackageManager(16850): Library not found: /system/framework/com.google.widevine.software.drm.jar
E/art (16850): DexFile_isDexOptNeeded file '/system/framework/com.google.android.media.effects.jar' does not exist
W/PackageManager(16850): Library not found: /system/framework/com.google.android.media.effects.jar
E/art (16850): DexFile_isDexOptNeeded file '/system/framework/com.google.android.maps.jar' does not exist
W/PackageManager(16850): Library not found: /system/framework/com.google.android.maps.jar
E/art (16850): DexFile_isDexOptNeeded file '/system/framework/com.fairphone.hiccup.jar' does not exist
W/PackageManager(16850): Library not found: /system/framework/com.fairphone.hiccup.jar
D/PackageManager(16850): No files in app dir /vendor/overlay
I/PackageManager(16850): /usr/libexec/sfdroid/system/priv-app/Settings changed; collecting certs
V/WLAN_PSA( 669): NL MSG, len[4009], NL type[0x1C] WNI type[0x5900] len[37135]
V/WLAN_PSA( 669): NL MSG, PID: 669
W/PackageManager(16850): Failed to parse /usr/libexec/sfdroid/system/priv-app/Settings: Signature mismatch for shared user : SharedUserSetting{156bcd34 android.uid.system/1000}
I/PackageManager(16850): /system/priv-app/CNEService changed; collecting certs
W/PackageManager(16850): Failed to parse /system/priv-app/CNEService: Signature mismatch for shared user : SharedUserSetting{156bcd34 android.uid.system/1000}
W/ResourceType(16850): Failure getting entry for 0x7f0b0232 (t=10 e=562) (error -75)
W/PackageParser(16850): No actions in intent filter at /system/priv-app/Contacts/Contacts.apk Binary XML file line #364
W/PackageParser(16850): No actions in intent filter at /system/priv-app/Dialer/Dialer.apk Binary XML file line #168
W/PackageParser(16850): No actions in intent filter at /system/priv-app/ProximitySensorTools/ProximitySensorTools.apk Binary XML file line #54
I/PackageManager(16850): /system/priv-app/Settings changed; collecting certs
E/MediaPlayerFactory(16749): calling dlopen on FACTORY_LIB
E/MediaPlayerFactory(16749): calling dlsym on pFactoryLib for FACTORY_CREATE_FN
E/MediaPlayerFactory(16749): registering DASH Player factory...
I/CameraService(16749): CameraService started (pid=16749)
D/mm-camera-intf(16749): get_num_of_cameras gMmCameraIntfLogLevel=1
E/mm-camera-intf(16749): entity id 1
E/mm-camera-intf(16749): entity name video0 type 65537 group id 2
E/mm-camera-intf(16749): entity id 2
E/mm-camera-intf(16749): entity name msm_cci type 131072 group id 0
E/mm-camera-intf(16749): entity id 3
E/mm-camera-intf(16749): entity name v4l-subdev0 type 131072 group id 0
E/mm-camera-intf(16749): entity id 4
E/mm-camera-intf(16749): entity name v4l-subdev1 type 131072 group id 0
E/mm-camera-intf(16749): entity id 5
E/mm-camera-intf(16749): entity name v4l-subdev2 type 131072 group id 0
E/mm-camera-intf(16749): entity id 6
E/mm-camera-intf(16749): entity name v4l-subdev3 type 131072 group id 1
E/mm-camera-intf(16749): entity id 7
E/mm-camera-intf(16749): entity name v4l-subdev4 type 131072 group id 1
E/mm-camera-intf(16749): entity id 8
E/mm-camera-intf(16749): entity name v4l-subdev5 type 131072 group id 1
E/mm-camera-intf(16749): entity id 9
E/mm-camera-intf(16749): entity name v4l-subdev6 type 131072 group id 1
E/mm-camera-intf(16749): entity id 10
E/mm-camera-intf(16749): entity name v4l-subdev7 type 131072 group id 7
E/mm-camera-intf(16749): entity id 11
E/mm-camera-intf(16749): entity name v4l-subdev8 type 131072 group id 7
E/mm-camera-intf(16749): entity id 12
E/mm-camera-intf(16749): entity name v4l-subdev9 type 131072 group id 11
E/mm-camera-intf(16749): entity id 13
E/mm-camera-intf(16749): entity name v4l-subdev10 type 131072 group id 8
E/mm-camera-intf(16749): entity id 14
E/mm-camera-intf(16749): entity name v4l-subdev11 type 131072 group id 14
E/mm-camera-intf(16749): entity id 1
E/mm-camera-intf(16749): entity name video1 type 65537 group id 2
E/mm-camera-intf(16749): entity id 2
E/mm-camera-intf(16749): Done enumerating media entities
E/mm-camera-intf(16749): entity id 1
E/mm-camera-intf(16749): entity name video2 type 65537 group id 2
E/mm-camera-intf(16749): entity id 2
E/mm-camera-intf(16749): Done enumerating media entities
D/mm-camera-intf(16749): index = 0 flag = 1 mount_angle = 90 facing = 0
D/mm-camera-intf(16749): index = 1 flag = 103 mount_angle = 270 facing = 1
I/CameraService(16749): Loaded "QCamera Module" camera module
I/AudioPolicyService(16749): AudioPolicyService CSTOR in new mode
I/AudioPolicyManager(16749): loadAudioPolicyConfig() loaded /system/etc/audio_policy.conf
W/ResourceType(16850): Failure getting entry for 0x7f08031d (t=7 e=797) (error -75)
W/PackageParser(16850): Unknown element under : android at /system/priv-app/Telecom/Telecom.apk Binary XML file line #233
I/PackageManager(16850): /system/priv-app/com.qualcomm.location changed; collecting certs
W/PackageManager(16850): Failed to parse /system/priv-app/com.qualcomm.location: Signature mismatch for shared user : SharedUserSetting{156bcd34 android.uid.system/1000}
I/PackageManager(16850): /system/priv-app/com.qualcomm.msapm changed; collecting certs
W/PackageManager(16850): Failed to parse /system/priv-app/com.qualcomm.msapm: Signature mismatch for shared user : SharedUserSetting{156bcd34 android.uid.system/1000}
W/PackageParser(16850): No actions in intent filter at /system/app/Bluetooth/Bluetooth.apk Binary XML file line #229
W/PackageParser(16850): Unknown element under : uses-feature at /system/app/BluetoothExt/BluetoothExt.apk Binary XML file line #57
W/PackageParser(16850): No actions in intent filter at /system/app/BluetoothExt/BluetoothExt.apk Binary XML file line #110
W/PackageParser(16850): No actions in intent filter at /system/app/BluetoothExt/BluetoothExt.apk Binary XML file line #134
W/PackageParser(16850): No actions in intent filter at /system/app/BluetoothExt/BluetoothExt.apk Binary XML file line #161
I/PackageManager(16850): /system/app/CABLService changed; collecting certs
W/PackageManager(16850): Failed to parse /system/app/CABLService: Signature mismatch for shared user : SharedUserSetting{156bcd34 android.uid.system/1000}
W/PackageParser(16850): Unknown element under : permission at /system/app/Gallery2/Gallery2.apk Binary XML file line #254
W/PackageParser(16850): Unknown element under : permission at /system/app/Gallery2/Gallery2.apk Binary XML file line #257
I/PackageManager(16850): /system/app/GsmTuneAway changed; collecting certs
W/PackageManager(16850): Failed to parse /system/app/GsmTuneAway: Signature mismatch for shared user : SharedUserSetting{12ca1752 android.uid.phone/1001}
I/PackageParser(16850): com.qualcomm.interfacepermissions: compat added android.permission.WRITE_EXTERNAL_STORAGE android.permission.READ_PHONE_STATE
I/PackageManager(16850): /system/app/NetworkSetting changed; collecting certs
W/PackageManager(16850): Failed to parse /system/app/NetworkSetting: Signature mismatch for shared user : SharedUserSetting{12ca1752 android.uid.phone/1001}
I/PackageParser(16850): com.qualcomm.qcom_qmi: compat added android.permission.WRITE_EXTERNAL_STORAGE android.permission.READ_PHONE_STATE
I/PackageManager(16850): /system/app/SVIService changed; collecting certs
W/PackageManager(16850): Failed to parse /system/app/SVIService: Signature mismatch for shared user : SharedUserSetting{156bcd34 android.uid.system/1000}
I/PackageManager(16850): /system/app/TimeService changed; collecting certs
W/PackageManager(16850): Failed to parse /system/app/TimeService: Signature mismatch for shared user : SharedUserSetting{156bcd34 android.uid.system/1000}
I/PackageManager(16850): /system/app/WfdService changed; collecting certs
W/PackageManager(16850): Failed to parse /system/app/WfdService: Signature mismatch for shared user : SharedUserSetting{156bcd34 android.uid.system/1000}
I/PackageManager(16850): /system/app/btmultisim changed; collecting certs
W/PackageManager(16850): Failed to parse /system/app/btmultisim: Signature mismatch for shared user : SharedUserSetting{12ca1752 android.uid.phone/1001}
I/PackageManager(16850): /system/app/com.qualcomm.qti.services.secureui changed; collecting certs
W/PackageManager(16850): Failed to parse /system/app/com.qualcomm.qti.services.secureui: Signature mismatch for shared user : SharedUserSetting{156bcd34 android.uid.system/1000}
I/PackageManager(16850): /system/app/fastdormancy changed; collecting certs
W/PackageManager(16850): Failed to parse /system/app/fastdormancy: Signature mismatch for shared user : SharedUserSetting{156bcd34 android.uid.system/1000}
I/PackageManager(16850): /system/app/qcrilmsgtunnel changed; collecting certs
W/PackageManager(16850): Failed to parse /system/app/qcrilmsgtunnel: Signature mismatch for shared user : SharedUserSetting{12ca1752 android.uid.phone/1001}
I/PackageManager(16850): /system/vendor/app/ims changed; collecting certs
W/PackageManager(16850): Failed to parse /system/vendor/app/ims: Signature mismatch for shared user : SharedUserSetting{12ca1752 android.uid.phone/1001}
D/PackageManager(16850): No files in app dir /oem/app
D/PackageManager(16850): No files in app dir /data/app
D/PackageManager(16850): No files in app dir /data/app-private
W/PackageManager(16850): Package org.codeaurora.bluetooth desires unavailable shared library com.quicinc.wbc; ignoring!
W/PackageManager(16850): Package com.android.email desires unavailable shared library org.apache.http.legacy; ignoring!
I/PackageManager(16850): Adjusting ABI for : com.android.inputdevices to armeabi-v7a
I/PackageManager(16850): Adjusting ABI for : com.android.dialer to armeabi-v7a
I/PackageManager(16850): Adjusting ABI for : com.fairphone.psensor to armeabi-v7a
I/PackageManager(16850): Adjusting ABI for : com.fairphone.privacyimpact to armeabi-v7a
I/PackageManager(16850): Adjusting ABI for : com.codeaurora.fmrecording to armeabi-v7a
I/PackageManager(16850): Adjusting ABI for : com.fairphone.setupwizard to armeabi-v7a
I/PackageManager(16850): Adjusting ABI for : com.android.soundrecorder to armeabi-v7a
I/PackageManager(16850): Adjusting ABI for : com.android.settings to armeabi-v7a
I/PackageManager(16850): Running dexopt on: /system/priv-app/Settings/Settings.apk pkg=com.android.settings isa=arm vmSafeMode=false
I/dex2oat (16932): /system/bin/dex2oat --zip-fd=5 --zip-location=/system/priv-app/Settings/Settings.apk --oat-fd=6 --oat-location=/data/dalvik-cache/arm/system@priv-app@Settings@Settings.apk@classes.dex --instruction-set=arm --instruction-set-features=div --runtime-arg -Xms64m --runtime-arg -Xmx512m --swap-fd=10
I/dex2oat (16932): Decided to run without swap.
E/NetlinkListener(16751): recvmsg failed (I/O error)
E/NetlinkListener( 683): recvmsg failed (I/O error)
E/NetlinkListener(16751): recvmsg failed (I/O error)
E/NetlinkListener( 683): recvmsg failed (I/O error)
E/NetlinkListener(16751): recvmsg failed (I/O error)
E/NetlinkListener( 683): recvmsg failed (I/O error)
E/NetlinkListener( 683): recvmsg failed (I/O error)
E/NetlinkListener(16751): recvmsg failed (I/O error)
E/NetlinkListener(16751): recvmsg failed (I/O error)
E/NetlinkListener( 683): recvmsg failed (I/O error)
E/NetlinkListener(16751): recvmsg failed (I/O error)
E/NetlinkListener( 683): recvmsg failed (I/O error)
E/NetlinkListener(16751): recvmsg failed (I/O error)
E/NetlinkListener( 683): recvmsg failed (I/O error)
E/NetlinkListener(16751): recvmsg failed (I/O error)
E/NetlinkListener( 683): recvmsg failed (I/O error)
I/dex2oat (16932): dex2oat took 2.249s (threads: 4) arena alloc=460KB java alloc=4MB native alloc=6MB free=13MB
V/WLAN_PSA( 669): NL MSG, len[048], NL type[0x11] WNI type[0x5050] len[028]
V/WLAN_PSA( 669): NL MSG, PID: 669
I/PackageManager(16850): Adjusting ABI for : com.android.providers.settings to armeabi-v7a
I/PackageManager(16850): Adjusting ABI for : com.android.server.telecom to armeabi-v7a
I/PackageManager(16850): Adjusting ABI for : com.dsi.ant.server to armeabi-v7a
I/PackageManager(16850): Adjusting ABI for : com.android.keychain to armeabi-v7a
I/PackageManager(16850): Adjusting ABI for : com.android.location.fused to armeabi-v7a
I/PackageManager(16850): Time to scan packages: 3.632 seconds
W/PackageManager(16850): Unknown permission com.google.android.googleapps.permission.GOOGLE_AUTH in package com.android.providers.calendar
W/PackageManager(16850): Unknown permission com.google.android.googleapps.permission.GOOGLE_AUTH.cl in package com.android.providers.calendar
W/PackageManager(16850): Unknown permission com.qualcomm.permission.USE_QCRIL_MSG_TUNNEL in package com.qualcomm.shutdownlistner
W/PackageManager(16850): Unknown permission android.permission.PREVENT_POWER_KEY in package com.fairphone.checkup
W/PackageManager(16850): Not granting permission android.permission.GLOBAL_SEARCH to package com.android.quicksearchbox (protectionLevel=18 flags=0x48be45)
W/PackageManager(16850): Not granting permission android.permission.ACCESS_DOWNLOAD_MANAGER to package com.android.browser (protectionLevel=18 flags=0x9be45)
W/PackageManager(16850): Not granting permission android.permission.SEND_DOWNLOAD_COMPLETED_INTENTS to package com.android.browser (protectionLevel=2 flags=0x9be45)
W/PackageManager(16850): Unknown permission android.permission.MMS_PUSH in package org.codeaurora.bluetooth
W/PackageManager(16850): Not granting permission android.permission.BIND_WALLPAPER to package com.android.camera2 (protectionLevel=18 flags=0x58bc45)
W/PackageManager(16850): Unknown permission android.permission.INSTALL_DRM in package com.android.mms
W/PackageManager(16850): Unknown permission com.google.android.googleapps.permission.GOOGLE_AUTH.mail in package com.android.calendar
W/PackageManager(16850): Unknown permission com.android.launcher.permission.READ_SETTINGS in package com.android.onetimeinitializer
W/PackageManager(16850): Unknown permission com.android.launcher.permission.WRITE_SETTINGS in package com.android.onetimeinitializer
W/PackageManager(16850): Not granting permission android.permission.DELETE_PACKAGES to package com.svox.pico (protectionLevel=18 flags=0x8be45)
W/PackageManager(16850): Unknown permission android.permission.ACCESS_THEME_MANAGER in package com.fairphone.setupwizard
W/PackageManager(16850): Unknown permission com.google.android.gallery3d.permission.PICASA_STORE in package com.android.dreams.phototable
W/PackageManager(16850): Unknown permission android.permission.ACCESS_SUPERUSER in package com.amaze.filemanager
W/PackageManager(16850): Unknown permission com.google.android.googleapps.permission.GOOGLE_AUTH in package com.android.settings
W/PackageManager(16850): Unknown permission com.android.launcher.permission.READ_SETTINGS in package com.android.settings
W/PackageManager(16850): Unknown permission com.android.launcher.permission.WRITE_SETTINGS in package com.android.settings
W/PackageManager(16850): Unknown permission com.android.launcher.permission.READ_SETTINGS in package com.fairphone.fplauncher3
W/PackageManager(16850): Unknown permission com.android.launcher.permission.WRITE_SETTINGS in package com.fairphone.fplauncher3
W/PackageManager(16850): Unknown permission android.permission.ACCESS_SUPERUSER in package com.fairphone.updater
W/PackageManager(16850): Not granting permission android.permission.DEVICE_POWER to package com.android.deskclock (protectionLevel=2 flags=0x48be45)
W/PackageManager(16850): Unknown permission com.google.android.gallery3d.permission.GALLERY_PROVIDER in package com.android.bluetooth
I/art (16850): Explicit concurrent mark sweep GC freed 37416(2MB) AllocSpace objects, 16(256KB) LOS objects, 58% free, 2MB/6MB, paused 1.376ms total 29.317ms
I/SystemServer(16850): User Service
E/ServiceManager(16745): add_service('permission',15) uid=1000 - ALREADY REGISTERED, OVERRIDE
I/ServiceManager(16745): service 'permission' died
I/lowmemorykiller( 685): ActivityManager connected
I/SystemServiceManager(16850): Starting com.android.server.lights.LightsService
I/SystemServiceManager(16850): Starting com.android.server.BatteryService
I/SystemServiceManager(16850): Starting com.android.server.usage.UsageStatsService
I/UsageStatsService(16850): User[0] Rollover scheduled @ 2016-12-15 00:00:00(1481760000000)
I/SystemServiceManager(16850): Starting com.android.server.webkit.WebViewUpdateService
I/SystemServer(16850): Reading configuration...
I/SystemServer(16850): Scheduling Policy
I/SystemServiceManager(16850): Starting com.android.server.telecom.TelecomLoaderService
I/SystemServer(16850): Telephony Registry
I/SystemServer(16850): Entropy Mixer
I/EntropyMixer(16850): Writing entropy...
I/SystemServer(16850): Account Manager
I/SystemServer(16850): Content Manager
I/SystemServer(16850): System Content Providers
I/SystemServer(16850): Vibrator Service
I/SystemServer(16850): Consumer IR Service
E/ConsumerIrService(16850): Can't open consumer IR HW Module, error: sfdroid disabled
I/SystemServiceManager(16850): Starting com.android.server.AlarmManagerService
W/AlarmManager(16850): Failed to open alarm driver. Falling back to a handler.
I/SystemServer(16850): Init Watchdog
I/SystemServer(16850): Input Manager
I/InputManager(16850): Initializing input manager, mUseDevInputEventForAudioJack=true
I/SystemServer(16850): Window Manager
I/WindowManager(16850): No existing display settings /data/system/display_settings.xml; starting empty
W/ServiceManager(16752): Permission failure: android.permission.ACCESS_SURFACE_FLINGER from uid=1000 pid=16850
D/PermissionCache(16752): checking android.permission.ACCESS_SURFACE_FLINGER for uid=1000 => denied (362 us)
E/SurfaceFlinger(16752): Permission Denial: can't access SurfaceFlinger pid=16850, uid=1000
E/SurfaceFlinger(16752): Permission Denial: can't access SurfaceFlinger pid=16850, uid=1000
E/WindowManager(16850): Exception creating Dim surface
E/WindowManager(16850): android.view.Surface$OutOfResourcesException
E/WindowManager(16850): at android.view.SurfaceControl.nativeCreate(Native Method)
E/WindowManager(16850): at android.view.SurfaceControl.(SurfaceControl.java:292)
E/WindowManager(16850): at com.android.server.wm.DimLayer.(DimLayer.java:81)
E/WindowManager(16850): at com.android.server.wm.TaskStack.attachDisplayContent(TaskStack.java:233)
E/WindowManager(16850): at com.android.server.wm.WindowManagerService.attachStack(WindowManagerService.java:5158)
E/WindowManager(16850): at com.android.server.am.ActivityStackSupervisor$ActivityContainer.attachToDisplayLocked(ActivityStackSupervisor.java:3766)
E/WindowManager(16850): at com.android.server.am.ActivityStackSupervisor.createStackOnDisplay(ActivityStackSupervisor.java:2649)
E/WindowManager(16850): at com.android.server.am.ActivityStackSupervisor.setWindowManager(ActivityStackSupervisor.java:394)
E/WindowManager(16850): at com.android.server.am.ActivityManagerService.setWindowManager(ActivityManagerService.java:1943)
E/WindowManager(16850): at com.android.server.SystemServer.startOtherServices(SystemServer.java:498)
E/WindowManager(16850): at com.android.server.SystemServer.run(SystemServer.java:265)
E/WindowManager(16850): at com.android.server.SystemServer.main(SystemServer.java:179)
E/WindowManager(16850): at java.lang.reflect.Method.invoke(Native Method)
E/WindowManager(16850): at java.lang.reflect.Method.invoke(Method.java:372)
E/WindowManager(16850): at com.android.internal.os.ZygoteInit$MethodAndArgsCaller.run(ZygoteInit.java:904)
E/WindowManager(16850): at com.android.internal.os.ZygoteInit.main(ZygoteInit.java:699)
E/SurfaceFlinger(16752): Permission Denial: can't access SurfaceFlinger pid=16850, uid=1000
E/WindowManager(16850): Exception creating Dim surface
E/WindowManager(16850): android.view.Surface$OutOfResourcesException
E/WindowManager(16850): at android.view.SurfaceControl.nativeCreate(Native Method)
E/WindowManager(16850): at android.view.SurfaceControl.(SurfaceControl.java:292)
E/WindowManager(16850): at com.android.server.wm.DimLayer.(DimLayer.java:81)
E/WindowManager(16850): at com.android.server.wm.TaskStack.attachDisplayContent(TaskStack.java:234)
E/WindowManager(16850): at com.android.server.wm.WindowManagerService.attachStack(WindowManagerService.java:5158)
E/WindowManager(16850): at com.android.server.am.ActivityStackSupervisor$ActivityContainer.attachToDisplayLocked(ActivityStackSupervisor.java:3766)
E/WindowManager(16850): at com.android.server.am.ActivityStackSupervisor.createStackOnDisplay(ActivityStackSupervisor.java:2649)
E/WindowManager(16850): at com.android.server.am.ActivityStackSupervisor.setWindowManager(ActivityStackSupervisor.java:394)
E/WindowManager(16850): at com.android.server.am.ActivityManagerService.setWindowManager(ActivityManagerService.java:1943)
E/WindowManager(16850): at com.android.server.SystemServer.startOtherServices(SystemServer.java:498)
E/WindowManager(16850): at com.android.server.SystemServer.run(SystemServer.java:265)
E/WindowManager(16850): at com.android.server.SystemServer.main(SystemServer.java:179)
E/WindowManager(16850): at java.lang.reflect.Method.invoke(Native Method)
E/WindowManager(16850): at java.lang.reflect.Method.invoke(Method.java:372)
E/WindowManager(16850): at com.android.internal.os.ZygoteInit$MethodAndArgsCaller.run(ZygoteInit.java:904)
E/WindowManager(16850): at com.android.internal.os.ZygoteInit.main(ZygoteInit.java:699)
E/SurfaceFlinger(16752): Permission Denial: can't access SurfaceFlinger pid=16850, uid=1000
I/InputManager(16850): Starting input manager
E/EventHub(16850): could not open /dev/input/event4, Permission denied
E/EventHub(16850): could not open /dev/input/event3, Permission denied
E/EventHub(16850): could not open /dev/input/by-path, Is a directory
E/EventHub(16850): could not open /dev/input/event2, Permission denied
E/EventHub(16850): could not open /dev/input/event1, Permission denied
E/EventHub(16850): could not open /dev/input/event0, Permission denied
E/EventHub(16850): could not open /dev/input/mice, Permission denied
I/SystemServer(16850): sfdroid: Bluetooth Service disabled
I/SystemServer(16850): Input Method Service
I/InputReader(16850): Device added: id=-1, name='Virtual', sources=0x00000301
W/InputMethodManagerService(16850): Couldn't create dir.: /data/system/inputmethod
I/SystemServer(16850): Accessibility Manager
I/XXXXXX (16850): choosing minFree values for 32 Bit
I/XXXXXX (16850): choosing minFree values for 32 Bit
I/XXXXXX (16850): choosing minFree values for 32 Bit
I/XXXXXX (16850): choosing minFree values for 32 Bit
I/XXXXXX (16850): choosing minFree values for 32 Bit
I/XXXXXX (16850): choosing minFree values for 32 Bit
I/ActivityManager(16850): Config changes=1df8 {1.0 ?mcc?mnc en_US ?layoutDir sw360dp w360dp h640dp 480dpi nrml long port ?uimode ?night -touch -keyb/v/h -nav/h s.2}
E/SurfaceFlinger(16752): Permission Denial: can't access SurfaceFlinger pid=16850, uid=1000
I/InputReader(16850): Reconfiguring input devices. changes=0x00000004
E/SurfaceFlinger(16752): Permission Denial: can't access SurfaceFlinger pid=16850, uid=1000
I/ActivityManager(16850): Config changes=500 {1.0 ?mcc?mnc en_US ?layoutDir sw360dp w360dp h567dp 480dpi nrml port ?uimode ?night -touch -keyb/v/h -nav/h s.3}
E/SurfaceFlinger(16752): Permission Denial: can't access SurfaceFlinger pid=16850, uid=1000
E/SurfaceFlinger(16752): Permission Denial: can't access SurfaceFlinger pid=16850, uid=1000
E/SurfaceFlinger(16752): Permission Denial: can't access SurfaceFlinger pid=16850, uid=1000
E/SurfaceFlinger(16752): Permission Denial: can't access SurfaceFlinger pid=16850, uid=1000
I/SystemServer(16850): Mount Service
D/MountService(16850): got storage path: /storage/sdcard0 description: Internal storage primary: true removable: false emulated: true mtpReserve: 100 allowMassStorage: false maxFileSize: 0 allowMtp: true
D/MountService(16850): addVolumeLocked() StorageVolume:
D/MountService(16850): mStorageId=65537 mPath=/storage/emulated/0 mDescriptionId=17040829
D/MountService(16850): mPrimary=true mRemovable=false mEmulated=true mMtpReserveSpace=100
