D/MountService(16850): mAllowMassStorage=false mMaxFileSize=0 mOwner=UserHandle{0} mUuid=null
D/MountService(16850): mUserLabel=null mState=null mAllowMtp=true
D/MountService(16850): got storage path: /storage/sdcard1 description: SD card primary: false removable: true emulated: false mtpReserve: 0 allowMassStorage: true maxFileSize: 0 allowMtp: true
D/MountService(16850): addVolumeLocked() StorageVolume:
D/MountService(16850): mStorageId=0 mPath=/storage/sdcard1 mDescriptionId=17040830 mPrimary=false
D/MountService(16850): mRemovable=true mEmulated=false mMtpReserveSpace=0 mAllowMassStorage=true
D/MountService(16850): mMaxFileSize=0 mOwner=null mUuid=null mUserLabel=null mState=null
D/MountService(16850): mAllowMtp=true
D/MountService(16850): got storage path: /storage/usbotg description: USB storage primary: false removable: true emulated: false mtpReserve: 0 allowMassStorage: false maxFileSize: 0 allowMtp: true
D/MountService(16850): addVolumeLocked() StorageVolume:
D/MountService(16850): mStorageId=0 mPath=/storage/usbotg mDescriptionId=17040831 mPrimary=false
D/MountService(16850): mRemovable=true mEmulated=false mMtpReserveSpace=0 mAllowMassStorage=false
D/MountService(16850): mMaxFileSize=0 mOwner=null mUuid=null mUserLabel=null mState=null
D/MountService(16850): mAllowMtp=true
E/AudioPolicyManager(16753): unknown stream type 13
E/AudioPolicyManager(16753): unknown stream type 13
E/AudioPolicyManager(16753): unknown stream type 13
E/AudioPolicyManager(16753): unknown stream type 13
F/WindowAnimator(16850): Unhandled exception in Window Manager
F/WindowAnimator(16850): java.lang.NullPointerException: Attempt to invoke virtual method 'void android.view.SurfaceControl.setLayer(int)' on a null object reference
F/WindowAnimator(16850): at com.android.server.wm.FocusedStackFrame.setLayer(FocusedStackFrame.java:140)
F/WindowAnimator(16850): at com.android.server.wm.WindowManagerService.setFocusedStackLayer(WindowManagerService.java:3985)
F/WindowAnimator(16850): at com.android.server.wm.WindowAnimator.animateLocked(WindowAnimator.java:708)
F/WindowAnimator(16850): at com.android.server.wm.WindowAnimator.access$000(WindowAnimator.java:54)
F/WindowAnimator(16850): at com.android.server.wm.WindowAnimator$1.run(WindowAnimator.java:126)
F/WindowAnimator(16850): at android.view.Choreographer$CallbackRecord.run(Choreographer.java:767)
F/WindowAnimator(16850): at android.view.Choreographer.doCallbacks(Choreographer.java:580)
F/WindowAnimator(16850): at android.view.Choreographer.doFrame(Choreographer.java:549)
F/WindowAnimator(16850): at android.view.Choreographer$FrameDisplayEventReceiver.run(Choreographer.java:753)
F/WindowAnimator(16850): at android.os.Handler.handleCallback(Handler.java:739)
F/WindowAnimator(16850): at android.os.Handler.dispatchMessage(Handler.java:95)
F/WindowAnimator(16850): at android.os.Looper.loop(Looper.java:135)
F/WindowAnimator(16850): at android.os.HandlerThread.run(HandlerThread.java:61)
F/WindowAnimator(16850): at com.android.server.ServiceThread.run(ServiceThread.java:46)
E/SurfaceFlinger(16752): Permission Denial: can't access SurfaceFlinger pid=16850, uid=1000
I/PackageManager(16850): No secure containers found
W/PackageManager(16850): Unknown permission com.google.android.googleapps.permission.GOOGLE_AUTH in package com.android.providers.calendar
W/PackageManager(16850): Unknown permission com.google.android.googleapps.permission.GOOGLE_AUTH.cl in package com.android.providers.calendar
W/PackageManager(16850): Unknown permission com.qualcomm.permission.USE_QCRIL_MSG_TUNNEL in package com.qualcomm.shutdownlistner
W/PackageManager(16850): Unknown permission android.permission.PREVENT_POWER_KEY in package com.fairphone.checkup
W/PackageManager(16850): Not granting permission android.permission.GLOBAL_SEARCH to package com.android.quicksearchbox (protectionLevel=18 flags=0x48be45)
W/PackageManager(16850): Not granting permission android.permission.ACCESS_DOWNLOAD_MANAGER to package com.android.browser (protectionLevel=18 flags=0x9be45)
W/PackageManager(16850): Not granting permission android.permission.SEND_DOWNLOAD_COMPLETED_INTENTS to package com.android.browser (protectionLevel=2 flags=0x9be45)
W/PackageManager(16850): Unknown permission android.permission.MMS_PUSH in package org.codeaurora.bluetooth
W/PackageManager(16850): Not granting permission android.permission.BIND_WALLPAPER to package com.android.camera2 (protectionLevel=18 flags=0x58bc45)
W/PackageManager(16850): Unknown permission android.permission.INSTALL_DRM in package com.android.mms
W/PackageManager(16850): Unknown permission com.google.android.googleapps.permission.GOOGLE_AUTH.mail in package com.android.calendar
W/PackageManager(16850): Unknown permission com.android.launcher.permission.READ_SETTINGS in package com.android.onetimeinitializer
W/PackageManager(16850): Unknown permission com.android.launcher.permission.WRITE_SETTINGS in package com.android.onetimeinitializer
W/PackageManager(16850): Not granting permission android.permission.DELETE_PACKAGES to package com.svox.pico (protectionLevel=18 flags=0x8be45)
W/PackageManager(16850): Unknown permission android.permission.ACCESS_THEME_MANAGER in package com.fairphone.setupwizard
W/PackageManager(16850): Unknown permission com.google.android.gallery3d.permission.PICASA_STORE in package com.android.dreams.phototable
W/PackageManager(16850): Unknown permission android.permission.ACCESS_SUPERUSER in package com.amaze.filemanager
W/PackageManager(16850): Unknown permission com.google.android.googleapps.permission.GOOGLE_AUTH in package com.android.settings
W/PackageManager(16850): Unknown permission com.android.launcher.permission.READ_SETTINGS in package com.android.settings
W/PackageManager(16850): Unknown permission com.android.launcher.permission.WRITE_SETTINGS in package com.android.settings
W/PackageManager(16850): Unknown permission com.android.launcher.permission.READ_SETTINGS in package com.fairphone.fplauncher3
W/PackageManager(16850): Unknown permission com.android.launcher.permission.WRITE_SETTINGS in package com.fairphone.fplauncher3
W/PackageManager(16850): Unknown permission android.permission.ACCESS_SUPERUSER in package com.fairphone.updater
W/PackageManager(16850): Not granting permission android.permission.DEVICE_POWER to package com.android.deskclock (protectionLevel=2 flags=0x48be45)
W/PackageManager(16850): Unknown permission com.google.android.gallery3d.permission.GALLERY_PROVIDER in package com.android.bluetooth
I/PackageManager(16850): Running dexopt on: /system/app/Camera2/Camera2.apk pkg=com.android.camera2 isa=arm vmSafeMode=false
I/AudioFlinger(16753): AudioFlinger's thread 0xb5a30000 ready to run
D/audio_hw_primary(16753): out_set_parameters: enter: usecase(1: low-latency-playback) kvpairs: routing=2
D/audio_hw_primary(16753): out_standby: enter: stream (0xb5880b00) usecase(1: low-latency-playback)
E/AudioPolicyManager(16753): unknown stream type 13
D/audio_hw_primary(16753): adev_open_input_stream: enter: sample_rate(48000) channel_mask(0xc) devices(0x80000004) stream_handle(0xb586da20)
I/AudioFlinger(16753): AudioFlinger's thread 0xb5ac9000 ready to run
D/audio_hw_primary(16753): adev_close_input_stream: enter:stream_handle(0xb586da20)
D/audio_hw_primary(16753): in_standby: enter: stream (0xb586da20) usecase(7: audio-record)
I/audio_a2dp_hw(16753): adev_open: adev_open in A2dp_hw module
I/AudioFlinger(16753): loadHwModule() Loaded a2dp audio interface from A2DP Audio HW HAL (audio) handle 7
I/AudioFlinger(16753): loadHwModule() Loaded usb audio interface from USB audio HW HAL (audio) handle 8
I/r_submix(16753): adev_open(name=audio_hw_if)
I/r_submix(16753): adev_init_check()
I/AudioFlinger(16753): loadHwModule() Loaded r_submix audio interface from Wifi Display audio HAL (audio) handle 9
D/r_submix(16753): adev_open_input_stream(addr=0)
D/r_submix(16753): submix_audio_device_create_pipe_l(addr=0, idx=9)
D/r_submix(16753): now using address 0 for route 9
I/AudioFlinger(16753): AudioFlinger's thread 0xb5b44000 ready to run
D/r_submix(16753): adev_close_input_stream()
D/r_submix(16753): submix_audio_device_release_pipe_l(idx=9) addr=0
D/r_submix(16753): submix_audio_device_destroy_pipe_l(): pipe destroyed
E/AudioPolicyManager(16753): unknown stream type 13
E/AudioPolicyManager(16753): unknown stream type 13
E/SoundTriggerHwService(16753): couldn't load sound trigger module sound_trigger.primary (No such file or directory)
D/OpenGLRenderer(16850): Use EGL_SWAP_BEHAVIOR_PRESERVED: true
E/SurfaceFlinger(16752): Permission Denial: can't access SurfaceFlinger pid=16850, uid=1000
I/dex2oat (16990): /system/bin/dex2oat --zip-fd=5 --zip-location=/system/app/Camera2/Camera2.apk --oat-fd=6 --oat-location=/data/dalvik-cache/arm/system@app@Camera2@Camera2.apk@classes.dex --instruction-set=arm --instruction-set-features=div --runtime-arg -Xms64m --runtime-arg -Xmx512m --swap-fd=10
W/AudioFlinger(16753): loadHwModule() module primary already loaded
D/audio_hw_primary(16753): adev_open_output_stream: enter: sample_rate(48000) channel_mask(0x3) devices(0x2) flags(0x2) stream_handle(0xb4c42140)
E/audio_hw_primary(16753): adev_open_output_stream: Primary output is already opened
D/audio_hw_primary(16753): adev_open_output_stream: exit: ret -17
W/AudioPolicyManager(16749): Cannot open output stream for device 00000002 on hw module primary
D/audio_hw_primary(16753): adev_open_output_stream: enter: sample_rate(48000) channel_mask(0x3) devices(0x2) flags(0x4) stream_handle(0xb5880c40)
D/audio_hw_primary(16753): adev_open_output_stream: Stream (0xb5880c40) picks up usecase (low-latency-playback)
I/AudioFlinger(16753): HAL output buffer size 240 frames, normal sink buffer size 960 frames
E/AudioPolicyManager(16749): unknown stream type 13
E/AudioPolicyManager(16749): unknown stream type 13
E/AudioPolicyManager(16749): unknown stream type 13
I/AudioFlinger(16753): AudioFlinger's thread 0xb5ad1000 ready to run
D/audio_hw_primary(16753): out_set_parameters: enter: usecase(1: low-latency-playback) kvpairs: routing=2
D/audio_hw_primary(16753): out_standby: enter: stream (0xb5880c40) usecase(1: low-latency-playback)
W/AudioFlinger(16753): setStreamVolume() pid 16749 cannot use internal stream type 10
W/AudioFlinger(16753): setStreamVolume() pid 16749 cannot use internal stream type 11
E/AudioPolicyManager(16749): unknown stream type 13
W/AudioFlinger(16753): setStreamVolume() pid 16749 cannot use internal stream type 13
D/audio_hw_primary(16753): adev_open_input_stream: enter: sample_rate(48000) channel_mask(0xc) devices(0x80000004) stream_handle(0xb586dac0)
I/AudioFlinger(16753): AudioFlinger's thread 0xb5b94000 ready to run
D/audio_hw_primary(16753): adev_close_input_stream: enter:stream_handle(0xb586dac0)
D/audio_hw_primary(16753): in_standby: enter: stream (0xb586dac0) usecase(7: audio-record)
W/AudioFlinger(16753): loadHwModule() module a2dp already loaded
W/AudioFlinger(16753): loadHwModule() module usb already loaded
W/AudioFlinger(16753): loadHwModule() module r_submix already loaded
D/r_submix(16753): adev_open_input_stream(addr=0)
D/r_submix(16753): submix_audio_device_create_pipe_l(addr=0, idx=9)
D/r_submix(16753): now using address 0 for route 9
I/AudioFlinger(16753): AudioFlinger's thread 0xb4c53000 ready to run
D/r_submix(16753): adev_close_input_stream()
D/r_submix(16753): submix_audio_device_release_pipe_l(idx=9) addr=0
D/r_submix(16753): submix_audio_device_destroy_pipe_l(): pipe destroyed
E/AudioPolicyManager(16749): Failed to open primary output
E/AudioPolicyManager(16749): unknown stream type 13
E/ServiceManager(16745): add_service('media.audio_policy',28) uid=1013 - ALREADY REGISTERED, OVERRIDE
I/ServiceManager(16745): service 'media.audio_policy' died
W/WindowStateAnimator(16850): OutOfResourcesException creating surface
D/audio_hw_primary(16753): out_set_parameters: enter: usecase(0: deep-buffer-playback) kvpairs: exiting=1
D/audio_hw_extn(16753): audio_extn_set_anc_parameters: anc_enabled:0
I/WindowManager(16850): Out of memory for surface! Looking for leaks...
W/WindowManager(16850): No leaked surfaces; killing applicatons!
W/WindowManager(16850): Due to memory failure, waiting a bit for next layout
D/audio_hw_primary(16753): adev_close_output_stream: enter:stream_handle(0xb58809c0)
D/audio_hw_primary(16753): out_standby: enter: stream (0xb58809c0) usecase(0: deep-buffer-playback)
D/audio_hw_primary(16753): out_set_parameters: enter: usecase(1: low-latency-playback) kvpairs: exiting=1
D/audio_hw_primary(16753): adev_close_output_stream: enter:stream_handle(0xb5880b00)
D/audio_hw_primary(16753): out_standby: enter: stream (0xb5880b00) usecase(1: low-latency-playback)
I/dex2oat (16990): Decided to run without swap.
E/NetlinkListener(16751): recvmsg failed (I/O error)
E/NetlinkListener( 683): recvmsg failed (I/O error)
E/SurfaceFlinger(16752): Permission Denial: can't access SurfaceFlinger pid=16850, uid=1000
E/SurfaceFlinger(16752): Permission Denial: can't access SurfaceFlinger pid=16850, uid=1000
W/art (16850): Long monitor contention event with owner method=int com.android.server.wm.WindowManagerService.relayoutWindow(com.android.server.wm.Session, android.view.IWindow, int, android.view.WindowManager$LayoutParams, int, int, int, int, android.graphics.Rect, android.graphics.Rect, android.graphics.Rect, android.graphics.Rect, android.graphics.Rect, android.content.res.Configuration, android.view.Surface) from WindowManagerService.java:3013 waiters=0 for 252ms
F/WindowAnimator(16850): Unhandled exception in Window Manager
F/WindowAnimator(16850): java.lang.NullPointerException: Attempt to invoke virtual method 'void android.view.SurfaceControl.setLayer(int)' on a null object reference
F/WindowAnimator(16850): at com.android.server.wm.FocusedStackFrame.setLayer(FocusedStackFrame.java:140)
F/WindowAnimator(16850): at com.android.server.wm.WindowManagerService.setFocusedStackLayer(WindowManagerService.java:3985)
F/WindowAnimator(16850): at com.android.server.wm.WindowAnimator.animateLocked(WindowAnimator.java:708)
F/WindowAnimator(16850): at com.android.server.wm.WindowAnimator.access$000(WindowAnimator.java:54)
F/WindowAnimator(16850): at com.android.server.wm.WindowAnimator$1.run(WindowAnimator.java:126)
F/WindowAnimator(16850): at android.view.Choreographer$CallbackRecord.run(Choreographer.java:767)
F/WindowAnimator(16850): at android.view.Choreographer.doCallbacks(Choreographer.java:580)
F/WindowAnimator(16850): at android.view.Choreographer.doFrame(Choreographer.java:549)
F/WindowAnimator(16850): at android.view.Choreographer$FrameDisplayEventReceiver.run(Choreographer.java:753)
F/WindowAnimator(16850): at android.os.Handler.handleCallback(Handler.java:739)
F/WindowAnimator(16850): at android.os.Handler.dispatchMessage(Handler.java:95)
F/WindowAnimator(16850): at android.os.Looper.loop(Looper.java:135)
F/WindowAnimator(16850): at android.os.HandlerThread.run(HandlerThread.java:61)
F/WindowAnimator(16850): at com.android.server.ServiceThread.run(ServiceThread.java:46)
E/SurfaceFlinger(16752): Permission Denial: can't access SurfaceFlinger pid=16850, uid=1000
E/SurfaceFlinger(16752): Permission Denial: can't access SurfaceFlinger pid=16850, uid=1000
E/SurfaceFlinger(16752): Permission Denial: can't access SurfaceFlinger pid=16850, uid=1000
F/WindowAnimator(16850): Unhandled exception in Window Manager
F/WindowAnimator(16850): java.lang.NullPointerException: Attempt to invoke virtual method 'void android.view.SurfaceControl.setLayer(int)' on a null object reference
F/WindowAnimator(16850): at com.android.server.wm.FocusedStackFrame.setLayer(FocusedStackFrame.java:140)
F/WindowAnimator(16850): at com.android.server.wm.WindowManagerService.setFocusedStackLayer(WindowManagerService.java:3985)
F/WindowAnimator(16850): at com.android.server.wm.WindowAnimator.animateLocked(WindowAnimator.java:708)
F/WindowAnimator(16850): at com.android.server.wm.WindowAnimator.access$000(WindowAnimator.java:54)
F/WindowAnimator(16850): at com.android.server.wm.WindowAnimator$1.run(WindowAnimator.java:126)
F/WindowAnimator(16850): at android.view.Choreographer$CallbackRecord.run(Choreographer.java:767)
F/WindowAnimator(16850): at android.view.Choreographer.doCallbacks(Choreographer.java:580)
F/WindowAnimator(16850): at android.view.Choreographer.doFrame(Choreographer.java:549)
F/WindowAnimator(16850): at android.view.Choreographer$FrameDisplayEventReceiver.run(Choreographer.java:753)
F/WindowAnimator(16850): at android.os.Handler.handleCallback(Handler.java:739)
F/WindowAnimator(16850): at android.os.Handler.dispatchMessage(Handler.java:95)
F/WindowAnimator(16850): at android.os.Looper.loop(Looper.java:135)
F/WindowAnimator(16850): at android.os.HandlerThread.run(HandlerThread.java:61)
F/WindowAnimator(16850): at com.android.server.ServiceThread.run(ServiceThread.java:46)
E/SurfaceFlinger(16752): Permission Denial: can't access SurfaceFlinger pid=16850, uid=1000
E/NetlinkListener(16751): recvmsg failed (I/O error)
E/NetlinkListener( 683): recvmsg failed (I/O error)
I/dex2oat (16990): dex2oat took 1.482s (threads: 4) arena alloc=167KB java alloc=2MB native alloc=4MB free=7MB
I/PackageManager(16850): Running dexopt on: /system/priv-app/Mms/Mms.apk pkg=com.android.mms isa=arm vmSafeMode=false
E/NetlinkListener( 683): recvmsg failed (I/O error)
E/NetlinkListener(16751): recvmsg failed (I/O error)
I/dex2oat (17023): /system/bin/dex2oat --zip-fd=5 --zip-location=/system/priv-app/Mms/Mms.apk --oat-fd=6 --oat-location=/data/dalvik-cache/arm/system@priv-app@Mms@Mms.apk@classes.dex --instruction-set=arm --instruction-set-features=div --runtime-arg -Xms64m --runtime-arg -Xmx512m --swap-fd=10
E/NetlinkListener( 683): recvmsg failed (I/O error)
E/NetlinkListener(16751): recvmsg failed (I/O error)
I/dex2oat (17023): Decided to run without swap.
E/NetlinkListener(16751): recvmsg failed (I/O error)
E/NetlinkListener( 683): recvmsg failed (I/O error)
E/NetlinkListener( 683): recvmsg failed (I/O error)
E/NetlinkListener(16751): recvmsg failed (I/O error)
E/NetlinkListener(16751): recvmsg failed (I/O error)
E/NetlinkListener( 683): recvmsg failed (I/O error)
E/NetlinkListener(16751): recvmsg failed (I/O error)
E/NetlinkListener( 683): recvmsg failed (I/O error)
V/WLAN_PSA( 669): NL MSG, len[4091], NL type[0x1C] WNI type[0x5900] len[58127]
V/WLAN_PSA( 669): NL MSG, PID: 669
E/NetlinkListener(16751): recvmsg failed (I/O error)
E/NetlinkListener( 683): recvmsg failed (I/O error)
E/NetlinkListener( 683): recvmsg failed (I/O error)
E/NetlinkListener(16751): recvmsg failed (I/O error)
I/dex2oat (17023): dex2oat took 1.495s (threads: 4) arena alloc=534KB java alloc=2013KB native alloc=4MB free=3MB
I/PackageManager(16850): Running dexopt on: /system/priv-app/Contacts/Contacts.apk pkg=com.android.contacts isa=arm vmSafeMode=false
E/NetlinkListener(16751): recvmsg failed (I/O error)
E/NetlinkListener( 683): recvmsg failed (I/O error)
I/dex2oat (17065): /system/bin/dex2oat --zip-fd=5 --zip-location=/system/priv-app/Contacts/Contacts.apk --oat-fd=6 --oat-location=/data/dalvik-cache/arm/system@priv-app@Contacts@Contacts.apk@classes.dex --instruction-set=arm --instruction-set-features=div --runtime-arg -Xms64m --runtime-arg -Xmx512m --swap-fd=10
E/NetlinkListener(16751): recvmsg failed (I/O error)
E/NetlinkListener( 683): recvmsg failed (I/O error)
I/dex2oat (17065): Decided to run without swap.
E/NetlinkListener(16751): recvmsg failed (I/O error)
E/NetlinkListener( 683): recvmsg failed (I/O error)
E/NetlinkListener(16751): recvmsg failed (I/O error)
E/NetlinkListener( 683): recvmsg failed (I/O error)
V/WLAN_PSA( 669): NL MSG, len[048], NL type[0x11] WNI type[0x5050] len[028]
V/WLAN_PSA( 669): NL MSG, PID: 669
I/dex2oat (17065): dex2oat took 1.884s (threads: 4) arena alloc=243KB java alloc=2MB native alloc=5MB free=6MB
E/NetlinkListener(16751): recvmsg failed (I/O error)
E/NetlinkListener( 683): recvmsg failed (I/O error)
I/PackageManager(16850): Running dexopt on: /system/priv-app/BackupRestoreConfirmation/BackupRestoreConfirmation.apk pkg=com.android.backupconfirm isa=arm vmSafeMode=false
I/dex2oat (17093): /system/bin/dex2oat --zip-fd=5 --zip-location=/system/priv-app/BackupRestoreConfirmation/BackupRestoreConfirmation.apk --oat-fd=6 --oat-location=/data/dalvik-cache/arm/system@priv-app@BackupRestoreConfirmation@BackupRestoreConfirmation.apk@classes.dex --instruction-set=arm --instruction-set-features=div --runtime-arg -Xms64m --runtime-arg -Xmx512m --swap-fd=10
E/NetlinkListener(16751): recvmsg failed (I/O error)
E/NetlinkListener( 683): recvmsg failed (I/O error)
I/dex2oat (17093): Decided to run without swap.
I/dex2oat (17093): dex2oat took 71.506ms (threads: 4) arena alloc=59KB java alloc=25KB native alloc=1121KB free=6MB
I/PackageManager(16850): Running dexopt on: /system/priv-app/CellBroadcastReceiver/CellBroadcastReceiver.apk pkg=com.android.cellbroadcastreceiver isa=arm vmSafeMode=false
I/dex2oat (17101): /system/bin/dex2oat --zip-fd=5 --zip-location=/system/priv-app/CellBroadcastReceiver/CellBroadcastReceiver.apk --oat-fd=6 --oat-location=/data/dalvik-cache/arm/system@priv-app@CellBroadcastReceiver@CellBroadcastReceiver.apk@classes.dex --instruction-set=arm --instruction-set-features=div --runtime-arg -Xms64m --runtime-arg -Xmx512m --swap-fd=10
I/dex2oat (17101): Decided to run without swap.
E/NetlinkListener(16751): recvmsg failed (I/O error)
E/NetlinkListener( 683): recvmsg failed (I/O error)
I/dex2oat (17101): dex2oat took 173.583ms (threads: 4) arena alloc=413KB java alloc=218KB native alloc=1521KB free=6MB
I/PackageManager(16850): Running dexopt on: /system/app/PicoTts/PicoTts.apk pkg=com.svox.pico isa=arm vmSafeMode=false
I/dex2oat (17111): /system/bin/dex2oat --zip-fd=5 --zip-location=/system/app/PicoTts/PicoTts.apk --oat-fd=6 --oat-location=/data/dalvik-cache/arm/system@app@PicoTts@PicoTts.apk@classes.dex --instruction-set=arm --instruction-set-features=div --runtime-arg -Xms64m --runtime-arg -Xmx512m --swap-fd=10
I/dex2oat (17111): Decided to run without swap.
I/dex2oat (17111): dex2oat took 56.234ms (threads: 4) arena alloc=71KB java alloc=57KB native alloc=1420KB free=6MB
I/PackageManager(16850): Running dexopt on: /system/app/LiveWallpapersPicker/LiveWallpapersPicker.apk pkg=com.android.wallpaper.livepicker isa=arm vmSafeMode=false
I/dex2oat (17118): /system/bin/dex2oat --zip-fd=5 --zip-location=/system/app/LiveWallpapersPicker/LiveWallpapersPicker.apk --oat-fd=6 --oat-location=/data/dalvik-cache/arm/system@app@LiveWallpapersPicker@LiveWallpapersPicker.apk@classes.dex --instruction-set=arm --instruction-set-features=div --runtime-arg -Xms64m --runtime-arg -Xmx512m --swap-fd=10
I/dex2oat (17118): Decided to run without swap.
I/dex2oat (17118): dex2oat took 60.607ms (threads: 4) arena alloc=91KB java alloc=57KB native alloc=1403KB free=6MB
I/PackageManager(16850): Running dexopt on: /system/app/DocumentsUI/DocumentsUI.apk pkg=com.android.documentsui isa=arm vmSafeMode=false
I/dex2oat (17123): /system/bin/dex2oat --zip-fd=5 --zip-location=/system/app/DocumentsUI/DocumentsUI.apk --oat-fd=6 --oat-location=/data/dalvik-cache/arm/system@app@DocumentsUI@DocumentsUI.apk@classes.dex --instruction-set=arm --instruction-set-features=div --runtime-arg -Xms64m --runtime-arg -Xmx512m --swap-fd=10
I/dex2oat (17123): Decided to run without swap.
E/NetlinkListener(16751): recvmsg failed (I/O error)
E/NetlinkListener( 683): recvmsg failed (I/O error)
E/NetlinkListener( 683): recvmsg failed (I/O error)
E/NetlinkListener(16751): recvmsg failed (I/O error)
E/NetlinkListener(16751): recvmsg failed (I/O error)
E/NetlinkListener( 683): recvmsg failed (I/O error)
I/dex2oat (17123): dex2oat took 981.267ms (threads: 4) arena alloc=79KB java alloc=986KB native alloc=2MB free=5MB
I/PackageManager(16850): Running dexopt on: /system/app/Galaxy4/Galaxy4.apk pkg=com.android.galaxy4 isa=arm vmSafeMode=false
I/dex2oat (17143): /system/bin/dex2oat --zip-fd=5 --zip-location=/system/app/Galaxy4/Galaxy4.apk --oat-fd=6 --oat-location=/data/dalvik-cache/arm/system@app@Galaxy4@Galaxy4.apk@classes.dex --instruction-set=arm --instruction-set-features=div --runtime-arg -Xms64m --runtime-arg -Xmx512m --swap-fd=10
I/dex2oat (17143): Decided to run without swap.
E/NetlinkListener(16751): recvmsg failed (I/O error)
E/NetlinkListener( 683): recvmsg failed (I/O error)
I/dex2oat (17143): dex2oat took 87.864ms (threads: 4) arena alloc=58KB java alloc=130KB native alloc=1391KB free=6MB
I/PackageManager(16850): Running dexopt on: /system/app/DownloadProviderUi/DownloadProviderUi.apk pkg=com.android.providers.downloads.ui isa=arm vmSafeMode=false
I/dex2oat (17151): /system/bin/dex2oat --zip-fd=5 --zip-location=/system/app/DownloadProviderUi/DownloadProviderUi.apk --oat-fd=6 --oat-location=/data/dalvik-cache/arm/system@app@DownloadProviderUi@DownloadProviderUi.apk@classes.dex --instruction-set=arm --instruction-set-features=div --runtime-arg -Xms64m --runtime-arg -Xmx512m --swap-fd=10
I/dex2oat (17151): Decided to run without swap.
I/dex2oat (17151): dex2oat took 67.475ms (threads: 4) arena alloc=167KB java alloc=48KB native alloc=1381KB free=6MB
I/PackageManager(16850): Running dexopt on: /system/app/shutdownlistener/shutdownlistener.apk pkg=com.qualcomm.shutdownlistner isa=arm vmSafeMode=false
I/dex2oat (17156): /system/bin/dex2oat --zip-fd=5 --zip-location=/system/app/shutdownlistener/shutdownlistener.apk --oat-fd=6 --oat-location=/data/dalvik-cache/arm/system@app@shutdownlistener@shutdownlistener.apk@classes.dex --instruction-set=arm --instruction-set-features=div --runtime-arg -Xms64m --runtime-arg -Xmx512m --swap-fd=10
I/dex2oat (17156): Decided to run without swap.
I/dex2oat (17156): dex2oat took 69.833ms (threads: 4) arena alloc=67KB java alloc=11KB native alloc=853KB free=7MB
I/PackageManager(16850): Running dexopt on: /system/app/BluetoothExt/BluetoothExt.apk pkg=org.codeaurora.bluetooth isa=arm vmSafeMode=false
I/dex2oat (17162): /system/bin/dex2oat --zip-fd=5 --zip-location=/system/app/BluetoothExt/BluetoothExt.apk --oat-fd=6 --oat-location=/data/dalvik-cache/arm/system@app@BluetoothExt@BluetoothExt.apk@classes.dex --instruction-set=arm --instruction-set-features=div --runtime-arg -Xms64m --runtime-arg -Xmx512m --swap-fd=10
I/dex2oat (17162): Decided to run without swap.
I/dex2oat (17162): dex2oat took 278.070ms (threads: 4) arena alloc=61KB java alloc=434KB native alloc=2021KB free=6MB
I/PackageManager(16850): Running dexopt on: /system/app/HTMLViewer/HTMLViewer.apk pkg=com.android.htmlviewer isa=arm vmSafeMode=false
I/dex2oat (17167): /system/bin/dex2oat --zip-fd=5 --zip-location=/system/app/HTMLViewer/HTMLViewer.apk --oat-fd=6 --oat-location=/data/dalvik-cache/arm/system@app@HTMLViewer@HTMLViewer.apk@classes.dex --instruction-set=arm --instruction-set-features=div --runtime-arg -Xms64m --runtime-arg -Xmx512m --swap-fd=10
I/dex2oat (17167): Decided to run without swap.
I/dex2oat (17167): dex2oat took 57.678ms (threads: 4) arena alloc=96KB java alloc=63KB native alloc=990KB free=7MB
I/PackageManager(16850): Running dexopt on: /system/app/Music/Music.apk pkg=com.android.music isa=arm vmSafeMode=false
I/dex2oat (17172): /system/bin/dex2oat --zip-fd=5 --zip-location=/system/app/Music/Music.apk --oat-fd=6 --oat-location=/data/dalvik-cache/arm/system@app@Music@Music.apk@classes.dex --instruction-set=arm --instruction-set-features=div --runtime-arg -Xms64m --runtime-arg -Xmx512m --swap-fd=10
I/dex2oat (17172): Decided to run without swap.
E/NetlinkListener(16751): recvmsg failed (I/O error)
E/NetlinkListener( 683): recvmsg failed (I/O error)
V/WLAN_PSA( 669): NL MSG, len[4013], NL type[0x1C] WNI type[0x5900] len[38159]
V/WLAN_PSA( 669): NL MSG, PID: 669
E/NetlinkListener(16751): recvmsg failed (I/O error)
E/NetlinkListener( 683): recvmsg failed (I/O error)
E/NetlinkListener(16751): recvmsg failed (I/O error)
E/NetlinkListener( 683): recvmsg failed (I/O error)
I/dex2oat (17172): dex2oat took 332.691ms (threads: 4) arena alloc=55KB java alloc=502KB native alloc=2MB free=5MB
I/PackageManager(16850): Running dexopt on: /system/app/CertInstaller/CertInstaller.apk pkg=com.android.certinstaller isa=arm vmSafeMode=false
I/dex2oat (17191): /system/bin/dex2oat --zip-fd=5 --zip-location=/system/app/CertInstaller/CertInstaller.apk --oat-fd=6 --oat-location=/data/dalvik-cache/arm/system@app@CertInstaller@CertInstaller.apk@classes.dex --instruction-set=arm --instruction-set-features=div --runtime-arg -Xms64m --runtime-arg -Xmx512m --swap-fd=10
I/dex2oat (17191): Decided to run without swap.
I/dex2oat (17191): dex2oat took 105.343ms (threads: 4) arena alloc=86KB java alloc=84KB native alloc=1436KB free=6MB
I/PackageManager(16850): Running dexopt on: /system/priv-app/VpnDialogs/VpnDialogs.apk pkg=com.android.vpndialogs isa=arm vmSafeMode=false
E/NetlinkListener(16751): recvmsg failed (I/O error)
E/NetlinkListener( 683): recvmsg failed (I/O error)
I/dex2oat (17198): /system/bin/dex2oat --zip-fd=5 --zip-location=/system/priv-app/VpnDialogs/VpnDialogs.apk --oat-fd=6 --oat-location=/data/dalvik-cache/arm/system@priv-app@VpnDialogs@VpnDialogs.apk@classes.dex --instruction-set=arm --instruction-set-features=div --runtime-arg -Xms64m --runtime-arg -Xmx512m --swap-fd=10
I/dex2oat (17198): Decided to run without swap.
I/dex2oat (17198): dex2oat took 77.986ms (threads: 4) arena alloc=143KB java alloc=34KB native alloc=911KB free=7MB
I/PackageManager(16850): Running dexopt on: /system/app/OpenWnn/OpenWnn.apk pkg=jp.co.omronsoft.openwnn isa=arm vmSafeMode=false
I/dex2oat (17206): /system/bin/dex2oat --zip-fd=5 --zip-location=/system/app/OpenWnn/OpenWnn.apk --oat-fd=6 --oat-location=/data/dalvik-cache/arm/system@app@OpenWnn@OpenWnn.apk@classes.dex --instruction-set=arm --instruction-set-features=div --runtime-arg -Xms64m --runtime-arg -Xmx512m --swap-fd=10
I/dex2oat (17206): Decided to run without swap.
E/NetlinkListener(16751): recvmsg failed (I/O error)
E/NetlinkListener( 683): recvmsg failed (I/O error)
E/NetlinkListener(16751): recvmsg failed (I/O error)
E/NetlinkListener( 683): recvmsg failed (I/O error)
I/dex2oat (17206): dex2oat took 474.243ms (threads: 4) arena alloc=494KB java alloc=355KB native alloc=2MB free=5MB
I/PackageManager(16850): Running dexopt on: /system/priv-app/ExternalStorageProvider/ExternalStorageProvider.apk pkg=com.android.externalstorage isa=arm vmSafeMode=false
I/dex2oat (17221): /system/bin/dex2oat --zip-fd=5 --zip-location=/system/priv-app/ExternalStorageProvider/ExternalStorageProvider.apk --oat-fd=6 --oat-location=/data/dalvik-cache/arm/system@priv-app@ExternalStorageProvider@ExternalStorageProvider.apk@classes.dex --instruction-set=arm --instruction-set-features=div --runtime-arg -Xms64m --runtime-arg -Xmx512m --swap-fd=10
I/dex2oat (17221): Decided to run without swap.
I/dex2oat (17221): dex2oat took 82.245ms (threads: 4) arena alloc=87KB java alloc=37KB native alloc=1307KB free=6MB
I/PackageManager(16850): Running dexopt on: /system/app/Provision/Provision.apk pkg=com.android.provision isa=arm vmSafeMode=false
I/dex2oat (17226): /system/bin/dex2oat --zip-fd=5 --zip-location=/system/app/Provision/Provision.apk --oat-fd=6 --oat-location=/data/dalvik-cache/arm/system@app@Provision@Provision.apk@classes.dex --instruction-set=arm --instruction-set-features=div --runtime-arg -Xms64m --runtime-arg -Xmx512m --swap-fd=10
I/dex2oat (17226): Decided to run without swap.
I/dex2oat (17226): dex2oat took 55.495ms (threads: 4) arena alloc=35KB java alloc=7KB native alloc=586KB free=7MB
I/PackageManager(16850): Running dexopt on: /system/app/PhotoTable/PhotoTable.apk pkg=com.android.dreams.phototable isa=arm vmSafeMode=false
I/dex2oat (17231): /system/bin/dex2oat --zip-fd=5 --zip-location=/system/app/PhotoTable/PhotoTable.apk --oat-fd=6 --oat-location=/data/dalvik-cache/arm/system@app@PhotoTable@PhotoTable.apk@classes.dex --instruction-set=arm --instruction-set-features=div --runtime-arg -Xms64m --runtime-arg -Xmx512m --swap-fd=10
I/dex2oat (17231): Decided to run without swap.
I/dex2oat (17231): dex2oat took 294.728ms (threads: 4) arena alloc=82KB java alloc=160KB native alloc=1714KB free=6MB
I/PackageManager(16850): Running dexopt on: /system/app/WAPPushManager/WAPPushManager.apk pkg=com.android.smspush isa=arm vmSafeMode=false
I/dex2oat (17236): /system/bin/dex2oat --zip-fd=5 --zip-location=/system/app/WAPPushManager/WAPPushManager.apk --oat-fd=6 --oat-location=/data/dalvik-cache/arm/system@app@WAPPushManager@WAPPushManager.apk@classes.dex --instruction-set=arm --instruction-set-features=div --runtime-arg -Xms64m --runtime-arg -Xmx512m --swap-fd=10
I/dex2oat (17236): Decided to run without swap.
I/dex2oat (17236): dex2oat took 134.528ms (threads: 4) arena alloc=148KB java alloc=66KB native alloc=1470KB free=6MB
I/PackageManager(16850): Running dexopt on: /system/app/Stk/Stk.apk pkg=com.android.stk isa=arm vmSafeMode=false
I/dex2oat (17241): /system/bin/dex2oat --zip-fd=5 --zip-location=/system/app/Stk/Stk.apk --oat-fd=6 --oat-location=/data/dalvik-cache/arm/system@app@Stk@Stk.apk@classes.dex --instruction-set=arm --instruction-set-features=div --runtime-arg -Xms64m --runtime-arg -Xmx512m --swap-fd=10
I/dex2oat (17241): Decided to run without swap.
I/dex2oat (17241): dex2oat took 120.724ms (threads: 4) arena alloc=40KB java alloc=143KB native alloc=1237KB free=6MB
I/PackageManager(16850): Running dexopt on: /system/app/Browser/Browser.apk pkg=com.android.browser isa=arm vmSafeMode=false
I/dex2oat (17246): /system/bin/dex2oat --zip-fd=5 --zip-location=/system/app/Browser/Browser.apk --oat-fd=6 --oat-location=/data/dalvik-cache/arm/system@app@Browser@Browser.apk@classes.dex --instruction-set=arm --instruction-set-features=div --runtime-arg -Xms64m --runtime-arg -Xmx512m --swap-fd=10
I/dex2oat (17246): Decided to run without swap.
V/WLAN_PSA( 669): NL MSG, len[048], NL type[0x11] WNI type[0x5050] len[028]
V/WLAN_PSA( 669): NL MSG, PID: 669
E/NetlinkListener(16751): recvmsg failed (I/O error)
E/NetlinkListener( 683): recvmsg failed (I/O error)
E/NetlinkListener(16751): recvmsg failed (I/O error)
E/NetlinkListener( 683): recvmsg failed (I/O error)
E/NetlinkListener( 683): recvmsg failed (I/O error)
E/NetlinkListener(16751): recvmsg failed (I/O error)
I/dex2oat (17246): dex2oat took 1.711s (threads: 4) arena alloc=113KB java alloc=1998KB native alloc=3MB free=4MB
I/PackageManager(16850): Running dexopt on: /system/app/CaptivePortalLogin/CaptivePortalLogin.apk pkg=com.android.captiveportallogin isa=arm vmSafeMode=false
I/dex2oat (17266): /system/bin/dex2oat --zip-fd=5 --zip-location=/system/app/CaptivePortalLogin/CaptivePortalLogin.apk --oat-fd=6 --oat-location=/data/dalvik-cache/arm/system@app@CaptivePortalLogin@CaptivePortalLogin.apk@classes.dex --instruction-set=arm --instruction-set-features=div --runtime-arg -Xms64m --runtime-arg -Xmx512m --swap-fd=10
E/NetlinkListener(16751): recvmsg failed (I/O error)
E/NetlinkListener( 683): recvmsg failed (I/O error)
I/dex2oat (17266): Decided to run without swap.
I/dex2oat (17266): dex2oat took 148.500ms (threads: 4) arena alloc=104KB java alloc=79KB native alloc=1382KB free=6MB
I/PackageManager(16850): Running dexopt on: /system/app/PacProcessor/PacProcessor.apk pkg=com.android.pacprocessor isa=arm vmSafeMode=false
I/dex2oat (17275): /system/bin/dex2oat --zip-fd=5 --zip-location=/system/app/PacProcessor/PacProcessor.apk --oat-fd=6 --oat-location=/data/dalvik-cache/arm/system@app@PacProcessor@PacProcessor.apk@classes.dex --instruction-set=arm --instruction-set-features=div --runtime-arg -Xms64m --runtime-arg -Xmx512m --swap-fd=10
I/dex2oat (17275): Decided to run without swap.
E/NetlinkListener( 683): recvmsg failed (I/O error)
E/NetlinkListener(16751): recvmsg failed (I/O error)
I/dex2oat (17275): dex2oat took 58.157ms (threads: 4) arena alloc=92KB java alloc=8KB native alloc=985KB free=7MB
I/PackageManager(16850): Running dexopt on: /system/app/HoloSpiralWallpaper/HoloSpiralWallpaper.apk pkg=com.android.wallpaper.holospiral isa=arm vmSafeMode=false
I/dex2oat (17283): /system/bin/dex2oat --zip-fd=5 --zip-location=/system/app/HoloSpiralWallpaper/HoloSpiralWallpaper.apk --oat-fd=6 --oat-location=/data/dalvik-cache/arm/system@app@HoloSpiralWallpaper@HoloSpiralWallpaper.apk@classes.dex --instruction-set=arm --instruction-set-features=div --runtime-arg -Xms64m --runtime-arg -Xmx512m --swap-fd=10
I/dex2oat (17283): Decided to run without swap.
I/dex2oat (17283): dex2oat took 77.798ms (threads: 4) arena alloc=64KB java alloc=124KB native alloc=1143KB free=6MB
I/PackageManager(16850): Running dexopt on: /system/priv-app/FairphoneUpdater/FairphoneUpdater.apk pkg=com.fairphone.updater isa=arm vmSafeMode=false
I/dex2oat (17288): /system/bin/dex2oat --zip-fd=5 --zip-location=/system/priv-app/FairphoneUpdater/FairphoneUpdater.apk --oat-fd=6 --oat-location=/data/dalvik-cache/arm/system@priv-app@FairphoneUpdater@FairphoneUpdater.apk@classes.dex --instruction-set=arm --instruction-set-features=div --runtime-arg -Xms64m --runtime-arg -Xmx512m --swap-fd=10
I/dex2oat (17288): Decided to run without swap.
E/QCALOG ( 930): [MessageQ] ProcessNewMessage: [LOWI-SERVER] unknown deliver target [OS-Agent]
E/NetlinkListener(16751): recvmsg failed (I/O error)
E/NetlinkListener( 683): recvmsg failed (I/O error)
E/NetlinkListener(16751): recvmsg failed (I/O error)
E/NetlinkListener( 683): recvmsg failed (I/O error)
V/WLAN_PSA( 669): NL MSG, len[4095], NL type[0x1C] WNI type[0x5900] len[59151]
V/WLAN_PSA( 669): NL MSG, PID: 669
I/dex2oat (17288): dex2oat took 860.062ms (threads: 4) arena alloc=359KB java alloc=850KB native alloc=2MB free=5MB
I/PackageManager(16850): Running dexopt on: /system/app/Protips/Protips.apk pkg=com.android.protips isa=arm vmSafeMode=false
I/dex2oat (17306): /system/bin/dex2oat --zip-fd=5 --zip-location=/system/app/Protips/Protips.apk --oat-fd=6 --oat-location=/data/dalvik-cache/arm/system@app@Protips@Protips.apk@classes.dex --instruction-set=arm --instruction-set-features=div --runtime-arg -Xms64m --runtime-arg -Xmx512m --swap-fd=10
I/dex2oat (17306): Decided to run without swap.
E/NetlinkListener( 683): recvmsg failed (I/O error)
E/NetlinkListener(16751): recvmsg failed (I/O error)
I/dex2oat (17306): dex2oat took 102.987ms (threads: 4) arena alloc=111KB java alloc=5KB native alloc=863KB free=7MB
I/PackageManager(16850): Running dexopt on: /system/app/Calendar/Calendar.apk pkg=com.android.calendar isa=arm vmSafeMode=false
I/dex2oat (17314): /system/bin/dex2oat --zip-fd=5 --zip-location=/system/app/Calendar/Calendar.apk --oat-fd=6 --oat-location=/data/dalvik-cache/arm/system@app@Calendar@Calendar.apk@classes.dex --instruction-set=arm --instruction-set-features=div --runtime-arg -Xms64m --runtime-arg -Xmx512m --swap-fd=10
E/NetlinkListener( 683): recvmsg failed (I/O error)
E/NetlinkListener(16751): recvmsg failed (I/O error)
I/dex2oat (17314): Decided to run without swap.
E/NetlinkListener( 683): recvmsg failed (I/O error)
E/NetlinkListener(16751): recvmsg failed (I/O error)
E/NetlinkListener( 683): recvmsg failed (I/O error)
E/NetlinkListener(16751): recvmsg failed (I/O error)
E/NetlinkListener(16751): recvmsg failed (I/O error)
E/NetlinkListener( 683): recvmsg failed (I/O error)
E/NetlinkListener(16751): recvmsg failed (I/O error)
E/NetlinkListener( 683): recvmsg failed (I/O error)
I/dex2oat (17314): dex2oat took 1.345s (threads: 4) arena alloc=61KB java alloc=1987KB native alloc=4MB free=3MB
I/PackageManager(16850): Running dexopt on: /system/app/QuickSearchBox/QuickSearchBox.apk pkg=com.android.quicksearchbox isa=arm vmSafeMode=false
I/dex2oat (17343): /system/bin/dex2oat --zip-fd=5 --zip-location=/system/app/QuickSearchBox/QuickSearchBox.apk --oat-fd=6 --oat-location=/data/dalvik-cache/arm/system@app@QuickSearchBox@QuickSearchBox.apk@classes.dex --instruction-set=arm --instruction-set-features=div --runtime-arg -Xms64m --runtime-arg -Xmx512m --swap-fd=10
E/NetlinkListener(16751): recvmsg failed (I/O error)
E/NetlinkListener( 683): recvmsg failed (I/O error)
E/NetlinkListener(16751): recvmsg failed (I/O error)
E/NetlinkListener( 683): recvmsg failed (I/O error)
I/dex2oat (17343): Decided to run without swap.
E/NetlinkListener(16751): recvmsg failed (I/O error)
E/NetlinkListener( 683): recvmsg failed (I/O error)
I/dex2oat (17343): dex2oat took 530.914ms (threads: 4) arena alloc=91KB java alloc=587KB native alloc=2MB free=5MB
I/PackageManager(16850): Running dexopt on: /system/app/Amaze/Amaze.apk pkg=com.amaze.filemanager isa=arm vmSafeMode=false
I/dex2oat (17362): /system/bin/dex2oat --zip-fd=5 --zip-location=/system/app/Amaze/Amaze.apk --oat-fd=6 --oat-location=/data/dalvik-cache/arm/system@app@Amaze@Amaze.apk@classes.dex --instruction-set=arm --instruction-set-features=div --runtime-arg -Xms64m --runtime-arg -Xmx512m --swap-fd=10
V/WLAN_PSA( 669): NL MSG, len[048], NL type[0x11] WNI type[0x5050] len[028]
V/WLAN_PSA( 669): NL MSG, PID: 669
E/NetlinkListener(16751): recvmsg failed (I/O error)
E/NetlinkListener( 683): recvmsg failed (I/O error)
I/dex2oat (17362): Decided to run without swap.
W/dex2oat (17362): Before Android 4.1, method int android.support.v7.internal.widget.ListViewCompat.lookForSelectablePosition(int, boolean) would have incorrectly overridden the package-private method in android.widget.ListView
E/NetlinkListener(16751): recvmsg failed (I/O error)
E/NetlinkListener( 683): recvmsg failed (I/O error)
E/NetlinkListener( 683): recvmsg failed (I/O error)
E/NetlinkListener(16751): recvmsg failed (I/O error)
E/NetlinkListener(16751): recvmsg failed (I/O error)
E/NetlinkListener( 683): recvmsg failed (I/O error)
E/NetlinkListener(16751): recvmsg failed (I/O error)
E/NetlinkListener( 683): recvmsg failed (I/O error)
I/dex2oat (17362): dex2oat took 3.478s (threads: 4) arena alloc=590KB java alloc=6MB native alloc=11MB free=8MB
I/PackageManager(16850): Running dexopt on: /system/app/Calculator/Calculator.apk pkg=com.android.calculator2 isa=arm vmSafeMode=false
I/dex2oat (17390): /system/bin/dex2oat --zip-fd=5 --zip-location=/system/app/Calculator/Calculator.apk --oat-fd=6 --oat-location=/data/dalvik-cache/arm/system@app@Calculator@Calculator.apk@classes.dex --instruction-set=arm --instruction-set-features=div --runtime-arg -Xms64m --runtime-arg -Xmx512m --swap-fd=10
I/dex2oat (17390): Decided to run without swap.
V/WLAN_PSA( 669): NL MSG, len[4025], NL type[0x1C] WNI type[0x5900] len[41231]
V/WLAN_PSA( 669): NL MSG, PID: 669
E/NetlinkListener( 683): recvmsg failed (I/O error)
E/NetlinkListener(16751): recvmsg failed (I/O error)
E/NetlinkListener(16751): recvmsg failed (I/O error)
E/NetlinkListener( 683): recvmsg failed (I/O error)
I/dex2oat (17390): dex2oat took 972.590ms (threads: 4) arena alloc=124KB java alloc=760KB native alloc=2MB free=5MB
I/PackageManager(16850): Running dexopt on: /system/app/UserDictionaryProvider/UserDictionaryProvider.apk pkg=com.android.providers.userdictionary isa=arm vmSafeMode=false
I/dex2oat (17408): /system/bin/dex2oat --zip-fd=5 --zip-location=/system/app/UserDictionaryProvider/UserDictionaryProvider.apk --oat-fd=6 --oat-location=/data/dalvik-cache/arm/system@app@UserDictionaryProvider@UserDictionaryProvider.apk@classes.dex --instruction-set=arm --instruction-set-features=div --runtime-arg -Xms64m --runtime-arg -Xmx512m --swap-fd=10
I/dex2oat (17408): Decided to run without swap.
E/NetlinkListener(16751): recvmsg failed (I/O error)
E/NetlinkListener( 683): recvmsg failed (I/O error)
I/dex2oat (17408): dex2oat took 108.422ms (threads: 4) arena alloc=108KB java alloc=20KB native alloc=1124KB free=6MB
I/PackageManager(16850): Running dexopt on: /system/app/BasicDreams/BasicDreams.apk pkg=com.android.dreams.basic isa=arm vmSafeMode=false
I/dex2oat (17416): /system/bin/dex2oat --zip-fd=5 --zip-location=/system/app/BasicDreams/BasicDreams.apk --oat-fd=6 --oat-location=/data/dalvik-cache/arm/system@app@BasicDreams@BasicDreams.apk@classes.dex --instruction-set=arm --instruction-set-features=div --runtime-arg -Xms64m --runtime-arg -Xmx512m --swap-fd=10
I/dex2oat (17416): Decided to run without swap.
I/dex2oat (17416): dex2oat took 102.828ms (threads: 4) arena alloc=72KB java alloc=29KB native alloc=1400KB free=6MB
I/PackageManager(16850): Running dexopt on: /system/priv-app/Checkup/Checkup.apk pkg=com.fairphone.checkup isa=arm vmSafeMode=false
I/dex2oat (17421): /system/bin/dex2oat --zip-fd=5 --zip-location=/system/priv-app/Checkup/Checkup.apk --oat-fd=6 --oat-location=/data/dalvik-cache/arm/system@priv-app@Checkup@Checkup.apk@classes.dex --instruction-set=arm --instruction-set-features=div --runtime-arg -Xms64m --runtime-arg -Xmx512m --swap-fd=10
I/dex2oat (17421): Decided to run without swap.
V/WLAN_PSA( 669): NL MSG, len[048], NL type[0x11] WNI type[0x5050] len[028]
V/WLAN_PSA( 669): NL MSG, PID: 669
E/NetlinkListener( 683): recvmsg failed (I/O error)
E/NetlinkListener(16751): recvmsg failed (I/O error)
I/dex2oat (17421): dex2oat took 589.720ms (threads: 4) arena alloc=328KB java alloc=884KB native alloc=2MB free=5MB
I/PackageManager(16850): Running dexopt on: /system/priv-app/MyContactsWidget/MyContactsWidget.apk pkg=com.fairphone.mycontacts isa=arm vmSafeMode=false
I/dex2oat (17433): /system/bin/dex2oat --zip-fd=5 --zip-location=/system/priv-app/MyContactsWidget/MyContactsWidget.apk --oat-fd=6 --oat-location=/data/dalvik-cache/arm/system@priv-app@MyContactsWidget@MyContactsWidget.apk@classes.dex --instruction-set=arm --instruction-set-features=div --runtime-arg -Xms64m --runtime-arg -Xmx512m --swap-fd=10
I/dex2oat (17433): Decided to run without swap.
W/dex2oat (17433): Before Android 4.1, method int android.support.v7.internal.widget.ListViewCompat.lookForSelectablePosition(int, boolean) would have incorrectly overridden the package-private method in android.widget.ListView
E/qdhwcomposer( 1490): isValidDimension: layer handle is NULL
E/qdhwcomposer( 1490): isValidDimension: layer handle is NULL
E/qdoverlay( 1490): Bad ov dump: mdp_overlay z=0 fg=0 alpha=255 mask=-1 flags=0x220000 id=8
E/qdoverlay( 1490): src msmfb_img w=1152 h=1920 format=13 MDP_RGBA_8888
E/qdoverlay( 1490): src_rect mdp_rect x=0 y=0 w=1080 h=1920
E/qdoverlay( 1490): dst_rect mdp_rect x=0 y=0 w=1080 h=1920
E/NetlinkListener( 683): recvmsg failed (I/O error)
E/NetlinkListener(16751): recvmsg failed (I/O error)
E/NetlinkListener(16751): recvmsg failed (I/O error)
E/NetlinkListener( 683): recvmsg failed (I/O error)
E/DisplayEventReceiver(16850): Display event receiver pipe was closed or an error occurred. events=0x9
E/DisplayEventReceiver(16850): Display event receiver pipe was closed or an error occurred. events=0x9
E/DisplayEventReceiver(16850): Display event receiver pipe was closed or an error occurred. events=0x9
E/OpenGLRenderer(16850): Display event receiver pipe was closed or an error occurred. events=0x9
I/Netd (17454): Netd 1.0 starting
D/MDnsDS (17454): MDnsSdListener::Hander starting up
E/NetlinkListener( 683): recvmsg failed (I/O error)
D/MDnsDS (17454): MDnsSdListener starting to monitor
D/MDnsDS (17454): Going to poll with pollCount 1
E/NetlinkListener( 683): recvmsg failed (I/O error)
E/NetlinkListener(17454): recvmsg failed (I/O error)
E/NetlinkListener(17454): recvmsg failed (I/O error)
I/SurfaceFlinger(17451): SurfaceFlinger is starting
I/SurfaceFlinger(17451): SurfaceFlinger's main thread ready to run. Initializing graphics H/W...
D/libEGL (17451): loaded /vendor/lib/egl/libEGL_adreno.so
D/libEGL (17451): loaded /vendor/lib/egl/libGLESv1_CM_adreno.so
E/installd(12055): DexInv: --- END '/system/priv-app/MyContactsWidget/MyContactsWidget.apk' --- status=0x000f, process failed
E/installd(12055): read error: Connection reset by peer
E/installd(12055): failed to read size
I/installd(12055): closing connection
D/libEGL (17451): loaded /vendor/lib/egl/libGLESv2_adreno.so
I/Adreno-EGL(17451): : EGL 1.4 QUALCOMM build: ()
I/Adreno-EGL(17451): OpenGL ES Shader Compiler Version: E031.25.03.06
I/Adreno-EGL(17451): Build Date: 01/14/16 Thu I/Adreno-EGL(17451): Local Branch:
I/Adreno-EGL(17451): Remote Branch:
I/Adreno-EGL(17451): Local Patches:
I/Adreno-EGL(17451): Reconstruct Branch:
I/sharebuffer(17451): using (fd=11)
I/sharebuffer(17451): id = mdssfb_90000
I/sharebuffer(17451): xres = 1080 px
I/sharebuffer(17451): yres = 1920 px
I/sharebuffer(17451): xres_virtual = 1080 px
I/sharebuffer(17451): yres_virtual = 3840 px
I/sharebuffer(17451): bpp = 32
I/sharebuffer(17451): r = 24:8
I/sharebuffer(17451): g = 16:8
I/sharebuffer(17451): b = 8:8
I/sharebuffer(17451): width = 171 mm (160.421051 dpi)
I/sharebuffer(17451): height = 305 mm (159.895081 dpi)
I/sharebuffer(17451): refresh rate = 0.47 Hz
I/SurfaceFlinger(17451): EGL information:
I/SurfaceFlinger(17451): vendor : Android
I/SurfaceFlinger(17451): version : 1.4 Android META-EGL
I/SurfaceFlinger(17451): extensions: EGL_KHR_get_all_proc_addresses EGL_ANDROID_presentation_time EGL_KHR_image EGL_KHR_image_base EGL_KHR_lock_surface EGL_KHR_gl_texture_2D_image EGL_KHR_gl_texture_cubemap_image EGL_KHR_gl_renderbuffer_image EGL_KHR_fence_sync EGL_KHR_create_context EGL_EXT_create_context_robustness EGL_ANDROID_image_native_buffer EGL_KHR_wait_sync EGL_ANDROID_recordable
I/SurfaceFlinger(17451): Client API: OpenGL_ES
I/SurfaceFlinger(17451): EGLSurface: 8-8-8-8, config=0x5
I/SurfaceFlinger(17451): OpenGL ES informations:
I/SurfaceFlinger(17451): vendor : Qualcomm
I/SurfaceFlinger(17451): renderer : Adreno (TM) 330
I/SurfaceFlinger(17451): version : OpenGL ES 3.0 V@95.0 AU@ (CL@)
